[INFO] fetching crate pruning_radix_trie_rs 0.1.0...
[INFO] testing pruning_radix_trie_rs-0.1.0 against 1.99.0-beta.8+cargoflags=--release for beta-release-1.100-2
[INFO] extracting crate pruning_radix_trie_rs 0.1.0 into /workspace/builds/worker-0-tc1/source
[INFO] started tweaking crates.io crate pruning_radix_trie_rs 0.1.0
[INFO] finished tweaking crates.io crate pruning_radix_trie_rs 0.1.0
[INFO] tweaked toml for crates.io crate pruning_radix_trie_rs 0.1.0 written to /workspace/builds/worker-0-tc1/source/Cargo.toml
[INFO] validating manifest of crates.io crate pruning_radix_trie_rs 0.1.0 on toolchain 1.99.0-beta.8
[INFO] running `Command { std: CARGO_HOME="/workspace/cargo-home" RUSTUP_HOME="/workspace/rustup-home" "/workspace/cargo-home/bin/cargo" "+1.99.0-beta.8" "metadata" "--manifest-path" "Cargo.toml" "--no-deps", kill_on_drop: false }`
[INFO] crate crates.io crate pruning_radix_trie_rs 0.1.0 already has a lockfile, it will not be regenerated
[INFO] running `Command { std: CARGO_HOME="/workspace/cargo-home" RUSTUP_HOME="/workspace/rustup-home" "/workspace/cargo-home/bin/cargo" "+1.99.0-beta.8" "fetch" "--manifest-path" "Cargo.toml", kill_on_drop: false }`
[INFO] [stderr]     Updating crates.io index
[INFO] [stderr]  Downloading crates ...
[INFO] [stderr]   Downloaded compact_str v0.7.1
[INFO] [stderr]   Downloaded pruning_radix_trie v1.0.1
[INFO] [stderr]   Downloaded symspell_complete_rs v0.0.4
[INFO] [stderr]   Downloaded zerocopy-derive v0.8.61
[INFO] [stderr]   Downloaded zerocopy v0.8.61
[INFO] running `Command { std: "docker" "create" "-v" "/var/lib/crater-agent-workspace/builds/worker-0-tc1/source:/opt/rustwide/workdir:ro,Z" "-v" "/var/lib/crater-agent-workspace/builds/worker-0-tc1/target:/opt/rustwide/target:rw,Z" "-v" "/var/lib/crater-agent-workspace/cargo-home:/opt/rustwide/cargo-home:ro,Z" "-v" "/var/lib/crater-agent-workspace/rustup-home:/opt/rustwide/rustup-home:ro,Z" "-m" "1610612736" "--network" "none" "ghcr.io/rust-lang/crates-build-env/linux@sha256:77db811e55d90add9212f6832c23229e3de5f1c1f9905e8cb07319ea15df73ac" "sleep" "infinity", kill_on_drop: false }`
[INFO] [stdout] d04f7f56fd5f6e43bf015d707128bb4d8155e794dc4731424dd79a301f7fb1f8
[INFO] running `Command { std: "docker" "start" "d04f7f56fd5f6e43bf015d707128bb4d8155e794dc4731424dd79a301f7fb1f8", kill_on_drop: false }`
[INFO] running `Command { std: "docker" "inspect" "d04f7f56fd5f6e43bf015d707128bb4d8155e794dc4731424dd79a301f7fb1f8", kill_on_drop: false }`
[INFO] running `Command { std: "docker" "exec" "-e" "SOURCE_DIR=/opt/rustwide/workdir" "-e" "CARGO_HOME=/opt/rustwide/cargo-home" "-e" "RUSTUP_HOME=/opt/rustwide/rustup-home" "-e" "CARGO_TARGET_DIR=/opt/rustwide/target" "-w" "/opt/rustwide/workdir" "--user" "0:0" "d04f7f56fd5f6e43bf015d707128bb4d8155e794dc4731424dd79a301f7fb1f8" "/opt/rustwide/cargo-home/bin/cargo" "+1.99.0-beta.8" "metadata" "--no-deps" "--format-version=1", kill_on_drop: false }`
[INFO] running `Command { std: "docker" "inspect" "d04f7f56fd5f6e43bf015d707128bb4d8155e794dc4731424dd79a301f7fb1f8", kill_on_drop: false }`
[INFO] running `Command { std: "docker" "exec" "-e" "SOURCE_DIR=/opt/rustwide/workdir" "-e" "CARGO_HOME=/opt/rustwide/cargo-home" "-e" "RUSTUP_HOME=/opt/rustwide/rustup-home" "-e" "CARGO_TARGET_DIR=/opt/rustwide/target" "-e" "CARGO_INCREMENTAL=0" "-e" "RUST_BACKTRACE=full" "-e" "RUSTFLAGS=--cap-lints=warn" "-e" "RUSTDOCFLAGS=--cap-lints=warn" "-w" "/opt/rustwide/workdir" "--user" "0:0" "d04f7f56fd5f6e43bf015d707128bb4d8155e794dc4731424dd79a301f7fb1f8" "/opt/rustwide/cargo-home/bin/cargo" "+1.99.0-beta.8" "build" "--frozen" "--message-format=json" "--release", kill_on_drop: false }`
[INFO] [stderr]    Compiling pruning_radix_trie_rs v0.1.0 (/opt/rustwide/workdir)
[INFO] [stderr]     Finished `release` profile [optimized] target(s) in 0.59s
[INFO] running `Command { std: "docker" "inspect" "d04f7f56fd5f6e43bf015d707128bb4d8155e794dc4731424dd79a301f7fb1f8", kill_on_drop: false }`
[INFO] running `Command { std: "docker" "exec" "-e" "SOURCE_DIR=/opt/rustwide/workdir" "-e" "CARGO_HOME=/opt/rustwide/cargo-home" "-e" "RUSTUP_HOME=/opt/rustwide/rustup-home" "-e" "CARGO_TARGET_DIR=/opt/rustwide/target" "-e" "CARGO_INCREMENTAL=0" "-e" "RUST_BACKTRACE=full" "-e" "RUSTFLAGS=--cap-lints=warn" "-e" "RUSTDOCFLAGS=--cap-lints=warn" "-w" "/opt/rustwide/workdir" "--user" "0:0" "d04f7f56fd5f6e43bf015d707128bb4d8155e794dc4731424dd79a301f7fb1f8" "/opt/rustwide/cargo-home/bin/cargo" "+1.99.0-beta.8" "test" "--frozen" "--no-run" "--message-format=json" "--release", kill_on_drop: false }`
[INFO] [stderr]    Compiling castaway v0.2.4
[INFO] [stderr]    Compiling zerocopy v0.8.61
[INFO] [stderr]    Compiling once_cell v1.21.4
[INFO] [stderr]    Compiling unicode-normalization v0.1.25
[INFO] [stderr]    Compiling itertools v0.15.0
[INFO] [stderr]    Compiling smallvec v1.16.2
[INFO] [stderr]    Compiling getrandom v0.3.4
[INFO] [stderr]    Compiling compact_str v0.9.1
[INFO] [stderr]    Compiling compact_str v0.7.1
[INFO] [stderr]    Compiling pruning_radix_trie v1.0.1
[INFO] [stderr]    Compiling ahash v0.8.12
[INFO] [stderr]    Compiling symspell_complete_rs v0.0.4
[INFO] [stderr]    Compiling pruning_radix_trie_rs v0.1.0 (/opt/rustwide/workdir)
[INFO] [stderr]     Finished `release` profile [optimized] target(s) in 11.67s
[INFO] running `Command { std: "docker" "inspect" "d04f7f56fd5f6e43bf015d707128bb4d8155e794dc4731424dd79a301f7fb1f8", kill_on_drop: false }`
[INFO] running `Command { std: "docker" "exec" "-e" "SOURCE_DIR=/opt/rustwide/workdir" "-e" "CARGO_HOME=/opt/rustwide/cargo-home" "-e" "RUSTUP_HOME=/opt/rustwide/rustup-home" "-e" "CARGO_TARGET_DIR=/opt/rustwide/target" "-e" "CARGO_INCREMENTAL=0" "-e" "RUST_BACKTRACE=full" "-e" "RUSTFLAGS=--cap-lints=warn" "-e" "RUSTDOCFLAGS=--cap-lints=warn" "-w" "/opt/rustwide/workdir" "--user" "0:0" "d04f7f56fd5f6e43bf015d707128bb4d8155e794dc4731424dd79a301f7fb1f8" "/opt/rustwide/cargo-home/bin/cargo" "+1.99.0-beta.8" "test" "--frozen" "--release", kill_on_drop: false }`
[INFO] [stderr]     Finished `release` profile [optimized] target(s) in 0.06s
[INFO] [stderr]      Running unittests src/lib.rs (/opt/rustwide/target/release/deps/pruning_radix_trie_rs-721eb8a80f420e38)
[INFO] [stdout] 
[INFO] [stdout] running 9 tests
[INFO] [stdout] test tests::duplicate_terms_sum ... ok
[INFO] [stdout] test tests::siblings_sharing_first_utf8_byte ... ok
[INFO] [stdout] test tests::matches_brute_force_ascii ... ok
[INFO] [stdout] test tests::matches_brute_force_unicode_siblings ... ok
[INFO] [stdout] test tests::incremental_add_and_query ... ok
[INFO] [stdout] test tests::basic_topk ... ok
[INFO] [stdout] test tests::file_roundtrip ... ok
[INFO] [stdout] test tests::unicode_split_on_char_boundary ... ok
[INFO] [stdout] test tests::invariants_hold_after_every_insert ... ok
[INFO] [stderr]    Doc-tests pruning_radix_trie_rs
[INFO] [stdout] 
[INFO] [stdout] test result: ok. 9 passed; 0 failed; 0 ignored; 0 measured; 0 filtered out; finished in 0.19s
[INFO] [stdout] 
[INFO] [stdout] 
[INFO] [stdout] running 1 test
[INFO] [stdout] test src/lib.rs - (line 10) ... FAILED
[INFO] [stdout] 
[INFO] [stdout] failures:
[INFO] [stdout] 
[INFO] [stdout] ---- src/lib.rs - (line 10) stdout ----
[INFO] [stdout] error[E0624]: method `add_term` is private
[INFO] [stdout]    --> src/lib.rs:14:6
[INFO] [stdout]     |
[INFO] [stdout]  14 | trie.add_term("the", 100);
[INFO] [stdout]     |      ^^^^^^^^ private method
[INFO] [stdout]     |
[INFO] [stdout]    ::: /opt/rustwide/cargo-home/registry/src/index.crates.io-1949cf8c6b5b557f/pruning_radix_trie-1.0.1/src/lib.rs:394:5
[INFO] [stdout]     |
[INFO] [stdout] 394 |     fn add_term(&mut self, curr_id: NodeId, term: &str, payload: T, weight: U) -> U {
[INFO] [stdout]     |     ------------------------------------------------------------------------------- private method defined here
[INFO] [stdout] 
[INFO] [stdout] error[E0624]: method `add_term` is private
[INFO] [stdout]    --> src/lib.rs:15:6
[INFO] [stdout]     |
[INFO] [stdout]  15 | trie.add_term("their", 70);
[INFO] [stdout]     |      ^^^^^^^^ private method
[INFO] [stdout]     |
[INFO] [stdout]    ::: /opt/rustwide/cargo-home/registry/src/index.crates.io-1949cf8c6b5b557f/pruning_radix_trie-1.0.1/src/lib.rs:394:5
[INFO] [stdout]     |
[INFO] [stdout] 394 |     fn add_term(&mut self, curr_id: NodeId, term: &str, payload: T, weight: U) -> U {
[INFO] [stdout]     |     ------------------------------------------------------------------------------- private method defined here
[INFO] [stdout] 
[INFO] [stdout] error[E0624]: method `add_term` is private
[INFO] [stdout]    --> src/lib.rs:16:6
[INFO] [stdout]     |
[INFO] [stdout]  16 | trie.add_term("there", 50);
[INFO] [stdout]     |      ^^^^^^^^ private method
[INFO] [stdout]     |
[INFO] [stdout]    ::: /opt/rustwide/cargo-home/registry/src/index.crates.io-1949cf8c6b5b557f/pruning_radix_trie-1.0.1/src/lib.rs:394:5
[INFO] [stdout]     |
[INFO] [stdout] 394 |     fn add_term(&mut self, curr_id: NodeId, term: &str, payload: T, weight: U) -> U {
[INFO] [stdout]     |     ------------------------------------------------------------------------------- private method defined here
[INFO] [stdout] 
[INFO] [stdout] error[E0599]: no method named `get_top_k_terms_for_prefix` found for struct `PruningRadixTrie<T, U>` in the current scope
[INFO] [stdout]   --> src/lib.rs:18:32
[INFO] [stdout]    |
[INFO] [stdout] 18 | let (top, prefix_count) = trie.get_top_k_terms_for_prefix("the", 2, true);
[INFO] [stdout]    |                                ^^^^^^^^^^^^^^^^^^^^^^^^^^ method not found in `PruningRadixTrie<_, _>`
[INFO] [stdout] 
[INFO] [stdout] error: aborting due to 4 previous errors
[INFO] [stdout] 
[INFO] [stdout] Some errors have detailed explanations: E0599, E0624.
[INFO] [stdout] For more information about an error, try `rustc --explain E0599`.
[INFO] [stdout] Couldn't compile the test.
[INFO] [stdout] 
[INFO] [stdout] failures:
[INFO] [stdout]     src/lib.rs - (line 10)
[INFO] [stdout] 
[INFO] [stdout] test result: FAILED. 0 passed; 1 failed; 0 ignored; 0 measured; 0 filtered out; finished in 0.09s
[INFO] [stdout] 
[INFO] [stdout] all doctests ran in 0.20s; merged doctests compilation took 0.11s
[INFO] [stderr] error: doctest failed, to rerun pass `--doc`
[INFO] running `Command { std: "docker" "inspect" "d04f7f56fd5f6e43bf015d707128bb4d8155e794dc4731424dd79a301f7fb1f8", kill_on_drop: false }`
[INFO] running `Command { std: "docker" "rm" "-f" "d04f7f56fd5f6e43bf015d707128bb4d8155e794dc4731424dd79a301f7fb1f8", kill_on_drop: false }`
[INFO] [stdout] d04f7f56fd5f6e43bf015d707128bb4d8155e794dc4731424dd79a301f7fb1f8
