[INFO] fetching crate proxied 1.1.0...
[INFO] testing proxied-1.1.0 against 1.100.0-beta.1+cargoflags=--release for beta-release-1.100-2
[INFO] extracting crate proxied 1.1.0 into /workspace/builds/worker-4-tc2/source
[INFO] started tweaking crates.io crate proxied 1.1.0
[INFO] removed 0 missing tests
[INFO] finished tweaking crates.io crate proxied 1.1.0
[INFO] tweaked toml for crates.io crate proxied 1.1.0 written to /workspace/builds/worker-4-tc2/source/Cargo.toml
[INFO] validating manifest of crates.io crate proxied 1.1.0 on toolchain 1.100.0-beta.1
[INFO] running `Command { std: CARGO_HOME="/workspace/cargo-home" RUSTUP_HOME="/workspace/rustup-home" "/workspace/cargo-home/bin/cargo" "+1.100.0-beta.1" "metadata" "--manifest-path" "Cargo.toml" "--no-deps", kill_on_drop: false }`
[INFO] crate crates.io crate proxied 1.1.0 already has a lockfile, it will not be regenerated
[INFO] running `Command { std: CARGO_HOME="/workspace/cargo-home" RUSTUP_HOME="/workspace/rustup-home" "/workspace/cargo-home/bin/cargo" "+1.100.0-beta.1" "fetch" "--manifest-path" "Cargo.toml", kill_on_drop: false }`
[INFO] running `Command { std: "docker" "create" "-v" "/var/lib/crater-agent-workspace/builds/worker-4-tc2/source:/opt/rustwide/workdir:ro,Z" "-v" "/var/lib/crater-agent-workspace/builds/worker-4-tc2/target:/opt/rustwide/target:rw,Z" "-v" "/var/lib/crater-agent-workspace/cargo-home:/opt/rustwide/cargo-home:ro,Z" "-v" "/var/lib/crater-agent-workspace/rustup-home:/opt/rustwide/rustup-home:ro,Z" "-m" "1610612736" "--network" "none" "ghcr.io/rust-lang/crates-build-env/linux@sha256:77db811e55d90add9212f6832c23229e3de5f1c1f9905e8cb07319ea15df73ac" "sleep" "infinity", kill_on_drop: false }`
[INFO] [stdout] 22ded878f57ddd24749a7aee7fb6471f2e331944cd3facfdd4e9da5d29b97692
[INFO] running `Command { std: "docker" "start" "22ded878f57ddd24749a7aee7fb6471f2e331944cd3facfdd4e9da5d29b97692", kill_on_drop: false }`
[INFO] running `Command { std: "docker" "inspect" "22ded878f57ddd24749a7aee7fb6471f2e331944cd3facfdd4e9da5d29b97692", kill_on_drop: false }`
[INFO] running `Command { std: "docker" "exec" "-e" "SOURCE_DIR=/opt/rustwide/workdir" "-e" "CARGO_HOME=/opt/rustwide/cargo-home" "-e" "RUSTUP_HOME=/opt/rustwide/rustup-home" "-e" "CARGO_TARGET_DIR=/opt/rustwide/target" "-w" "/opt/rustwide/workdir" "--user" "0:0" "22ded878f57ddd24749a7aee7fb6471f2e331944cd3facfdd4e9da5d29b97692" "/opt/rustwide/cargo-home/bin/cargo" "+1.100.0-beta.1" "metadata" "--no-deps" "--format-version=1", kill_on_drop: false }`
[INFO] running `Command { std: "docker" "inspect" "22ded878f57ddd24749a7aee7fb6471f2e331944cd3facfdd4e9da5d29b97692", kill_on_drop: false }`
[INFO] running `Command { std: "docker" "exec" "-e" "SOURCE_DIR=/opt/rustwide/workdir" "-e" "CARGO_HOME=/opt/rustwide/cargo-home" "-e" "RUSTUP_HOME=/opt/rustwide/rustup-home" "-e" "CARGO_TARGET_DIR=/opt/rustwide/target" "-e" "CARGO_INCREMENTAL=0" "-e" "RUST_BACKTRACE=full" "-e" "RUSTFLAGS=--cap-lints=warn" "-e" "RUSTDOCFLAGS=--cap-lints=warn" "-w" "/opt/rustwide/workdir" "--user" "0:0" "22ded878f57ddd24749a7aee7fb6471f2e331944cd3facfdd4e9da5d29b97692" "/opt/rustwide/cargo-home/bin/cargo" "+1.100.0-beta.1" "build" "--frozen" "--message-format=json" "--release", kill_on_drop: false }`
[INFO] [stderr]    Compiling anyhow v1.0.98
[INFO] [stderr]    Compiling uri v0.4.0
[INFO] [stderr]    Compiling syn v2.0.101
[INFO] [stderr]    Compiling tokio-macros v2.5.0
[INFO] [stderr]    Compiling thiserror-impl v1.0.69
[INFO] [stderr]    Compiling async-trait v0.1.88
[INFO] [stderr]    Compiling serde_derive v1.0.219
[INFO] [stderr]    Compiling tokio v1.45.1
[INFO] [stderr]    Compiling thiserror v1.0.69
[INFO] [stderr]    Compiling serde v1.0.219
[INFO] [stderr]    Compiling tokio-stream v0.1.17
[INFO] [stderr]    Compiling async-http-proxy v1.2.5
[INFO] [stderr]    Compiling fast-socks5 v0.9.6
[INFO] [stderr]    Compiling proxied v1.1.0 (/opt/rustwide/workdir)
[INFO] [stderr] warning: unused dependency `uri`
[INFO] [stderr]   --> Cargo.toml:23:15
[INFO] [stderr]    |
[INFO] [stderr] 23 | [dependencies.uri]
[INFO] [stderr]    |               ^^^^
[INFO] [stderr]    |
[INFO] [stderr]    = note: `cargo::unused_dependencies` is set to `warn` by default
[INFO] [stderr] help: consider removing the dependency on `uri`
[INFO] [stderr] warning: `proxied` (manifest) generated 1 warning
[INFO] [stderr]     Finished `release` profile [optimized] target(s) in 22.15s
[INFO] running `Command { std: "docker" "inspect" "22ded878f57ddd24749a7aee7fb6471f2e331944cd3facfdd4e9da5d29b97692", kill_on_drop: false }`
[INFO] running `Command { std: "docker" "exec" "-e" "SOURCE_DIR=/opt/rustwide/workdir" "-e" "CARGO_HOME=/opt/rustwide/cargo-home" "-e" "RUSTUP_HOME=/opt/rustwide/rustup-home" "-e" "CARGO_TARGET_DIR=/opt/rustwide/target" "-e" "CARGO_INCREMENTAL=0" "-e" "RUST_BACKTRACE=full" "-e" "RUSTFLAGS=--cap-lints=warn" "-e" "RUSTDOCFLAGS=--cap-lints=warn" "-w" "/opt/rustwide/workdir" "--user" "0:0" "22ded878f57ddd24749a7aee7fb6471f2e331944cd3facfdd4e9da5d29b97692" "/opt/rustwide/cargo-home/bin/cargo" "+1.100.0-beta.1" "test" "--frozen" "--no-run" "--message-format=json" "--release", kill_on_drop: false }`
[INFO] [stderr]    Compiling syn v2.0.101
[INFO] [stderr]    Compiling smallvec v1.15.0
[INFO] [stderr]    Compiling futures-channel v0.3.31
[INFO] [stderr]    Compiling tracing-core v0.1.33
[INFO] [stderr]    Compiling memchr v2.7.4
[INFO] [stderr]    Compiling overload v0.1.1
[INFO] [stderr]    Compiling thread_local v1.1.8
[INFO] [stderr]    Compiling nu-ansi-term v0.46.0
[INFO] [stderr]    Compiling parking_lot_core v0.9.10
[INFO] [stderr]    Compiling parking_lot v0.12.3
[INFO] [stderr]    Compiling tracing-log v0.2.0
[INFO] [stderr]    Compiling tracing-subscriber v0.3.19
[INFO] [stderr]    Compiling tokio-macros v2.5.0
[INFO] [stderr]    Compiling thiserror-impl v1.0.69
[INFO] [stderr]    Compiling futures-macro v0.3.31
[INFO] [stderr]    Compiling serde_derive v1.0.219
[INFO] [stderr]    Compiling async-trait v0.1.88
[INFO] [stderr]    Compiling tracing-attributes v0.1.28
[INFO] [stderr]    Compiling tokio v1.45.1
[INFO] [stderr]    Compiling futures-util v0.3.31
[INFO] [stderr]    Compiling tracing v0.1.41
[INFO] [stderr]    Compiling thiserror v1.0.69
[INFO] [stderr]    Compiling serde v1.0.219
[INFO] [stderr]    Compiling futures-executor v0.3.31
[INFO] [stderr]    Compiling futures v0.3.31
[INFO] [stderr]    Compiling tokio-stream v0.1.17
[INFO] [stderr]    Compiling async-http-proxy v1.2.5
[INFO] [stderr]    Compiling fast-socks5 v0.9.6
[INFO] [stderr]    Compiling proxied v1.1.0 (/opt/rustwide/workdir)
[INFO] [stdout] warning: unused import: `ops::Deref`
[INFO] [stdout]  --> tests/test_socks5.rs:8:32
[INFO] [stdout]   |
[INFO] [stdout] 8 | use std::{convert::Infallible, ops::Deref, sync::LazyLock};
[INFO] [stdout]   |                                ^^^^^^^^^^
[INFO] [stdout]   |
[INFO] [stdout]   = note: `#[warn(unused_imports)]` (part of `#[warn(unused)]`) on by default
[INFO] [stdout] 
[INFO] [stdout] 
[INFO] [stdout] warning: unused import: `task::JoinSet`
[INFO] [stdout]   --> tests/test_socks5.rs:11:5
[INFO] [stdout]    |
[INFO] [stdout] 11 |     task::JoinSet,
[INFO] [stdout]    |     ^^^^^^^^^^^^^
[INFO] [stdout] 
[INFO] [stdout] 
[INFO] [stdout] warning: variant `NoAuth` is never constructed
[INFO] [stdout]   --> tests/test_socks5.rs:33:5
[INFO] [stdout]    |
[INFO] [stdout] 32 | enum AuthMode {
[INFO] [stdout]    |      -------- variant in this enum
[INFO] [stdout] 33 |     NoAuth,
[INFO] [stdout]    |     ^^^^^^
[INFO] [stdout]    |
[INFO] [stdout]    = note: `AuthMode` has a derived impl for the trait `Debug`, but this is intentionally ignored during dead code analysis
[INFO] [stdout]    = note: `#[warn(dead_code)]` (part of `#[warn(unused)]`) on by default
[INFO] [stdout] 
[INFO] [stdout] 
[INFO] [stdout] warning: variable `VERIFICATION_SLICE` should have a snake case name
[INFO] [stdout]    --> tests/test_socks5.rs:143:9
[INFO] [stdout]     |
[INFO] [stdout] 143 |     let VERIFICATION_SLICE: &[u8] = &[1, 2, 3, 4, 5, 6, 7, 8, 9, 10];
[INFO] [stdout]     |         ^^^^^^^^^^^^^^^^^^ help: convert the identifier to snake case: `verification_slice`
[INFO] [stdout]     |
[INFO] [stdout]     = note: `#[warn(non_snake_case)]` (part of `#[warn(nonstandard_style)]`) on by default
[INFO] [stdout] 
[INFO] [stdout] 
[INFO] [stderr] warning: unused dependency `uri`
[INFO] [stderr]   --> Cargo.toml:23:15
[INFO] [stderr]    |
[INFO] [stderr] 23 | [dependencies.uri]
[INFO] [stderr]    |               ^^^^
[INFO] [stderr]    |
[INFO] [stderr]    = note: `cargo::unused_dependencies` is set to `warn` by default
[INFO] [stderr] help: consider removing the dependency on `uri`
[INFO] [stderr] warning: `proxied` (manifest) generated 1 warning
[INFO] [stderr]     Finished `release` profile [optimized] target(s) in 50.02s
[INFO] running `Command { std: "docker" "inspect" "22ded878f57ddd24749a7aee7fb6471f2e331944cd3facfdd4e9da5d29b97692", kill_on_drop: false }`
[INFO] running `Command { std: "docker" "exec" "-e" "SOURCE_DIR=/opt/rustwide/workdir" "-e" "CARGO_HOME=/opt/rustwide/cargo-home" "-e" "RUSTUP_HOME=/opt/rustwide/rustup-home" "-e" "CARGO_TARGET_DIR=/opt/rustwide/target" "-e" "CARGO_INCREMENTAL=0" "-e" "RUST_BACKTRACE=full" "-e" "RUSTFLAGS=--cap-lints=warn" "-e" "RUSTDOCFLAGS=--cap-lints=warn" "-w" "/opt/rustwide/workdir" "--user" "0:0" "22ded878f57ddd24749a7aee7fb6471f2e331944cd3facfdd4e9da5d29b97692" "/opt/rustwide/cargo-home/bin/cargo" "+1.100.0-beta.1" "test" "--frozen" "--release", kill_on_drop: false }`
[INFO] [stderr] warning: unused import: `ops::Deref`
[INFO] [stderr]  --> tests/test_socks5.rs:8:32
[INFO] [stderr]   |
[INFO] [stderr] 8 | use std::{convert::Infallible, ops::Deref, sync::LazyLock};
[INFO] [stderr]   |                                ^^^^^^^^^^
[INFO] [stderr]   |
[INFO] [stderr]   = note: `#[warn(unused_imports)]` (part of `#[warn(unused)]`) on by default
[INFO] [stderr] 
[INFO] [stderr] warning: unused import: `task::JoinSet`
[INFO] [stderr]   --> tests/test_socks5.rs:11:5
[INFO] [stderr]    |
[INFO] [stderr] 11 |     task::JoinSet,
[INFO] [stderr]    |     ^^^^^^^^^^^^^
[INFO] [stderr] 
[INFO] [stderr] warning: variant `NoAuth` is never constructed
[INFO] [stderr]   --> tests/test_socks5.rs:33:5
[INFO] [stderr]    |
[INFO] [stderr] 32 | enum AuthMode {
[INFO] [stderr]    |      -------- variant in this enum
[INFO] [stderr] 33 |     NoAuth,
[INFO] [stderr]    |     ^^^^^^
[INFO] [stderr]    |
[INFO] [stderr]    = note: `AuthMode` has a derived impl for the trait `Debug`, but this is intentionally ignored during dead code analysis
[INFO] [stderr]    = note: `#[warn(dead_code)]` (part of `#[warn(unused)]`) on by default
[INFO] [stderr] 
[INFO] [stderr] warning: variable `VERIFICATION_SLICE` should have a snake case name
[INFO] [stderr]    --> tests/test_socks5.rs:143:9
[INFO] [stderr]     |
[INFO] [stderr] 143 |     let VERIFICATION_SLICE: &[u8] = &[1, 2, 3, 4, 5, 6, 7, 8, 9, 10];
[INFO] [stderr]     |         ^^^^^^^^^^^^^^^^^^ help: convert the identifier to snake case: `verification_slice`
[INFO] [stderr]     |
[INFO] [stderr]     = note: `#[warn(non_snake_case)]` (part of `#[warn(nonstandard_style)]`) on by default
[INFO] [stderr] 
[INFO] [stderr] warning: `proxied` (test "test_socks5") generated 4 warnings (run `cargo fix --test "test_socks5" -p proxied` to apply 2 suggestions)
[INFO] [stderr] warning: unused dependency `uri`
[INFO] [stderr]   --> Cargo.toml:23:15
[INFO] [stderr]    |
[INFO] [stderr] 23 | [dependencies.uri]
[INFO] [stderr]    |               ^^^^
[INFO] [stderr]    |
[INFO] [stderr]    = note: `cargo::unused_dependencies` is set to `warn` by default
[INFO] [stderr] help: consider removing the dependency on `uri`
[INFO] [stderr] warning: `proxied` (manifest) generated 1 warning
[INFO] [stderr]     Finished `release` profile [optimized] target(s) in 0.14s
[INFO] [stdout] 
[INFO] [stderr]      Running unittests src/lib.rs (/opt/rustwide/target/release/build/proxied/b73095f144bd95e2/out/proxied-b73095f144bd95e2)
[INFO] [stdout] running 0 tests
[INFO] [stderr]      Running tests/test_socks5.rs (/opt/rustwide/target/release/build/proxied/7ad49d5fc479c5ad/out/test_socks5-7ad49d5fc479c5ad)
[INFO] [stdout] 
[INFO] [stdout] test result: ok. 0 passed; 0 failed; 0 ignored; 0 measured; 0 filtered out; finished in 0.00s
[INFO] [stdout] 
[INFO] [stdout] 
[INFO] [stdout] running 1 test
[INFO] [stdout] [2m2026-10-18T14:29:57.544815Z[0m [32m INFO[0m [2mtest_socks5[0m[2m:[0m Simple auth system has been set.
[INFO] [stdout] [2m2026-10-18T14:29:57.544877Z[0m [32m INFO[0m [2mtest_socks5[0m[2m:[0m Listen for socks connections @ 127.0.0.1:1034
[INFO] [stdout] test test_socks5_password ... FAILED
[INFO] [stdout] 
[INFO] [stdout] failures:
[INFO] [stdout] 
[INFO] [stdout] ---- test_socks5_password stdout ----
[INFO] [stdout] 
[INFO] [stdout] thread 'test_socks5_password' (880) panicked at tests/test_socks5.rs:138:10:
[INFO] [stdout] called `Result::unwrap()` on an `Err` value: IO(Os { code: 111, kind: ConnectionRefused, message: "Connection refused" })
[INFO] [stdout] stack backtrace:
[INFO] [stdout]    0:     0x59eebf7a30c1 - <<std[617be2ca0a6fd877]::sys::backtrace::BacktraceLock>::print::DisplayBacktrace as core[a373ad73a504971]::fmt::Display>::fmt
[INFO] [stdout]    1:     0x59eebf7b9b0a - core[a373ad73a504971]::fmt::write
[INFO] [stdout]    2:     0x59eebf7a808c - <alloc[2e1b2a31b91974c5]::vec::Vec<u8> as core[a373ad73a504971]::io::write::Write>::write_fmt
[INFO] [stdout]    3:     0x59eebf77dc56 - std[617be2ca0a6fd877]::panicking::default_hook::{closure#0}
[INFO] [stdout]    4:     0x59eebf79af29 - std[617be2ca0a6fd877]::panicking::default_hook
[INFO] [stdout]    5:     0x59eebf701170 - test[aada8e7e76ba119b]::test_main_inner::{closure#0}
[INFO] [stdout]    6:     0x59eebf79b252 - std[617be2ca0a6fd877]::panicking::panic_with_hook
[INFO] [stdout]    7:     0x59eebf77dd02 - std[617be2ca0a6fd877]::panicking::panic_handler::{closure#0}
[INFO] [stdout]    8:     0x59eebf7763a9 - std[617be2ca0a6fd877]::sys::backtrace::__rust_end_short_backtrace::<std[617be2ca0a6fd877]::panicking::panic_handler::{closure#0}, !>
[INFO] [stdout]    9:     0x59eebf77ec0d - __rustc[ea4f61d10b84890b]::rust_begin_unwind
[INFO] [stdout]   10:     0x59eebf7ba26c - core[a373ad73a504971]::panicking::panic_fmt
[INFO] [stdout]   11:     0x59eebf7ba042 - core[a373ad73a504971]::result::unwrap_failed
[INFO] [stdout]   12:     0x59eebf6c4b00 - test_socks5[8d2c54d51e9665d2]::test_socks5_password::{closure#0}
[INFO] [stdout]   13:     0x59eebf6da458 - <tokio[94f2b3b3efe58270]::runtime::scheduler::current_thread::Context>::enter::<core[a373ad73a504971]::task::poll::Poll<core[a373ad73a504971]::result::Result<(), anyhow[adfb42d70d899e6e]::Error>>, <tokio[94f2b3b3efe58270]::runtime::scheduler::current_thread::CoreGuard>::block_on<core[a373ad73a504971]::pin::Pin<&mut core[a373ad73a504971]::pin::Pin<&mut dyn core[a373ad73a504971]::future::future::Future<Output = core[a373ad73a504971]::result::Result<(), anyhow[adfb42d70d899e6e]::Error>>>>>::{closure#0}::{closure#0}>
[INFO] [stdout]   14:     0x59eebf6d6baf - <tokio[94f2b3b3efe58270]::runtime::context::scoped::Scoped<tokio[94f2b3b3efe58270]::runtime::scheduler::Context>>::set::<<tokio[94f2b3b3efe58270]::runtime::scheduler::current_thread::CoreGuard>::enter<<tokio[94f2b3b3efe58270]::runtime::scheduler::current_thread::CoreGuard>::block_on<core[a373ad73a504971]::pin::Pin<&mut core[a373ad73a504971]::pin::Pin<&mut dyn core[a373ad73a504971]::future::future::Future<Output = core[a373ad73a504971]::result::Result<(), anyhow[adfb42d70d899e6e]::Error>>>>>::{closure#0}, core[a373ad73a504971]::option::Option<core[a373ad73a504971]::result::Result<(), anyhow[adfb42d70d899e6e]::Error>>>::{closure#0}, (alloc[2e1b2a31b91974c5]::boxed::Box<tokio[94f2b3b3efe58270]::runtime::scheduler::current_thread::Core>, core[a373ad73a504971]::option::Option<core[a373ad73a504971]::result::Result<(), anyhow[adfb42d70d899e6e]::Error>>)>
[INFO] [stdout]   15:     0x59eebf6da9e9 - <tokio[94f2b3b3efe58270]::runtime::scheduler::current_thread::CoreGuard>::block_on::<core[a373ad73a504971]::pin::Pin<&mut core[a373ad73a504971]::pin::Pin<&mut dyn core[a373ad73a504971]::future::future::Future<Output = core[a373ad73a504971]::result::Result<(), anyhow[adfb42d70d899e6e]::Error>>>>>
[INFO] [stdout]   16:     0x59eebf6dcdf8 - tokio[94f2b3b3efe58270]::runtime::context::runtime::enter_runtime::<<tokio[94f2b3b3efe58270]::runtime::scheduler::current_thread::CurrentThread>::block_on<core[a373ad73a504971]::pin::Pin<&mut dyn core[a373ad73a504971]::future::future::Future<Output = core[a373ad73a504971]::result::Result<(), anyhow[adfb42d70d899e6e]::Error>>>>::{closure#0}, core[a373ad73a504971]::result::Result<(), anyhow[adfb42d70d899e6e]::Error>>
[INFO] [stdout]   17:     0x59eebf6d5b35 - <tokio[94f2b3b3efe58270]::runtime::runtime::Runtime>::block_on::<core[a373ad73a504971]::pin::Pin<&mut dyn core[a373ad73a504971]::future::future::Future<Output = core[a373ad73a504971]::result::Result<(), anyhow[adfb42d70d899e6e]::Error>>>>
[INFO] [stdout]   18:     0x59eebf6ca252 - <test_socks5[8d2c54d51e9665d2]::test_socks5_password::{closure#0} as core[a373ad73a504971]::ops::function::FnOnce<()>>::call_once
[INFO] [stdout]   19:     0x59eebf6f45bb - test[aada8e7e76ba119b]::__rust_begin_short_backtrace::<core[a373ad73a504971]::result::Result<(), alloc[2e1b2a31b91974c5]::string::String>, fn() -> core[a373ad73a504971]::result::Result<(), alloc[2e1b2a31b91974c5]::string::String>>
[INFO] [stdout]   20:     0x59eebf701795 - test[aada8e7e76ba119b]::run_test::{closure#0}
[INFO] [stdout]   21:     0x59eebf6fb084 - std[617be2ca0a6fd877]::sys::backtrace::__rust_begin_short_backtrace::<test[aada8e7e76ba119b]::run_test::{closure#1}, ()>
[INFO] [stdout]   22:     0x59eebf704822 - <std[617be2ca0a6fd877]::thread::lifecycle::spawn_unchecked<test[aada8e7e76ba119b]::run_test::{closure#1}, ()>::{closure#1} as core[a373ad73a504971]::ops::function::FnOnce<()>>::call_once::{shim:vtable#0}
[INFO] [stdout]   23:     0x59eebf7a245f - <std[617be2ca0a6fd877]::sys::thread::unix::Thread>::new::thread_start
[INFO] [stdout]   24:     0x7782a8bf6dfa - <unknown>
[INFO] [stdout]   25:     0x7782a8c8a3d4 - clone
[INFO] [stdout]   26:                0x0 - <unknown>
[INFO] [stdout] 
[INFO] [stdout] 
[INFO] [stdout] failures:
[INFO] [stdout]     test_socks5_password
[INFO] [stdout] 
[INFO] [stdout] test result: FAILED. 0 passed; 1 failed; 0 ignored; 0 measured; 0 filtered out; finished in 0.00s
[INFO] [stdout] 
[INFO] [stderr] error: test failed, to rerun pass `--test test_socks5`
[INFO] running `Command { std: "docker" "inspect" "22ded878f57ddd24749a7aee7fb6471f2e331944cd3facfdd4e9da5d29b97692", kill_on_drop: false }`
[INFO] running `Command { std: "docker" "rm" "-f" "22ded878f57ddd24749a7aee7fb6471f2e331944cd3facfdd4e9da5d29b97692", kill_on_drop: false }`
[INFO] [stdout] 22ded878f57ddd24749a7aee7fb6471f2e331944cd3facfdd4e9da5d29b97692
