[INFO] fetching crate proxide-io 0.1.0-alpha.17...
[INFO] testing proxide-io-0.1.0-alpha.17 against 1.100.0-beta.1+cargoflags=--release for beta-release-1.100-2
[INFO] extracting crate proxide-io 0.1.0-alpha.17 into /workspace/builds/worker-0-tc2/source
[INFO] started tweaking crates.io crate proxide-io 0.1.0-alpha.17
[INFO] removed 0 missing tests
[INFO] finished tweaking crates.io crate proxide-io 0.1.0-alpha.17
[INFO] tweaked toml for crates.io crate proxide-io 0.1.0-alpha.17 written to /workspace/builds/worker-0-tc2/source/Cargo.toml
[INFO] validating manifest of crates.io crate proxide-io 0.1.0-alpha.17 on toolchain 1.100.0-beta.1
[INFO] running `Command { std: CARGO_HOME="/workspace/cargo-home" RUSTUP_HOME="/workspace/rustup-home" "/workspace/cargo-home/bin/cargo" "+1.100.0-beta.1" "metadata" "--manifest-path" "Cargo.toml" "--no-deps", kill_on_drop: false }`
[INFO] crate crates.io crate proxide-io 0.1.0-alpha.17 already has a lockfile, it will not be regenerated
[INFO] running `Command { std: CARGO_HOME="/workspace/cargo-home" RUSTUP_HOME="/workspace/rustup-home" "/workspace/cargo-home/bin/cargo" "+1.100.0-beta.1" "fetch" "--manifest-path" "Cargo.toml", kill_on_drop: false }`
[INFO] [stderr] warning: `package.homepage` is redundant with `package.repository`
[INFO] [stderr]    --> Cargo.toml:114:12
[INFO] [stderr]     |
[INFO] [stderr] 114 | homepage = "https://github.com/maraxen/proxide"
[INFO] [stderr]     |            ^^^^^^^^^^^^^^^^^^^^^^^^^^^^^^^^^^^^
[INFO] [stderr] ...
[INFO] [stderr] 119 | repository = "https://github.com/maraxen/proxide"
[INFO] [stderr]     |              ------------------------------------
[INFO] [stderr]     |
[INFO] [stderr]     = note: `cargo::redundant_homepage` is set to `warn` by default
[INFO] [stderr] help: consider removing `package.homepage`
[INFO] [stderr] warning: `proxide-io` (manifest) generated 1 warning
[INFO] running `Command { std: "docker" "create" "-v" "/var/lib/crater-agent-workspace/builds/worker-0-tc2/source:/opt/rustwide/workdir:ro,Z" "-v" "/var/lib/crater-agent-workspace/builds/worker-0-tc2/target:/opt/rustwide/target:rw,Z" "-v" "/var/lib/crater-agent-workspace/cargo-home:/opt/rustwide/cargo-home:ro,Z" "-v" "/var/lib/crater-agent-workspace/rustup-home:/opt/rustwide/rustup-home:ro,Z" "-m" "1610612736" "--network" "none" "ghcr.io/rust-lang/crates-build-env/linux@sha256:77db811e55d90add9212f6832c23229e3de5f1c1f9905e8cb07319ea15df73ac" "sleep" "infinity", kill_on_drop: false }`
[INFO] [stdout] 07b4755da3aaaaad23cbd50c8050e0b798c087b4c40e0cad1d0dd1d26150bcda
[INFO] running `Command { std: "docker" "start" "07b4755da3aaaaad23cbd50c8050e0b798c087b4c40e0cad1d0dd1d26150bcda", kill_on_drop: false }`
[INFO] running `Command { std: "docker" "inspect" "07b4755da3aaaaad23cbd50c8050e0b798c087b4c40e0cad1d0dd1d26150bcda", kill_on_drop: false }`
[INFO] running `Command { std: "docker" "exec" "-e" "SOURCE_DIR=/opt/rustwide/workdir" "-e" "CARGO_HOME=/opt/rustwide/cargo-home" "-e" "RUSTUP_HOME=/opt/rustwide/rustup-home" "-e" "CARGO_TARGET_DIR=/opt/rustwide/target" "-w" "/opt/rustwide/workdir" "--user" "0:0" "07b4755da3aaaaad23cbd50c8050e0b798c087b4c40e0cad1d0dd1d26150bcda" "/opt/rustwide/cargo-home/bin/cargo" "+1.100.0-beta.1" "metadata" "--no-deps" "--format-version=1", kill_on_drop: false }`
[INFO] running `Command { std: "docker" "inspect" "07b4755da3aaaaad23cbd50c8050e0b798c087b4c40e0cad1d0dd1d26150bcda", kill_on_drop: false }`
[INFO] running `Command { std: "docker" "exec" "-e" "SOURCE_DIR=/opt/rustwide/workdir" "-e" "CARGO_HOME=/opt/rustwide/cargo-home" "-e" "RUSTUP_HOME=/opt/rustwide/rustup-home" "-e" "CARGO_TARGET_DIR=/opt/rustwide/target" "-e" "CARGO_INCREMENTAL=0" "-e" "RUST_BACKTRACE=full" "-e" "RUSTFLAGS=--cap-lints=warn" "-e" "RUSTDOCFLAGS=--cap-lints=warn" "-w" "/opt/rustwide/workdir" "--user" "0:0" "07b4755da3aaaaad23cbd50c8050e0b798c087b4c40e0cad1d0dd1d26150bcda" "/opt/rustwide/cargo-home/bin/cargo" "+1.100.0-beta.1" "build" "--frozen" "--message-format=json" "--release", kill_on_drop: false }`
[INFO] [stderr] warning: `package.homepage` is redundant with `package.repository`
[INFO] [stderr]    --> Cargo.toml:114:12
[INFO] [stderr]     |
[INFO] [stderr] 114 | homepage = "https://github.com/maraxen/proxide"
[INFO] [stderr]     |            ^^^^^^^^^^^^^^^^^^^^^^^^^^^^^^^^^^^^
[INFO] [stderr] ...
[INFO] [stderr] 119 | repository = "https://github.com/maraxen/proxide"
[INFO] [stderr]     |              ------------------------------------
[INFO] [stderr]     |
[INFO] [stderr]     = note: `cargo::redundant_homepage` is set to `warn` by default
[INFO] [stderr] help: consider removing `package.homepage`
[INFO] [stderr] warning: `proxide-io` (manifest) generated 1 warning
[INFO] [stderr]    Compiling num-traits v0.2.19
[INFO] [stderr]    Compiling anyhow v1.0.102
[INFO] [stderr]    Compiling orx-self-or v1.2.0
[INFO] [stderr]    Compiling itertools v0.11.0
[INFO] [stderr]    Compiling syn v2.0.117
[INFO] [stderr]    Compiling orx-pseudo-default v2.1.0
[INFO] [stderr]    Compiling libc v0.2.185
[INFO] [stderr]    Compiling getrandom v0.4.2
[INFO] [stderr]    Compiling rustix v1.1.4
[INFO] [stderr]    Compiling orx-iterable v1.3.0
[INFO] [stderr]    Compiling zstd-sys v2.0.16+zstd.1.5.7
[INFO] [stderr]    Compiling matrixmultiply v0.3.10
[INFO] [stderr]    Compiling bitflags v2.11.1
[INFO] [stderr]    Compiling regex-syntax v0.8.10
[INFO] [stderr]    Compiling bytes v1.11.1
[INFO] [stderr]    Compiling linux-raw-sys v0.12.1
[INFO] [stderr]    Compiling orx-pinned-vec v3.23.0
[INFO] [stderr]    Compiling orx-concurrent-iter v3.3.0
[INFO] [stderr]    Compiling num-integer v0.1.46
[INFO] [stderr]    Compiling num-complex v0.4.6
[INFO] [stderr]    Compiling fixedbitset v0.4.2
[INFO] [stderr]    Compiling fastrand v2.4.1
[INFO] [stderr]    Compiling getrandom v0.2.17
[INFO] [stderr]    Compiling rawpointer v0.2.1
[INFO] [stderr]    Compiling rand_core v0.6.4
[INFO] [stderr]    Compiling pest v2.8.6
[INFO] [stderr]    Compiling regex-automata v0.4.14
[INFO] [stderr]    Compiling petgraph v0.6.5
[INFO] [stderr]    Compiling tempfile v3.27.0
[INFO] [stderr]    Compiling safe_arch v0.7.4
[INFO] [stderr]    Compiling protoc-bin-vendored-linux-ppcle_64 v3.2.0
[INFO] [stderr]    Compiling protoc-bin-vendored-linux-aarch_64 v3.2.0
[INFO] [stderr]    Compiling typenum v1.19.0
[INFO] [stderr]    Compiling zstd-safe v7.2.4
[INFO] [stderr]    Compiling multimap v0.10.1
[INFO] [stderr]    Compiling protoc-bin-vendored-win32 v3.2.0
[INFO] [stderr]    Compiling protoc-bin-vendored-macos-aarch_64 v3.2.0
[INFO] [stderr]    Compiling protoc-bin-vendored-macos-x86_64 v3.2.0
[INFO] [stderr]    Compiling protoc-bin-vendored-linux-x86_64 v3.2.0
[INFO] [stderr]    Compiling protoc-bin-vendored-linux-x86_32 v3.2.0
[INFO] [stderr]    Compiling protoc-bin-vendored-linux-s390_64 v3.2.0
[INFO] [stderr]    Compiling wide v0.7.33
[INFO] [stderr]    Compiling rand_chacha v0.3.1
[INFO] [stderr]    Compiling protoc-bin-vendored v3.2.0
[INFO] [stderr]    Compiling pest_meta v2.8.6
[INFO] [stderr]    Compiling orx-split-vec v3.23.0
[INFO] [stderr]    Compiling prettyplease v0.2.37
[INFO] [stderr]    Compiling regex v1.12.3
[INFO] [stderr]    Compiling orx-fixed-vec v3.24.0
[INFO] [stderr]    Compiling approx v0.5.1
[INFO] [stderr]    Compiling orx-pinned-concurrent-col v2.18.0
[INFO] [stderr]    Compiling pest_generator v2.8.6
[INFO] [stderr]    Compiling rand v0.8.5
[INFO] [stderr]    Compiling num-rational v0.4.2
[INFO] [stderr]    Compiling simba v0.9.1
[INFO] [stderr]    Compiling prost-derive v0.13.5
[INFO] [stderr]    Compiling nalgebra-macros v0.2.2
[INFO] [stderr]    Compiling thiserror-impl v1.0.69
[INFO] [stderr]    Compiling pest_derive v2.8.6
[INFO] [stderr]    Compiling serde_derive v1.0.228
[INFO] [stderr]    Compiling rand_distr v0.4.3
[INFO] [stderr]    Compiling num-bigint v0.4.6
[INFO] [stderr]    Compiling quick-xml v0.31.0
[INFO] [stderr]    Compiling prost v0.13.5
[INFO] [stderr]    Compiling thiserror v1.0.69
[INFO] [stderr]    Compiling prost-types v0.13.5
[INFO] [stderr]    Compiling proxide-units v0.1.0-alpha.17
[INFO] [stderr]    Compiling zip v6.0.0
[INFO] [stderr]    Compiling orx-concurrent-ordered-bag v2.13.0
[INFO] [stderr]    Compiling orx-concurrent-bag v2.13.0
[INFO] [stderr]    Compiling ndarray v0.17.2
[INFO] [stderr]    Compiling prost-build v0.13.5
[INFO] [stderr]    Compiling py_literal v0.4.0
[INFO] [stderr]    Compiling serde v1.0.228
[INFO] [stderr]    Compiling orx-concurrent-iter v2.3.0
[INFO] [stderr]    Compiling proxide-core v0.1.0-alpha.17
[INFO] [stderr]    Compiling orx-priority-queue v1.8.0
[INFO] [stderr]    Compiling minimal-lexical v0.2.1
[INFO] [stderr]    Compiling orx-parallel v2.4.0
[INFO] [stderr]    Compiling bincode v1.3.3
[INFO] [stderr]    Compiling nom v7.1.3
[INFO] [stderr]    Compiling nalgebra v0.33.3
[INFO] [stderr]    Compiling proxide-parallel-rt v0.1.0-alpha.17
[INFO] [stderr]    Compiling molly v0.6.1
[INFO] [stderr]    Compiling ndarray-npy v0.10.0
[INFO] [stderr]    Compiling zstd v0.13.3
[INFO] [stderr]    Compiling proxide-geometry v0.1.0-alpha.17
[INFO] [stderr]    Compiling proxide-io v0.1.0-alpha.17 (/opt/rustwide/workdir)
[INFO] [stderr] warning: unused dependency `nom`
[INFO] [stderr]   --> Cargo.toml:40:15
[INFO] [stderr]    |
[INFO] [stderr] 40 | [dependencies.nom]
[INFO] [stderr]    |               ^^^^
[INFO] [stderr]    |
[INFO] [stderr]    = note: `cargo::unused_dependencies` is set to `warn` by default
[INFO] [stderr] help: consider removing the dependency on `nom`
[INFO] [stderr] warning: unused dependency `proxide-parallel-rt`
[INFO] [stderr]   --> Cargo.toml:53:15
[INFO] [stderr]    |
[INFO] [stderr] 53 | [dependencies.proxide-parallel-rt]
[INFO] [stderr]    |               ^^^^^^^^^^^^^^^^^^^^
[INFO] [stderr]    |
[INFO] [stderr] help: consider removing the dependency on `proxide-parallel-rt`
[INFO] [stderr] warning: `proxide-io` (manifest) generated 2 warnings
[INFO] [stderr]     Finished `release` profile [optimized] target(s) in 2m 43s
[INFO] running `Command { std: "docker" "inspect" "07b4755da3aaaaad23cbd50c8050e0b798c087b4c40e0cad1d0dd1d26150bcda", kill_on_drop: false }`
[INFO] running `Command { std: "docker" "exec" "-e" "SOURCE_DIR=/opt/rustwide/workdir" "-e" "CARGO_HOME=/opt/rustwide/cargo-home" "-e" "RUSTUP_HOME=/opt/rustwide/rustup-home" "-e" "CARGO_TARGET_DIR=/opt/rustwide/target" "-e" "CARGO_INCREMENTAL=0" "-e" "RUST_BACKTRACE=full" "-e" "RUSTFLAGS=--cap-lints=warn" "-e" "RUSTDOCFLAGS=--cap-lints=warn" "-w" "/opt/rustwide/workdir" "--user" "0:0" "07b4755da3aaaaad23cbd50c8050e0b798c087b4c40e0cad1d0dd1d26150bcda" "/opt/rustwide/cargo-home/bin/cargo" "+1.100.0-beta.1" "test" "--frozen" "--no-run" "--message-format=json" "--release", kill_on_drop: false }`
[INFO] [stderr] warning: `package.homepage` is redundant with `package.repository`
[INFO] [stderr]    --> Cargo.toml:114:12
[INFO] [stderr]     |
[INFO] [stderr] 114 | homepage = "https://github.com/maraxen/proxide"
[INFO] [stderr]     |            ^^^^^^^^^^^^^^^^^^^^^^^^^^^^^^^^^^^^
[INFO] [stderr] ...
[INFO] [stderr] 119 | repository = "https://github.com/maraxen/proxide"
[INFO] [stderr]     |              ------------------------------------
[INFO] [stderr]     |
[INFO] [stderr]     = note: `cargo::redundant_homepage` is set to `warn` by default
[INFO] [stderr] help: consider removing `package.homepage`
[INFO] [stderr] warning: `proxide-io` (manifest) generated 1 warning
[INFO] [stderr]    Compiling regex-automata v0.4.14
[INFO] [stderr]    Compiling concurrent-queue v2.5.0
[INFO] [stderr]    Compiling rustix v1.1.4
[INFO] [stderr]    Compiling smallvec v1.15.1
[INFO] [stderr]    Compiling prost-derive v0.13.5
[INFO] [stderr]    Compiling hdf5-metno-src v0.9.5
[INFO] [stderr]    Compiling errno v0.3.14
[INFO] [stderr]    Compiling async-io v2.6.0
[INFO] [stderr]    Compiling dirs-sys-next v0.1.2
[INFO] [stderr]    Compiling value-bag v1.12.0
[INFO] [stderr]    Compiling event-listener v5.4.1
[INFO] [stderr]    Compiling parking_lot_core v0.9.12
[INFO] [stderr]    Compiling dirs-next v2.0.0
[INFO] [stderr]    Compiling log v0.4.29
[INFO] [stderr]    Compiling event-listener-strategy v0.5.4
[INFO] [stderr]    Compiling signal-hook-registry v1.4.8
[INFO] [stderr]    Compiling getrandom v0.2.17
[INFO] [stderr]    Compiling libloading v0.8.9
[INFO] [stderr]    Compiling tiny-keccak v2.0.2
[INFO] [stderr]    Compiling rand_core v0.6.4
[INFO] [stderr]    Compiling async-channel v2.5.0
[INFO] [stderr]    Compiling parking_lot v0.12.5
[INFO] [stderr]    Compiling term v0.7.0
[INFO] [stderr]    Compiling precomputed-hash v0.1.1
[INFO] [stderr]    Compiling same-file v1.0.6
[INFO] [stderr]    Compiling bit-vec v0.6.3
[INFO] [stderr]    Compiling new_debug_unreachable v1.0.6
[INFO] [stderr]    Compiling string_cache v0.8.9
[INFO] [stderr]    Compiling walkdir v2.5.0
[INFO] [stderr]    Compiling bit-set v0.5.3
[INFO] [stderr]    Compiling serde v1.0.228
[INFO] [stderr]    Compiling ascii-canvas v3.0.0
[INFO] [stderr]    Compiling rand_chacha v0.3.1
[INFO] [stderr]    Compiling async-lock v3.4.2
[INFO] [stderr]    Compiling ena v0.14.4
[INFO] [stderr]    Compiling prost v0.13.5
[INFO] [stderr]    Compiling winnow v1.0.1
[INFO] [stderr]    Compiling prost-types v0.13.5
[INFO] [stderr]    Compiling pico-args v0.5.0
[INFO] [stderr]    Compiling unicode-xid v0.2.6
[INFO] [stderr]    Compiling rand v0.8.5
[INFO] [stderr]    Compiling icu_normalizer v2.2.0
[INFO] [stderr]    Compiling pest_generator v2.8.6
[INFO] [stderr]    Compiling regex v1.12.3
[INFO] [stderr]    Compiling lalrpop-util v0.20.2
[INFO] [stderr]    Compiling prost-build v0.13.5
[INFO] [stderr]    Compiling toml_parser v1.1.2+spec-1.1.0
[INFO] [stderr]    Compiling syn v1.0.109
[INFO] [stderr]    Compiling lalrpop v0.20.2
[INFO] [stderr]    Compiling hdf5-metno-sys v0.10.1
[INFO] [stderr]    Compiling blocking v1.6.2
[INFO] [stderr]    Compiling async-executor v1.14.0
[INFO] [stderr]    Compiling nalgebra-macros v0.2.2
[INFO] [stderr]    Compiling toml_edit v0.25.11+spec-1.1.0
[INFO] [stderr]    Compiling proxide-core v0.1.0-alpha.17
[INFO] [stderr]    Compiling nalgebra v0.33.3
[INFO] [stderr]    Compiling polling v3.11.0
[INFO] [stderr]    Compiling async-channel v1.9.0
[INFO] [stderr]    Compiling pest_derive v2.8.6
[INFO] [stderr]    Compiling rand_distr v0.4.3
[INFO] [stderr]    Compiling async-signal v0.2.14
[INFO] [stderr]    Compiling async-process v2.5.0
[INFO] [stderr]    Compiling async-global-executor v2.4.1
[INFO] [stderr]    Compiling idna_adapter v1.2.1
[INFO] [stderr]    Compiling async-attributes v1.1.2
[INFO] [stderr]    Compiling kv-log-macro v1.0.7
[INFO] [stderr]    Compiling proc-macro-error-attr2 v2.0.0
[INFO] [stderr]    Compiling hdf5-metno-types v0.10.2
[INFO] [stderr]    Compiling futures-util v0.3.32
[INFO] [stderr]    Compiling form_urlencoded v1.2.2
[INFO] [stderr]    Compiling proc-macro-error2 v2.0.1
[INFO] [stderr]    Compiling async-std v1.13.2
[INFO] [stderr]    Compiling tokio v1.52.0
[INFO] [stderr]    Compiling py_literal v0.4.0
[INFO] [stderr]    Compiling serde_json v1.0.149
[INFO] [stderr]    Compiling idna v1.1.0
[INFO] [stderr]    Compiling proc-macro-crate v3.5.0
[INFO] [stderr]    Compiling http-body v0.4.6
[INFO] [stderr]    Compiling socket2 v0.5.10
[INFO] [stderr]    Compiling hdf5-metno v0.11.0
[INFO] [stderr]    Compiling ascii v1.1.0
[INFO] [stderr]    Compiling ndarray-npy v0.10.0
[INFO] [stderr]    Compiling hyper v0.14.32
[INFO] [stderr]    Compiling hdf5-metno-derive v0.9.3
[INFO] [stderr]    Compiling async-object-pool v0.1.5
[INFO] [stderr]    Compiling url v2.5.8
[INFO] [stderr]    Compiling assert-json-diff v2.0.2
[INFO] [stderr]    Compiling proxide-geometry v0.1.0-alpha.17
[INFO] [stderr]    Compiling basic-cookies v0.1.5
[INFO] [stderr]    Compiling serde_regex v1.1.0
[INFO] [stderr]    Compiling bincode v1.3.3
[INFO] [stderr]    Compiling levenshtein v1.0.5
[INFO] [stderr]    Compiling similar v2.7.0
[INFO] [stderr]    Compiling tempfile v3.27.0
[INFO] [stderr]    Compiling httpmock v0.7.0
[INFO] [stderr]    Compiling proxide-io v0.1.0-alpha.17 (/opt/rustwide/workdir)
[INFO] [stderr] warning: unused dependency `nom`
[INFO] [stderr]   --> Cargo.toml:40:15
[INFO] [stderr]    |
[INFO] [stderr] 40 | [dependencies.nom]
[INFO] [stderr]    |               ^^^^
[INFO] [stderr]    |
[INFO] [stderr]    = note: `cargo::unused_dependencies` is set to `warn` by default
[INFO] [stderr] help: consider removing the dependency on `nom`
[INFO] [stderr] warning: unused dependency `proxide-parallel-rt`
[INFO] [stderr]   --> Cargo.toml:53:15
[INFO] [stderr]    |
[INFO] [stderr] 53 | [dependencies.proxide-parallel-rt]
[INFO] [stderr]    |               ^^^^^^^^^^^^^^^^^^^^
[INFO] [stderr]    |
[INFO] [stderr] help: consider removing the dependency on `proxide-parallel-rt`
[INFO] [stderr] warning: `proxide-io` (manifest) generated 2 warnings
[INFO] [stderr]     Finished `release` profile [optimized] target(s) in 6m 01s
[INFO] [stderr] warning: the following packages contain code that will be rejected by a future version of Rust: proc-macro-error2 v2.0.1
[INFO] [stderr] note: to see what the problems were, use the option `--future-incompat-report`, or run `cargo report future-incompatibilities --id 3`
[INFO] running `Command { std: "docker" "inspect" "07b4755da3aaaaad23cbd50c8050e0b798c087b4c40e0cad1d0dd1d26150bcda", kill_on_drop: false }`
[INFO] running `Command { std: "docker" "exec" "-e" "SOURCE_DIR=/opt/rustwide/workdir" "-e" "CARGO_HOME=/opt/rustwide/cargo-home" "-e" "RUSTUP_HOME=/opt/rustwide/rustup-home" "-e" "CARGO_TARGET_DIR=/opt/rustwide/target" "-e" "CARGO_INCREMENTAL=0" "-e" "RUST_BACKTRACE=full" "-e" "RUSTFLAGS=--cap-lints=warn" "-e" "RUSTDOCFLAGS=--cap-lints=warn" "-w" "/opt/rustwide/workdir" "--user" "0:0" "07b4755da3aaaaad23cbd50c8050e0b798c087b4c40e0cad1d0dd1d26150bcda" "/opt/rustwide/cargo-home/bin/cargo" "+1.100.0-beta.1" "test" "--frozen" "--release", kill_on_drop: false }`
[INFO] [stderr] warning: `package.homepage` is redundant with `package.repository`
[INFO] [stderr]    --> Cargo.toml:114:12
[INFO] [stderr]     |
[INFO] [stderr] 114 | homepage = "https://github.com/maraxen/proxide"
[INFO] [stderr]     |            ^^^^^^^^^^^^^^^^^^^^^^^^^^^^^^^^^^^^
[INFO] [stderr] ...
[INFO] [stderr] 119 | repository = "https://github.com/maraxen/proxide"
[INFO] [stderr]     |              ------------------------------------
[INFO] [stderr]     |
[INFO] [stderr]     = note: `cargo::redundant_homepage` is set to `warn` by default
[INFO] [stderr] help: consider removing `package.homepage`
[INFO] [stderr] warning: `proxide-io` (manifest) generated 1 warning
[INFO] [stderr] warning: unused dependency `nom`
[INFO] [stderr]   --> Cargo.toml:40:15
[INFO] [stderr]    |
[INFO] [stderr] 40 | [dependencies.nom]
[INFO] [stderr]    |               ^^^^
[INFO] [stderr]    |
[INFO] [stderr]    = note: `cargo::unused_dependencies` is set to `warn` by default
[INFO] [stderr] help: consider removing the dependency on `nom`
[INFO] [stderr] warning: unused dependency `proxide-parallel-rt`
[INFO] [stderr]   --> Cargo.toml:53:15
[INFO] [stderr]    |
[INFO] [stderr] 53 | [dependencies.proxide-parallel-rt]
[INFO] [stderr]    |               ^^^^^^^^^^^^^^^^^^^^
[INFO] [stderr]    |
[INFO] [stderr] help: consider removing the dependency on `proxide-parallel-rt`
[INFO] [stderr] warning: `proxide-io` (manifest) generated 2 warnings
[INFO] [stderr]     Finished `release` profile [optimized] target(s) in 0.49s
[INFO] [stderr] warning: the following packages contain code that will be rejected by a future version of Rust: proc-macro-error2 v2.0.1
[INFO] [stderr] note: to see what the problems were, use the option `--future-incompat-report`, or run `cargo report future-incompatibilities --id 3`
[INFO] [stderr]      Running unittests src/lib.rs (/opt/rustwide/target/release/build/proxide-io/ae15b3827331a541/out/proxide_io-ae15b3827331a541)
[INFO] [stdout] 
[INFO] [stdout] running 152 tests
[INFO] [stdout] test formats::dcd::tests::dcd_unit_cell_conversion_passes_through_degree_encoded_angles ... ok
[INFO] [stdout] test formats::dcd_test::tests::test_dcd_header_parsing ... ok
[INFO] [stdout] test formats::dcd::tests::test_dcd_read_frame ... ok
[INFO] [stdout] test formats::dcd::tests::dcd_unit_cell_conversion_matches_mdtraj_reference ... ok
[INFO] [stdout] test formats::fasta::tests::test_parse_fasta_simple ... ok
[INFO] [stdout] test formats::fasta::tests::test_parse_a3m_insertions ... ok
[INFO] [stdout] test formats::mmcif::tests::ab_alt_id_is_unparseable ... ok
[INFO] [stdout] test formats::field_parse::tests::finite_f64_distinguishes_unparseable_from_nonfinite ... ok
[INFO] [stdout] test formats::dcd_test::tests::test_dcd_invalid_magic ... ok
[INFO] [stdout] test formats::field_parse::tests::decimal_i32_rejects_hex_and_junk ... ok
[INFO] [stdout] test formats::mmcif::tests::dot_alt_id_ok_blank ... ok
[INFO] [stdout] test formats::field_parse::tests::finite_f32_distinguishes_unparseable_from_nonfinite ... ok
[INFO] [stdout] test formats::mmcif::tests::atom_sites_category_is_a_boundary ... ok
[INFO] [stdout] test formats::mmcif::tests::auth_only_header_ok ... ok
[INFO] [stdout] test formats::field_parse::tests::truncate_raw_str_marks_truncation ... ok
[INFO] [stdout] test formats::mmcif::tests::dot_label_atom_id_is_inapplicable_label_present_auth_ignored ... ok
[INFO] [stdout] test formats::mmcif::tests::dot_label_seq_id_with_auth_seq_id_ok ... ok
[INFO] [stdout] test formats::fasta::tests::test_parse_multiline ... ok
[INFO] [stdout] test formats::mmcif::tests::dot_model_num_is_invalid_model ... ok
[INFO] [stdout] test formats::mmcif::tests::dot_occupancy_gives_1_0 ... ok
[INFO] [stdout] test formats::mmcif::tests::double_quoted_o5_prime_ok ... ok
[INFO] [stdout] test formats::mmcif::tests::garbage_id_is_unparseable ... ok
[INFO] [stdout] test formats::mmcif::tests::group_pdb_foo_is_bad_group ... ok
[INFO] [stdout] test formats::mmcif::tests::garbage_occupancy_is_unparseable ... ok
[INFO] [stdout] test formats::mmcif::tests::loop_mid_row_gives_row_length ... ok
[INFO] [stdout] test formats::mmcif::tests::nan_b_is_nonfinite ... ok
[INFO] [stdout] test formats::mmcif::tests::non_loop_atom_site_is_non_loop_unsupported ... ok
[INFO] [stdout] test formats::mmcif::tests::one_extra_token_on_a_line_gives_row_length_naming_that_line ... ok
[INFO] [stdout] test formats::mmcif::tests::question_cartn_x_is_unknown ... ok
[INFO] [stdout] test formats::mmcif::tests::question_ins_code_ok_blank ... ok
[INFO] [stdout] test formats::mmcif::tests::question_label_seq_id_is_unknown ... ok
[INFO] [stdout] test formats::mmcif::tests::quoted_question_mark_in_label_atom_id_is_present_text ... ok
[INFO] [stdout] test formats::mmcif::tests::row_cut_by_eof_gives_row_length_naming_row_start ... ok
[INFO] [stdout] test formats::mmcif::tests::quoted_value_with_internal_space_is_one_token ... ok
[INFO] [stdout] test formats::mmcif::tests::test_extract_atom_record_missing_type_symbol_falls_back_to_name ... ok
[INFO] [stdout] test formats::mmcif::tests::test_mmcif_permuted_columns ... ok
[INFO] [stdout] test formats::mmcif::tests::two_data_blocks_give_multiple_data_blocks ... ok
[INFO] [stdout] test formats::mmcif::tests::unquoted_o5_prime_ok ... ok
[INFO] [stdout] test formats::mmcif::tests::valid_row_parses_with_expected_defaults ... ok
[INFO] [stdout] test formats::mmcif::tests::row_wrapped_over_two_lines_ok ... ok
[INFO] [stdout] test formats::mmcif::tests::single_quoted_o5_prime_ok ... ok
[INFO] [stdout] test formats::mmcif::tests::unterminated_quote_errors ... ok
[INFO] [stdout] test formats::mmcif::tests::x_model_num_is_invalid_model ... ok
[INFO] [stdout] test formats::mmcif::tests::test_mmcif_multiple_loops_and_missing ... ok
[INFO] [stdout] test formats::mmcif::tests::text_field_containing_line_starting_with_underscore_ok ... ok
[INFO] [stdout] test formats::mmcif::tests::text_field_in_row_ok ... ok
[INFO] [stdout] test formats::newick_test::tests::test_invalid_format ... ok
[INFO] [stdout] test formats::newick_test::tests::test_parse_nested ... ok
[INFO] [stdout] test formats::parm7::tests::chain_labels_never_collide_with_solvent ... ok
[INFO] [stdout] test formats::parm7::tests::bonds_are_divided_by_three ... ok
[INFO] [stdout] test formats::newick_test::tests::test_parse_branch_lengths ... ok
[INFO] [stdout] test formats::newick_test::tests::test_parse_labels ... ok
[INFO] [stdout] test formats::parm7::tests::missing_atomic_numbers_is_an_error ... ok
[INFO] [stdout] test formats::parm7::tests::packed_names_split_by_width_across_lines ... ok
[INFO] [stdout] test formats::parm7::tests::chains_split_at_disulfide_and_solvent_shares_one_chain ... ok
[INFO] [stdout] test formats::parm7::tests::format_width_parsing ... ok
[INFO] [stdout] test formats::newick_test::tests::test_parse_basic ... ok
[INFO] [stdout] test formats::parm7::tests::residue_with_unbonded_first_atom_keeps_its_chain ... ok
[INFO] [stdout] test formats::parm7::tests::raw_atom_data_is_per_atom ... ok
[INFO] [stdout] test formats::parm7::tests::residues_charges_elements ... ok
[INFO] [stdout] test formats::pdb::tests::test_blank_occupancy_takes_documented_default ... ok
[INFO] [stdout] test formats::pdb::tests::test_parse_4_char_atom_name ... ok
[INFO] [stdout] test formats::pdb::tests::test_parse_atom_line ... ok
[INFO] [stdout] test formats::pdb::tests::test_parse_hetatm ... ok
[INFO] [stdout] test formats::pdb::tests::test_raw_atom_data_accumulation ... ok
[INFO] [stdout] test formats::pdb_fields::tests::bad_serial_is_unparseable_named_field ... ok
[INFO] [stdout] test formats::pdb_fields::tests::bad_x_is_unparseable_named_field ... ok
[INFO] [stdout] test formats::pdb_fields::tests::bare_atom_line_is_line_too_short ... ok
[INFO] [stdout] test formats::pdb_fields::tests::blank_occupancy_takes_documented_default ... ok
[INFO] [stdout] test formats::pdb_fields::tests::display_includes_literal_error_code ... ok
[INFO] [stdout] test formats::pdb_fields::tests::contiguous_same_residue_is_fine ... ok
[INFO] [stdout] test formats::pdb_fields::tests::hex_res_seq_is_unparseable ... ok
[INFO] [stdout] test formats::pdb_fields::tests::latin1_remark_line_is_accepted ... ok
[INFO] [stdout] test formats::pdb_fields::tests::hex_serial_is_unparseable ... ok
[INFO] [stdout] test formats::pdb_fields::tests::length_77_element_line_is_read_not_ignored ... ok
[INFO] [stdout] test formats::pdb_fields::tests::nan_b_factor_is_nonfinite ... ok
[INFO] [stdout] test formats::pdb_fields::tests::nan_x_is_nonfinite ... ok
[INFO] [stdout] test formats::pdb_fields::tests::non_ascii_atom_name_errors ... ok
[INFO] [stdout] test formats::pdb_fields::tests::short_line_is_line_too_short ... ok
[INFO] [stdout] test formats::pdb_fields::tests::truncation_marker_present_for_long_raw_line ... ok
[INFO] [stdout] test formats::pdb::tests::test_malformed_occupancy_is_an_error ... FAILED
[INFO] [stdout] test formats::pdb_fields::tests::valid_atom_line_parses ... ok
[INFO] [stdout] test formats::pdb_fields::tests::malformed_occupancy_is_unparseable ... ok
[INFO] [stdout] test formats::pdb::tests::test_pdb_with_ter_and_anisou ... ok
[INFO] [stdout] test formats::pdb::tests::test_two_letter_element_fallback_not_truncated ... ok
[INFO] [stdout] test formats::pdb_fields::tests::wraparound_duplicate_residue_errors ... ok
[INFO] [stdout] test formats::pqr::tests::fifty_two_a_res_seq_parses_ok_with_icode_a ... ok
[INFO] [stdout] test formats::pqr::tests::digit_chain_on_eleven_tokens_parses_ok ... ok
[INFO] [stdout] test formats::pqr::tests::a52_res_seq_is_unparseable ... ok
[INFO] [stdout] test formats::pdb_fields::tests::model_non_numeric_is_invalid_model ... ok
[INFO] [stdout] test formats::pqr::tests::garbage_res_seq_is_unparseable ... ok
[INFO] [stdout] test formats::pqr::tests::inf_radius_is_nonfinite ... ok
[INFO] [stdout] test formats::pqr::tests::ignored_non_atom_record_is_ok_none ... ok
[INFO] [stdout] test formats::pdb_fields::tests::model_with_single_space_is_ok ... ok
[INFO] [stdout] test formats::pqr::tests::merged_record_and_serial_is_token_count ... ok
[INFO] [stdout] test formats::pqr::tests::nan_charge_is_nonfinite ... ok
[INFO] [stdout] test formats::pqr::tests::nine_tokens_is_token_count ... ok
[INFO] [stdout] test formats::pqr::tests::ten_token_no_chain_line_parses_ok_with_empty_chain ... ok
[INFO] [stdout] test formats::pqr::tests::test_parse_hetatm ... ok
[INFO] [stdout] test formats::pqr::tests::test_parse_insertion_code ... ok
[INFO] [stdout] test formats::pqr::tests::test_parse_pqr_line ... ok
[INFO] [stdout] test formats::pqr::tests::test_two_letter_element_fallback_not_truncated ... ok
[INFO] [stdout] test formats::pqr::tests::twelve_tokens_is_token_count ... ok
[INFO] [stdout] test formats::trr::tests::test_read_double_precision_frame ... ok
[INFO] [stdout] test formats::trr::tests::test_read_frame_full ... ok
[INFO] [stdout] test formats::trr::tests::test_read_header_magic_invalid ... ok
[INFO] [stdout] test formats::trr::tests::test_read_header_magic_valid ... ok
[INFO] [stdout] test formats::trr::tests::test_trr_truncation ... ok
[INFO] [stdout] test formats::xdr::tests::test_eof_handling ... ok
[INFO] [stdout] test formats::xdr::tests::test_read_i32 ... ok
[INFO] [stdout] test formats::xdr::tests::test_read_string_padded ... ok
[INFO] [stdout] test formats::xtc::tests::test_determine_offsets_tolerant_matches_molly_determine_offsets ... FAILED
[INFO] [stdout] test formats::xtc::tests::test_mda_offsets_npz_imported_when_proxide_sidecar_missing ... ok
[INFO] [stdout] test formats::xtc::tests::test_mda_offsets_npz_size_mismatch_falls_through_to_scan ... ok
[INFO] [stdout] test formats::xtc::tests::test_read_frames_parallel_matches_serial ... ok
[INFO] [stdout] test formats::xtc::tests::test_read_frames_parallel_matches_serial_large_fixture ... ok
[INFO] [stdout] test formats::xtc::tests::test_read_frames_parallel_preserves_atom_index_order_and_duplicates ... ok
[INFO] [stdout] test formats::pqr::tests::merged_chain_and_number_on_ten_tokens_is_token_count ... ok
[INFO] [stdout] test formats::pdb::tests::test_parse_atom_line_edge_cases ... ok
[INFO] [stdout] test formats::pqr::tests::merged_coordinates_is_token_count ... ok
[INFO] [stdout] test formats::xtc::tests::test_read_frames_parallel_result_size_scales_with_selection_not_full_atoms ... ok
[INFO] [stdout] test formats::pqr::tests::merged_res_name_and_chain_on_ten_tokens_is_token_count ... ok
[INFO] [stdout] test formats::xtc::tests::test_read_frames_parallel_rejects_out_of_range_atom_index ... ok
[INFO] [stdout] test formats::xtc::tests::test_read_xtc_distogram_parallel_matches_manual_mic_computation ... ok
[INFO] [stdout] test formats::xdr::tests::test_read_f32 ... ok
[INFO] [stdout] test formats::xtc::tests::test_read_xtc_nonexistent ... ok
[INFO] [stdout] test formats::xtc::tests::test_read_xtc_real_file ... ok
[INFO] [stdout] test formats::xtc::tests::test_stale_pre_fix_offset_cache_is_rescanned_not_trusted ... ok
[INFO] [stdout] test formats::xtc::tests::test_xtc_box_vectors_match_ground_truth_across_full_trajectory ... ok
[INFO] [stdout] test formats::xtc::tests::test_xtc_offset_cache_invalidation ... ok
[INFO] [stdout] test formats::xtc::tests::test_xtc_reader_iter_matches_read_frame_at ... ok
[INFO] [stdout] test formats::xtc::tests::test_xtc_reader_large_fixture_offsets_and_seek ... ok
[INFO] [stdout] test formats::xtc::tests::test_read_xtc_distogram_parallel_shape_and_sanity_real_fixture ... ok
[INFO] [stdout] test formats::pqr::tests::bad_x_is_unparseable ... ok
[INFO] [stdout] test formats::xtc::tests::test_xtc_reader_read_range_matches_eager ... ok
[INFO] [stdout] test formats::xtc::tests::test_xtc_reader_excludes_truncated_trailing_frame ... ok
[INFO] [stdout] test formats::xtc::tests::test_read_xtc_distogram_parallel_single_atom_has_zero_pairs ... ok
[INFO] [stdout] test formats::pqr::tests::empty_line_is_ok_none ... ok
[INFO] [stdout] test formats::xtc::tests::test_xtc_reader_tolerates_truncation_in_frame_metadata_region ... ok
[INFO] [stdout] test formats::xtc::tests::test_xtc_reader_parity_with_eager_load ... ok
[INFO] [stdout] test formatters::cache::tests::test_cache_key_different_formats ... ok
[INFO] [stdout] test formatters::cache::tests::test_cache_basic ... ok
[INFO] [stdout] test formatters::custom::tests::test_custom_format_backbone ... ok
[INFO] [stdout] test formatters::atom37::tests::test_atom37_missing_atoms ... ok
[INFO] [stdout] test formatters::atom37::tests::test_atom37_unknown_residue ... ok
[INFO] [stdout] test formatters::backbone::tests::test_backbone_single_residue ... ok
[INFO] [stdout] test formatters::custom::tests::test_custom_format_partial ... ok
[INFO] [stdout] test formatters::atom37::tests::test_atom37_single_residue_ala ... ok
[INFO] [stdout] test formatters::atom37::tests::test_atom37_multi_chain ... ok
[INFO] [stdout] test formatters::atom14::tests::test_atom14_single_residue ... ok
[INFO] [stdout] test formatters::full::tests::test_full_multi_residue ... ok
[INFO] [stdout] test formatters::full::tests::test_full_single_residue ... ok
[INFO] [stdout] 
[INFO] [stdout] failures:
[INFO] [stdout] 
[INFO] [stdout] ---- formats::pdb::tests::test_malformed_occupancy_is_an_error stdout ----
[INFO] [stdout] 
[INFO] [stdout] thread 'formats::pdb::tests::test_malformed_occupancy_is_an_error' (6998) panicked at src/formats/pdb.rs:222:44:
[INFO] [stdout] called `Option::unwrap()` on a `None` value
[INFO] [stdout] stack backtrace:
[INFO] [stdout]    0:     0x6401c70b07d1 - <<std[617be2ca0a6fd877]::sys::backtrace::BacktraceLock>::print::DisplayBacktrace as core[a373ad73a504971]::fmt::Display>::fmt
[INFO] [stdout]    1:     0x6401c70c7bea - core[a373ad73a504971]::fmt::write
[INFO] [stdout]    2:     0x6401c70b4dac - <alloc[2e1b2a31b91974c5]::vec::Vec<u8> as core[a373ad73a504971]::io::write::Write>::write_fmt
[INFO] [stdout]    3:     0x6401c70896a6 - std[617be2ca0a6fd877]::panicking::default_hook::{closure#0}
[INFO] [stdout]    4:     0x6401c70a6dd9 - std[617be2ca0a6fd877]::panicking::default_hook
[INFO] [stdout]    5:     0x6401c6fd0da0 - test[aada8e7e76ba119b]::test_main_inner::{closure#0}
[INFO] [stdout]    6:     0x6401c70a7102 - std[617be2ca0a6fd877]::panicking::panic_with_hook
[INFO] [stdout]    7:     0x6401c7089784 - std[617be2ca0a6fd877]::panicking::panic_handler::{closure#0}
[INFO] [stdout]    8:     0x6401c7082159 - std[617be2ca0a6fd877]::sys::backtrace::__rust_end_short_backtrace::<std[617be2ca0a6fd877]::panicking::panic_handler::{closure#0}, !>
[INFO] [stdout]    9:     0x6401c708a44d - __rustc[ea4f61d10b84890b]::rust_begin_unwind
[INFO] [stdout]   10:     0x6401c70c831c - core[a373ad73a504971]::panicking::panic_fmt
[INFO] [stdout]   11:     0x6401c70c82e2 - core[a373ad73a504971]::panicking::panic
[INFO] [stdout]   12:     0x6401c70c8099 - core[a373ad73a504971]::option::unwrap_failed
[INFO] [stdout]   13:     0x6401c6f1de88 - <proxide_io[841810298c5726f4]::formats::pdb::tests::test_malformed_occupancy_is_an_error::{closure#0} as core[a373ad73a504971]::ops::function::FnOnce<()>>::call_once
[INFO] [stdout]   14:     0x6401c6fc41eb - test[aada8e7e76ba119b]::__rust_begin_short_backtrace::<core[a373ad73a504971]::result::Result<(), alloc[2e1b2a31b91974c5]::string::String>, fn() -> core[a373ad73a504971]::result::Result<(), alloc[2e1b2a31b91974c5]::string::String>>
[INFO] [stdout]   15:     0x6401c6fd13c5 - test[aada8e7e76ba119b]::run_test::{closure#0}
[INFO] [stdout]   16:     0x6401c6fcacb4 - std[617be2ca0a6fd877]::sys::backtrace::__rust_begin_short_backtrace::<test[aada8e7e76ba119b]::run_test::{closure#1}, ()>
[INFO] [stdout]   17:     0x6401c6fd4452 - <std[617be2ca0a6fd877]::thread::lifecycle::spawn_unchecked<test[aada8e7e76ba119b]::run_test::{closure#1}, ()>::{closure#1} as core[a373ad73a504971]::ops::function::FnOnce<()>>::call_once::{shim:vtable#0}
[INFO] [stdout]   18:     0x6401c70af70f - <std[617be2ca0a6fd877]::sys::thread::unix::Thread>::new::thread_start
[INFO] [stdout]   19:     0x78a27133fdfa - <unknown>
[INFO] [stdout]   20:     0x78a2713d33d4 - clone
[INFO] [stdout]   21:                0x0 - <unknown>
[INFO] [stdout] 
[INFO] [stdout] ---- formats::xtc::tests::test_determine_offsets_tolerant_matches_molly_determine_offsets stdout ----
[INFO] [stdout] 
[INFO] [stdout] thread 'formats::xtc::tests::test_determine_offsets_tolerant_matches_molly_determine_offsets' (7055) panicked at src/formats/tests/xtc_tests.rs:763:5:
[INFO] [stdout] no fixture files were available to check
[INFO] [stdout] stack backtrace:
[INFO] [stdout]    0:     0x6401c70b07d1 - <<std[617be2ca0a6fd877]::sys::backtrace::BacktraceLock>::print::DisplayBacktrace as core[a373ad73a504971]::fmt::Display>::fmt
[INFO] [stdout]    1:     0x6401c70c7bea - core[a373ad73a504971]::fmt::write
[INFO] [stdout]    2:     0x6401c70b4dac - <alloc[2e1b2a31b91974c5]::vec::Vec<u8> as core[a373ad73a504971]::io::write::Write>::write_fmt
[INFO] [stdout]    3:     0x6401c70896a6 - std[617be2ca0a6fd877]::panicking::default_hook::{closure#0}
[INFO] [stdout]    4:     0x6401c70a6dd9 - std[617be2ca0a6fd877]::panicking::default_hook
[INFO] [stdout]    5:     0x6401c6fd0da0 - test[aada8e7e76ba119b]::test_main_inner::{closure#0}
[INFO] [stdout]    6:     0x6401c70a7102 - std[617be2ca0a6fd877]::panicking::panic_with_hook
[INFO] [stdout]    7:     0x6401c7089784 - std[617be2ca0a6fd877]::panicking::panic_handler::{closure#0}
[INFO] [stdout]    8:     0x6401c7082159 - std[617be2ca0a6fd877]::sys::backtrace::__rust_end_short_backtrace::<std[617be2ca0a6fd877]::panicking::panic_handler::{closure#0}, !>
[INFO] [stdout]    9:     0x6401c708a44d - __rustc[ea4f61d10b84890b]::rust_begin_unwind
[INFO] [stdout]   10:     0x6401c70c831c - core[a373ad73a504971]::panicking::panic_fmt
[INFO] [stdout]   11:     0x6401c6f7a789 - <proxide_io[841810298c5726f4]::formats::xtc::tests::test_determine_offsets_tolerant_matches_molly_determine_offsets::{closure#0} as core[a373ad73a504971]::ops::function::FnOnce<()>>::call_once
[INFO] [stdout]   12:     0x6401c6fc41eb - test[aada8e7e76ba119b]::__rust_begin_short_backtrace::<core[a373ad73a504971]::result::Result<(), alloc[2e1b2a31b91974c5]::string::String>, fn() -> core[a373ad73a504971]::result::Result<(), alloc[2e1b2a31b91974c5]::string::String>>
[INFO] [stdout]   13:     0x6401c6fd13c5 - test[aada8e7e76ba119b]::run_test::{closure#0}
[INFO] [stdout]   14:     0x6401c6fcacb4 - std[617be2ca0a6fd877]::sys::backtrace::__rust_begin_short_backtrace::<test[aada8e7e76ba119b]::run_test::{closure#1}, ()>
[INFO] [stdout]   15:     0x6401c6fd4452 - <std[617be2ca0a6fd877]::thread::lifecycle::spawn_unchecked<test[aada8e7e76ba119b]::run_test::{closure#1}, ()>::{closure#1} as core[a373ad73a504971]::ops::function::FnOnce<()>>::call_once::{shim:vtable#0}
[INFO] [stdout]   16:     0x6401c70af70f - <std[617be2ca0a6fd877]::sys::thread::unix::Thread>::new::thread_start
[INFO] [stdout]   17:     0x78a27133fdfa - <unknown>
[INFO] [stdout]   18:     0x78a2713d33d4 - clone
[INFO] [stdout]   19:                0x0 - <unknown>
[INFO] [stdout] 
[INFO] [stdout] 
[INFO] [stdout] failures:
[INFO] [stdout]     formats::pdb::tests::test_malformed_occupancy_is_an_error
[INFO] [stdout]     formats::xtc::tests::test_determine_offsets_tolerant_matches_molly_determine_offsets
[INFO] [stdout] 
[INFO] [stdout] test result: FAILED. 150 passed; 2 failed; 0 ignored; 0 measured; 0 filtered out; finished in 0.18s
[INFO] [stdout] 
[INFO] [stderr] error: test failed, to rerun pass `--lib`
[INFO] running `Command { std: "docker" "inspect" "07b4755da3aaaaad23cbd50c8050e0b798c087b4c40e0cad1d0dd1d26150bcda", kill_on_drop: false }`
[INFO] running `Command { std: "docker" "rm" "-f" "07b4755da3aaaaad23cbd50c8050e0b798c087b4c40e0cad1d0dd1d26150bcda", kill_on_drop: false }`
[INFO] [stdout] 07b4755da3aaaaad23cbd50c8050e0b798c087b4c40e0cad1d0dd1d26150bcda
