[INFO] fetching crate proxide-confind 0.1.0-alpha.17...
[INFO] testing proxide-confind-0.1.0-alpha.17 against 1.99.0-beta.8+cargoflags=--release for beta-release-1.100-2
[INFO] extracting crate proxide-confind 0.1.0-alpha.17 into /workspace/builds/worker-4-tc1/source
[INFO] started tweaking crates.io crate proxide-confind 0.1.0-alpha.17
[INFO] removed 0 missing tests
[INFO] finished tweaking crates.io crate proxide-confind 0.1.0-alpha.17
[INFO] tweaked toml for crates.io crate proxide-confind 0.1.0-alpha.17 written to /workspace/builds/worker-4-tc1/source/Cargo.toml
[INFO] validating manifest of crates.io crate proxide-confind 0.1.0-alpha.17 on toolchain 1.99.0-beta.8
[INFO] running `Command { std: CARGO_HOME="/workspace/cargo-home" RUSTUP_HOME="/workspace/rustup-home" "/workspace/cargo-home/bin/cargo" "+1.99.0-beta.8" "metadata" "--manifest-path" "Cargo.toml" "--no-deps", kill_on_drop: false }`
[INFO] crate crates.io crate proxide-confind 0.1.0-alpha.17 already has a lockfile, it will not be regenerated
[INFO] running `Command { std: CARGO_HOME="/workspace/cargo-home" RUSTUP_HOME="/workspace/rustup-home" "/workspace/cargo-home/bin/cargo" "+1.99.0-beta.8" "fetch" "--manifest-path" "Cargo.toml", kill_on_drop: false }`
[INFO] [stderr]     Updating crates.io index
[INFO] [stderr]  Downloading crates ...
[INFO] [stderr]   Downloaded proxide-units v0.1.0-alpha.17
[INFO] [stderr]   Downloaded proxide-geometry v0.1.0-alpha.17
[INFO] [stderr]   Downloaded protoc-bin-vendored v3.2.0
[INFO] [stderr]   Downloaded proxide-parallel-rt v0.1.0-alpha.17
[INFO] [stderr]   Downloaded py_literal v0.4.0
[INFO] [stderr]   Downloaded orx-pinned-vec v3.23.0
[INFO] [stderr]   Downloaded orx-concurrent-ordered-bag v2.13.0
[INFO] [stderr]   Downloaded orx-iterable v1.3.0
[INFO] [stderr]   Downloaded ndarray-npy v0.10.0
[INFO] [stderr]   Downloaded orx-self-or v1.2.0
[INFO] [stderr]   Downloaded orx-pseudo-default v2.1.0
[INFO] [stderr]   Downloaded orx-pinned-concurrent-col v2.18.0
[INFO] [stderr]   Downloaded quick-xml v0.31.0
[INFO] [stderr]   Downloaded orx-fixed-vec v3.24.0
[INFO] [stderr]   Downloaded proxide-rotlib v0.1.0-alpha.17
[INFO] [stderr]   Downloaded orx-concurrent-iter v3.3.0
[INFO] [stderr]   Downloaded orx-concurrent-iter v2.3.0
[INFO] [stderr]   Downloaded orx-parallel v2.4.0
[INFO] [stderr]   Downloaded zip v6.0.0
[INFO] [stderr]   Downloaded orx-priority-queue v1.8.0
[INFO] [stderr]   Downloaded orx-concurrent-bag v2.13.0
[INFO] [stderr]   Downloaded orx-split-vec v3.23.0
[INFO] [stderr]   Downloaded proxide-core v0.1.0-alpha.17
[INFO] [stderr]   Downloaded proxide-io v0.1.0-alpha.17
[INFO] [stderr]   Downloaded molly v0.6.1
[INFO] [stderr]   Downloaded protoc-bin-vendored-macos-aarch_64 v3.2.0
[INFO] [stderr]   Downloaded protoc-bin-vendored-macos-x86_64 v3.2.0
[INFO] [stderr]   Downloaded protoc-bin-vendored-linux-x86_64 v3.2.0
[INFO] [stderr]   Downloaded protoc-bin-vendored-win32 v3.2.0
[INFO] [stderr]   Downloaded protoc-bin-vendored-linux-aarch_64 v3.2.0
[INFO] [stderr]   Downloaded protoc-bin-vendored-linux-ppcle_64 v3.2.0
[INFO] [stderr]   Downloaded protoc-bin-vendored-linux-x86_32 v3.2.0
[INFO] [stderr]   Downloaded protoc-bin-vendored-linux-s390_64 v3.2.0
[INFO] running `Command { std: "docker" "create" "-v" "/var/lib/crater-agent-workspace/builds/worker-4-tc1/source:/opt/rustwide/workdir:ro,Z" "-v" "/var/lib/crater-agent-workspace/builds/worker-4-tc1/target:/opt/rustwide/target:rw,Z" "-v" "/var/lib/crater-agent-workspace/cargo-home:/opt/rustwide/cargo-home:ro,Z" "-v" "/var/lib/crater-agent-workspace/rustup-home:/opt/rustwide/rustup-home:ro,Z" "-m" "1610612736" "--network" "none" "ghcr.io/rust-lang/crates-build-env/linux@sha256:77db811e55d90add9212f6832c23229e3de5f1c1f9905e8cb07319ea15df73ac" "sleep" "infinity", kill_on_drop: false }`
[INFO] [stdout] ecc65932b4c6b6331587a631f74ad8f31b5121c84d2c98eb8ef996ac12436343
[INFO] running `Command { std: "docker" "start" "ecc65932b4c6b6331587a631f74ad8f31b5121c84d2c98eb8ef996ac12436343", kill_on_drop: false }`
[INFO] running `Command { std: "docker" "inspect" "ecc65932b4c6b6331587a631f74ad8f31b5121c84d2c98eb8ef996ac12436343", kill_on_drop: false }`
[INFO] running `Command { std: "docker" "exec" "-e" "SOURCE_DIR=/opt/rustwide/workdir" "-e" "CARGO_HOME=/opt/rustwide/cargo-home" "-e" "RUSTUP_HOME=/opt/rustwide/rustup-home" "-e" "CARGO_TARGET_DIR=/opt/rustwide/target" "-w" "/opt/rustwide/workdir" "--user" "0:0" "ecc65932b4c6b6331587a631f74ad8f31b5121c84d2c98eb8ef996ac12436343" "/opt/rustwide/cargo-home/bin/cargo" "+1.99.0-beta.8" "metadata" "--no-deps" "--format-version=1", kill_on_drop: false }`
[INFO] running `Command { std: "docker" "inspect" "ecc65932b4c6b6331587a631f74ad8f31b5121c84d2c98eb8ef996ac12436343", kill_on_drop: false }`
[INFO] running `Command { std: "docker" "exec" "-e" "SOURCE_DIR=/opt/rustwide/workdir" "-e" "CARGO_HOME=/opt/rustwide/cargo-home" "-e" "RUSTUP_HOME=/opt/rustwide/rustup-home" "-e" "CARGO_TARGET_DIR=/opt/rustwide/target" "-e" "CARGO_INCREMENTAL=0" "-e" "RUST_BACKTRACE=full" "-e" "RUSTFLAGS=--cap-lints=warn" "-e" "RUSTDOCFLAGS=--cap-lints=warn" "-w" "/opt/rustwide/workdir" "--user" "0:0" "ecc65932b4c6b6331587a631f74ad8f31b5121c84d2c98eb8ef996ac12436343" "/opt/rustwide/cargo-home/bin/cargo" "+1.99.0-beta.8" "build" "--frozen" "--message-format=json" "--release", kill_on_drop: false }`
[INFO] [stderr]    Compiling libc v0.2.185
[INFO] [stderr]    Compiling either v1.15.0
[INFO] [stderr]    Compiling hashbrown v0.17.0
[INFO] [stderr]    Compiling regex-syntax v0.8.10
[INFO] [stderr]    Compiling getrandom v0.4.2
[INFO] [stderr]    Compiling rustix v1.1.4
[INFO] [stderr]    Compiling linux-raw-sys v0.12.1
[INFO] [stderr]    Compiling bitflags v2.11.1
[INFO] [stderr]    Compiling bytes v1.11.1
[INFO] [stderr]    Compiling orx-self-or v1.2.0
[INFO] [stderr]    Compiling prettyplease v0.2.37
[INFO] [stderr]    Compiling anyhow v1.0.102
[INFO] [stderr]    Compiling once_cell v1.21.4
[INFO] [stderr]    Compiling zerocopy v0.8.48
[INFO] [stderr]    Compiling fastrand v2.4.1
[INFO] [stderr]    Compiling fixedbitset v0.4.2
[INFO] [stderr]    Compiling orx-pseudo-default v2.1.0
[INFO] [stderr]    Compiling orx-iterable v1.3.0
[INFO] [stderr]    Compiling matrixmultiply v0.3.10
[INFO] [stderr]    Compiling log v0.4.29
[INFO] [stderr]    Compiling multimap v0.10.1
[INFO] [stderr]    Compiling getrandom v0.2.17
[INFO] [stderr]    Compiling protoc-bin-vendored-linux-s390_64 v3.2.0
[INFO] [stderr]    Compiling protoc-bin-vendored-linux-aarch_64 v3.2.0
[INFO] [stderr]    Compiling itertools v0.11.0
[INFO] [stderr]    Compiling protoc-bin-vendored-win32 v3.2.0
[INFO] [stderr]    Compiling ucd-trie v0.1.7
[INFO] [stderr]    Compiling protoc-bin-vendored-macos-aarch_64 v3.2.0
[INFO] [stderr]    Compiling orx-pinned-vec v3.23.0
[INFO] [stderr]    Compiling rand_core v0.6.4
[INFO] [stderr]    Compiling orx-concurrent-iter v3.3.0
[INFO] [stderr]    Compiling protoc-bin-vendored-linux-x86_32 v3.2.0
[INFO] [stderr]    Compiling memchr v2.8.0
[INFO] [stderr]    Compiling protoc-bin-vendored-linux-ppcle_64 v3.2.0
[INFO] [stderr]    Compiling zstd-safe v7.2.4
[INFO] [stderr]    Compiling protoc-bin-vendored-macos-x86_64 v3.2.0
[INFO] [stderr]    Compiling protoc-bin-vendored-linux-x86_64 v3.2.0
[INFO] [stderr]    Compiling approx v0.5.1
[INFO] [stderr]    Compiling protoc-bin-vendored v3.2.0
[INFO] [stderr]    Compiling thiserror-impl v1.0.69
[INFO] [stderr]    Compiling simba v0.9.1
[INFO] [stderr]    Compiling nalgebra-macros v0.2.2
[INFO] [stderr]    Compiling indexmap v2.14.0
[INFO] [stderr]    Compiling serde_core v1.0.228
[INFO] [stderr]    Compiling orx-fixed-vec v3.24.0
[INFO] [stderr]    Compiling orx-split-vec v3.23.0
[INFO] [stderr]    Compiling pest v2.8.6
[INFO] [stderr]    Compiling crc32fast v1.5.0
[INFO] [stderr]    Compiling quick-xml v0.31.0
[INFO] [stderr]    Compiling proxide-units v0.1.0-alpha.17
[INFO] [stderr]    Compiling jobserver v0.1.34
[INFO] [stderr]    Compiling petgraph v0.6.5
[INFO] [stderr]    Compiling cc v1.2.60
[INFO] [stderr]    Compiling regex-automata v0.4.14
[INFO] [stderr]    Compiling orx-pinned-concurrent-col v2.18.0
[INFO] [stderr]    Compiling prost-derive v0.13.5
[INFO] [stderr]    Compiling thiserror v1.0.69
[INFO] [stderr]    Compiling num-bigint v0.4.6
[INFO] [stderr]    Compiling orx-concurrent-ordered-bag v2.13.0
[INFO] [stderr]    Compiling orx-concurrent-bag v2.13.0
[INFO] [stderr]    Compiling ndarray v0.17.2
[INFO] [stderr]    Compiling sharded-slab v0.1.7
[INFO] [stderr]    Compiling tempfile v3.27.0
[INFO] [stderr]    Compiling pest_meta v2.8.6
[INFO] [stderr]    Compiling tracing-log v0.2.0
[INFO] [stderr]    Compiling orx-concurrent-iter v2.3.0
[INFO] [stderr]    Compiling zip v6.0.0
[INFO] [stderr]    Compiling thread_local v1.1.9
[INFO] [stderr]    Compiling tracing-attributes v0.1.31
[INFO] [stderr]    Compiling nu-ansi-term v0.50.3
[INFO] [stderr]    Compiling orx-priority-queue v1.8.0
[INFO] [stderr]    Compiling regex v1.12.3
[INFO] [stderr]    Compiling zstd-sys v2.0.16+zstd.1.5.7
[INFO] [stderr]    Compiling prost v0.13.5
[INFO] [stderr]    Compiling pest_generator v2.8.6
[INFO] [stderr]    Compiling orx-parallel v2.4.0
[INFO] [stderr]    Compiling prost-types v0.13.5
[INFO] [stderr]    Compiling tracing-subscriber v0.3.23
[INFO] [stderr]    Compiling parking_lot_core v0.9.12
[INFO] [stderr]    Compiling proxide-parallel-rt v0.1.0-alpha.17
[INFO] [stderr]    Compiling molly v0.6.1
[INFO] [stderr]    Compiling dashmap v6.2.1
[INFO] [stderr]    Compiling tracing v0.1.44
[INFO] [stderr]    Compiling pest_derive v2.8.6
[INFO] [stderr]    Compiling py_literal v0.4.0
[INFO] [stderr]    Compiling prost-build v0.13.5
[INFO] [stderr]    Compiling serde v1.0.228
[INFO] [stderr]    Compiling ppv-lite86 v0.2.21
[INFO] [stderr]    Compiling rand_chacha v0.3.1
[INFO] [stderr]    Compiling rand v0.8.5
[INFO] [stderr]    Compiling nalgebra v0.33.3
[INFO] [stderr]    Compiling bincode v1.3.3
[INFO] [stderr]    Compiling proxide-core v0.1.0-alpha.17
[INFO] [stderr]    Compiling rand_distr v0.4.3
[INFO] [stderr]    Compiling proxide-rotlib v0.1.0-alpha.17
[INFO] [stderr]    Compiling ndarray-npy v0.10.0
[INFO] [stderr]    Compiling zstd v0.13.3
[INFO] [stderr]    Compiling proxide-geometry v0.1.0-alpha.17
[INFO] [stderr]    Compiling proxide-io v0.1.0-alpha.17
[INFO] [stderr]    Compiling proxide-confind v0.1.0-alpha.17 (/opt/rustwide/workdir)
[INFO] [stderr]     Finished `release` profile [optimized] target(s) in 1m 56s
[INFO] running `Command { std: "docker" "inspect" "ecc65932b4c6b6331587a631f74ad8f31b5121c84d2c98eb8ef996ac12436343", kill_on_drop: false }`
[INFO] running `Command { std: "docker" "exec" "-e" "SOURCE_DIR=/opt/rustwide/workdir" "-e" "CARGO_HOME=/opt/rustwide/cargo-home" "-e" "RUSTUP_HOME=/opt/rustwide/rustup-home" "-e" "CARGO_TARGET_DIR=/opt/rustwide/target" "-e" "CARGO_INCREMENTAL=0" "-e" "RUST_BACKTRACE=full" "-e" "RUSTFLAGS=--cap-lints=warn" "-e" "RUSTDOCFLAGS=--cap-lints=warn" "-w" "/opt/rustwide/workdir" "--user" "0:0" "ecc65932b4c6b6331587a631f74ad8f31b5121c84d2c98eb8ef996ac12436343" "/opt/rustwide/cargo-home/bin/cargo" "+1.99.0-beta.8" "test" "--frozen" "--no-run" "--message-format=json" "--release", kill_on_drop: false }`
[INFO] [stderr]    Compiling zerocopy v0.8.48
[INFO] [stderr]    Compiling zerocopy-derive v0.8.48
[INFO] [stderr]    Compiling serde v1.0.228
[INFO] [stderr]    Compiling nalgebra v0.33.3
[INFO] [stderr]    Compiling either v1.15.0
[INFO] [stderr]    Compiling regex-syntax v0.8.10
[INFO] [stderr]    Compiling ciborium-io v0.2.2
[INFO] [stderr]    Compiling plotters-backend v0.3.7
[INFO] [stderr]    Compiling cast v0.3.0
[INFO] [stderr]    Compiling bitflags v2.11.1
[INFO] [stderr]    Compiling getrandom v0.4.2
[INFO] [stderr]    Compiling is-terminal v0.4.17
[INFO] [stderr]    Compiling oorandom v11.1.5
[INFO] [stderr]    Compiling fastrand v2.4.1
[INFO] [stderr]    Compiling anes v0.1.6
[INFO] [stderr]    Compiling plotters-svg v0.3.7
[INFO] [stderr]    Compiling plotters v0.3.7
[INFO] [stderr]    Compiling rustix v1.1.4
[INFO] [stderr]    Compiling itertools v0.10.5
[INFO] [stderr]    Compiling rayon v1.12.0
[INFO] [stderr]    Compiling bincode v1.3.3
[INFO] [stderr]    Compiling tinytemplate v1.2.1
[INFO] [stderr]    Compiling tempfile v3.27.0
[INFO] [stderr]    Compiling regex-automata v0.4.14
[INFO] [stderr]    Compiling criterion-plot v0.5.0
[INFO] [stderr]    Compiling regex v1.12.3
[INFO] [stderr]    Compiling ppv-lite86 v0.2.21
[INFO] [stderr]    Compiling half v2.7.1
[INFO] [stderr]    Compiling ciborium-ll v0.2.2
[INFO] [stderr]    Compiling rand_chacha v0.3.1
[INFO] [stderr]    Compiling ciborium v0.2.2
[INFO] [stderr]    Compiling rand v0.8.5
[INFO] [stderr]    Compiling criterion v0.5.1
[INFO] [stderr]    Compiling rand_distr v0.4.3
[INFO] [stderr]    Compiling proxide-core v0.1.0-alpha.17
[INFO] [stderr]    Compiling proxide-geometry v0.1.0-alpha.17
[INFO] [stderr]    Compiling proxide-io v0.1.0-alpha.17
[INFO] [stderr]    Compiling proxide-rotlib v0.1.0-alpha.17
[INFO] [stderr]    Compiling proxide-confind v0.1.0-alpha.17 (/opt/rustwide/workdir)
[INFO] [stdout] warning: variable does not need to be mutable
[INFO] [stdout]    --> src/grid.rs:224:13
[INFO] [stdout]     |
[INFO] [stdout] 224 |         let mut brute_res = brute_force_within(&pts, &tags, center, dmin, dmax);
[INFO] [stdout]     |             ----^^^^^^^^^
[INFO] [stdout]     |             |
[INFO] [stdout]     |             help: remove this `mut`
[INFO] [stdout]     |
[INFO] [stdout]     = note: `#[warn(unused_mut)]` (part of `#[warn(unused)]`) on by default
[INFO] [stdout] 
[INFO] [stdout] 
[INFO] [stdout] warning: function `make_synthetic_backbone_partial_atoms` is never used
[INFO] [stdout]   --> tests/common/mod.rs:54:8
[INFO] [stdout]    |
[INFO] [stdout] 54 | pub fn make_synthetic_backbone_partial_atoms(
[INFO] [stdout]    |        ^^^^^^^^^^^^^^^^^^^^^^^^^^^^^^^^^^^^^
[INFO] [stdout]    |
[INFO] [stdout]    = note: `#[warn(dead_code)]` (part of `#[warn(unused)]`) on by default
[INFO] [stdout] 
[INFO] [stdout] 
[INFO] [stdout] warning: function `make_synthetic_backbone_no_atoms` is never used
[INFO] [stdout]    --> tests/common/mod.rs:107:8
[INFO] [stdout]     |
[INFO] [stdout] 107 | pub fn make_synthetic_backbone_no_atoms(n_res: usize) -> Arc<ProteinBackbone> {
[INFO] [stdout]     |        ^^^^^^^^^^^^^^^^^^^^^^^^^^^^^^^^
[INFO] [stdout] 
[INFO] [stdout] 
[INFO] [stdout] warning: function `make_two_chain_backbone` is never used
[INFO] [stdout]    --> tests/common/mod.rs:140:8
[INFO] [stdout]     |
[INFO] [stdout] 140 | pub fn make_two_chain_backbone(
[INFO] [stdout]     |        ^^^^^^^^^^^^^^^^^^^^^^^
[INFO] [stdout] 
[INFO] [stdout] 
[INFO] [stdout] warning: function `real_pdb_path` is never used
[INFO] [stdout]    --> tests/common/mod.rs:227:8
[INFO] [stdout]     |
[INFO] [stdout] 227 | pub fn real_pdb_path() -> std::path::PathBuf {
[INFO] [stdout]     |        ^^^^^^^^^^^^^
[INFO] [stdout] 
[INFO] [stdout] 
[INFO] [stdout] warning: function `real_rotlib_path` is never used
[INFO] [stdout]    --> tests/common/mod.rs:236:8
[INFO] [stdout]     |
[INFO] [stdout] 236 | pub fn real_rotlib_path() -> std::path::PathBuf {
[INFO] [stdout]     |        ^^^^^^^^^^^^^^^^
[INFO] [stdout] 
[INFO] [stdout] 
[INFO] [stdout] warning: function `load_real_backbone` is never used
[INFO] [stdout]    --> tests/common/mod.rs:249:8
[INFO] [stdout]     |
[INFO] [stdout] 249 | pub fn load_real_backbone() -> Option<Arc<ProteinBackbone>> {
[INFO] [stdout]     |        ^^^^^^^^^^^^^^^^^^
[INFO] [stdout] 
[INFO] [stdout] 
[INFO] [stdout] warning: function `real_pdb_path_1dc7` is never used
[INFO] [stdout]    --> tests/common/mod.rs:260:8
[INFO] [stdout]     |
[INFO] [stdout] 260 | pub fn real_pdb_path_1dc7() -> std::path::PathBuf {
[INFO] [stdout]     |        ^^^^^^^^^^^^^^^^^^
[INFO] [stdout] 
[INFO] [stdout] 
[INFO] [stdout] warning: function `load_1dc7_backbone` is never used
[INFO] [stdout]    --> tests/common/mod.rs:269:8
[INFO] [stdout]     |
[INFO] [stdout] 269 | pub fn load_1dc7_backbone() -> Option<Arc<ProteinBackbone>> {
[INFO] [stdout]     |        ^^^^^^^^^^^^^^^^^^
[INFO] [stdout] 
[INFO] [stdout] 
[INFO] [stdout] warning: function `res_idx` is never used
[INFO] [stdout]    --> tests/common/mod.rs:278:8
[INFO] [stdout]     |
[INFO] [stdout] 278 | pub fn res_idx(
[INFO] [stdout]     |        ^^^^^^^
[INFO] [stdout] 
[INFO] [stdout] 
[INFO] [stdout] warning: function `make_synthetic_backbone_partial_atoms` is never used
[INFO] [stdout]   --> tests/common/mod.rs:54:8
[INFO] [stdout]    |
[INFO] [stdout] 54 | pub fn make_synthetic_backbone_partial_atoms(
[INFO] [stdout]    |        ^^^^^^^^^^^^^^^^^^^^^^^^^^^^^^^^^^^^^
[INFO] [stdout]    |
[INFO] [stdout]    = note: `#[warn(dead_code)]` (part of `#[warn(unused)]`) on by default
[INFO] [stdout] 
[INFO] [stdout] 
[INFO] [stdout] warning: function `make_synthetic_backbone_no_atoms` is never used
[INFO] [stdout]    --> tests/common/mod.rs:107:8
[INFO] [stdout]     |
[INFO] [stdout] 107 | pub fn make_synthetic_backbone_no_atoms(n_res: usize) -> Arc<ProteinBackbone> {
[INFO] [stdout]     |        ^^^^^^^^^^^^^^^^^^^^^^^^^^^^^^^^
[INFO] [stdout] 
[INFO] [stdout] 
[INFO] [stdout] warning: function `real_pdb_path` is never used
[INFO] [stdout]    --> tests/common/mod.rs:227:8
[INFO] [stdout]     |
[INFO] [stdout] 227 | pub fn real_pdb_path() -> std::path::PathBuf {
[INFO] [stdout]     |        ^^^^^^^^^^^^^
[INFO] [stdout] 
[INFO] [stdout] 
[INFO] [stdout] warning: function `real_rotlib_path` is never used
[INFO] [stdout]    --> tests/common/mod.rs:236:8
[INFO] [stdout]     |
[INFO] [stdout] 236 | pub fn real_rotlib_path() -> std::path::PathBuf {
[INFO] [stdout]     |        ^^^^^^^^^^^^^^^^
[INFO] [stdout] 
[INFO] [stdout] 
[INFO] [stdout] warning: function `load_real_backbone` is never used
[INFO] [stdout]    --> tests/common/mod.rs:249:8
[INFO] [stdout]     |
[INFO] [stdout] 249 | pub fn load_real_backbone() -> Option<Arc<ProteinBackbone>> {
[INFO] [stdout]     |        ^^^^^^^^^^^^^^^^^^
[INFO] [stdout] 
[INFO] [stdout] 
[INFO] [stdout] warning: function `real_pdb_path_1dc7` is never used
[INFO] [stdout]    --> tests/common/mod.rs:260:8
[INFO] [stdout]     |
[INFO] [stdout] 260 | pub fn real_pdb_path_1dc7() -> std::path::PathBuf {
[INFO] [stdout]     |        ^^^^^^^^^^^^^^^^^^
[INFO] [stdout] 
[INFO] [stdout] 
[INFO] [stdout] warning: function `load_1dc7_backbone` is never used
[INFO] [stdout]    --> tests/common/mod.rs:269:8
[INFO] [stdout]     |
[INFO] [stdout] 269 | pub fn load_1dc7_backbone() -> Option<Arc<ProteinBackbone>> {
[INFO] [stdout]     |        ^^^^^^^^^^^^^^^^^^
[INFO] [stdout] 
[INFO] [stdout] 
[INFO] [stdout] warning: function `res_idx` is never used
[INFO] [stdout]    --> tests/common/mod.rs:278:8
[INFO] [stdout]     |
[INFO] [stdout] 278 | pub fn res_idx(
[INFO] [stdout]     |        ^^^^^^^
[INFO] [stdout] 
[INFO] [stdout] 
[INFO] [stdout] warning: function `make_synthetic_backbone_partial_atoms` is never used
[INFO] [stdout]   --> tests/common/mod.rs:54:8
[INFO] [stdout]    |
[INFO] [stdout] 54 | pub fn make_synthetic_backbone_partial_atoms(
[INFO] [stdout]    |        ^^^^^^^^^^^^^^^^^^^^^^^^^^^^^^^^^^^^^
[INFO] [stdout]    |
[INFO] [stdout]    = note: `#[warn(dead_code)]` (part of `#[warn(unused)]`) on by default
[INFO] [stdout] 
[INFO] [stdout] 
[INFO] [stdout] warning: function `make_synthetic_backbone_no_atoms` is never used
[INFO] [stdout]    --> tests/common/mod.rs:107:8
[INFO] [stdout]     |
[INFO] [stdout] 107 | pub fn make_synthetic_backbone_no_atoms(n_res: usize) -> Arc<ProteinBackbone> {
[INFO] [stdout]     |        ^^^^^^^^^^^^^^^^^^^^^^^^^^^^^^^^
[INFO] [stdout] 
[INFO] [stdout] 
[INFO] [stdout] warning: function `real_pdb_path` is never used
[INFO] [stdout]    --> tests/common/mod.rs:227:8
[INFO] [stdout]     |
[INFO] [stdout] 227 | pub fn real_pdb_path() -> std::path::PathBuf {
[INFO] [stdout]     |        ^^^^^^^^^^^^^
[INFO] [stdout] 
[INFO] [stdout] 
[INFO] [stdout] warning: function `real_rotlib_path` is never used
[INFO] [stdout]    --> tests/common/mod.rs:236:8
[INFO] [stdout]     |
[INFO] [stdout] 236 | pub fn real_rotlib_path() -> std::path::PathBuf {
[INFO] [stdout]     |        ^^^^^^^^^^^^^^^^
[INFO] [stdout] 
[INFO] [stdout] 
[INFO] [stdout] warning: function `load_real_backbone` is never used
[INFO] [stdout]    --> tests/common/mod.rs:249:8
[INFO] [stdout]     |
[INFO] [stdout] 249 | pub fn load_real_backbone() -> Option<Arc<ProteinBackbone>> {
[INFO] [stdout]     |        ^^^^^^^^^^^^^^^^^^
[INFO] [stdout] 
[INFO] [stdout] 
[INFO] [stdout] warning: function `real_pdb_path_1dc7` is never used
[INFO] [stdout]    --> tests/common/mod.rs:260:8
[INFO] [stdout]     |
[INFO] [stdout] 260 | pub fn real_pdb_path_1dc7() -> std::path::PathBuf {
[INFO] [stdout]     |        ^^^^^^^^^^^^^^^^^^
[INFO] [stdout] 
[INFO] [stdout] 
[INFO] [stdout] warning: function `load_1dc7_backbone` is never used
[INFO] [stdout]    --> tests/common/mod.rs:269:8
[INFO] [stdout]     |
[INFO] [stdout] 269 | pub fn load_1dc7_backbone() -> Option<Arc<ProteinBackbone>> {
[INFO] [stdout]     |        ^^^^^^^^^^^^^^^^^^
[INFO] [stdout] 
[INFO] [stdout] 
[INFO] [stdout] warning: function `res_idx` is never used
[INFO] [stdout]    --> tests/common/mod.rs:278:8
[INFO] [stdout]     |
[INFO] [stdout] 278 | pub fn res_idx(
[INFO] [stdout]     |        ^^^^^^^
[INFO] [stdout] 
[INFO] [stdout] 
[INFO] [stdout] warning: unused variable: `expected`
[INFO] [stdout]    --> tests/test_parity_1dc7.rs:371:9
[INFO] [stdout]     |
[INFO] [stdout] 371 |     let expected: HashMap<(String, i32, String, i32), f64> = REF_CONTACTS_1DC7_GLY_PRO
[INFO] [stdout]     |         ^^^^^^^^ help: if this is intentional, prefix it with an underscore: `_expected`
[INFO] [stdout]     |
[INFO] [stdout]     = note: `#[warn(unused_variables)]` (part of `#[warn(unused)]`) on by default
[INFO] [stdout] 
[INFO] [stdout] 
[INFO] [stdout] warning: function `make_synthetic_backbone` is never used
[INFO] [stdout]   --> tests/common/mod.rs:11:8
[INFO] [stdout]    |
[INFO] [stdout] 11 | pub fn make_synthetic_backbone(n_res: usize, spacing: f64) -> Arc<ProteinBackbone> {
[INFO] [stdout]    |        ^^^^^^^^^^^^^^^^^^^^^^^
[INFO] [stdout]    |
[INFO] [stdout]    = note: `#[warn(dead_code)]` (part of `#[warn(unused)]`) on by default
[INFO] [stdout] 
[INFO] [stdout] 
[INFO] [stdout] warning: function `make_synthetic_backbone_partial_atoms` is never used
[INFO] [stdout]   --> tests/common/mod.rs:54:8
[INFO] [stdout]    |
[INFO] [stdout] 54 | pub fn make_synthetic_backbone_partial_atoms(
[INFO] [stdout]    |        ^^^^^^^^^^^^^^^^^^^^^^^^^^^^^^^^^^^^^
[INFO] [stdout] 
[INFO] [stdout] 
[INFO] [stdout] warning: function `make_synthetic_backbone_no_atoms` is never used
[INFO] [stdout]    --> tests/common/mod.rs:107:8
[INFO] [stdout]     |
[INFO] [stdout] 107 | pub fn make_synthetic_backbone_no_atoms(n_res: usize) -> Arc<ProteinBackbone> {
[INFO] [stdout]     |        ^^^^^^^^^^^^^^^^^^^^^^^^^^^^^^^^
[INFO] [stdout] 
[INFO] [stdout] 
[INFO] [stdout] warning: function `make_two_chain_backbone` is never used
[INFO] [stdout]    --> tests/common/mod.rs:140:8
[INFO] [stdout]     |
[INFO] [stdout] 140 | pub fn make_two_chain_backbone(
[INFO] [stdout]     |        ^^^^^^^^^^^^^^^^^^^^^^^
[INFO] [stdout] 
[INFO] [stdout] 
[INFO] [stdout] warning: function `load_rotlib_or_skip` is never used
[INFO] [stdout]    --> tests/common/mod.rs:220:8
[INFO] [stdout]     |
[INFO] [stdout] 220 | pub fn load_rotlib_or_skip() -> Option<Arc<RotamerLibrary>> {
[INFO] [stdout]     |        ^^^^^^^^^^^^^^^^^^^
[INFO] [stdout] 
[INFO] [stdout] 
[INFO] [stdout] warning: function `real_pdb_path` is never used
[INFO] [stdout]    --> tests/common/mod.rs:227:8
[INFO] [stdout]     |
[INFO] [stdout] 227 | pub fn real_pdb_path() -> std::path::PathBuf {
[INFO] [stdout]     |        ^^^^^^^^^^^^^
[INFO] [stdout] 
[INFO] [stdout] 
[INFO] [stdout] warning: function `load_real_backbone` is never used
[INFO] [stdout]    --> tests/common/mod.rs:249:8
[INFO] [stdout]     |
[INFO] [stdout] 249 | pub fn load_real_backbone() -> Option<Arc<ProteinBackbone>> {
[INFO] [stdout]     |        ^^^^^^^^^^^^^^^^^^
[INFO] [stdout] 
[INFO] [stdout] 
[INFO] [stdout] warning: function `res_idx` is never used
[INFO] [stdout]    --> tests/common/mod.rs:278:8
[INFO] [stdout]     |
[INFO] [stdout] 278 | pub fn res_idx(
[INFO] [stdout]     |        ^^^^^^^
[INFO] [stdout] 
[INFO] [stdout] 
[INFO] [stdout] warning: variable does not need to be mutable
[INFO] [stdout]    --> src/precondition.rs:479:14
[INFO] [stdout]     |
[INFO] [stdout] 479 |         let (mut rb, id) = make_residue(
[INFO] [stdout]     |              ----^^
[INFO] [stdout]     |              |
[INFO] [stdout]     |              help: remove this `mut`
[INFO] [stdout] 
[INFO] [stdout] 
[INFO] [stdout] warning: variable does not need to be mutable
[INFO] [stdout]    --> src/precondition.rs:501:14
[INFO] [stdout]     |
[INFO] [stdout] 501 |         let (mut rb1, mut id1) = make_residue(
[INFO] [stdout]     |              ----^^^
[INFO] [stdout]     |              |
[INFO] [stdout]     |              help: remove this `mut`
[INFO] [stdout] 
[INFO] [stdout] 
[INFO] [stdout] warning: variable does not need to be mutable
[INFO] [stdout]    --> src/precondition.rs:511:14
[INFO] [stdout]     |
[INFO] [stdout] 511 |         let (mut rb2, mut id2) = make_residue(
[INFO] [stdout]     |              ----^^^
[INFO] [stdout]     |              |
[INFO] [stdout]     |              help: remove this `mut`
[INFO] [stdout] 
[INFO] [stdout] 
[INFO] [stdout] warning: variable does not need to be mutable
[INFO] [stdout]    --> src/precondition.rs:535:14
[INFO] [stdout]     |
[INFO] [stdout] 535 |         let (mut rb, id) = make_residue(
[INFO] [stdout]     |              ----^^
[INFO] [stdout]     |              |
[INFO] [stdout]     |              help: remove this `mut`
[INFO] [stdout] 
[INFO] [stdout] 
[INFO] [stdout] warning: variable does not need to be mutable
[INFO] [stdout]    --> src/precondition.rs:561:14
[INFO] [stdout]     |
[INFO] [stdout] 561 |         let (mut rb1, mut id1) = make_residue(
[INFO] [stdout]     |              ----^^^
[INFO] [stdout]     |              |
[INFO] [stdout]     |              help: remove this `mut`
[INFO] [stdout] 
[INFO] [stdout] 
[INFO] [stdout] warning: variable does not need to be mutable
[INFO] [stdout]    --> src/precondition.rs:571:14
[INFO] [stdout]     |
[INFO] [stdout] 571 |         let (mut rb2, mut id2) = make_residue(
[INFO] [stdout]     |              ----^^^
[INFO] [stdout]     |              |
[INFO] [stdout]     |              help: remove this `mut`
[INFO] [stdout] 
[INFO] [stdout] 
[INFO] [stdout] warning: variable does not need to be mutable
[INFO] [stdout]    --> src/precondition.rs:604:14
[INFO] [stdout]     |
[INFO] [stdout] 604 |         let (mut rb, id) = make_residue(
[INFO] [stdout]     |              ----^^
[INFO] [stdout]     |              |
[INFO] [stdout]     |              help: remove this `mut`
[INFO] [stdout] 
[INFO] [stdout] 
[INFO] [stdout] warning: function `make_synthetic_backbone` is never used
[INFO] [stdout]   --> tests/common/mod.rs:11:8
[INFO] [stdout]    |
[INFO] [stdout] 11 | pub fn make_synthetic_backbone(n_res: usize, spacing: f64) -> Arc<ProteinBackbone> {
[INFO] [stdout]    |        ^^^^^^^^^^^^^^^^^^^^^^^
[INFO] [stdout]    |
[INFO] [stdout]    = note: `#[warn(dead_code)]` (part of `#[warn(unused)]`) on by default
[INFO] [stdout] 
[INFO] [stdout] 
[INFO] [stdout] warning: function `make_synthetic_backbone_partial_atoms` is never used
[INFO] [stdout]   --> tests/common/mod.rs:54:8
[INFO] [stdout]    |
[INFO] [stdout] 54 | pub fn make_synthetic_backbone_partial_atoms(
[INFO] [stdout]    |        ^^^^^^^^^^^^^^^^^^^^^^^^^^^^^^^^^^^^^
[INFO] [stdout] 
[INFO] [stdout] 
[INFO] [stdout] warning: function `make_synthetic_backbone_no_atoms` is never used
[INFO] [stdout]    --> tests/common/mod.rs:107:8
[INFO] [stdout]     |
[INFO] [stdout] 107 | pub fn make_synthetic_backbone_no_atoms(n_res: usize) -> Arc<ProteinBackbone> {
[INFO] [stdout]     |        ^^^^^^^^^^^^^^^^^^^^^^^^^^^^^^^^
[INFO] [stdout] 
[INFO] [stdout] 
[INFO] [stdout] warning: function `make_two_chain_backbone` is never used
[INFO] [stdout]    --> tests/common/mod.rs:140:8
[INFO] [stdout]     |
[INFO] [stdout] 140 | pub fn make_two_chain_backbone(
[INFO] [stdout]     |        ^^^^^^^^^^^^^^^^^^^^^^^
[INFO] [stdout] 
[INFO] [stdout] 
[INFO] [stdout] warning: function `load_rotlib_or_skip` is never used
[INFO] [stdout]    --> tests/common/mod.rs:220:8
[INFO] [stdout]     |
[INFO] [stdout] 220 | pub fn load_rotlib_or_skip() -> Option<Arc<RotamerLibrary>> {
[INFO] [stdout]     |        ^^^^^^^^^^^^^^^^^^^
[INFO] [stdout] 
[INFO] [stdout] 
[INFO] [stdout] warning: function `real_pdb_path_1dc7` is never used
[INFO] [stdout]    --> tests/common/mod.rs:260:8
[INFO] [stdout]     |
[INFO] [stdout] 260 | pub fn real_pdb_path_1dc7() -> std::path::PathBuf {
[INFO] [stdout]     |        ^^^^^^^^^^^^^^^^^^
[INFO] [stdout] 
[INFO] [stdout] 
[INFO] [stdout] warning: function `load_1dc7_backbone` is never used
[INFO] [stdout]    --> tests/common/mod.rs:269:8
[INFO] [stdout]     |
[INFO] [stdout] 269 | pub fn load_1dc7_backbone() -> Option<Arc<ProteinBackbone>> {
[INFO] [stdout]     |        ^^^^^^^^^^^^^^^^^^
[INFO] [stdout] 
[INFO] [stdout] 
[INFO] [stdout] warning: function `res_idx` is never used
[INFO] [stdout]    --> tests/common/mod.rs:278:8
[INFO] [stdout]     |
[INFO] [stdout] 278 | pub fn res_idx(
[INFO] [stdout]     |        ^^^^^^^
[INFO] [stdout] 
[INFO] [stdout] 
[INFO] [stdout] warning: function `make_synthetic_backbone_partial_atoms` is never used
[INFO] [stdout]   --> tests/common/mod.rs:54:8
[INFO] [stdout]    |
[INFO] [stdout] 54 | pub fn make_synthetic_backbone_partial_atoms(
[INFO] [stdout]    |        ^^^^^^^^^^^^^^^^^^^^^^^^^^^^^^^^^^^^^
[INFO] [stdout]    |
[INFO] [stdout]    = note: `#[warn(dead_code)]` (part of `#[warn(unused)]`) on by default
[INFO] [stdout] 
[INFO] [stdout] 
[INFO] [stdout] warning: function `make_synthetic_backbone_no_atoms` is never used
[INFO] [stdout]    --> tests/common/mod.rs:107:8
[INFO] [stdout]     |
[INFO] [stdout] 107 | pub fn make_synthetic_backbone_no_atoms(n_res: usize) -> Arc<ProteinBackbone> {
[INFO] [stdout]     |        ^^^^^^^^^^^^^^^^^^^^^^^^^^^^^^^^
[INFO] [stdout] 
[INFO] [stdout] 
[INFO] [stdout] warning: function `make_two_chain_backbone` is never used
[INFO] [stdout]    --> tests/common/mod.rs:140:8
[INFO] [stdout]     |
[INFO] [stdout] 140 | pub fn make_two_chain_backbone(
[INFO] [stdout]     |        ^^^^^^^^^^^^^^^^^^^^^^^
[INFO] [stdout] 
[INFO] [stdout] 
[INFO] [stdout] warning: function `real_pdb_path` is never used
[INFO] [stdout]    --> tests/common/mod.rs:227:8
[INFO] [stdout]     |
[INFO] [stdout] 227 | pub fn real_pdb_path() -> std::path::PathBuf {
[INFO] [stdout]     |        ^^^^^^^^^^^^^
[INFO] [stdout] 
[INFO] [stdout] 
[INFO] [stdout] warning: function `real_rotlib_path` is never used
[INFO] [stdout]    --> tests/common/mod.rs:236:8
[INFO] [stdout]     |
[INFO] [stdout] 236 | pub fn real_rotlib_path() -> std::path::PathBuf {
[INFO] [stdout]     |        ^^^^^^^^^^^^^^^^
[INFO] [stdout] 
[INFO] [stdout] 
[INFO] [stdout] warning: function `load_real_backbone` is never used
[INFO] [stdout]    --> tests/common/mod.rs:249:8
[INFO] [stdout]     |
[INFO] [stdout] 249 | pub fn load_real_backbone() -> Option<Arc<ProteinBackbone>> {
[INFO] [stdout]     |        ^^^^^^^^^^^^^^^^^^
[INFO] [stdout] 
[INFO] [stdout] 
[INFO] [stdout] warning: function `real_pdb_path_1dc7` is never used
[INFO] [stdout]    --> tests/common/mod.rs:260:8
[INFO] [stdout]     |
[INFO] [stdout] 260 | pub fn real_pdb_path_1dc7() -> std::path::PathBuf {
[INFO] [stdout]     |        ^^^^^^^^^^^^^^^^^^
[INFO] [stdout] 
[INFO] [stdout] 
[INFO] [stdout] warning: function `load_1dc7_backbone` is never used
[INFO] [stdout]    --> tests/common/mod.rs:269:8
[INFO] [stdout]     |
[INFO] [stdout] 269 | pub fn load_1dc7_backbone() -> Option<Arc<ProteinBackbone>> {
[INFO] [stdout]     |        ^^^^^^^^^^^^^^^^^^
[INFO] [stdout] 
[INFO] [stdout] 
[INFO] [stdout] warning: function `res_idx` is never used
[INFO] [stdout]    --> tests/common/mod.rs:278:8
[INFO] [stdout]     |
[INFO] [stdout] 278 | pub fn res_idx(
[INFO] [stdout]     |        ^^^^^^^
[INFO] [stdout] 
[INFO] [stdout] 
[INFO] [stdout] warning: function `make_synthetic_backbone` is never used
[INFO] [stdout]   --> tests/common/mod.rs:11:8
[INFO] [stdout]    |
[INFO] [stdout] 11 | pub fn make_synthetic_backbone(n_res: usize, spacing: f64) -> Arc<ProteinBackbone> {
[INFO] [stdout]    |        ^^^^^^^^^^^^^^^^^^^^^^^
[INFO] [stdout]    |
[INFO] [stdout]    = note: `#[warn(dead_code)]` (part of `#[warn(unused)]`) on by default
[INFO] [stdout] 
[INFO] [stdout] 
[INFO] [stdout] warning: function `make_synthetic_backbone_partial_atoms` is never used
[INFO] [stdout]   --> tests/common/mod.rs:54:8
[INFO] [stdout]    |
[INFO] [stdout] 54 | pub fn make_synthetic_backbone_partial_atoms(
[INFO] [stdout]    |        ^^^^^^^^^^^^^^^^^^^^^^^^^^^^^^^^^^^^^
[INFO] [stdout] 
[INFO] [stdout] 
[INFO] [stdout] warning: function `make_synthetic_backbone_no_atoms` is never used
[INFO] [stdout]    --> tests/common/mod.rs:107:8
[INFO] [stdout]     |
[INFO] [stdout] 107 | pub fn make_synthetic_backbone_no_atoms(n_res: usize) -> Arc<ProteinBackbone> {
[INFO] [stdout]     |        ^^^^^^^^^^^^^^^^^^^^^^^^^^^^^^^^
[INFO] [stdout] 
[INFO] [stdout] 
[INFO] [stdout] warning: function `make_two_chain_backbone` is never used
[INFO] [stdout]    --> tests/common/mod.rs:140:8
[INFO] [stdout]     |
[INFO] [stdout] 140 | pub fn make_two_chain_backbone(
[INFO] [stdout]     |        ^^^^^^^^^^^^^^^^^^^^^^^
[INFO] [stdout] 
[INFO] [stdout] 
[INFO] [stdout] warning: function `load_rotlib_or_skip` is never used
[INFO] [stdout]    --> tests/common/mod.rs:220:8
[INFO] [stdout]     |
[INFO] [stdout] 220 | pub fn load_rotlib_or_skip() -> Option<Arc<RotamerLibrary>> {
[INFO] [stdout]     |        ^^^^^^^^^^^^^^^^^^^
[INFO] [stdout] 
[INFO] [stdout] 
[INFO] [stdout] warning: function `real_rotlib_path` is never used
[INFO] [stdout]    --> tests/common/mod.rs:236:8
[INFO] [stdout]     |
[INFO] [stdout] 236 | pub fn real_rotlib_path() -> std::path::PathBuf {
[INFO] [stdout]     |        ^^^^^^^^^^^^^^^^
[INFO] [stdout] 
[INFO] [stdout] 
[INFO] [stdout] warning: function `real_pdb_path_1dc7` is never used
[INFO] [stdout]    --> tests/common/mod.rs:260:8
[INFO] [stdout]     |
[INFO] [stdout] 260 | pub fn real_pdb_path_1dc7() -> std::path::PathBuf {
[INFO] [stdout]     |        ^^^^^^^^^^^^^^^^^^
[INFO] [stdout] 
[INFO] [stdout] 
[INFO] [stdout] warning: function `load_1dc7_backbone` is never used
[INFO] [stdout]    --> tests/common/mod.rs:269:8
[INFO] [stdout]     |
[INFO] [stdout] 269 | pub fn load_1dc7_backbone() -> Option<Arc<ProteinBackbone>> {
[INFO] [stdout]     |        ^^^^^^^^^^^^^^^^^^
[INFO] [stdout] 
[INFO] [stdout] 
[INFO] [stdout] warning: function `res_idx` is never used
[INFO] [stdout]    --> tests/common/mod.rs:278:8
[INFO] [stdout]     |
[INFO] [stdout] 278 | pub fn res_idx(
[INFO] [stdout]     |        ^^^^^^^
[INFO] [stdout] 
[INFO] [stdout] 
[INFO] [stdout] warning: function `make_synthetic_backbone` is never used
[INFO] [stdout]   --> tests/common/mod.rs:11:8
[INFO] [stdout]    |
[INFO] [stdout] 11 | pub fn make_synthetic_backbone(n_res: usize, spacing: f64) -> Arc<ProteinBackbone> {
[INFO] [stdout]    |        ^^^^^^^^^^^^^^^^^^^^^^^
[INFO] [stdout]    |
[INFO] [stdout]    = note: `#[warn(dead_code)]` (part of `#[warn(unused)]`) on by default
[INFO] [stdout] 
[INFO] [stdout] 
[INFO] [stdout] warning: function `make_synthetic_backbone_partial_atoms` is never used
[INFO] [stdout]   --> tests/common/mod.rs:54:8
[INFO] [stdout]    |
[INFO] [stdout] 54 | pub fn make_synthetic_backbone_partial_atoms(
[INFO] [stdout]    |        ^^^^^^^^^^^^^^^^^^^^^^^^^^^^^^^^^^^^^
[INFO] [stdout] 
[INFO] [stdout] 
[INFO] [stdout] warning: function `make_synthetic_backbone_no_atoms` is never used
[INFO] [stdout]    --> tests/common/mod.rs:107:8
[INFO] [stdout]     |
[INFO] [stdout] 107 | pub fn make_synthetic_backbone_no_atoms(n_res: usize) -> Arc<ProteinBackbone> {
[INFO] [stdout]     |        ^^^^^^^^^^^^^^^^^^^^^^^^^^^^^^^^
[INFO] [stdout] 
[INFO] [stdout] 
[INFO] [stdout] warning: function `make_two_chain_backbone` is never used
[INFO] [stdout]    --> tests/common/mod.rs:140:8
[INFO] [stdout]     |
[INFO] [stdout] 140 | pub fn make_two_chain_backbone(
[INFO] [stdout]     |        ^^^^^^^^^^^^^^^^^^^^^^^
[INFO] [stdout] 
[INFO] [stdout] 
[INFO] [stdout] warning: function `load_rotlib_or_skip` is never used
[INFO] [stdout]    --> tests/common/mod.rs:220:8
[INFO] [stdout]     |
[INFO] [stdout] 220 | pub fn load_rotlib_or_skip() -> Option<Arc<RotamerLibrary>> {
[INFO] [stdout]     |        ^^^^^^^^^^^^^^^^^^^
[INFO] [stdout] 
[INFO] [stdout] 
[INFO] [stdout] warning: function `real_pdb_path` is never used
[INFO] [stdout]    --> tests/common/mod.rs:227:8
[INFO] [stdout]     |
[INFO] [stdout] 227 | pub fn real_pdb_path() -> std::path::PathBuf {
[INFO] [stdout]     |        ^^^^^^^^^^^^^
[INFO] [stdout] 
[INFO] [stdout] 
[INFO] [stdout] warning: function `load_real_backbone` is never used
[INFO] [stdout]    --> tests/common/mod.rs:249:8
[INFO] [stdout]     |
[INFO] [stdout] 249 | pub fn load_real_backbone() -> Option<Arc<ProteinBackbone>> {
[INFO] [stdout]     |        ^^^^^^^^^^^^^^^^^^
[INFO] [stdout] 
[INFO] [stdout] 
[INFO] [stdout] warning: function `res_idx` is never used
[INFO] [stdout]    --> tests/common/mod.rs:278:8
[INFO] [stdout]     |
[INFO] [stdout] 278 | pub fn res_idx(
[INFO] [stdout]     |        ^^^^^^^
[INFO] [stdout] 
[INFO] [stdout] 
[INFO] [stdout] warning: function `make_synthetic_backbone_partial_atoms` is never used
[INFO] [stdout]   --> tests/common/mod.rs:54:8
[INFO] [stdout]    |
[INFO] [stdout] 54 | pub fn make_synthetic_backbone_partial_atoms(
[INFO] [stdout]    |        ^^^^^^^^^^^^^^^^^^^^^^^^^^^^^^^^^^^^^
[INFO] [stdout]    |
[INFO] [stdout]    = note: `#[warn(dead_code)]` (part of `#[warn(unused)]`) on by default
[INFO] [stdout] 
[INFO] [stdout] 
[INFO] [stdout] warning: function `make_synthetic_backbone_no_atoms` is never used
[INFO] [stdout]    --> tests/common/mod.rs:107:8
[INFO] [stdout]     |
[INFO] [stdout] 107 | pub fn make_synthetic_backbone_no_atoms(n_res: usize) -> Arc<ProteinBackbone> {
[INFO] [stdout]     |        ^^^^^^^^^^^^^^^^^^^^^^^^^^^^^^^^
[INFO] [stdout] 
[INFO] [stdout] 
[INFO] [stdout] warning: function `make_two_chain_backbone` is never used
[INFO] [stdout]    --> tests/common/mod.rs:140:8
[INFO] [stdout]     |
[INFO] [stdout] 140 | pub fn make_two_chain_backbone(
[INFO] [stdout]     |        ^^^^^^^^^^^^^^^^^^^^^^^
[INFO] [stdout] 
[INFO] [stdout] 
[INFO] [stdout] warning: function `load_rotlib_or_skip` is never used
[INFO] [stdout]    --> tests/common/mod.rs:220:8
[INFO] [stdout]     |
[INFO] [stdout] 220 | pub fn load_rotlib_or_skip() -> Option<Arc<RotamerLibrary>> {
[INFO] [stdout]     |        ^^^^^^^^^^^^^^^^^^^
[INFO] [stdout] 
[INFO] [stdout] 
[INFO] [stdout] warning: function `real_pdb_path` is never used
[INFO] [stdout]    --> tests/common/mod.rs:227:8
[INFO] [stdout]     |
[INFO] [stdout] 227 | pub fn real_pdb_path() -> std::path::PathBuf {
[INFO] [stdout]     |        ^^^^^^^^^^^^^
[INFO] [stdout] 
[INFO] [stdout] 
[INFO] [stdout] warning: function `real_rotlib_path` is never used
[INFO] [stdout]    --> tests/common/mod.rs:236:8
[INFO] [stdout]     |
[INFO] [stdout] 236 | pub fn real_rotlib_path() -> std::path::PathBuf {
[INFO] [stdout]     |        ^^^^^^^^^^^^^^^^
[INFO] [stdout] 
[INFO] [stdout] 
[INFO] [stdout] warning: function `load_real_backbone` is never used
[INFO] [stdout]    --> tests/common/mod.rs:249:8
[INFO] [stdout]     |
[INFO] [stdout] 249 | pub fn load_real_backbone() -> Option<Arc<ProteinBackbone>> {
[INFO] [stdout]     |        ^^^^^^^^^^^^^^^^^^
[INFO] [stdout] 
[INFO] [stdout] 
[INFO] [stdout] warning: function `real_pdb_path_1dc7` is never used
[INFO] [stdout]    --> tests/common/mod.rs:260:8
[INFO] [stdout]     |
[INFO] [stdout] 260 | pub fn real_pdb_path_1dc7() -> std::path::PathBuf {
[INFO] [stdout]     |        ^^^^^^^^^^^^^^^^^^
[INFO] [stdout] 
[INFO] [stdout] 
[INFO] [stdout] warning: function `load_1dc7_backbone` is never used
[INFO] [stdout]    --> tests/common/mod.rs:269:8
[INFO] [stdout]     |
[INFO] [stdout] 269 | pub fn load_1dc7_backbone() -> Option<Arc<ProteinBackbone>> {
[INFO] [stdout]     |        ^^^^^^^^^^^^^^^^^^
[INFO] [stdout] 
[INFO] [stdout] 
[INFO] [stdout] warning: function `res_idx` is never used
[INFO] [stdout]    --> tests/common/mod.rs:278:8
[INFO] [stdout]     |
[INFO] [stdout] 278 | pub fn res_idx(
[INFO] [stdout]     |        ^^^^^^^
[INFO] [stdout] 
[INFO] [stdout] 
[INFO] [stdout] warning: function `make_synthetic_backbone_partial_atoms` is never used
[INFO] [stdout]   --> tests/common/mod.rs:54:8
[INFO] [stdout]    |
[INFO] [stdout] 54 | pub fn make_synthetic_backbone_partial_atoms(
[INFO] [stdout]    |        ^^^^^^^^^^^^^^^^^^^^^^^^^^^^^^^^^^^^^
[INFO] [stdout]    |
[INFO] [stdout]    = note: `#[warn(dead_code)]` (part of `#[warn(unused)]`) on by default
[INFO] [stdout] 
[INFO] [stdout] 
[INFO] [stdout] warning: function `make_synthetic_backbone_no_atoms` is never used
[INFO] [stdout]    --> tests/common/mod.rs:107:8
[INFO] [stdout]     |
[INFO] [stdout] 107 | pub fn make_synthetic_backbone_no_atoms(n_res: usize) -> Arc<ProteinBackbone> {
[INFO] [stdout]     |        ^^^^^^^^^^^^^^^^^^^^^^^^^^^^^^^^
[INFO] [stdout] 
[INFO] [stdout] 
[INFO] [stdout] warning: function `make_two_chain_backbone` is never used
[INFO] [stdout]    --> tests/common/mod.rs:140:8
[INFO] [stdout]     |
[INFO] [stdout] 140 | pub fn make_two_chain_backbone(
[INFO] [stdout]     |        ^^^^^^^^^^^^^^^^^^^^^^^
[INFO] [stdout] 
[INFO] [stdout] 
[INFO] [stdout] warning: function `real_pdb_path` is never used
[INFO] [stdout]    --> tests/common/mod.rs:227:8
[INFO] [stdout]     |
[INFO] [stdout] 227 | pub fn real_pdb_path() -> std::path::PathBuf {
[INFO] [stdout]     |        ^^^^^^^^^^^^^
[INFO] [stdout] 
[INFO] [stdout] 
[INFO] [stdout] warning: function `real_rotlib_path` is never used
[INFO] [stdout]    --> tests/common/mod.rs:236:8
[INFO] [stdout]     |
[INFO] [stdout] 236 | pub fn real_rotlib_path() -> std::path::PathBuf {
[INFO] [stdout]     |        ^^^^^^^^^^^^^^^^
[INFO] [stdout] 
[INFO] [stdout] 
[INFO] [stdout] warning: function `load_real_backbone` is never used
[INFO] [stdout]    --> tests/common/mod.rs:249:8
[INFO] [stdout]     |
[INFO] [stdout] 249 | pub fn load_real_backbone() -> Option<Arc<ProteinBackbone>> {
[INFO] [stdout]     |        ^^^^^^^^^^^^^^^^^^
[INFO] [stdout] 
[INFO] [stdout] 
[INFO] [stdout] warning: function `real_pdb_path_1dc7` is never used
[INFO] [stdout]    --> tests/common/mod.rs:260:8
[INFO] [stdout]     |
[INFO] [stdout] 260 | pub fn real_pdb_path_1dc7() -> std::path::PathBuf {
[INFO] [stdout]     |        ^^^^^^^^^^^^^^^^^^
[INFO] [stdout] 
[INFO] [stdout] 
[INFO] [stdout] warning: function `load_1dc7_backbone` is never used
[INFO] [stdout]    --> tests/common/mod.rs:269:8
[INFO] [stdout]     |
[INFO] [stdout] 269 | pub fn load_1dc7_backbone() -> Option<Arc<ProteinBackbone>> {
[INFO] [stdout]     |        ^^^^^^^^^^^^^^^^^^
[INFO] [stdout] 
[INFO] [stdout] 
[INFO] [stdout] warning: function `res_idx` is never used
[INFO] [stdout]    --> tests/common/mod.rs:278:8
[INFO] [stdout]     |
[INFO] [stdout] 278 | pub fn res_idx(
[INFO] [stdout]     |        ^^^^^^^
[INFO] [stdout] 
[INFO] [stdout] 
[INFO] [stdout] warning: function `make_synthetic_backbone_partial_atoms` is never used
[INFO] [stdout]   --> tests/common/mod.rs:54:8
[INFO] [stdout]    |
[INFO] [stdout] 54 | pub fn make_synthetic_backbone_partial_atoms(
[INFO] [stdout]    |        ^^^^^^^^^^^^^^^^^^^^^^^^^^^^^^^^^^^^^
[INFO] [stdout]    |
[INFO] [stdout]    = note: `#[warn(dead_code)]` (part of `#[warn(unused)]`) on by default
[INFO] [stdout] 
[INFO] [stdout] 
[INFO] [stdout] warning: function `make_synthetic_backbone_no_atoms` is never used
[INFO] [stdout]    --> tests/common/mod.rs:107:8
[INFO] [stdout]     |
[INFO] [stdout] 107 | pub fn make_synthetic_backbone_no_atoms(n_res: usize) -> Arc<ProteinBackbone> {
[INFO] [stdout]     |        ^^^^^^^^^^^^^^^^^^^^^^^^^^^^^^^^
[INFO] [stdout] 
[INFO] [stdout] 
[INFO] [stdout] warning: function `make_two_chain_backbone` is never used
[INFO] [stdout]    --> tests/common/mod.rs:140:8
[INFO] [stdout]     |
[INFO] [stdout] 140 | pub fn make_two_chain_backbone(
[INFO] [stdout]     |        ^^^^^^^^^^^^^^^^^^^^^^^
[INFO] [stdout] 
[INFO] [stdout] 
[INFO] [stdout] warning: function `real_pdb_path` is never used
[INFO] [stdout]    --> tests/common/mod.rs:227:8
[INFO] [stdout]     |
[INFO] [stdout] 227 | pub fn real_pdb_path() -> std::path::PathBuf {
[INFO] [stdout]     |        ^^^^^^^^^^^^^
[INFO] [stdout] 
[INFO] [stdout] 
[INFO] [stdout] warning: function `real_rotlib_path` is never used
[INFO] [stdout]    --> tests/common/mod.rs:236:8
[INFO] [stdout]     |
[INFO] [stdout] 236 | pub fn real_rotlib_path() -> std::path::PathBuf {
[INFO] [stdout]     |        ^^^^^^^^^^^^^^^^
[INFO] [stdout] 
[INFO] [stdout] 
[INFO] [stdout] warning: function `load_real_backbone` is never used
[INFO] [stdout]    --> tests/common/mod.rs:249:8
[INFO] [stdout]     |
[INFO] [stdout] 249 | pub fn load_real_backbone() -> Option<Arc<ProteinBackbone>> {
[INFO] [stdout]     |        ^^^^^^^^^^^^^^^^^^
[INFO] [stdout] 
[INFO] [stdout] 
[INFO] [stdout] warning: function `real_pdb_path_1dc7` is never used
[INFO] [stdout]    --> tests/common/mod.rs:260:8
[INFO] [stdout]     |
[INFO] [stdout] 260 | pub fn real_pdb_path_1dc7() -> std::path::PathBuf {
[INFO] [stdout]     |        ^^^^^^^^^^^^^^^^^^
[INFO] [stdout] 
[INFO] [stdout] 
[INFO] [stdout] warning: function `load_1dc7_backbone` is never used
[INFO] [stdout]    --> tests/common/mod.rs:269:8
[INFO] [stdout]     |
[INFO] [stdout] 269 | pub fn load_1dc7_backbone() -> Option<Arc<ProteinBackbone>> {
[INFO] [stdout]     |        ^^^^^^^^^^^^^^^^^^
[INFO] [stdout] 
[INFO] [stdout] 
[INFO] [stdout] warning: function `res_idx` is never used
[INFO] [stdout]    --> tests/common/mod.rs:278:8
[INFO] [stdout]     |
[INFO] [stdout] 278 | pub fn res_idx(
[INFO] [stdout]     |        ^^^^^^^
[INFO] [stdout] 
[INFO] [stdout] 
[INFO] [stdout] warning: function `make_two_chain_backbone` is never used
[INFO] [stdout]    --> tests/common/mod.rs:140:8
[INFO] [stdout]     |
[INFO] [stdout] 140 | pub fn make_two_chain_backbone(
[INFO] [stdout]     |        ^^^^^^^^^^^^^^^^^^^^^^^
[INFO] [stdout]     |
[INFO] [stdout]     = note: `#[warn(dead_code)]` (part of `#[warn(unused)]`) on by default
[INFO] [stdout] 
[INFO] [stdout] 
[INFO] [stdout] warning: function `load_rotlib_or_skip` is never used
[INFO] [stdout]    --> tests/common/mod.rs:220:8
[INFO] [stdout]     |
[INFO] [stdout] 220 | pub fn load_rotlib_or_skip() -> Option<Arc<RotamerLibrary>> {
[INFO] [stdout]     |        ^^^^^^^^^^^^^^^^^^^
[INFO] [stdout] 
[INFO] [stdout] 
[INFO] [stdout] warning: function `real_pdb_path` is never used
[INFO] [stdout]    --> tests/common/mod.rs:227:8
[INFO] [stdout]     |
[INFO] [stdout] 227 | pub fn real_pdb_path() -> std::path::PathBuf {
[INFO] [stdout]     |        ^^^^^^^^^^^^^
[INFO] [stdout] 
[INFO] [stdout] 
[INFO] [stdout] warning: function `real_rotlib_path` is never used
[INFO] [stdout]    --> tests/common/mod.rs:236:8
[INFO] [stdout]     |
[INFO] [stdout] 236 | pub fn real_rotlib_path() -> std::path::PathBuf {
[INFO] [stdout]     |        ^^^^^^^^^^^^^^^^
[INFO] [stdout] 
[INFO] [stdout] 
[INFO] [stdout] warning: function `load_real_backbone` is never used
[INFO] [stdout]    --> tests/common/mod.rs:249:8
[INFO] [stdout]     |
[INFO] [stdout] 249 | pub fn load_real_backbone() -> Option<Arc<ProteinBackbone>> {
[INFO] [stdout]     |        ^^^^^^^^^^^^^^^^^^
[INFO] [stdout] 
[INFO] [stdout] 
[INFO] [stdout] warning: function `real_pdb_path_1dc7` is never used
[INFO] [stdout]    --> tests/common/mod.rs:260:8
[INFO] [stdout]     |
[INFO] [stdout] 260 | pub fn real_pdb_path_1dc7() -> std::path::PathBuf {
[INFO] [stdout]     |        ^^^^^^^^^^^^^^^^^^
[INFO] [stdout] 
[INFO] [stdout] 
[INFO] [stdout] warning: function `load_1dc7_backbone` is never used
[INFO] [stdout]    --> tests/common/mod.rs:269:8
[INFO] [stdout]     |
[INFO] [stdout] 269 | pub fn load_1dc7_backbone() -> Option<Arc<ProteinBackbone>> {
[INFO] [stdout]     |        ^^^^^^^^^^^^^^^^^^
[INFO] [stdout] 
[INFO] [stdout] 
[INFO] [stdout] warning: function `res_idx` is never used
[INFO] [stdout]    --> tests/common/mod.rs:278:8
[INFO] [stdout]     |
[INFO] [stdout] 278 | pub fn res_idx(
[INFO] [stdout]     |        ^^^^^^^
[INFO] [stdout] 
[INFO] [stdout] 
[INFO] [stderr]     Finished `release` profile [optimized] target(s) in 59.71s
[INFO] running `Command { std: "docker" "inspect" "ecc65932b4c6b6331587a631f74ad8f31b5121c84d2c98eb8ef996ac12436343", kill_on_drop: false }`
[INFO] running `Command { std: "docker" "exec" "-e" "SOURCE_DIR=/opt/rustwide/workdir" "-e" "CARGO_HOME=/opt/rustwide/cargo-home" "-e" "RUSTUP_HOME=/opt/rustwide/rustup-home" "-e" "CARGO_TARGET_DIR=/opt/rustwide/target" "-e" "CARGO_INCREMENTAL=0" "-e" "RUST_BACKTRACE=full" "-e" "RUSTFLAGS=--cap-lints=warn" "-e" "RUSTDOCFLAGS=--cap-lints=warn" "-w" "/opt/rustwide/workdir" "--user" "0:0" "ecc65932b4c6b6331587a631f74ad8f31b5121c84d2c98eb8ef996ac12436343" "/opt/rustwide/cargo-home/bin/cargo" "+1.99.0-beta.8" "test" "--frozen" "--release", kill_on_drop: false }`
[INFO] [stderr] warning: function `make_synthetic_backbone_partial_atoms` is never used
[INFO] [stderr]   --> tests/common/mod.rs:54:8
[INFO] [stderr]    |
[INFO] [stderr] 54 | pub fn make_synthetic_backbone_partial_atoms(
[INFO] [stderr]    |        ^^^^^^^^^^^^^^^^^^^^^^^^^^^^^^^^^^^^^
[INFO] [stderr]    |
[INFO] [stderr]    = note: `#[warn(dead_code)]` (part of `#[warn(unused)]`) on by default
[INFO] [stderr] 
[INFO] [stderr] warning: function `make_synthetic_backbone_no_atoms` is never used
[INFO] [stderr]    --> tests/common/mod.rs:107:8
[INFO] [stderr]     |
[INFO] [stderr] 107 | pub fn make_synthetic_backbone_no_atoms(n_res: usize) -> Arc<ProteinBackbone> {
[INFO] [stderr]     |        ^^^^^^^^^^^^^^^^^^^^^^^^^^^^^^^^
[INFO] [stderr] 
[INFO] [stderr] warning: function `real_pdb_path` is never used
[INFO] [stderr]    --> tests/common/mod.rs:227:8
[INFO] [stderr]     |
[INFO] [stderr] 227 | pub fn real_pdb_path() -> std::path::PathBuf {
[INFO] [stderr]     |        ^^^^^^^^^^^^^
[INFO] [stderr] 
[INFO] [stderr] warning: function `real_rotlib_path` is never used
[INFO] [stderr]    --> tests/common/mod.rs:236:8
[INFO] [stderr]     |
[INFO] [stderr] 236 | pub fn real_rotlib_path() -> std::path::PathBuf {
[INFO] [stderr]     |        ^^^^^^^^^^^^^^^^
[INFO] [stderr] 
[INFO] [stderr] warning: function `load_real_backbone` is never used
[INFO] [stderr]    --> tests/common/mod.rs:249:8
[INFO] [stderr]     |
[INFO] [stderr] 249 | pub fn load_real_backbone() -> Option<Arc<ProteinBackbone>> {
[INFO] [stderr]     |        ^^^^^^^^^^^^^^^^^^
[INFO] [stderr] 
[INFO] [stderr] warning: function `real_pdb_path_1dc7` is never used
[INFO] [stderr]    --> tests/common/mod.rs:260:8
[INFO] [stderr]     |
[INFO] [stderr] 260 | pub fn real_pdb_path_1dc7() -> std::path::PathBuf {
[INFO] [stderr]     |        ^^^^^^^^^^^^^^^^^^
[INFO] [stderr] 
[INFO] [stderr] warning: function `load_1dc7_backbone` is never used
[INFO] [stderr]    --> tests/common/mod.rs:269:8
[INFO] [stderr]     |
[INFO] [stderr] 269 | pub fn load_1dc7_backbone() -> Option<Arc<ProteinBackbone>> {
[INFO] [stderr]     |        ^^^^^^^^^^^^^^^^^^
[INFO] [stderr] 
[INFO] [stderr] warning: function `res_idx` is never used
[INFO] [stderr]    --> tests/common/mod.rs:278:8
[INFO] [stderr]     |
[INFO] [stderr] 278 | pub fn res_idx(
[INFO] [stderr]     |        ^^^^^^^
[INFO] [stderr] 
[INFO] [stderr] warning: unused variable: `expected`
[INFO] [stderr]    --> tests/test_parity_1dc7.rs:371:9
[INFO] [stderr]     |
[INFO] [stderr] 371 |     let expected: HashMap<(String, i32, String, i32), f64> = REF_CONTACTS_1DC7_GLY_PRO
[INFO] [stderr]     |         ^^^^^^^^ help: if this is intentional, prefix it with an underscore: `_expected`
[INFO] [stderr]     |
[INFO] [stderr]     = note: `#[warn(unused_variables)]` (part of `#[warn(unused)]`) on by default
[INFO] [stderr] 
[INFO] [stderr] warning: function `make_synthetic_backbone` is never used
[INFO] [stderr]   --> tests/common/mod.rs:11:8
[INFO] [stderr]    |
[INFO] [stderr] 11 | pub fn make_synthetic_backbone(n_res: usize, spacing: f64) -> Arc<ProteinBackbone> {
[INFO] [stderr]    |        ^^^^^^^^^^^^^^^^^^^^^^^
[INFO] [stderr]    |
[INFO] [stderr]    = note: `#[warn(dead_code)]` (part of `#[warn(unused)]`) on by default
[INFO] [stderr] 
[INFO] [stderr] warning: function `make_synthetic_backbone_partial_atoms` is never used
[INFO] [stderr]   --> tests/common/mod.rs:54:8
[INFO] [stderr]    |
[INFO] [stderr] 54 | pub fn make_synthetic_backbone_partial_atoms(
[INFO] [stderr]    |        ^^^^^^^^^^^^^^^^^^^^^^^^^^^^^^^^^^^^^
[INFO] [stderr] 
[INFO] [stderr] warning: function `make_two_chain_backbone` is never used
[INFO] [stderr]    --> tests/common/mod.rs:140:8
[INFO] [stderr]     |
[INFO] [stderr] 140 | pub fn make_two_chain_backbone(
[INFO] [stderr]     |        ^^^^^^^^^^^^^^^^^^^^^^^
[INFO] [stderr] 
[INFO] [stderr] warning: function `load_rotlib_or_skip` is never used
[INFO] [stderr]    --> tests/common/mod.rs:220:8
[INFO] [stderr]     |
[INFO] [stderr] 220 | pub fn load_rotlib_or_skip() -> Option<Arc<RotamerLibrary>> {
[INFO] [stderr]     |        ^^^^^^^^^^^^^^^^^^^
[INFO] [stderr] 
[INFO] [stderr] warning: function `make_two_chain_backbone` is never used
[INFO] [stderr]    --> tests/common/mod.rs:140:8
[INFO] [stderr]     |
[INFO] [stderr] 140 | pub fn make_two_chain_backbone(
[INFO] [stderr]     |        ^^^^^^^^^^^^^^^^^^^^^^^
[INFO] [stderr]     |
[INFO] [stderr]     = note: `#[warn(dead_code)]` (part of `#[warn(unused)]`) on by default
[INFO] [stderr] 
[INFO] [stderr] warning: variable does not need to be mutable
[INFO] [stderr]    --> src/grid.rs:224:13
[INFO] [stderr]     |
[INFO] [stderr] 224 |         let mut brute_res = brute_force_within(&pts, &tags, center, dmin, dmax);
[INFO] [stderr]     |             ----^^^^^^^^^
[INFO] [stderr]     |             |
[INFO] [stderr]     |             help: remove this `mut`
[INFO] [stderr]     |
[INFO] [stderr]     = note: `#[warn(unused_mut)]` (part of `#[warn(unused)]`) on by default
[INFO] [stderr] 
[INFO] [stderr] warning: variable does not need to be mutable
[INFO] [stderr]    --> src/precondition.rs:479:14
[INFO] [stderr]     |
[INFO] [stderr] 479 |         let (mut rb, id) = make_residue(
[INFO] [stderr]     |              ----^^
[INFO] [stderr]     |              |
[INFO] [stderr]     |              help: remove this `mut`
[INFO] [stderr] 
[INFO] [stderr] warning: variable does not need to be mutable
[INFO] [stderr]    --> src/precondition.rs:501:14
[INFO] [stderr]     |
[INFO] [stderr] 501 |         let (mut rb1, mut id1) = make_residue(
[INFO] [stderr]     |              ----^^^
[INFO] [stderr]     |              |
[INFO] [stderr]     |              help: remove this `mut`
[INFO] [stderr] 
[INFO] [stderr] warning: variable does not need to be mutable
[INFO] [stderr]    --> src/precondition.rs:511:14
[INFO] [stderr]     |
[INFO] [stderr] 511 |         let (mut rb2, mut id2) = make_residue(
[INFO] [stderr]     |              ----^^^
[INFO] [stderr]     |              |
[INFO] [stderr]     |              help: remove this `mut`
[INFO] [stderr] 
[INFO] [stderr] warning: variable does not need to be mutable
[INFO] [stderr]    --> src/precondition.rs:535:14
[INFO] [stderr]     |
[INFO] [stderr] 535 |         let (mut rb, id) = make_residue(
[INFO] [stderr]     |              ----^^
[INFO] [stderr]     |              |
[INFO] [stderr]     |              help: remove this `mut`
[INFO] [stderr] 
[INFO] [stderr] warning: variable does not need to be mutable
[INFO] [stderr]    --> src/precondition.rs:561:14
[INFO] [stderr]     |
[INFO] [stderr] 561 |         let (mut rb1, mut id1) = make_residue(
[INFO] [stderr]     |              ----^^^
[INFO] [stderr]     |              |
[INFO] [stderr]     |              help: remove this `mut`
[INFO] [stderr] 
[INFO] [stderr] warning: variable does not need to be mutable
[INFO] [stderr]    --> src/precondition.rs:571:14
[INFO] [stderr]     |
[INFO] [stderr] 571 |         let (mut rb2, mut id2) = make_residue(
[INFO] [stderr]     |              ----^^^
[INFO] [stderr]     |              |
[INFO] [stderr]     |              help: remove this `mut`
[INFO] [stderr] 
[INFO] [stderr] warning: variable does not need to be mutable
[INFO] [stderr]    --> src/precondition.rs:604:14
[INFO] [stderr]     |
[INFO] [stderr] 604 |         let (mut rb, id) = make_residue(
[INFO] [stderr]     |              ----^^
[INFO] [stderr]     |              |
[INFO] [stderr]     |              help: remove this `mut`
[INFO] [stderr] 
[INFO] [stderr] warning: `proxide-confind` (test "test_bb_interaction") generated 8 warnings
[INFO] [stderr] warning: `proxide-confind` (test "test_parity_1dc7") generated 9 warnings (4 duplicates) (run `cargo fix --test "test_parity_1dc7" -p proxide-confind` to apply 1 suggestion)
[INFO] [stderr] warning: `proxide-confind` (test "test_distogram") generated 8 warnings (8 duplicates)
[INFO] [stderr] warning: `proxide-confind` (test "test_regression") generated 9 warnings (9 duplicates)
[INFO] [stderr] warning: `proxide-confind` (test "test_integration") generated 9 warnings (9 duplicates)
[INFO] [stderr] warning: `proxide-confind` (test "test_errors") generated 9 warnings (9 duplicates)
[INFO] [stderr] warning: `proxide-confind` (test "test_bb_atoms") generated 8 warnings (7 duplicates)
[INFO] [stderr] warning: `proxide-confind` (test "test_flanking") generated 8 warnings (8 duplicates)
[INFO] [stderr] warning: `proxide-confind` (lib test) generated 8 warnings (run `cargo fix --lib -p proxide-confind --tests` to apply 8 suggestions)
[INFO] [stderr] warning: `proxide-confind` (test "test_parity_small_pdb") generated 8 warnings (8 duplicates)
[INFO] [stderr] warning: `proxide-confind` (test "test_drift_loadpb_small_pdb") generated 9 warnings (9 duplicates)
[INFO] [stderr] warning: `proxide-confind` (test "test_rotlib_error_propagation") generated 10 warnings (10 duplicates)
[INFO] [stderr] warning: `proxide-confind` (test "test_parallel") generated 9 warnings (9 duplicates)
[INFO] [stderr]     Finished `release` profile [optimized] target(s) in 0.21s
[INFO] [stderr]      Running unittests src/lib.rs (/opt/rustwide/target/release/deps/proxide_confind-0e07bdd9b01dc4da)
[INFO] [stdout] 
[INFO] [stdout] running 30 tests
[INFO] [stdout] test coords::tests::golden_dihedral_bit_equality_mosaist_fixtures ... ignored, needs /home/marielle/repos/mosaist/testfiles
[INFO] [stdout] test freedom::tests::freedom_type1 ... ok
[INFO] [stdout] test coords::tests::legacy_compact_plus_split_is_err ... ok
[INFO] [stdout] test freedom::tests::freedom_type2_no_collisions ... ok
[INFO] [stdout] test coords::tests::backbone_options_builders_chain ... ok
[INFO] [stdout] test freedom::tests::freedom_type2_all_contested ... ok
[INFO] [stdout] test coords::tests::skipped_before_severs_per_dihedral_adjacency ... ok
[INFO] [stdout] test freedom::tests::freedom_type2_mixed ... ok
[INFO] [stdout] test coords::tests::non_ascii_atom_name_errors_without_panic ... ok
[INFO] [stdout] test grid::tests::empty_grid ... ok
[INFO] [stdout] test coords::tests::backbone_options_default_is_bridge_per_dihedral ... ok
[INFO] [stdout] test grid::tests::grid_vs_brute_force_random ... ok
[INFO] [stdout] test precondition::tests::test_missing_backbone_atom_c ... ok
[INFO] [stdout] test params::tests::propensity_sum_roughly_100 ... ok
[INFO] [stdout] test coords::tests::per_dihedral_atom_level_vs_legacy_bridging_missing_c ... ok
[INFO] [stdout] test coords::tests::garbage_x_errors_naming_line_and_field ... ok
[INFO] [stdout] test precondition::tests::test_canonical_variants_accepted ... ok
[INFO] [stdout] test coords::tests::missing_ca_only_bridge_report_matches_base_split_does_not_suppress ... ok
[INFO] [stdout] test freedom::tests::freedom_zero_library ... ok
[INFO] [stdout] test precondition::tests::test_require_preconditions_error ... ok
[INFO] [stdout] test grid::tests::single_point ... ok
[INFO] [stdout] test precondition::tests::test_undefined_phi_mid_chain ... ok
[INFO] [stdout] test precondition::tests::test_chain_break_warning ... ok
[INFO] [stdout] test params::tests::aa_names_count ... ok
[INFO] [stdout] test params::tests::aa_propensity_spot_checks ... ok
[INFO] [stdout] test precondition::tests::test_undefined_phi_mid_chain_multi_residue ... ok
[INFO] [stdout] test precondition::tests::test_unknown_residue_type_warning ... ok
[INFO] [stdout] test precondition::tests::test_clean_backbone ... ok
[INFO] [stdout] test params::tests::aa_propensity_unknown - should panic ... ok
[INFO] [stderr] error: test failed, to rerun pass `--lib`
[INFO] [stdout] test coords::tests::golden_dihedral_bit_equality_committed_fixtures ... FAILED
[INFO] [stdout] 
[INFO] [stdout] failures:
[INFO] [stdout] 
[INFO] [stdout] ---- coords::tests::golden_dihedral_bit_equality_committed_fixtures stdout ----
[INFO] [stdout] 
[INFO] [stdout] thread 'coords::tests::golden_dihedral_bit_equality_committed_fixtures' (3179) panicked at src/coords.rs:1040:13:
[INFO] [stdout] committed fixture missing: "/opt/rustwide/workdir/../../tests/data/1crn.pdb"
[INFO] [stdout] stack backtrace:
[INFO] [stdout]    0:     0x606491255901 - <<std[70759c8f55707aa4]::sys::backtrace::BacktraceLock>::print::DisplayBacktrace as core[df12db4294e9bfd3]::fmt::Display>::fmt
[INFO] [stdout]    1:     0x60649126c60a - core[df12db4294e9bfd3]::fmt::write
[INFO] [stdout]    2:     0x606491259d9c - <alloc[2182bb758b4b3781]::vec::Vec<u8> as core[df12db4294e9bfd3]::io::write::Write>::write_fmt
[INFO] [stdout]    3:     0x6064912314b6 - std[70759c8f55707aa4]::panicking::default_hook::{closure#0}
[INFO] [stdout]    4:     0x60649124d9e9 - std[70759c8f55707aa4]::panicking::default_hook
[INFO] [stdout]    5:     0x60649117a7d0 - test[9d35eded1c95d3be]::test_main_inner::<test[9d35eded1c95d3be]::test_main_static::{closure#0}>::{closure#0}
[INFO] [stdout]    6:     0x60649124dba2 - std[70759c8f55707aa4]::panicking::panic_with_hook
[INFO] [stdout]    7:     0x606491231562 - std[70759c8f55707aa4]::panicking::panic_handler::{closure#0}
[INFO] [stdout]    8:     0x60649122a0a9 - std[70759c8f55707aa4]::sys::backtrace::__rust_end_short_backtrace::<std[70759c8f55707aa4]::panicking::panic_handler::{closure#0}, !>
[INFO] [stdout]    9:     0x60649123215d - __rustc[8fa7c3cbc660c2b3]::rust_begin_unwind
[INFO] [stdout]   10:     0x60649126cd3c - core[df12db4294e9bfd3]::panicking::panic_fmt
[INFO] [stdout]   11:     0x60649115071a - proxide_confind[41aac72c992dc4af]::coords::tests::golden_dihedral_bit_equality_committed_fixtures
[INFO] [stdout]   12:     0x606491166689 - <proxide_confind[41aac72c992dc4af]::coords::tests::golden_dihedral_bit_equality_committed_fixtures::{closure#0} as core[df12db4294e9bfd3]::ops::function::FnOnce<()>>::call_once
[INFO] [stdout]   13:     0x60649116dabb - test[9d35eded1c95d3be]::__rust_begin_short_backtrace::<core[df12db4294e9bfd3]::result::Result<(), alloc[2182bb758b4b3781]::string::String>, fn() -> core[df12db4294e9bfd3]::result::Result<(), alloc[2182bb758b4b3781]::string::String>>
[INFO] [stdout]   14:     0x60649117b125 - test[9d35eded1c95d3be]::run_test::{closure#0}
[INFO] [stdout]   15:     0x6064911749e4 - std[70759c8f55707aa4]::sys::backtrace::__rust_begin_short_backtrace::<test[9d35eded1c95d3be]::run_test::{closure#1}, ()>
[INFO] [stdout]   16:     0x60649117e282 - <std[70759c8f55707aa4]::thread::lifecycle::spawn_unchecked<test[9d35eded1c95d3be]::run_test::{closure#1}, ()>::{closure#1} as core[df12db4294e9bfd3]::ops::function::FnOnce<()>>::call_once::{shim:vtable#0}
[INFO] [stdout]   17:     0x606491254c79 - <std[70759c8f55707aa4]::sys::thread::unix::Thread>::new::thread_start
[INFO] [stdout]   18:     0x7ac3d7f44dfa - <unknown>
[INFO] [stdout]   19:     0x7ac3d7fd83d4 - clone
[INFO] [stdout]   20:                0x0 - <unknown>
[INFO] [stdout] 
[INFO] [stdout] 
[INFO] [stdout] failures:
[INFO] [stdout]     coords::tests::golden_dihedral_bit_equality_committed_fixtures
[INFO] [stdout] 
[INFO] [stdout] test result: FAILED. 28 passed; 1 failed; 1 ignored; 0 measured; 0 filtered out; finished in 0.01s
[INFO] [stdout] 
[INFO] running `Command { std: "docker" "inspect" "ecc65932b4c6b6331587a631f74ad8f31b5121c84d2c98eb8ef996ac12436343", kill_on_drop: false }`
[INFO] running `Command { std: "docker" "rm" "-f" "ecc65932b4c6b6331587a631f74ad8f31b5121c84d2c98eb8ef996ac12436343", kill_on_drop: false }`
[INFO] [stdout] ecc65932b4c6b6331587a631f74ad8f31b5121c84d2c98eb8ef996ac12436343
