[INFO] fetching crate proxi 0.1.2...
[INFO] testing proxi-0.1.2 against 1.100.0-beta.1+cargoflags=--release for beta-release-1.100-2
[INFO] extracting crate proxi 0.1.2 into /workspace/builds/worker-4-tc2/source
[INFO] started tweaking crates.io crate proxi 0.1.2
[INFO] removed 0 missing examples
[INFO] removed 0 missing tests
[INFO] finished tweaking crates.io crate proxi 0.1.2
[INFO] tweaked toml for crates.io crate proxi 0.1.2 written to /workspace/builds/worker-4-tc2/source/Cargo.toml
[INFO] validating manifest of crates.io crate proxi 0.1.2 on toolchain 1.100.0-beta.1
[INFO] running `Command { std: CARGO_HOME="/workspace/cargo-home" RUSTUP_HOME="/workspace/rustup-home" "/workspace/cargo-home/bin/cargo" "+1.100.0-beta.1" "metadata" "--manifest-path" "Cargo.toml" "--no-deps", kill_on_drop: false }`
[INFO] crate crates.io crate proxi 0.1.2 already has a lockfile, it will not be regenerated
[INFO] running `Command { std: CARGO_HOME="/workspace/cargo-home" RUSTUP_HOME="/workspace/rustup-home" "/workspace/cargo-home/bin/cargo" "+1.100.0-beta.1" "fetch" "--manifest-path" "Cargo.toml", kill_on_drop: false }`
[INFO] running `Command { std: "docker" "create" "-v" "/var/lib/crater-agent-workspace/builds/worker-4-tc2/source:/opt/rustwide/workdir:ro,Z" "-v" "/var/lib/crater-agent-workspace/builds/worker-4-tc2/target:/opt/rustwide/target:rw,Z" "-v" "/var/lib/crater-agent-workspace/cargo-home:/opt/rustwide/cargo-home:ro,Z" "-v" "/var/lib/crater-agent-workspace/rustup-home:/opt/rustwide/rustup-home:ro,Z" "-m" "1610612736" "--network" "none" "ghcr.io/rust-lang/crates-build-env/linux@sha256:77db811e55d90add9212f6832c23229e3de5f1c1f9905e8cb07319ea15df73ac" "sleep" "infinity", kill_on_drop: false }`
[INFO] [stdout] a8ce9e5288dcf72944169777afe2c387393e174836d2556f8cf5e463753e3035
[INFO] running `Command { std: "docker" "start" "a8ce9e5288dcf72944169777afe2c387393e174836d2556f8cf5e463753e3035", kill_on_drop: false }`
[INFO] running `Command { std: "docker" "inspect" "a8ce9e5288dcf72944169777afe2c387393e174836d2556f8cf5e463753e3035", kill_on_drop: false }`
[INFO] running `Command { std: "docker" "exec" "-e" "SOURCE_DIR=/opt/rustwide/workdir" "-e" "CARGO_HOME=/opt/rustwide/cargo-home" "-e" "RUSTUP_HOME=/opt/rustwide/rustup-home" "-e" "CARGO_TARGET_DIR=/opt/rustwide/target" "-w" "/opt/rustwide/workdir" "--user" "0:0" "a8ce9e5288dcf72944169777afe2c387393e174836d2556f8cf5e463753e3035" "/opt/rustwide/cargo-home/bin/cargo" "+1.100.0-beta.1" "metadata" "--no-deps" "--format-version=1", kill_on_drop: false }`
[INFO] running `Command { std: "docker" "inspect" "a8ce9e5288dcf72944169777afe2c387393e174836d2556f8cf5e463753e3035", kill_on_drop: false }`
[INFO] running `Command { std: "docker" "exec" "-e" "SOURCE_DIR=/opt/rustwide/workdir" "-e" "CARGO_HOME=/opt/rustwide/cargo-home" "-e" "RUSTUP_HOME=/opt/rustwide/rustup-home" "-e" "CARGO_TARGET_DIR=/opt/rustwide/target" "-e" "CARGO_INCREMENTAL=0" "-e" "RUST_BACKTRACE=full" "-e" "RUSTFLAGS=--cap-lints=warn" "-e" "RUSTDOCFLAGS=--cap-lints=warn" "-w" "/opt/rustwide/workdir" "--user" "0:0" "a8ce9e5288dcf72944169777afe2c387393e174836d2556f8cf5e463753e3035" "/opt/rustwide/cargo-home/bin/cargo" "+1.100.0-beta.1" "build" "--frozen" "--message-format=json" "--release", kill_on_drop: false }`
[INFO] [stderr]    Compiling libc v0.2.189
[INFO] [stderr]    Compiling simd-adler32 v0.3.10
[INFO] [stderr]    Compiling zeroize v1.9.0
[INFO] [stderr]    Compiling cc v1.4.3
[INFO] [stderr]    Compiling untrusted v0.9.0
[INFO] [stderr]    Compiling nix v0.31.3
[INFO] [stderr]    Compiling crc32fast v1.5.0
[INFO] [stderr]    Compiling httparse v1.10.1
[INFO] [stderr]    Compiling zlib-rs v0.6.7
[INFO] [stderr]    Compiling rustls v0.23.43
[INFO] [stderr]    Compiling http v1.5.0
[INFO] [stderr]    Compiling base64 v0.23.1
[INFO] [stderr]    Compiling subtle v2.6.1
[INFO] [stderr]    Compiling bumpalo v3.20.3
[INFO] [stderr]    Compiling toml_parser v1.1.3+spec-1.1.0
[INFO] [stderr]    Compiling serde_spanned v1.1.1
[INFO] [stderr]    Compiling xattr v1.6.1
[INFO] [stderr]    Compiling utf8-zero v0.8.1
[INFO] [stderr]    Compiling toml_writer v1.1.2+spec-1.1.0
[INFO] [stderr]    Compiling typed-path v0.12.3
[INFO] [stderr]    Compiling sha2 v0.10.9
[INFO] [stderr]    Compiling serde v1.0.229
[INFO] [stderr]    Compiling rustls-pki-types v1.15.1
[INFO] [stderr]    Compiling fs4 v0.13.1
[INFO] [stderr]    Compiling serde_json v1.0.151
[INFO] [stderr]    Compiling miniz_oxide v0.8.9
[INFO] [stderr]    Compiling zopfli v0.8.3
[INFO] [stderr]    Compiling toml v0.9.12+spec-1.1.0
[INFO] [stderr]    Compiling webpki-roots v1.0.9
[INFO] [stderr]    Compiling ring v0.17.14
[INFO] [stderr]    Compiling ureq-proto v0.6.1
[INFO] [stderr]    Compiling getrandom v0.2.17
[INFO] [stderr]    Compiling filetime v0.2.29
[INFO] [stderr]    Compiling tar v0.4.46
[INFO] [stderr]    Compiling flate2 v1.1.9
[INFO] [stderr]    Compiling zip v7.2.0
[INFO] [stderr]    Compiling ctrlc v3.5.2
[INFO] [stderr]    Compiling rustls-webpki v0.103.14
[INFO] [stderr]    Compiling ureq v3.4.0
[INFO] [stderr]    Compiling woodshed v0.1.0
[INFO] [stderr]    Compiling proxi v0.1.2 (/opt/rustwide/workdir)
[INFO] [stderr]     Finished `release` profile [optimized] target(s) in 26.34s
[INFO] running `Command { std: "docker" "inspect" "a8ce9e5288dcf72944169777afe2c387393e174836d2556f8cf5e463753e3035", kill_on_drop: false }`
[INFO] running `Command { std: "docker" "exec" "-e" "SOURCE_DIR=/opt/rustwide/workdir" "-e" "CARGO_HOME=/opt/rustwide/cargo-home" "-e" "RUSTUP_HOME=/opt/rustwide/rustup-home" "-e" "CARGO_TARGET_DIR=/opt/rustwide/target" "-e" "CARGO_INCREMENTAL=0" "-e" "RUST_BACKTRACE=full" "-e" "RUSTFLAGS=--cap-lints=warn" "-e" "RUSTDOCFLAGS=--cap-lints=warn" "-w" "/opt/rustwide/workdir" "--user" "0:0" "a8ce9e5288dcf72944169777afe2c387393e174836d2556f8cf5e463753e3035" "/opt/rustwide/cargo-home/bin/cargo" "+1.100.0-beta.1" "test" "--frozen" "--no-run" "--message-format=json" "--release", kill_on_drop: false }`
[INFO] [stderr]    Compiling serde v1.0.229
[INFO] [stderr]    Compiling itertools v0.10.5
[INFO] [stderr]    Compiling tinytemplate v1.2.1
[INFO] [stderr]    Compiling ciborium v0.2.2
[INFO] [stderr]    Compiling criterion-plot v0.5.0
[INFO] [stderr]    Compiling criterion v0.5.1
[INFO] [stderr]    Compiling proxi v0.1.2 (/opt/rustwide/workdir)
[INFO] [stderr]     Finished `release` profile [optimized] target(s) in 23.64s
[INFO] running `Command { std: "docker" "inspect" "a8ce9e5288dcf72944169777afe2c387393e174836d2556f8cf5e463753e3035", kill_on_drop: false }`
[INFO] running `Command { std: "docker" "exec" "-e" "SOURCE_DIR=/opt/rustwide/workdir" "-e" "CARGO_HOME=/opt/rustwide/cargo-home" "-e" "RUSTUP_HOME=/opt/rustwide/rustup-home" "-e" "CARGO_TARGET_DIR=/opt/rustwide/target" "-e" "CARGO_INCREMENTAL=0" "-e" "RUST_BACKTRACE=full" "-e" "RUSTFLAGS=--cap-lints=warn" "-e" "RUSTDOCFLAGS=--cap-lints=warn" "-w" "/opt/rustwide/workdir" "--user" "0:0" "a8ce9e5288dcf72944169777afe2c387393e174836d2556f8cf5e463753e3035" "/opt/rustwide/cargo-home/bin/cargo" "+1.100.0-beta.1" "test" "--frozen" "--release", kill_on_drop: false }`
[INFO] [stderr]     Finished `release` profile [optimized] target(s) in 0.15s
[INFO] [stderr]      Running unittests src/lib.rs (/opt/rustwide/target/release/build/proxi/203265322fbb5360/out/proxi-203265322fbb5360)
[INFO] [stdout] 
[INFO] [stderr]      Running tests/adapters.rs (/opt/rustwide/target/release/build/proxi/00fea76a35349258/out/adapters-00fea76a35349258)
[INFO] [stdout] running 0 tests
[INFO] [stdout] 
[INFO] [stdout] test result: ok. 0 passed; 0 failed; 0 ignored; 0 measured; 0 filtered out; finished in 0.00s
[INFO] [stdout] 
[INFO] [stdout] 
[INFO] [stdout] running 1 test
[INFO] [stdout] test adapter_types_declare_minimal_dims ... ok
[INFO] [stdout] 
[INFO] [stdout] test result: ok. 1 passed; 0 failed; 0 ignored; 0 measured; 0 filtered out; finished in 0.00s
[INFO] [stdout] 
[INFO] [stderr]      Running tests/angular_units.rs (/opt/rustwide/target/release/build/proxi/d40f23d004c6511e/out/angular_units-d40f23d004c6511e)
[INFO] [stdout] 
[INFO] [stdout] running 5 tests
[INFO] [stdout] test radians_input_equals_auto_degrees_input ... ok
[INFO] [stdout] test auto_inverse_returns_degrees_and_matches_degrees ... ok
[INFO] [stdout] test auto_equals_degrees_for_degree_input_on_geographic_forward ... ok
[INFO] [stdout] test auto_roundtrip_recovers_original_degrees ... ok
[INFO] [stdout] test linear_operation_auto_degrees_radians_all_identity ... ok
[INFO] [stdout] 
[INFO] [stdout] test result: ok. 5 passed; 0 failed; 0 ignored; 0 measured; 0 filtered out; finished in 0.11s
[INFO] [stdout] 
[INFO] [stderr]      Running tests/basic.rs (/opt/rustwide/target/release/build/proxi/f5e02a986accf431/out/basic-f5e02a986accf431)
[INFO] [stdout] 
[INFO] [stdout] running 52 tests
[INFO] [stdout] test bespoke_geographic_vertical_and_compound_crs_construct ... ok
[INFO] [stdout] test batch_rejects_mismatched_buffers_without_mutation ... ok
[INFO] [stdout] test crs_proj_string_round_trip ... ok
[INFO] [stdout] test ecef_to_utm_egm96_download_and_transform ... ok
[INFO] [stdout] test explicit_pipeline_transform_works ... ok
[INFO] [stdout] test database_units_and_grid_lookups_work ... ok
[INFO] [stdout] test atomicity_all_and_partial_agree_on_success ... ok
[INFO] [stdout] test completeness_policy_reports_partial_failure ... ok
[INFO] [stdout] test geodesic_indexed_direct_inverse_and_longitude_unroll ... ok
[INFO] [stdout] test bespoke_geographic_from_datum_and_cs ... ok
[INFO] [stdout] test geodesic_line_position_and_arc_mode_work ... ok
[INFO] [stdout] test geodesic_streaming_polygon_builder_matches_bulk ... ok
[INFO] [stdout] test geographic_to_utm_inverse_recovers ... ok
[INFO] [stdout] test bespoke_projected_crs_from_conversion_and_cs ... ok
[INFO] [stdout] test bespoke_utm_and_engineering_crs_construct ... ok
[INFO] [stdout] test crs_metadata_and_equivalence_are_available ... ok
[INFO] [stdout] test invalid_context_path_is_rejected ... ok
[INFO] [stdout] test mismatched_batch_lengths_rejected ... ok
[INFO] [stdout] test missing_proj_db_data_dir_fails_fast_with_missing_data ... ok
[INFO] [stdout] test geographic_to_geocentric_expected ... ok
[INFO] [stdout] test operation_metadata_is_available ... ok
[INFO] [stderr] proj_get_ellipsoid: Object is not a CRS or GeodeticReferenceFrame
[INFO] [stdout] test geod_from_proj_string_reads_ellipsoid_from_object ... ok
[INFO] [stdout] test partial_failure_failed_count_is_safe_for_invalid_counts ... ok
[INFO] [stdout] test interleaved_matches_soa_across_dimensionalities ... ok
[INFO] [stdout] test operation_group_enumerates_and_promotes_candidate ... ok
[INFO] [stdout] test geocentric_to_utm_and_back_roundtrips ... ok
[INFO] [stdout] test runtime_version_diagnostics_are_available ... ok
[INFO] [stdout] test operation_selection_options_build_and_transform ... ok
[INFO] [stdout] test bounds_transform_densifies_and_validates ... ok
[INFO] [stdout] test scalar_matches_soa ... ok
[INFO] [stdout] test always_xy_constructs_and_transforms ... ok
[INFO] [stdout] test proj_string_version_selects_proj5_vs_proj4 ... ok
[INFO] [stdout] test batch_soa_roundtrip ... ok
[INFO] [stdout] test coord_trait_transforms_user_types_zero_alloc ... ok
[INFO] [stdout] test wgs84_geodesic_inverse_and_batch_work ... ok
[INFO] [stdout] test wkt_output_axis_and_simplified_variant_are_applied ... ok
[INFO] [stdout] test transform_coords_agrees_across_every_layout ... ok
[INFO] [stdout] test interleaved_xy_transform_matches_soa ... ok
[INFO] [stdout] test projected_with_height_preserves_z ... ok
[INFO] [stdout] test wkt_output_options_control_multiline_and_indentation ... ok
[INFO] [stdout] test valid_data_dir_configures_database_path ... ok
[INFO] [stdout] test geocentric_to_geographic_expected ... ok
[INFO] [stdout] test transforming_into_separate_output_buffers_preserves_input ... ok
[INFO] [stderr] proj_crs_get_coordinate_system: Object is not a SingleCRS
[INFO] [stderr] proj_get_ellipsoid: Object is not a CRS or GeodeticReferenceFrame
[INFO] [stderr] proj_get_prime_meridian: Object is not a CRS or GeodeticReferenceFrame
[INFO] [stderr] proj_crs_get_datum_ensemble: Object is not a SingleCRS
[INFO] [stdout] test wkt_and_projjson_output ... ok
[INFO] [stdout] test three_dimensional_identity_preserves_z ... ok
[INFO] [stdout] test forward_xyzt_4d ... ok
[INFO] [stdout] test required_grid_policy_rejects_missing_vertical_grid ... FAILED
[INFO] [stdout] test crs_database_queries_and_authority_construction_work ... ok
[INFO] [stdout] test vertical_datum_operation_reports_grid_requirements ... ok
[INFO] [stdout] test database_filtered_crs_search_returns_structured_records ... ok
[INFO] [stdout] test crs_type_and_component_extraction_work ... ok
[INFO] [stderr] proj_create: unrecognized format / unknown name
[INFO] [stdout] test invalid_crs_is_rejected ... ok
[INFO] [stdout] 
[INFO] [stdout] failures:
[INFO] [stdout] 
[INFO] [stdout] ---- required_grid_policy_rejects_missing_vertical_grid stdout ----
[INFO] [stdout] 
[INFO] [stdout] thread 'required_grid_policy_rejects_missing_vertical_grid' (1168) panicked at tests/basic.rs:868:5:
[INFO] [stdout] assertion failed: matches!(result, Err(ProxiError::GridMissing { .. }))
[INFO] [stdout] stack backtrace:
[INFO] [stdout]    0:     0x5a0936935631 - <<std[617be2ca0a6fd877]::sys::backtrace::BacktraceLock>::print::DisplayBacktrace as core[a373ad73a504971]::fmt::Display>::fmt
[INFO] [stdout]    1:     0x5a093694a87a - core[a373ad73a504971]::fmt::write
[INFO] [stdout]    2:     0x5a093693988c - <alloc[2e1b2a31b91974c5]::vec::Vec<u8> as core[a373ad73a504971]::io::write::Write>::write_fmt
[INFO] [stdout]    3:     0x5a0936910de6 - std[617be2ca0a6fd877]::panicking::default_hook::{closure#0}
[INFO] [stdout]    4:     0x5a093692dc29 - std[617be2ca0a6fd877]::panicking::default_hook
[INFO] [stdout]    5:     0x5a09368b09c0 - test[aada8e7e76ba119b]::test_main_inner::{closure#0}
[INFO] [stdout]    6:     0x5a093692dde2 - std[617be2ca0a6fd877]::panicking::panic_with_hook
[INFO] [stdout]    7:     0x5a0936910ec4 - std[617be2ca0a6fd877]::panicking::panic_handler::{closure#0}
[INFO] [stdout]    8:     0x5a0936909a89 - std[617be2ca0a6fd877]::sys::backtrace::__rust_end_short_backtrace::<std[617be2ca0a6fd877]::panicking::panic_handler::{closure#0}, !>
[INFO] [stdout]    9:     0x5a0936911a9d - __rustc[ea4f61d10b84890b]::rust_begin_unwind
[INFO] [stdout]   10:     0x5a093694afac - core[a373ad73a504971]::panicking::panic_fmt
[INFO] [stdout]   11:     0x5a093694af72 - core[a373ad73a504971]::panicking::panic
[INFO] [stdout]   12:     0x5a093689d8a9 - <basic[462e5a8d093cc91c]::required_grid_policy_rejects_missing_vertical_grid::{closure#0} as core[a373ad73a504971]::ops::function::FnOnce<()>>::call_once
[INFO] [stdout]   13:     0x5a09368a3e0b - test[aada8e7e76ba119b]::__rust_begin_short_backtrace::<core[a373ad73a504971]::result::Result<(), alloc[2e1b2a31b91974c5]::string::String>, fn() -> core[a373ad73a504971]::result::Result<(), alloc[2e1b2a31b91974c5]::string::String>>
[INFO] [stdout]   14:     0x5a09368b0fe5 - test[aada8e7e76ba119b]::run_test::{closure#0}
[INFO] [stdout]   15:     0x5a09368aa8d4 - std[617be2ca0a6fd877]::sys::backtrace::__rust_begin_short_backtrace::<test[aada8e7e76ba119b]::run_test::{closure#1}, ()>
[INFO] [stdout]   16:     0x5a09368b4072 - <std[617be2ca0a6fd877]::thread::lifecycle::spawn_unchecked<test[aada8e7e76ba119b]::run_test::{closure#1}, ()>::{closure#1} as core[a373ad73a504971]::ops::function::FnOnce<()>>::call_once::{shim:vtable#0}
[INFO] [stdout]   17:     0x5a0936934e8f - <std[617be2ca0a6fd877]::sys::thread::unix::Thread>::new::thread_start
[INFO] [stdout]   18:     0x7bde0cc9cdfa - <unknown>
[INFO] [stdout]   19:     0x7bde0cd303d4 - clone
[INFO] [stdout]   20:                0x0 - <unknown>
[INFO] [stdout] 
[INFO] [stdout] 
[INFO] [stdout] failures:
[INFO] [stdout]     required_grid_policy_rejects_missing_vertical_grid
[INFO] [stdout] 
[INFO] [stdout] test result: FAILED. 51 passed; 1 failed; 0 ignored; 0 measured; 0 filtered out; finished in 1.05s
[INFO] [stdout] 
[INFO] [stderr] error: test failed, to rerun pass `--test basic`
[INFO] running `Command { std: "docker" "inspect" "a8ce9e5288dcf72944169777afe2c387393e174836d2556f8cf5e463753e3035", kill_on_drop: false }`
[INFO] running `Command { std: "docker" "rm" "-f" "a8ce9e5288dcf72944169777afe2c387393e174836d2556f8cf5e463753e3035", kill_on_drop: false }`
[INFO] [stdout] a8ce9e5288dcf72944169777afe2c387393e174836d2556f8cf5e463753e3035
