[INFO] fetching crate provekit-r1cs-compiler 1.0.2...
[INFO] testing provekit-r1cs-compiler-1.0.2 against 1.100.0-beta.1+cargoflags=--release for beta-release-1.100-2
[INFO] extracting crate provekit-r1cs-compiler 1.0.2 into /workspace/builds/worker-2-tc2/source
[INFO] started tweaking crates.io crate provekit-r1cs-compiler 1.0.2
[INFO] finished tweaking crates.io crate provekit-r1cs-compiler 1.0.2
[INFO] tweaked toml for crates.io crate provekit-r1cs-compiler 1.0.2 written to /workspace/builds/worker-2-tc2/source/Cargo.toml
[INFO] validating manifest of crates.io crate provekit-r1cs-compiler 1.0.2 on toolchain 1.100.0-beta.1
[INFO] running `Command { std: CARGO_HOME="/workspace/cargo-home" RUSTUP_HOME="/workspace/rustup-home" "/workspace/cargo-home/bin/cargo" "+1.100.0-beta.1" "metadata" "--manifest-path" "Cargo.toml" "--no-deps", kill_on_drop: false }`
[INFO] crate crates.io crate provekit-r1cs-compiler 1.0.2 already has a lockfile, it will not be regenerated
[INFO] running `Command { std: CARGO_HOME="/workspace/cargo-home" RUSTUP_HOME="/workspace/rustup-home" "/workspace/cargo-home/bin/cargo" "+1.100.0-beta.1" "fetch" "--manifest-path" "Cargo.toml", kill_on_drop: false }`
[INFO] [stderr] warning: `package.homepage` is redundant with `package.repository`
[INFO] [stderr]   --> Cargo.toml:94:12
[INFO] [stderr]    |
[INFO] [stderr] 94 | homepage = "https://github.com/worldfnd/ProveKit"
[INFO] [stderr]    |            ^^^^^^^^^^^^^^^^^^^^^^^^^^^^^^^^^^^^^^
[INFO] [stderr] ...
[INFO] [stderr] 98 | repository = "https://github.com/worldfnd/ProveKit"
[INFO] [stderr]    |              --------------------------------------
[INFO] [stderr]    |
[INFO] [stderr]    = note: `cargo::redundant_homepage` is set to `warn` by default
[INFO] [stderr] help: consider removing `package.homepage`
[INFO] [stderr] warning: `provekit-r1cs-compiler` (manifest) generated 1 warning
[INFO] running `Command { std: "docker" "create" "-v" "/var/lib/crater-agent-workspace/builds/worker-2-tc2/source:/opt/rustwide/workdir:ro,Z" "-v" "/var/lib/crater-agent-workspace/builds/worker-2-tc2/target:/opt/rustwide/target:rw,Z" "-v" "/var/lib/crater-agent-workspace/cargo-home:/opt/rustwide/cargo-home:ro,Z" "-v" "/var/lib/crater-agent-workspace/rustup-home:/opt/rustwide/rustup-home:ro,Z" "-m" "1610612736" "--network" "none" "ghcr.io/rust-lang/crates-build-env/linux@sha256:77db811e55d90add9212f6832c23229e3de5f1c1f9905e8cb07319ea15df73ac" "sleep" "infinity", kill_on_drop: false }`
[INFO] [stdout] 6f79b3e90db16fac7a0519836d31b3171425c17977e888091bf6131dce32425e
[INFO] running `Command { std: "docker" "start" "6f79b3e90db16fac7a0519836d31b3171425c17977e888091bf6131dce32425e", kill_on_drop: false }`
[INFO] running `Command { std: "docker" "inspect" "6f79b3e90db16fac7a0519836d31b3171425c17977e888091bf6131dce32425e", kill_on_drop: false }`
[INFO] running `Command { std: "docker" "exec" "-e" "SOURCE_DIR=/opt/rustwide/workdir" "-e" "CARGO_HOME=/opt/rustwide/cargo-home" "-e" "RUSTUP_HOME=/opt/rustwide/rustup-home" "-e" "CARGO_TARGET_DIR=/opt/rustwide/target" "-w" "/opt/rustwide/workdir" "--user" "0:0" "6f79b3e90db16fac7a0519836d31b3171425c17977e888091bf6131dce32425e" "/opt/rustwide/cargo-home/bin/cargo" "+1.100.0-beta.1" "metadata" "--no-deps" "--format-version=1", kill_on_drop: false }`
[INFO] running `Command { std: "docker" "inspect" "6f79b3e90db16fac7a0519836d31b3171425c17977e888091bf6131dce32425e", kill_on_drop: false }`
[INFO] running `Command { std: "docker" "exec" "-e" "SOURCE_DIR=/opt/rustwide/workdir" "-e" "CARGO_HOME=/opt/rustwide/cargo-home" "-e" "RUSTUP_HOME=/opt/rustwide/rustup-home" "-e" "CARGO_TARGET_DIR=/opt/rustwide/target" "-e" "CARGO_INCREMENTAL=0" "-e" "RUST_BACKTRACE=full" "-e" "RUSTFLAGS=--cap-lints=warn" "-e" "RUSTDOCFLAGS=--cap-lints=warn" "-w" "/opt/rustwide/workdir" "--user" "0:0" "6f79b3e90db16fac7a0519836d31b3171425c17977e888091bf6131dce32425e" "/opt/rustwide/cargo-home/bin/cargo" "+1.100.0-beta.1" "build" "--frozen" "--message-format=json" "--release", kill_on_drop: false }`
[INFO] [stderr] warning: `package.homepage` is redundant with `package.repository`
[INFO] [stderr]   --> Cargo.toml:94:12
[INFO] [stderr]    |
[INFO] [stderr] 94 | homepage = "https://github.com/worldfnd/ProveKit"
[INFO] [stderr]    |            ^^^^^^^^^^^^^^^^^^^^^^^^^^^^^^^^^^^^^^
[INFO] [stderr] ...
[INFO] [stderr] 98 | repository = "https://github.com/worldfnd/ProveKit"
[INFO] [stderr]    |              --------------------------------------
[INFO] [stderr]    |
[INFO] [stderr]    = note: `cargo::redundant_homepage` is set to `warn` by default
[INFO] [stderr] help: consider removing `package.homepage`
[INFO] [stderr] warning: `provekit-r1cs-compiler` (manifest) generated 1 warning
[INFO] [stderr]    Compiling subtle v2.6.1
[INFO] [stderr]    Compiling zerocopy v0.8.48
[INFO] [stderr]    Compiling getrandom v0.4.2
[INFO] [stderr]    Compiling num-traits v0.2.19
[INFO] [stderr]    Compiling either v1.16.0
[INFO] [stderr]    Compiling zerocopy-derive v0.8.48
[INFO] [stderr]    Compiling enum-ordinalize-derive v4.3.2
[INFO] [stderr]    Compiling ark-serialize-derive v0.6.0
[INFO] [stderr]    Compiling ark-ff-asm v0.6.0
[INFO] [stderr]    Compiling zeroize v1.8.2
[INFO] [stderr]    Compiling cc v1.2.62
[INFO] [stderr]    Compiling generic-array v0.14.9
[INFO] [stderr]    Compiling base64ct v1.8.3
[INFO] [stderr]    Compiling hashbrown v0.17.1
[INFO] [stderr]    Compiling cpubits v0.1.0
[INFO] [stderr]    Compiling base16ct v1.0.0
[INFO] [stderr]    Compiling ctutils v0.4.0
[INFO] [stderr]    Compiling hybrid-array v0.4.8
[INFO] [stderr]    Compiling ff v0.14.0
[INFO] [stderr]    Compiling winnow v1.0.3
[INFO] [stderr]    Compiling itertools v0.14.0
[INFO] [stderr]    Compiling syn v3.0.4
[INFO] [stderr]    Compiling arrayvec v0.7.6
[INFO] [stderr]    Compiling pem-rfc7468 v1.0.0
[INFO] [stderr]    Compiling enum-ordinalize v4.3.2
[INFO] [stderr]    Compiling group v0.14.0
[INFO] [stderr]    Compiling constant_time_eq v0.4.2
[INFO] [stderr]    Compiling serde_bytes v0.11.19
[INFO] [stderr]    Compiling educe v0.6.0
[INFO] [stderr]    Compiling der v0.8.0
[INFO] [stderr]    Compiling wnaf v0.14.0-pre.0
[INFO] [stderr]    Compiling simd-adler32 v0.3.9
[INFO] [stderr]    Compiling itertools v0.15.0
[INFO] [stderr]    Compiling strum_macros v0.28.0
[INFO] [stderr]    Compiling crypto-common v0.2.1
[INFO] [stderr]    Compiling block-buffer v0.12.0
[INFO] [stderr]    Compiling num-integer v0.1.46
[INFO] [stderr]    Compiling block-padding v0.4.2
[INFO] [stderr]    Compiling crypto-common v0.1.6
[INFO] [stderr]    Compiling block-buffer v0.10.4
[INFO] [stderr]    Compiling num-bigint v0.4.6
[INFO] [stderr]    Compiling inout v0.2.2
[INFO] [stderr]    Compiling digest v0.10.7
[INFO] [stderr]    Compiling miniz_oxide v0.8.9
[INFO] [stderr]    Compiling serde-big-array v0.5.1
[INFO] [stderr]    Compiling crypto-bigint v0.7.2
[INFO] [stderr]    Compiling rmp v0.8.15
[INFO] [stderr]    Compiling toml_parser v1.1.2+spec-1.1.0
[INFO] [stderr]    Compiling blake3 v1.8.3
[INFO] [stderr]    Compiling digest v0.11.2
[INFO] [stderr]    Compiling rmp-serde v1.3.1
[INFO] [stderr]    Compiling hmac v0.13.0
[INFO] [stderr]    Compiling rfc6979 v0.6.0-pre.0
[INFO] [stderr]    Compiling signature v3.0.0
[INFO] [stderr]    Compiling toml_edit v0.25.11+spec-1.1.0
[INFO] [stderr]    Compiling num-bigint v0.5.1
[INFO] [stderr]    Compiling sha2 v0.11.0
[INFO] [stderr]    Compiling cipher v0.5.1
[INFO] [stderr]    Compiling flate2 v1.1.9
[INFO] [stderr]    Compiling spki v0.8.0
[INFO] [stderr]    Compiling sec1 v0.8.0
[INFO] [stderr]    Compiling pkcs8 v0.11.0
[INFO] [stderr]    Compiling ark-ff-macros v0.6.0
[INFO] [stderr]    Compiling msgpack_tagged_derive v1.0.0-beta.26
[INFO] [stderr]    Compiling proc-macro-crate v3.5.0
[INFO] [stderr]    Compiling strum v0.28.0
[INFO] [stderr]    Compiling base64 v0.23.1
[INFO] [stderr]    Compiling indexmap v2.14.0
[INFO] [stderr]    Compiling aes v0.9.2
[INFO] [stderr]    Compiling cbc v0.2.0
[INFO] [stderr]    Compiling blake2 v0.11.0-rc.5
[INFO] [stderr]    Compiling sha2-asm v0.6.4
[INFO] [stderr]    Compiling num_enum_derive v0.7.6
[INFO] [stderr]    Compiling keccak v0.2.0
[INFO] [stderr]    Compiling zstd-sys v2.0.16+zstd.1.5.7
[INFO] [stderr]    Compiling rustc-hash v2.1.2
[INFO] [stderr]    Compiling provekit_iter-extended v1.0.0-beta.26
[INFO] [stderr]    Compiling codespan-reporting v0.13.1
[INFO] [stderr]    Compiling serde_json v1.0.150
[INFO] [stderr]    Compiling serde_spanned v0.6.9
[INFO] [stderr]    Compiling toml_datetime v0.6.11
[INFO] [stderr]    Compiling colorchoice v1.0.5
[INFO] [stderr]    Compiling keccak v0.1.6
[INFO] [stderr]    Compiling msgpack_tagged v1.0.0-beta.26
[INFO] [stderr]    Compiling anstream v1.0.0
[INFO] [stderr]    Compiling toml_edit v0.22.27
[INFO] [stderr]    Compiling sha3 v0.10.9
[INFO] [stderr]    Compiling sha2 v0.10.9
[INFO] [stderr]    Compiling num_enum v0.7.6
[INFO] [stderr]    Compiling lzma-sys v0.1.20
[INFO] [stderr]    Compiling clap_lex v1.1.0
[INFO] [stderr]    Compiling rayon v1.12.0
[INFO] [stderr]    Compiling clap_builder v4.6.0
[INFO] [stderr]    Compiling elliptic-curve v0.14.0-rc.34
[INFO] [stderr]    Compiling primefield v0.14.0-rc.11
[INFO] [stderr]    Compiling codespan v0.13.1
[INFO] [stderr]    Compiling spin v0.9.8
[INFO] [stderr]    Compiling clap_derive v4.6.1
[INFO] [stderr]    Compiling provekit_fm v1.0.0-beta.26
[INFO] [stderr]    Compiling heapless v0.7.17
[INFO] [stderr]    Compiling provekit_noirc_span v1.0.0-beta.26
[INFO] [stderr]    Compiling approx v0.5.1
[INFO] [stderr]    Compiling ecdsa v0.17.0-rc.19
[INFO] [stderr]    Compiling primeorder v0.14.0-rc.11
[INFO] [stderr]    Compiling ordered-float v5.3.0
[INFO] [stderr]    Compiling cobs v0.3.0
[INFO] [stderr]    Compiling derive-where v1.6.1
[INFO] [stderr]    Compiling hex-literal v0.4.1
[INFO] [stderr]    Compiling rangemap v1.7.1
[INFO] [stderr]    Compiling bytemuck v1.25.0
[INFO] [stderr]    Compiling ruint-macro v1.2.1
[INFO] [stderr]    Compiling postcard v1.1.3
[INFO] [stderr]    Compiling xz2 v0.1.7
[INFO] [stderr]    Compiling p256 v0.14.0-rc.11
[INFO] [stderr]    Compiling k256 v0.14.0-rc.11
[INFO] [stderr]    Compiling provekit_noirc_errors v1.0.0-beta.26
[INFO] [stderr]    Compiling toml v0.8.23
[INFO] [stderr]    Compiling ppv-lite86 v0.2.21
[INFO] [stderr]    Compiling rand_chacha v0.3.1
[INFO] [stderr]    Compiling ahash v0.8.12
[INFO] [stderr]    Compiling half v2.7.1
[INFO] [stderr]    Compiling rand v0.8.6
[INFO] [stderr]    Compiling ciborium-ll v0.2.2
[INFO] [stderr]    Compiling clap v4.6.1
[INFO] [stderr]    Compiling ciborium v0.2.2
[INFO] [stderr]    Compiling ark-std v0.6.0
[INFO] [stderr]    Compiling ark-serialize v0.6.0
[INFO] [stderr]    Compiling ruint v1.18.0
[INFO] [stderr]    Compiling ark-ff v0.6.0
[INFO] [stderr]    Compiling ark-poly v0.6.0
[INFO] [stderr]    Compiling provekit-spongefish v0.2.0
[INFO] [stderr]    Compiling provekit-whir v0.2.0
[INFO] [stderr]    Compiling provekit-spongefish-pow v0.2.0
[INFO] [stderr]    Compiling ark-ec v0.6.0
[INFO] [stderr]    Compiling ark-bn254 v0.6.0
[INFO] [stderr]    Compiling acir_field v1.0.0-beta.26
[INFO] [stderr]    Compiling brillig v1.0.0-beta.26
[INFO] [stderr]    Compiling zstd-safe v7.2.4
[INFO] [stderr]    Compiling zstd v0.13.3
[INFO] [stderr]    Compiling provekit_acir v1.0.0-beta.26
[INFO] [stderr]    Compiling provekit_acvm_blackbox_solver v1.0.0-beta.26
[INFO] [stderr]    Compiling provekit_brillig_vm v1.0.0-beta.26
[INFO] [stderr]    Compiling provekit_acvm v1.0.0-beta.26
[INFO] [stderr]    Compiling provekit_noirc_printable_type v1.0.0-beta.26
[INFO] [stderr]    Compiling provekit_noirc_abi v1.0.0-beta.26
[INFO] [stderr]    Compiling provekit_noirc_artifacts v1.0.0-beta.26
[INFO] [stderr]    Compiling provekit-common v1.0.2
[INFO] [stderr]    Compiling provekit-r1cs-compiler v1.0.2 (/opt/rustwide/workdir)
[INFO] [stdout] warning: enum `BinOp` is never used
[INFO] [stdout]   --> src/binops.rs:20:10
[INFO] [stdout]    |
[INFO] [stdout] 20 | pub enum BinOp {
[INFO] [stdout]    |          ^^^^^
[INFO] [stdout]    |
[INFO] [stdout]    = note: `#[warn(dead_code)]` (part of `#[warn(unused)]`) on by default
[INFO] [stdout] 
[INFO] [stdout] 
[INFO] [stdout] warning: function `add_byte_binop` is never used
[INFO] [stdout]    --> src/binops.rs:107:15
[INFO] [stdout]     |
[INFO] [stdout] 107 | pub(crate) fn add_byte_binop(
[INFO] [stdout]     |               ^^^^^^^^^^^^^^
[INFO] [stdout] 
[INFO] [stdout] 
[INFO] [stdout] warning: field `sub_values` is never read
[INFO] [stdout]   --> src/spread.rs:38:9
[INFO] [stdout]    |
[INFO] [stdout] 36 | pub(crate) struct SpreadChunk {
[INFO] [stdout]    |                   ----------- field in this struct
[INFO] [stdout] 37 |     pub total_bits:  u32,
[INFO] [stdout] 38 |     pub sub_values:  Vec<usize>,
[INFO] [stdout]    |         ^^^^^^^^^^
[INFO] [stdout]    |
[INFO] [stdout]    = note: `SpreadChunk` has derived impls for the traits `Debug` and `Clone`, but these are intentionally ignored during dead code analysis
[INFO] [stdout] 
[INFO] [stdout] 
[INFO] [stdout] warning: struct `U8` is never constructed
[INFO] [stdout]   --> src/uints.rs:17:19
[INFO] [stdout]    |
[INFO] [stdout] 17 | pub(crate) struct U8 {
[INFO] [stdout]    |                   ^^
[INFO] [stdout] 
[INFO] [stdout] 
[INFO] [stdout] warning: associated functions `new`, `zero`, and `from_const` are never used
[INFO] [stdout]   --> src/uints.rs:27:19
[INFO] [stdout]    |
[INFO] [stdout] 24 | impl U8 {
[INFO] [stdout]    | ------- associated functions in this implementation
[INFO] [stdout] ...
[INFO] [stdout] 27 |     pub(crate) fn new(idx: usize, range_checked: bool) -> Self {
[INFO] [stdout]    |                   ^^^
[INFO] [stdout] ...
[INFO] [stdout] 33 |     pub(crate) fn zero(r1cs_compiler: &mut NoirToR1CSCompiler) -> Self {
[INFO] [stdout]    |                   ^^^^
[INFO] [stdout] ...
[INFO] [stdout] 47 |     pub(crate) fn from_const(r1cs_compiler: &mut NoirToR1CSCompiler, value: u8) -> Self {
[INFO] [stdout]    |                   ^^^^^^^^^^
[INFO] [stdout] 
[INFO] [stdout] 
[INFO] [stdout] warning: struct `U32` is never constructed
[INFO] [stdout]   --> src/uints.rs:61:19
[INFO] [stdout]    |
[INFO] [stdout] 61 | pub(crate) struct U32 {
[INFO] [stdout]    |                   ^^^
[INFO] [stdout] 
[INFO] [stdout] 
[INFO] [stdout] warning: associated items `new`, `unpack_u32`, `pack`, `pack_cached`, and `from_const` are never used
[INFO] [stdout]    --> src/uints.rs:67:19
[INFO] [stdout]     |
[INFO] [stdout]  65 | impl U32 {
[INFO] [stdout]     | -------- associated items in this implementation
[INFO] [stdout]  66 |     /// Constructs a U32 from four byte witnesses.
[INFO] [stdout]  67 |     pub(crate) fn new(bytes: [U8; 4]) -> Self {
[INFO] [stdout]     |                   ^^^
[INFO] [stdout] ...
[INFO] [stdout]  74 |     pub(crate) fn unpack_u32(
[INFO] [stdout]     |                   ^^^^^^^^^^
[INFO] [stdout] ...
[INFO] [stdout]  97 |     pub(crate) fn pack(
[INFO] [stdout]     |                   ^^^^
[INFO] [stdout] ...
[INFO] [stdout] 132 |     pub(crate) fn pack_cached(
[INFO] [stdout]     |                   ^^^^^^^^^^^
[INFO] [stdout] ...
[INFO] [stdout] 154 |     pub(crate) fn from_const(r1cs_compiler: &mut NoirToR1CSCompiler, value: u32) -> Self {
[INFO] [stdout]     |                   ^^^^^^^^^^
[INFO] [stdout] 
[INFO] [stdout] 
[INFO] [stderr]     Finished `release` profile [optimized] target(s) in 2m 14s
[INFO] running `Command { std: "docker" "inspect" "6f79b3e90db16fac7a0519836d31b3171425c17977e888091bf6131dce32425e", kill_on_drop: false }`
[INFO] running `Command { std: "docker" "exec" "-e" "SOURCE_DIR=/opt/rustwide/workdir" "-e" "CARGO_HOME=/opt/rustwide/cargo-home" "-e" "RUSTUP_HOME=/opt/rustwide/rustup-home" "-e" "CARGO_TARGET_DIR=/opt/rustwide/target" "-e" "CARGO_INCREMENTAL=0" "-e" "RUST_BACKTRACE=full" "-e" "RUSTFLAGS=--cap-lints=warn" "-e" "RUSTDOCFLAGS=--cap-lints=warn" "-w" "/opt/rustwide/workdir" "--user" "0:0" "6f79b3e90db16fac7a0519836d31b3171425c17977e888091bf6131dce32425e" "/opt/rustwide/cargo-home/bin/cargo" "+1.100.0-beta.1" "test" "--frozen" "--no-run" "--message-format=json" "--release", kill_on_drop: false }`
[INFO] [stderr] warning: `package.homepage` is redundant with `package.repository`
[INFO] [stderr]   --> Cargo.toml:94:12
[INFO] [stderr]    |
[INFO] [stderr] 94 | homepage = "https://github.com/worldfnd/ProveKit"
[INFO] [stderr]    |            ^^^^^^^^^^^^^^^^^^^^^^^^^^^^^^^^^^^^^^
[INFO] [stderr] ...
[INFO] [stderr] 98 | repository = "https://github.com/worldfnd/ProveKit"
[INFO] [stderr]    |              --------------------------------------
[INFO] [stderr]    |
[INFO] [stderr]    = note: `cargo::redundant_homepage` is set to `warn` by default
[INFO] [stderr] help: consider removing `package.homepage`
[INFO] [stderr] warning: `provekit-r1cs-compiler` (manifest) generated 1 warning
[INFO] [stderr]    Compiling provekit-r1cs-compiler v1.0.2 (/opt/rustwide/workdir)
[INFO] [stdout] warning: enum `BinOp` is never used
[INFO] [stdout]   --> src/binops.rs:20:10
[INFO] [stdout]    |
[INFO] [stdout] 20 | pub enum BinOp {
[INFO] [stdout]    |          ^^^^^
[INFO] [stdout]    |
[INFO] [stdout]    = note: `#[warn(dead_code)]` (part of `#[warn(unused)]`) on by default
[INFO] [stdout] 
[INFO] [stdout] 
[INFO] [stdout] warning: function `add_byte_binop` is never used
[INFO] [stdout]    --> src/binops.rs:107:15
[INFO] [stdout]     |
[INFO] [stdout] 107 | pub(crate) fn add_byte_binop(
[INFO] [stdout]     |               ^^^^^^^^^^^^^^
[INFO] [stdout] 
[INFO] [stdout] 
[INFO] [stdout] warning: field `sub_values` is never read
[INFO] [stdout]   --> src/spread.rs:38:9
[INFO] [stdout]    |
[INFO] [stdout] 36 | pub(crate) struct SpreadChunk {
[INFO] [stdout]    |                   ----------- field in this struct
[INFO] [stdout] 37 |     pub total_bits:  u32,
[INFO] [stdout] 38 |     pub sub_values:  Vec<usize>,
[INFO] [stdout]    |         ^^^^^^^^^^
[INFO] [stdout]    |
[INFO] [stdout]    = note: `SpreadChunk` has derived impls for the traits `Debug` and `Clone`, but these are intentionally ignored during dead code analysis
[INFO] [stdout] 
[INFO] [stdout] 
[INFO] [stdout] warning: struct `U8` is never constructed
[INFO] [stdout]   --> src/uints.rs:17:19
[INFO] [stdout]    |
[INFO] [stdout] 17 | pub(crate) struct U8 {
[INFO] [stdout]    |                   ^^
[INFO] [stdout] 
[INFO] [stdout] 
[INFO] [stdout] warning: associated functions `new`, `zero`, and `from_const` are never used
[INFO] [stdout]   --> src/uints.rs:27:19
[INFO] [stdout]    |
[INFO] [stdout] 24 | impl U8 {
[INFO] [stdout]    | ------- associated functions in this implementation
[INFO] [stdout] ...
[INFO] [stdout] 27 |     pub(crate) fn new(idx: usize, range_checked: bool) -> Self {
[INFO] [stdout]    |                   ^^^
[INFO] [stdout] ...
[INFO] [stdout] 33 |     pub(crate) fn zero(r1cs_compiler: &mut NoirToR1CSCompiler) -> Self {
[INFO] [stdout]    |                   ^^^^
[INFO] [stdout] ...
[INFO] [stdout] 47 |     pub(crate) fn from_const(r1cs_compiler: &mut NoirToR1CSCompiler, value: u8) -> Self {
[INFO] [stdout]    |                   ^^^^^^^^^^
[INFO] [stdout] 
[INFO] [stdout] 
[INFO] [stdout] warning: struct `U32` is never constructed
[INFO] [stdout]   --> src/uints.rs:61:19
[INFO] [stdout]    |
[INFO] [stdout] 61 | pub(crate) struct U32 {
[INFO] [stdout]    |                   ^^^
[INFO] [stdout] 
[INFO] [stdout] 
[INFO] [stdout] warning: associated items `new`, `unpack_u32`, `pack`, `pack_cached`, and `from_const` are never used
[INFO] [stdout]    --> src/uints.rs:67:19
[INFO] [stdout]     |
[INFO] [stdout]  65 | impl U32 {
[INFO] [stdout]     | -------- associated items in this implementation
[INFO] [stdout]  66 |     /// Constructs a U32 from four byte witnesses.
[INFO] [stdout]  67 |     pub(crate) fn new(bytes: [U8; 4]) -> Self {
[INFO] [stdout]     |                   ^^^
[INFO] [stdout] ...
[INFO] [stdout]  74 |     pub(crate) fn unpack_u32(
[INFO] [stdout]     |                   ^^^^^^^^^^
[INFO] [stdout] ...
[INFO] [stdout]  97 |     pub(crate) fn pack(
[INFO] [stdout]     |                   ^^^^
[INFO] [stdout] ...
[INFO] [stdout] 132 |     pub(crate) fn pack_cached(
[INFO] [stdout]     |                   ^^^^^^^^^^^
[INFO] [stdout] ...
[INFO] [stdout] 154 |     pub(crate) fn from_const(r1cs_compiler: &mut NoirToR1CSCompiler, value: u32) -> Self {
[INFO] [stdout]     |                   ^^^^^^^^^^
[INFO] [stdout] 
[INFO] [stdout] 
[INFO] [stdout] warning: enum `BinOp` is never used
[INFO] [stdout]   --> src/binops.rs:20:10
[INFO] [stdout]    |
[INFO] [stdout] 20 | pub enum BinOp {
[INFO] [stdout]    |          ^^^^^
[INFO] [stdout]    |
[INFO] [stdout]    = note: `#[warn(dead_code)]` (part of `#[warn(unused)]`) on by default
[INFO] [stdout] 
[INFO] [stdout] 
[INFO] [stdout] warning: function `add_byte_binop` is never used
[INFO] [stdout]    --> src/binops.rs:107:15
[INFO] [stdout]     |
[INFO] [stdout] 107 | pub(crate) fn add_byte_binop(
[INFO] [stdout]     |               ^^^^^^^^^^^^^^
[INFO] [stdout] 
[INFO] [stdout] 
[INFO] [stdout] warning: field `sub_values` is never read
[INFO] [stdout]   --> src/spread.rs:38:9
[INFO] [stdout]    |
[INFO] [stdout] 36 | pub(crate) struct SpreadChunk {
[INFO] [stdout]    |                   ----------- field in this struct
[INFO] [stdout] 37 |     pub total_bits:  u32,
[INFO] [stdout] 38 |     pub sub_values:  Vec<usize>,
[INFO] [stdout]    |         ^^^^^^^^^^
[INFO] [stdout]    |
[INFO] [stdout]    = note: `SpreadChunk` has derived impls for the traits `Debug` and `Clone`, but these are intentionally ignored during dead code analysis
[INFO] [stdout] 
[INFO] [stdout] 
[INFO] [stdout] warning: struct `U8` is never constructed
[INFO] [stdout]   --> src/uints.rs:17:19
[INFO] [stdout]    |
[INFO] [stdout] 17 | pub(crate) struct U8 {
[INFO] [stdout]    |                   ^^
[INFO] [stdout] 
[INFO] [stdout] 
[INFO] [stdout] warning: associated functions `new`, `zero`, and `from_const` are never used
[INFO] [stdout]   --> src/uints.rs:27:19
[INFO] [stdout]    |
[INFO] [stdout] 24 | impl U8 {
[INFO] [stdout]    | ------- associated functions in this implementation
[INFO] [stdout] ...
[INFO] [stdout] 27 |     pub(crate) fn new(idx: usize, range_checked: bool) -> Self {
[INFO] [stdout]    |                   ^^^
[INFO] [stdout] ...
[INFO] [stdout] 33 |     pub(crate) fn zero(r1cs_compiler: &mut NoirToR1CSCompiler) -> Self {
[INFO] [stdout]    |                   ^^^^
[INFO] [stdout] ...
[INFO] [stdout] 47 |     pub(crate) fn from_const(r1cs_compiler: &mut NoirToR1CSCompiler, value: u8) -> Self {
[INFO] [stdout]    |                   ^^^^^^^^^^
[INFO] [stdout] 
[INFO] [stdout] 
[INFO] [stdout] warning: struct `U32` is never constructed
[INFO] [stdout]   --> src/uints.rs:61:19
[INFO] [stdout]    |
[INFO] [stdout] 61 | pub(crate) struct U32 {
[INFO] [stdout]    |                   ^^^
[INFO] [stdout] 
[INFO] [stdout] 
[INFO] [stdout] warning: associated items `new`, `unpack_u32`, `pack`, `pack_cached`, and `from_const` are never used
[INFO] [stdout]    --> src/uints.rs:67:19
[INFO] [stdout]     |
[INFO] [stdout]  65 | impl U32 {
[INFO] [stdout]     | -------- associated items in this implementation
[INFO] [stdout]  66 |     /// Constructs a U32 from four byte witnesses.
[INFO] [stdout]  67 |     pub(crate) fn new(bytes: [U8; 4]) -> Self {
[INFO] [stdout]     |                   ^^^
[INFO] [stdout] ...
[INFO] [stdout]  74 |     pub(crate) fn unpack_u32(
[INFO] [stdout]     |                   ^^^^^^^^^^
[INFO] [stdout] ...
[INFO] [stdout]  97 |     pub(crate) fn pack(
[INFO] [stdout]     |                   ^^^^
[INFO] [stdout] ...
[INFO] [stdout] 132 |     pub(crate) fn pack_cached(
[INFO] [stdout]     |                   ^^^^^^^^^^^
[INFO] [stdout] ...
[INFO] [stdout] 154 |     pub(crate) fn from_const(r1cs_compiler: &mut NoirToR1CSCompiler, value: u32) -> Self {
[INFO] [stdout]     |                   ^^^^^^^^^^
[INFO] [stdout] 
[INFO] [stdout] 
[INFO] [stderr]     Finished `release` profile [optimized] target(s) in 41.42s
[INFO] running `Command { std: "docker" "inspect" "6f79b3e90db16fac7a0519836d31b3171425c17977e888091bf6131dce32425e", kill_on_drop: false }`
[INFO] running `Command { std: "docker" "exec" "-e" "SOURCE_DIR=/opt/rustwide/workdir" "-e" "CARGO_HOME=/opt/rustwide/cargo-home" "-e" "RUSTUP_HOME=/opt/rustwide/rustup-home" "-e" "CARGO_TARGET_DIR=/opt/rustwide/target" "-e" "CARGO_INCREMENTAL=0" "-e" "RUST_BACKTRACE=full" "-e" "RUSTFLAGS=--cap-lints=warn" "-e" "RUSTDOCFLAGS=--cap-lints=warn" "-w" "/opt/rustwide/workdir" "--user" "0:0" "6f79b3e90db16fac7a0519836d31b3171425c17977e888091bf6131dce32425e" "/opt/rustwide/cargo-home/bin/cargo" "+1.100.0-beta.1" "test" "--frozen" "--release", kill_on_drop: false }`
[INFO] [stderr] warning: `package.homepage` is redundant with `package.repository`
[INFO] [stderr]   --> Cargo.toml:94:12
[INFO] [stderr]    |
[INFO] [stderr] 94 | homepage = "https://github.com/worldfnd/ProveKit"
[INFO] [stderr]    |            ^^^^^^^^^^^^^^^^^^^^^^^^^^^^^^^^^^^^^^
[INFO] [stderr] ...
[INFO] [stderr] 98 | repository = "https://github.com/worldfnd/ProveKit"
[INFO] [stderr]    |              --------------------------------------
[INFO] [stderr]    |
[INFO] [stderr]    = note: `cargo::redundant_homepage` is set to `warn` by default
[INFO] [stderr] help: consider removing `package.homepage`
[INFO] [stderr] warning: `provekit-r1cs-compiler` (manifest) generated 1 warning
[INFO] [stderr] warning: enum `BinOp` is never used
[INFO] [stderr]   --> src/binops.rs:20:10
[INFO] [stderr]    |
[INFO] [stderr] 20 | pub enum BinOp {
[INFO] [stderr]    |          ^^^^^
[INFO] [stderr]    |
[INFO] [stderr]    = note: `#[warn(dead_code)]` (part of `#[warn(unused)]`) on by default
[INFO] [stderr] 
[INFO] [stderr] warning: function `add_byte_binop` is never used
[INFO] [stderr]    --> src/binops.rs:107:15
[INFO] [stderr]     |
[INFO] [stderr] 107 | pub(crate) fn add_byte_binop(
[INFO] [stderr]     |               ^^^^^^^^^^^^^^
[INFO] [stderr] 
[INFO] [stderr] warning: field `sub_values` is never read
[INFO] [stderr]   --> src/spread.rs:38:9
[INFO] [stderr]    |
[INFO] [stderr] 36 | pub(crate) struct SpreadChunk {
[INFO] [stderr]    |                   ----------- field in this struct
[INFO] [stderr] 37 |     pub total_bits:  u32,
[INFO] [stderr] 38 |     pub sub_values:  Vec<usize>,
[INFO] [stderr]    |         ^^^^^^^^^^
[INFO] [stderr]    |
[INFO] [stderr]    = note: `SpreadChunk` has derived impls for the traits `Debug` and `Clone`, but these are intentionally ignored during dead code analysis
[INFO] [stderr] 
[INFO] [stderr] warning: struct `U8` is never constructed
[INFO] [stderr]   --> src/uints.rs:17:19
[INFO] [stderr]    |
[INFO] [stderr] 17 | pub(crate) struct U8 {
[INFO] [stderr]    |                   ^^
[INFO] [stderr] 
[INFO] [stderr] warning: associated functions `new`, `zero`, and `from_const` are never used
[INFO] [stderr]   --> src/uints.rs:27:19
[INFO] [stderr]    |
[INFO] [stderr] 24 | impl U8 {
[INFO] [stderr]    | ------- associated functions in this implementation
[INFO] [stderr] ...
[INFO] [stderr] 27 |     pub(crate) fn new(idx: usize, range_checked: bool) -> Self {
[INFO] [stderr]    |                   ^^^
[INFO] [stderr] ...
[INFO] [stderr] 33 |     pub(crate) fn zero(r1cs_compiler: &mut NoirToR1CSCompiler) -> Self {
[INFO] [stderr]    |                   ^^^^
[INFO] [stderr] ...
[INFO] [stderr] 47 |     pub(crate) fn from_const(r1cs_compiler: &mut NoirToR1CSCompiler, value: u8) -> Self {
[INFO] [stderr]    |                   ^^^^^^^^^^
[INFO] [stderr] 
[INFO] [stderr] warning: struct `U32` is never constructed
[INFO] [stderr]   --> src/uints.rs:61:19
[INFO] [stderr]    |
[INFO] [stderr] 61 | pub(crate) struct U32 {
[INFO] [stderr]    |                   ^^^
[INFO] [stderr] 
[INFO] [stderr] warning: associated items `new`, `unpack_u32`, `pack`, `pack_cached`, and `from_const` are never used
[INFO] [stderr]    --> src/uints.rs:67:19
[INFO] [stderr]     |
[INFO] [stderr]  65 | impl U32 {
[INFO] [stderr]     | -------- associated items in this implementation
[INFO] [stderr]  66 |     /// Constructs a U32 from four byte witnesses.
[INFO] [stderr]  67 |     pub(crate) fn new(bytes: [U8; 4]) -> Self {
[INFO] [stderr]     |                   ^^^
[INFO] [stderr] ...
[INFO] [stderr]  74 |     pub(crate) fn unpack_u32(
[INFO] [stderr]     |                   ^^^^^^^^^^
[INFO] [stderr] ...
[INFO] [stderr]  97 |     pub(crate) fn pack(
[INFO] [stderr]     |                   ^^^^
[INFO] [stderr] ...
[INFO] [stderr] 132 |     pub(crate) fn pack_cached(
[INFO] [stderr]     |                   ^^^^^^^^^^^
[INFO] [stderr] ...
[INFO] [stderr] 154 |     pub(crate) fn from_const(r1cs_compiler: &mut NoirToR1CSCompiler, value: u32) -> Self {
[INFO] [stderr]     |                   ^^^^^^^^^^
[INFO] [stderr] 
[INFO] [stderr] warning: `provekit-r1cs-compiler` (lib) generated 7 warnings
[INFO] [stderr] warning: `provekit-r1cs-compiler` (lib test) generated 7 warnings (7 duplicates)
[INFO] [stderr]     Finished `release` profile [optimized] target(s) in 0.32s
[INFO] [stderr]      Running unittests src/lib.rs (/opt/rustwide/target/release/build/provekit-r1cs-compiler/b6d75c3c394174f0/out/provekit_r1cs_compiler-b6d75c3c394174f0)
[INFO] [stdout] 
[INFO] [stdout] running 14 tests
[INFO] [stdout] test binops::tests::optimal_binop_width_always_divides_8 ... ok
[INFO] [stdout] test whir_r1cs::tests::verify_security_level ... ok
[INFO] [stdout] test noir_proof_scheme::tests::test_witness_builder_serde ... ok
[INFO] [stdout] test spread::tests::constant_decomp_pins_correct_spread_values ... ok
[INFO] [stdout] test whir_r1cs::tests::verify_security_level_min_variables ... ok
[INFO] [stdout] test spread::tests::test_optimal_spread_width ... ok
[INFO] [stdout] test binops::tests::non_canonical_byte_rejected_by_recomposition ... ok
[INFO] [stdout] test range_check::tests::bucket_cost_overflow_guard ... ok
[INFO] [stdout] test noir_proof_scheme::tests::test_noir_proof_scheme_serde ... FAILED
[INFO] [stdout] test poseidon2::constants::tests_constants_t4::t4_internal_mds_diag_matches_reference ... ok
[INFO] [stdout] test range_check::tests::bucket_cost_zero_cases ... ok
[INFO] [stdout] test range_check::tests::should_use_logup_decision ... ok
[INFO] [stdout] test poseidon2::constants::tests_constants_t4::t4_round_constants_sample_match_reference ... ok
[INFO] [stdout] test spread::tests::constant_decomp_multi_sub_chunk ... ok
[INFO] [stdout] 
[INFO] [stdout] failures:
[INFO] [stdout] 
[INFO] [stdout] ---- noir_proof_scheme::tests::test_noir_proof_scheme_serde stdout ----
[INFO] [stdout] 
[INFO] [stdout] thread 'noir_proof_scheme::tests::test_noir_proof_scheme_serde' (2631) panicked at src/noir_proof_scheme.rs:138:61:
[INFO] [stdout] called `Result::unwrap()` on an `Err` value: while opening Noir program
[INFO] [stdout] 
[INFO] [stdout] Caused by:
[INFO] [stdout]     No such file or directory (os error 2)
[INFO] [stdout] 
[INFO] [stdout] Stack backtrace:
[INFO] [stdout]    0: <core::io::error::Error as anyhow::context::ext::StdError>::ext_context::<&str>
[INFO] [stdout]    1: <provekit_common::noir_proof_scheme::NoirProofScheme as provekit_r1cs_compiler::noir_proof_scheme::NoirProofSchemeBuilder>::from_file::<std::path::PathBuf>
[INFO] [stdout]    2: <provekit_r1cs_compiler::noir_proof_scheme::tests::test_noir_proof_scheme_serde::{closure#0} as core::ops::function::FnOnce<()>>::call_once
[INFO] [stdout]    3: test::__rust_begin_short_backtrace::<core::result::Result<(), alloc::string::String>, fn() -> core::result::Result<(), alloc::string::String>>
[INFO] [stdout]    4: test::run_test::{closure#0}
[INFO] [stdout]    5: std::sys::backtrace::__rust_begin_short_backtrace::<test::run_test::{closure#1}, ()>
[INFO] [stdout]    6: <std::thread::lifecycle::spawn_unchecked<test::run_test::{closure#1}, ()>::{closure#1} as core::ops::function::FnOnce<()>>::call_once::{shim:vtable#0}
[INFO] [stdout]    7: <std::sys::thread::unix::Thread>::new::thread_start
[INFO] [stdout]    8: <unknown>
[INFO] [stdout]    9: clone
[INFO] [stdout] stack backtrace:
[INFO] [stdout]    0:     0x559587577da1 - <<std[617be2ca0a6fd877]::sys::backtrace::BacktraceLock>::print::DisplayBacktrace as core[a373ad73a504971]::fmt::Display>::fmt
[INFO] [stdout]    1:     0x55958758ec2a - core[a373ad73a504971]::fmt::write
[INFO] [stdout]    2:     0x55958757c50c - <alloc[2e1b2a31b91974c5]::vec::Vec<u8> as core[a373ad73a504971]::io::write::Write>::write_fmt
[INFO] [stdout]    3:     0x559587553846 - std[617be2ca0a6fd877]::panicking::default_hook::{closure#0}
[INFO] [stdout]    4:     0x559587570109 - std[617be2ca0a6fd877]::panicking::default_hook
[INFO] [stdout]    5:     0x5595874a78d0 - test[aada8e7e76ba119b]::test_main_inner::{closure#0}
[INFO] [stdout]    6:     0x559587570432 - std[617be2ca0a6fd877]::panicking::panic_with_hook
[INFO] [stdout]    7:     0x5595875538f2 - std[617be2ca0a6fd877]::panicking::panic_handler::{closure#0}
[INFO] [stdout]    8:     0x55958754c079 - std[617be2ca0a6fd877]::sys::backtrace::__rust_end_short_backtrace::<std[617be2ca0a6fd877]::panicking::panic_handler::{closure#0}, !>
[INFO] [stdout]    9:     0x55958755460d - __rustc[ea4f61d10b84890b]::rust_begin_unwind
[INFO] [stdout]   10:     0x55958758f38c - core[a373ad73a504971]::panicking::panic_fmt
[INFO] [stdout]   11:     0x55958758f162 - core[a373ad73a504971]::result::unwrap_failed
[INFO] [stdout]   12:     0x5595873b82a2 - <provekit_r1cs_compiler[293e0d35a965352b]::noir_proof_scheme::tests::test_noir_proof_scheme_serde::{closure#0} as core[a373ad73a504971]::ops::function::FnOnce<()>>::call_once
[INFO] [stdout]   13:     0x55958749ad1b - test[aada8e7e76ba119b]::__rust_begin_short_backtrace::<core[a373ad73a504971]::result::Result<(), alloc[2e1b2a31b91974c5]::string::String>, fn() -> core[a373ad73a504971]::result::Result<(), alloc[2e1b2a31b91974c5]::string::String>>
[INFO] [stdout]   14:     0x5595874a7ef5 - test[aada8e7e76ba119b]::run_test::{closure#0}
[INFO] [stdout]   15:     0x5595874a17e4 - std[617be2ca0a6fd877]::sys::backtrace::__rust_begin_short_backtrace::<test[aada8e7e76ba119b]::run_test::{closure#1}, ()>
[INFO] [stdout]   16:     0x5595874aaf82 - <std[617be2ca0a6fd877]::thread::lifecycle::spawn_unchecked<test[aada8e7e76ba119b]::run_test::{closure#1}, ()>::{closure#1} as core[a373ad73a504971]::ops::function::FnOnce<()>>::call_once::{shim:vtable#0}
[INFO] [stdout]   17:     0x5595875775bf - <std[617be2ca0a6fd877]::sys::thread::unix::Thread>::new::thread_start
[INFO] [stdout]   18:     0x715c6720edfa - <unknown>
[INFO] [stdout]   19:     0x715c672a23d4 - clone
[INFO] [stdout]   20:                0x0 - <unknown>
[INFO] [stdout] 
[INFO] [stdout] 
[INFO] [stdout] failures:
[INFO] [stdout]     noir_proof_scheme::tests::test_noir_proof_scheme_serde
[INFO] [stdout] 
[INFO] [stdout] test result: FAILED. 13 passed; 1 failed; 0 ignored; 0 measured; 0 filtered out; finished in 0.01s
[INFO] [stdout] 
[INFO] [stderr] error: test failed, to rerun pass `--lib`
[INFO] running `Command { std: "docker" "inspect" "6f79b3e90db16fac7a0519836d31b3171425c17977e888091bf6131dce32425e", kill_on_drop: false }`
[INFO] running `Command { std: "docker" "rm" "-f" "6f79b3e90db16fac7a0519836d31b3171425c17977e888091bf6131dce32425e", kill_on_drop: false }`
[INFO] [stdout] 6f79b3e90db16fac7a0519836d31b3171425c17977e888091bf6131dce32425e
