[INFO] fetching crate provcfg 0.1.0...
[INFO] testing provcfg-0.1.0 against 1.99.0-beta.8+cargoflags=--release for beta-release-1.100-2
[INFO] extracting crate provcfg 0.1.0 into /workspace/builds/worker-3-tc1/source
[INFO] started tweaking crates.io crate provcfg 0.1.0
[INFO] removed 0 missing tests
[INFO] finished tweaking crates.io crate provcfg 0.1.0
[INFO] tweaked toml for crates.io crate provcfg 0.1.0 written to /workspace/builds/worker-3-tc1/source/Cargo.toml
[INFO] validating manifest of crates.io crate provcfg 0.1.0 on toolchain 1.99.0-beta.8
[INFO] running `Command { std: CARGO_HOME="/workspace/cargo-home" RUSTUP_HOME="/workspace/rustup-home" "/workspace/cargo-home/bin/cargo" "+1.99.0-beta.8" "metadata" "--manifest-path" "Cargo.toml" "--no-deps", kill_on_drop: false }`
[INFO] crate crates.io crate provcfg 0.1.0 already has a lockfile, it will not be regenerated
[INFO] running `Command { std: CARGO_HOME="/workspace/cargo-home" RUSTUP_HOME="/workspace/rustup-home" "/workspace/cargo-home/bin/cargo" "+1.99.0-beta.8" "fetch" "--manifest-path" "Cargo.toml", kill_on_drop: false }`
[INFO] [stderr]     Updating crates.io index
[INFO] [stderr]  Downloading crates ...
[INFO] [stderr]   Downloaded toml_writer v1.1.1+spec-1.1.0
[INFO] [stderr]   Downloaded toml_parser v1.1.2+spec-1.1.0
[INFO] [stderr]   Downloaded target-triple v1.0.0
[INFO] [stderr]   Downloaded provcfg-clap v0.1.0
[INFO] [stderr]   Downloaded trybuild v1.0.116
[INFO] [stderr]   Downloaded toml v1.1.2+spec-1.1.0
[INFO] [stderr]   Downloaded provcfg-macros v0.1.0
[INFO] [stderr]   Downloaded provcfg-clap-macros v0.1.0
[INFO] [stderr]   Downloaded toml_datetime v0.7.5+spec-1.1.0
[INFO] [stderr]   Downloaded glob v0.3.3
[INFO] [stderr]   Downloaded clap_derive v4.6.1
[INFO] [stderr]   Downloaded toml v0.9.12+spec-1.1.0
[INFO] [stderr]   Downloaded wasip2 v1.0.3+wasi-0.2.9
[INFO] [stderr]   Downloaded winnow v1.0.3
[INFO] running `Command { std: "docker" "create" "-v" "/var/lib/crater-agent-workspace/builds/worker-3-tc1/source:/opt/rustwide/workdir:ro,Z" "-v" "/var/lib/crater-agent-workspace/builds/worker-3-tc1/target:/opt/rustwide/target:rw,Z" "-v" "/var/lib/crater-agent-workspace/cargo-home:/opt/rustwide/cargo-home:ro,Z" "-v" "/var/lib/crater-agent-workspace/rustup-home:/opt/rustwide/rustup-home:ro,Z" "-m" "1610612736" "--network" "none" "ghcr.io/rust-lang/crates-build-env/linux@sha256:77db811e55d90add9212f6832c23229e3de5f1c1f9905e8cb07319ea15df73ac" "sleep" "infinity", kill_on_drop: false }`
[INFO] [stdout] da93cfac9702a5964dc271c1fad1cb2c70838ffd731404cb4362284d9c180889
[INFO] running `Command { std: "docker" "start" "da93cfac9702a5964dc271c1fad1cb2c70838ffd731404cb4362284d9c180889", kill_on_drop: false }`
[INFO] running `Command { std: "docker" "inspect" "da93cfac9702a5964dc271c1fad1cb2c70838ffd731404cb4362284d9c180889", kill_on_drop: false }`
[INFO] running `Command { std: "docker" "exec" "-e" "SOURCE_DIR=/opt/rustwide/workdir" "-e" "CARGO_HOME=/opt/rustwide/cargo-home" "-e" "RUSTUP_HOME=/opt/rustwide/rustup-home" "-e" "CARGO_TARGET_DIR=/opt/rustwide/target" "-w" "/opt/rustwide/workdir" "--user" "0:0" "da93cfac9702a5964dc271c1fad1cb2c70838ffd731404cb4362284d9c180889" "/opt/rustwide/cargo-home/bin/cargo" "+1.99.0-beta.8" "metadata" "--no-deps" "--format-version=1", kill_on_drop: false }`
[INFO] running `Command { std: "docker" "inspect" "da93cfac9702a5964dc271c1fad1cb2c70838ffd731404cb4362284d9c180889", kill_on_drop: false }`
[INFO] running `Command { std: "docker" "exec" "-e" "SOURCE_DIR=/opt/rustwide/workdir" "-e" "CARGO_HOME=/opt/rustwide/cargo-home" "-e" "RUSTUP_HOME=/opt/rustwide/rustup-home" "-e" "CARGO_TARGET_DIR=/opt/rustwide/target" "-e" "CARGO_INCREMENTAL=0" "-e" "RUST_BACKTRACE=full" "-e" "RUSTFLAGS=--cap-lints=warn" "-e" "RUSTDOCFLAGS=--cap-lints=warn" "-w" "/opt/rustwide/workdir" "--user" "0:0" "da93cfac9702a5964dc271c1fad1cb2c70838ffd731404cb4362284d9c180889" "/opt/rustwide/cargo-home/bin/cargo" "+1.99.0-beta.8" "build" "--frozen" "--message-format=json" "--release", kill_on_drop: false }`
[INFO] [stderr]    Compiling proc-macro2 v1.0.106
[INFO] [stderr]    Compiling quote v1.0.45
[INFO] [stderr]    Compiling serde_core v1.0.228
[INFO] [stderr]    Compiling zmij v1.0.21
[INFO] [stderr]    Compiling typeid v1.0.3
[INFO] [stderr]    Compiling thiserror v2.0.18
[INFO] [stderr]    Compiling serde_json v1.0.149
[INFO] [stderr]    Compiling serde v1.0.228
[INFO] [stderr]    Compiling erased-serde v0.4.10
[INFO] [stderr]    Compiling memchr v2.8.0
[INFO] [stderr]    Compiling syn v2.0.117
[INFO] [stderr]    Compiling serde_derive v1.0.228
[INFO] [stderr]    Compiling thiserror-impl v2.0.18
[INFO] [stderr]    Compiling provcfg-macros v0.1.0
[INFO] [stderr]    Compiling provcfg v0.1.0 (/opt/rustwide/workdir)
[INFO] [stderr]     Finished `release` profile [optimized] target(s) in 13.78s
[INFO] running `Command { std: "docker" "inspect" "da93cfac9702a5964dc271c1fad1cb2c70838ffd731404cb4362284d9c180889", kill_on_drop: false }`
[INFO] running `Command { std: "docker" "exec" "-e" "SOURCE_DIR=/opt/rustwide/workdir" "-e" "CARGO_HOME=/opt/rustwide/cargo-home" "-e" "RUSTUP_HOME=/opt/rustwide/rustup-home" "-e" "CARGO_TARGET_DIR=/opt/rustwide/target" "-e" "CARGO_INCREMENTAL=0" "-e" "RUST_BACKTRACE=full" "-e" "RUSTFLAGS=--cap-lints=warn" "-e" "RUSTDOCFLAGS=--cap-lints=warn" "-w" "/opt/rustwide/workdir" "--user" "0:0" "da93cfac9702a5964dc271c1fad1cb2c70838ffd731404cb4362284d9c180889" "/opt/rustwide/cargo-home/bin/cargo" "+1.99.0-beta.8" "test" "--frozen" "--no-run" "--message-format=json" "--release", kill_on_drop: false }`
[INFO] [stderr]    Compiling utf8parse v0.2.2
[INFO] [stderr]    Compiling libc v0.2.186
[INFO] [stderr]    Compiling colorchoice v1.0.5
[INFO] [stderr]    Compiling anstyle-query v1.1.5
[INFO] [stderr]    Compiling anstyle v1.0.14
[INFO] [stderr]    Compiling target-triple v1.0.0
[INFO] [stderr]    Compiling getrandom v0.4.2
[INFO] [stderr]    Compiling winnow v1.0.3
[INFO] [stderr]    Compiling is_terminal_polyfill v1.70.2
[INFO] [stderr]    Compiling serde_spanned v1.1.1
[INFO] [stderr]    Compiling toml_datetime v1.1.1+spec-1.1.0
[INFO] [stderr]    Compiling anstyle-parse v1.0.0
[INFO] [stderr]    Compiling clap_lex v1.1.0
[INFO] [stderr]    Compiling bitflags v2.11.1
[INFO] [stderr]    Compiling toml_writer v1.1.1+spec-1.1.0
[INFO] [stderr]    Compiling heck v0.5.0
[INFO] [stderr]    Compiling strsim v0.11.1
[INFO] [stderr]    Compiling termcolor v1.4.1
[INFO] [stderr]    Compiling once_cell v1.21.4
[INFO] [stderr]    Compiling glob v0.3.3
[INFO] [stderr]    Compiling fastrand v2.4.1
[INFO] [stderr]    Compiling anstream v1.0.0
[INFO] [stderr]    Compiling rustix v1.1.4
[INFO] [stderr]    Compiling clap_derive v4.6.1
[INFO] [stderr]    Compiling clap_builder v4.6.0
[INFO] [stderr]    Compiling toml_parser v1.1.2+spec-1.1.0
[INFO] [stderr]    Compiling toml v1.1.2+spec-1.1.0
[INFO] [stderr]    Compiling trybuild v1.0.116
[INFO] [stderr]    Compiling tempfile v3.27.0
[INFO] [stderr]    Compiling clap v4.6.1
[INFO] [stderr]    Compiling provcfg v0.1.0 (/opt/rustwide/workdir)
[INFO] [stderr]     Finished `release` profile [optimized] target(s) in 34.70s
[INFO] running `Command { std: "docker" "inspect" "da93cfac9702a5964dc271c1fad1cb2c70838ffd731404cb4362284d9c180889", kill_on_drop: false }`
[INFO] running `Command { std: "docker" "exec" "-e" "SOURCE_DIR=/opt/rustwide/workdir" "-e" "CARGO_HOME=/opt/rustwide/cargo-home" "-e" "RUSTUP_HOME=/opt/rustwide/rustup-home" "-e" "CARGO_TARGET_DIR=/opt/rustwide/target" "-e" "CARGO_INCREMENTAL=0" "-e" "RUST_BACKTRACE=full" "-e" "RUSTFLAGS=--cap-lints=warn" "-e" "RUSTDOCFLAGS=--cap-lints=warn" "-w" "/opt/rustwide/workdir" "--user" "0:0" "da93cfac9702a5964dc271c1fad1cb2c70838ffd731404cb4362284d9c180889" "/opt/rustwide/cargo-home/bin/cargo" "+1.99.0-beta.8" "test" "--frozen" "--release", kill_on_drop: false }`
[INFO] [stdout] 
[INFO] [stdout] running 14 tests
[INFO] [stderr]     Finished `release` profile [optimized] target(s) in 0.09s
[INFO] [stderr]      Running unittests src/lib.rs (/opt/rustwide/target/release/deps/provcfg-e5c13640f0067958)
[INFO] [stdout] test tests::walk_and_serialize::walk_leaves_flags_secret_fields ... ok
[INFO] [stdout] test tests::attributes::secret_attribute_marks_value_history ... ok
[INFO] [stdout] test tests::defaults::build_with_no_sources_uses_defaults ... ok
[INFO] [stdout] test tests::sources::env_parent_child_collision_resolves_deterministically_to_child ... ok
[INFO] [stdout] test tests::basics::partial_from_ref_wraps_every_field_in_some ... ok
[INFO] [stdout] test tests::attributes::env_list_attribute_accepts_comma_string_from_env ... ok
[INFO] [stdout] test tests::walk_and_serialize::category_serializes_to_lowercase_string ... ok
[INFO] [stdout] test tests::basics::all_skipped_struct_compiles_and_converts ... ok
[INFO] [stdout] test tests::sources::env_source_supports_nested_via_double_underscore ... ok
[INFO] [stdout] test tests::sources::env_source_reads_flat_fields_with_env_category ... ok
[INFO] [stdout] test tests::sources::env_source_with_list_keys_splits_csv_for_named_paths ... ok
[INFO] [stdout] test tests::basics::prov_into_user_struct_fills_skipped_field_with_default ... ok
[INFO] [stdout] test tests::basics::partial_from_default_uses_struct_defaults ... ok
[INFO] [stdout] test tests::attributes::rename_attribute_changes_env_lookup_name ... ok
[INFO] [stdout] 
[INFO] [stdout] test result: ok. 14 passed; 0 failed; 0 ignored; 0 measured; 0 filtered out; finished in 0.02s
[INFO] [stdout] 
[INFO] [stderr]      Running tests/ui.rs (/opt/rustwide/target/release/deps/ui-387c6363e6dc0cf0)
[INFO] [stdout] 
[INFO] [stdout] running 1 test
[INFO] [stderr]    Compiling proc-macro2 v1.0.106
[INFO] [stderr]    Compiling unicode-ident v1.0.24
[INFO] [stderr]    Compiling quote v1.0.45
[INFO] [stderr]    Compiling serde_core v1.0.228
[INFO] [stderr]     Checking utf8parse v0.2.2
[INFO] [stderr]    Compiling typeid v1.0.3
[INFO] [stderr]    Compiling zmij v1.0.21
[INFO] [stderr]    Compiling libc v0.2.186
[INFO] [stderr]     Checking anstyle-query v1.1.5
[INFO] [stderr]     Checking anstyle v1.0.14
[INFO] [stderr]    Compiling serde_json v1.0.149
[INFO] [stderr]    Compiling serde v1.0.228
[INFO] [stderr]    Compiling erased-serde v0.4.10
[INFO] [stderr]    Compiling rustix v1.1.4
[INFO] [stderr]    Compiling thiserror v2.0.18
[INFO] [stderr]    Compiling getrandom v0.4.2
[INFO] [stderr]     Checking is_terminal_polyfill v1.70.2
[INFO] [stderr]     Checking anstyle-parse v1.0.0
[INFO] [stderr]     Checking colorchoice v1.0.5
[INFO] [stderr]     Checking cfg-if v1.0.4
[INFO] [stderr]     Checking linux-raw-sys v0.12.1
[INFO] [stderr]     Checking bitflags v2.11.1
[INFO] [stderr]     Checking itoa v1.0.18
[INFO] [stderr]    Compiling heck v0.5.0
[INFO] [stderr]     Checking strsim v0.11.1
[INFO] [stderr]     Checking clap_lex v1.1.0
[INFO] [stderr]     Checking anstream v1.0.0
[INFO] [stderr]     Checking memchr v2.8.0
[INFO] [stderr]     Checking fastrand v2.4.1
[INFO] [stderr]     Checking once_cell v1.21.4
[INFO] [stderr]     Checking clap_builder v4.6.0
[INFO] [stderr]    Compiling syn v2.0.117
[INFO] [stderr]     Checking tempfile v3.27.0
[INFO] [stderr]    Compiling serde_derive v1.0.228
[INFO] [stderr]    Compiling thiserror-impl v2.0.18
[INFO] [stderr]    Compiling clap_derive v4.6.1
[INFO] [stderr]    Compiling provcfg-macros v0.1.0
[INFO] [stderr]     Checking clap v4.6.1
[INFO] [stderr]     Checking provcfg v0.1.0 (/opt/rustwide/workdir)
[INFO] [stderr]     Checking provcfg-tests v0.0.0 (/opt/rustwide/target/tests/trybuild/provcfg)
[INFO] [stderr]     Finished `dev` profile [unoptimized + debuginfo] target(s) in 15.83s
[INFO] [stderr] 
[INFO] [stderr] 
[INFO] [stderr] test tests/ui/clapargs_unknown_struct_key.rs ... mismatch
[INFO] [stdout] test ui_compile_fail ... FAILED
[INFO] [stderr] 
[INFO] [stdout] 
[INFO] [stderr] EXPECTED:
[INFO] [stdout] failures:
[INFO] [stderr] ┈┈┈┈┈┈┈┈┈┈┈┈┈┈┈┈┈┈┈┈┈┈┈┈┈┈┈┈┈┈┈┈┈┈┈┈┈┈┈┈┈┈┈┈┈┈┈┈┈┈┈┈┈┈┈┈┈┈┈┈
[INFO] [stdout] 
[INFO] [stderr] error: unknown struct-level #[configurable(...)] key; expected `clap_prefix`
[INFO] [stdout] ---- ui_compile_fail stdout ----
[INFO] [stderr]  --> tests/ui/clapargs_unknown_struct_key.rs:5:16
[INFO] [stdout] 
[INFO] [stderr]   |
[INFO] [stdout] thread 'ui_compile_fail' (1240) panicked at /opt/rustwide/cargo-home/registry/src/index.crates.io-1949cf8c6b5b557f/trybuild-1.0.116/src/run.rs:102:13:
[INFO] [stderr] 5 | #[configurable(clap_prefx = "app")]
[INFO] [stdout] 1 of 2 tests failed
[INFO] [stderr]   |                ^^^^^^^^^^
[INFO] [stdout] stack backtrace:
[INFO] [stderr] ┈┈┈┈┈┈┈┈┈┈┈┈┈┈┈┈┈┈┈┈┈┈┈┈┈┈┈┈┈┈┈┈┈┈┈┈┈┈┈┈┈┈┈┈┈┈┈┈┈┈┈┈┈┈┈┈┈┈┈┈
[INFO] [stdout]    0:     0x60088cff98d1 - <<std[70759c8f55707aa4]::sys::backtrace::BacktraceLock>::print::DisplayBacktrace as core[df12db4294e9bfd3]::fmt::Display>::fmt
[INFO] [stderr] 
[INFO] [stdout]    1:     0x60088d00ff5a - core[df12db4294e9bfd3]::fmt::write
[INFO] [stderr] ACTUAL OUTPUT:
[INFO] [stdout]    2:     0x60088cffe39c - <alloc[2182bb758b4b3781]::vec::Vec<u8> as core[df12db4294e9bfd3]::io::write::Write>::write_fmt
[INFO] [stderr] ┈┈┈┈┈┈┈┈┈┈┈┈┈┈┈┈┈┈┈┈┈┈┈┈┈┈┈┈┈┈┈┈┈┈┈┈┈┈┈┈┈┈┈┈┈┈┈┈┈┈┈┈┈┈┈┈┈┈┈┈
[INFO] [stdout]    3:     0x60088cfd2db6 - std[70759c8f55707aa4]::panicking::default_hook::{closure#0}
[INFO] [stderr] error[E0432]: unresolved import `provcfg_clap`
[INFO] [stdout]    4:     0x60088cff0f49 - std[70759c8f55707aa4]::panicking::default_hook
[INFO] [stderr]  --> tests/ui/clapargs_unknown_struct_key.rs:2:5
[INFO] [stdout]    5:     0x60088cf8a220 - test[9d35eded1c95d3be]::test_main_inner::<test[9d35eded1c95d3be]::test_main_static::{closure#0}>::{closure#0}
[INFO] [stderr]   |
[INFO] [stdout]    6:     0x60088cff1102 - std[70759c8f55707aa4]::panicking::panic_with_hook
[INFO] [stderr] 2 | use provcfg_clap::ClapArgs;
[INFO] [stdout]    7:     0x60088cfd2e62 - std[70759c8f55707aa4]::panicking::panic_handler::{closure#0}
[INFO] [stderr]   |     ^^^^^^^^^^^^ use of unresolved module or unlinked crate `provcfg_clap`
[INFO] [stdout]    8:     0x60088cfcb729 - std[70759c8f55707aa4]::sys::backtrace::__rust_end_short_backtrace::<std[70759c8f55707aa4]::panicking::panic_handler::{closure#0}, !>
[INFO] [stderr]   |
[INFO] [stdout]    9:     0x60088cfd3a5d - __rustc[8fa7c3cbc660c2b3]::rust_begin_unwind
[INFO] [stderr]   = help: if you wanted to use a crate named `provcfg_clap`, use `cargo add provcfg_clap` to add it to your `Cargo.toml`
[INFO] [stdout]   10:     0x60088d0106cc - core[df12db4294e9bfd3]::panicking::panic_fmt
[INFO] [stderr] ┈┈┈┈┈┈┈┈┈┈┈┈┈┈┈┈┈┈┈┈┈┈┈┈┈┈┈┈┈┈┈┈┈┈┈┈┈┈┈┈┈┈┈┈┈┈┈┈┈┈┈┈┈┈┈┈┈┈┈┈
[INFO] [stdout]   11:     0x60088ceda308 - <trybuild[ba95b5db61fd3960]::Runner>::run
[INFO] [stderr] note: If the actual output is the correct output you can bless it by rerunning
[INFO] [stdout]   12:     0x60088cedde10 - <trybuild[ba95b5db61fd3960]::TestCases as core[df12db4294e9bfd3]::ops::drop::Drop>::drop
[INFO] [stderr]       your test with the environment variable TRYBUILD=overwrite
[INFO] [stdout]   13:     0x60088ced4e68 - ui[f480e3195aeab62d]::ui_compile_fail
[INFO] [stderr] 
[INFO] [stdout]   14:     0x60088ced5069 - <ui[f480e3195aeab62d]::ui_compile_fail::{closure#0} as core[df12db4294e9bfd3]::ops::function::FnOnce<()>>::call_once
[INFO] [stderr] test tests/ui/configurable_unknown_key.rs ... ok
[INFO] [stdout]   15:     0x60088cf7d50b - test[9d35eded1c95d3be]::__rust_begin_short_backtrace::<core[df12db4294e9bfd3]::result::Result<(), alloc[2182bb758b4b3781]::string::String>, fn() -> core[df12db4294e9bfd3]::result::Result<(), alloc[2182bb758b4b3781]::string::String>>
[INFO] [stderr] 
[INFO] [stdout]   16:     0x60088cf8ab75 - test[9d35eded1c95d3be]::run_test::{closure#0}
[INFO] [stderr] 
[INFO] [stdout]   17:     0x60088cf84434 - std[70759c8f55707aa4]::sys::backtrace::__rust_begin_short_backtrace::<test[9d35eded1c95d3be]::run_test::{closure#1}, ()>
[INFO] [stderr] error: test failed, to rerun pass `--test ui`
[INFO] [stdout]   18:     0x60088cf8dcd2 - <std[70759c8f55707aa4]::thread::lifecycle::spawn_unchecked<test[9d35eded1c95d3be]::run_test::{closure#1}, ()>::{closure#1} as core[df12db4294e9bfd3]::ops::function::FnOnce<()>>::call_once::{shim:vtable#0}
[INFO] [stdout]   19:     0x60088cff8b89 - <std[70759c8f55707aa4]::sys::thread::unix::Thread>::new::thread_start
[INFO] [stdout]   20:     0x77879c6a5dfa - <unknown>
[INFO] [stdout]   21:     0x77879c7393d4 - clone
[INFO] [stdout]   22:                0x0 - <unknown>
[INFO] [stdout] 
[INFO] [stdout] 
[INFO] [stdout] failures:
[INFO] [stdout]     ui_compile_fail
[INFO] [stdout] 
[INFO] [stdout] test result: FAILED. 0 passed; 1 failed; 0 ignored; 0 measured; 0 filtered out; finished in 22.17s
[INFO] [stdout] 
[INFO] running `Command { std: "docker" "inspect" "da93cfac9702a5964dc271c1fad1cb2c70838ffd731404cb4362284d9c180889", kill_on_drop: false }`
[INFO] running `Command { std: "docker" "rm" "-f" "da93cfac9702a5964dc271c1fad1cb2c70838ffd731404cb4362284d9c180889", kill_on_drop: false }`
[INFO] [stdout] da93cfac9702a5964dc271c1fad1cb2c70838ffd731404cb4362284d9c180889
