[INFO] fetching crate protox 0.10.0...
[INFO] testing protox-0.10.0 against 1.100.0-beta.1+cargoflags=--release for beta-release-1.100-2
[INFO] extracting crate protox 0.10.0 into /workspace/builds/worker-3-tc2/source
[INFO] started tweaking crates.io crate protox 0.10.0
[INFO] removed 0 missing tests
[INFO] finished tweaking crates.io crate protox 0.10.0
[INFO] tweaked toml for crates.io crate protox 0.10.0 written to /workspace/builds/worker-3-tc2/source/Cargo.toml
[INFO] validating manifest of crates.io crate protox 0.10.0 on toolchain 1.100.0-beta.1
[INFO] running `Command { std: CARGO_HOME="/workspace/cargo-home" RUSTUP_HOME="/workspace/rustup-home" "/workspace/cargo-home/bin/cargo" "+1.100.0-beta.1" "metadata" "--manifest-path" "Cargo.toml" "--no-deps", kill_on_drop: false }`
[INFO] crate crates.io crate protox 0.10.0 already has a lockfile, it will not be regenerated
[INFO] running `Command { std: CARGO_HOME="/workspace/cargo-home" RUSTUP_HOME="/workspace/rustup-home" "/workspace/cargo-home/bin/cargo" "+1.100.0-beta.1" "fetch" "--manifest-path" "Cargo.toml", kill_on_drop: false }`
[INFO] running `Command { std: "docker" "create" "-v" "/var/lib/crater-agent-workspace/builds/worker-3-tc2/source:/opt/rustwide/workdir:ro,Z" "-v" "/var/lib/crater-agent-workspace/builds/worker-3-tc2/target:/opt/rustwide/target:rw,Z" "-v" "/var/lib/crater-agent-workspace/cargo-home:/opt/rustwide/cargo-home:ro,Z" "-v" "/var/lib/crater-agent-workspace/rustup-home:/opt/rustwide/rustup-home:ro,Z" "-m" "1610612736" "--network" "none" "ghcr.io/rust-lang/crates-build-env/linux@sha256:77db811e55d90add9212f6832c23229e3de5f1c1f9905e8cb07319ea15df73ac" "sleep" "infinity", kill_on_drop: false }`
[INFO] [stdout] 8f0b34738ca2445bf23a4f1d924a33c9a0bc8bb339e314e86e52b0cddbe89741
[INFO] running `Command { std: "docker" "start" "8f0b34738ca2445bf23a4f1d924a33c9a0bc8bb339e314e86e52b0cddbe89741", kill_on_drop: false }`
[INFO] running `Command { std: "docker" "inspect" "8f0b34738ca2445bf23a4f1d924a33c9a0bc8bb339e314e86e52b0cddbe89741", kill_on_drop: false }`
[INFO] running `Command { std: "docker" "exec" "-e" "SOURCE_DIR=/opt/rustwide/workdir" "-e" "CARGO_HOME=/opt/rustwide/cargo-home" "-e" "RUSTUP_HOME=/opt/rustwide/rustup-home" "-e" "CARGO_TARGET_DIR=/opt/rustwide/target" "-w" "/opt/rustwide/workdir" "--user" "0:0" "8f0b34738ca2445bf23a4f1d924a33c9a0bc8bb339e314e86e52b0cddbe89741" "/opt/rustwide/cargo-home/bin/cargo" "+1.100.0-beta.1" "metadata" "--no-deps" "--format-version=1", kill_on_drop: false }`
[INFO] running `Command { std: "docker" "inspect" "8f0b34738ca2445bf23a4f1d924a33c9a0bc8bb339e314e86e52b0cddbe89741", kill_on_drop: false }`
[INFO] running `Command { std: "docker" "exec" "-e" "SOURCE_DIR=/opt/rustwide/workdir" "-e" "CARGO_HOME=/opt/rustwide/cargo-home" "-e" "RUSTUP_HOME=/opt/rustwide/rustup-home" "-e" "CARGO_TARGET_DIR=/opt/rustwide/target" "-e" "CARGO_INCREMENTAL=0" "-e" "RUST_BACKTRACE=full" "-e" "RUSTFLAGS=--cap-lints=warn" "-e" "RUSTDOCFLAGS=--cap-lints=warn" "-w" "/opt/rustwide/workdir" "--user" "0:0" "8f0b34738ca2445bf23a4f1d924a33c9a0bc8bb339e314e86e52b0cddbe89741" "/opt/rustwide/cargo-home/bin/cargo" "+1.100.0-beta.1" "build" "--frozen" "--message-format=json" "--release", kill_on_drop: false }`
[INFO] [stderr]    Compiling memchr v2.7.5
[INFO] [stderr]    Compiling thiserror v2.0.12
[INFO] [stderr]    Compiling syn v2.0.103
[INFO] [stderr]    Compiling aho-corasick v1.1.3
[INFO] [stderr]    Compiling regex-automata v0.4.9
[INFO] [stderr]    Compiling prost-derive v0.14.0
[INFO] [stderr]    Compiling miette-derive v7.6.0
[INFO] [stderr]    Compiling thiserror-impl v2.0.12
[INFO] [stderr]    Compiling miette v7.6.0
[INFO] [stderr]    Compiling logos-codegen v0.16.1
[INFO] [stderr]    Compiling prost v0.14.0
[INFO] [stderr]    Compiling prost-types v0.14.0
[INFO] [stderr]    Compiling logos-derive v0.16.1
[INFO] [stderr]    Compiling logos v0.16.1
[INFO] [stderr]    Compiling protox-parse v0.10.0
[INFO] [stderr]    Compiling prost-reflect v0.16.4
[INFO] [stderr]    Compiling protox v0.10.0 (/opt/rustwide/workdir)
[INFO] [stderr]     Finished `release` profile [optimized] target(s) in 28.45s
[INFO] running `Command { std: "docker" "inspect" "8f0b34738ca2445bf23a4f1d924a33c9a0bc8bb339e314e86e52b0cddbe89741", kill_on_drop: false }`
[INFO] running `Command { std: "docker" "exec" "-e" "SOURCE_DIR=/opt/rustwide/workdir" "-e" "CARGO_HOME=/opt/rustwide/cargo-home" "-e" "RUSTUP_HOME=/opt/rustwide/rustup-home" "-e" "CARGO_TARGET_DIR=/opt/rustwide/target" "-e" "CARGO_INCREMENTAL=0" "-e" "RUST_BACKTRACE=full" "-e" "RUSTFLAGS=--cap-lints=warn" "-e" "RUSTDOCFLAGS=--cap-lints=warn" "-w" "/opt/rustwide/workdir" "--user" "0:0" "8f0b34738ca2445bf23a4f1d924a33c9a0bc8bb339e314e86e52b0cddbe89741" "/opt/rustwide/cargo-home/bin/cargo" "+1.100.0-beta.1" "test" "--frozen" "--no-run" "--message-format=json" "--release", kill_on_drop: false }`
[INFO] [stderr]    Compiling libc v0.2.173
[INFO] [stderr]    Compiling serde v1.0.219
[INFO] [stderr]    Compiling proc-macro2 v1.0.95
[INFO] [stderr]    Compiling num-traits v0.2.19
[INFO] [stderr]    Compiling rustix v1.0.7
[INFO] [stderr]    Compiling prettyplease v0.2.34
[INFO] [stderr]    Compiling indexmap v2.9.0
[INFO] [stderr]    Compiling serde_json v1.0.140
[INFO] [stderr]    Compiling similar v3.1.1
[INFO] [stderr]    Compiling memchr v2.7.5
[INFO] [stderr]    Compiling similar v2.7.0
[INFO] [stderr]    Compiling scopeguard v1.2.0
[INFO] [stderr]    Compiling quote v1.0.40
[INFO] [stderr]    Compiling petgraph v0.7.1
[INFO] [stderr]    Compiling ordered-float v2.10.1
[INFO] [stderr]    Compiling syn v2.0.103
[INFO] [stderr]    Compiling getrandom v0.3.3
[INFO] [stderr]    Compiling console v0.16.4
[INFO] [stderr]    Compiling console v0.15.11
[INFO] [stderr]    Compiling similar-asserts v2.0.0
[INFO] [stderr]    Compiling tempfile v3.20.0
[INFO] [stderr]    Compiling serde-value v0.7.0
[INFO] [stderr]    Compiling insta v1.43.1
[INFO] [stderr]    Compiling serde_yaml v0.9.34+deprecated
[INFO] [stderr]    Compiling prost-reflect v0.16.4
[INFO] [stderr]    Compiling prost-build v0.14.0
[INFO] [stderr]    Compiling protox v0.10.0 (/opt/rustwide/workdir)
[INFO] [stderr]     Finished `release` profile [optimized] target(s) in 1m 16s
[INFO] running `Command { std: "docker" "inspect" "8f0b34738ca2445bf23a4f1d924a33c9a0bc8bb339e314e86e52b0cddbe89741", kill_on_drop: false }`
[INFO] running `Command { std: "docker" "exec" "-e" "SOURCE_DIR=/opt/rustwide/workdir" "-e" "CARGO_HOME=/opt/rustwide/cargo-home" "-e" "RUSTUP_HOME=/opt/rustwide/rustup-home" "-e" "CARGO_TARGET_DIR=/opt/rustwide/target" "-e" "CARGO_INCREMENTAL=0" "-e" "RUST_BACKTRACE=full" "-e" "RUSTFLAGS=--cap-lints=warn" "-e" "RUSTDOCFLAGS=--cap-lints=warn" "-w" "/opt/rustwide/workdir" "--user" "0:0" "8f0b34738ca2445bf23a4f1d924a33c9a0bc8bb339e314e86e52b0cddbe89741" "/opt/rustwide/cargo-home/bin/cargo" "+1.100.0-beta.1" "test" "--frozen" "--release", kill_on_drop: false }`
[INFO] [stderr]     Finished `release` profile [optimized] target(s) in 0.15s
[INFO] [stderr]      Running unittests src/lib.rs (/opt/rustwide/target/release/build/protox/c7305fe5723deaa8/out/protox-c7305fe5723deaa8)
[INFO] [stdout] 
[INFO] [stdout] running 71 tests
[INFO] [stdout] test compile::tests::abs_include_dot_file ... ok
[INFO] [stdout] test compile::tests::abs_include_abs_file ... ok
[INFO] [stdout] test compile::tests::abs_include_complex_file ... ok
[INFO] [stdout] test compile::tests::abs_include_simple_subdir_file ... ok
[INFO] [stdout] test compile::tests::abs_subdir_include_abs_subdir_file ... ok
[INFO] [stdout] test compile::tests::abs_include_simple_file ... ok
[INFO] [stdout] test compile::tests::abs_subdir_include_abs_file ... ok
[INFO] [stdout] test compile::tests::abs_include_dot_subdir_file ... ok
[INFO] [stdout] test compile::tests::abs_include_rel_subdir_file ... ok
[INFO] [stdout] test compile::tests::abs_include_rel_file ... ok
[INFO] [stdout] test compile::tests::abs_subdir_include_complex_file ... ok
[INFO] [stdout] test compile::tests::abs_subdir_include_dot_file ... ok
[INFO] [stdout] test compile::tests::abs_subdir_include_dot_subdir_file ... ok
[INFO] [stdout] test compile::tests::abs_include_abs_subdir_file ... ok
[INFO] [stdout] test compile::tests::abs_subdir_include_simple_subdir_file ... ok
[INFO] [stdout] test compile::tests::abs_subdir_include_rel_file ... ok
[INFO] [stdout] test compile::tests::dot_include_dot_file ... ok
[INFO] [stdout] test compile::tests::dot_include_abs_file ... ok
[INFO] [stdout] test compile::tests::dot_include_dot_subdir_file ... ok
[INFO] [stdout] test compile::tests::abs_subdir_include_simple_file ... ok
[INFO] [stdout] test compile::tests::complex_include_complex_file ... ok
[INFO] [stdout] test compile::tests::dot_include_abs_subdir_file ... ok
[INFO] [stdout] test compile::tests::abs_subdir_include_rel_subdir_file ... ok
[INFO] [stdout] test compile::tests::dot_subdir_include_simple_file ... ok
[INFO] [stdout] test compile::tests::import_cycle ... ok
[INFO] [stdout] test compile::tests::dot_subdir_include_simple_subdir_file ... ok
[INFO] [stdout] test compile::tests::dot_include_rel_file ... ok
[INFO] [stdout] test compile::tests::import_cycle_short ... ok
[INFO] [stdout] test compile::tests::import_file_absolute_path ... ok
[INFO] [stdout] test compile::tests::dot_include_rel_subdir_file ... ok
[INFO] [stdout] test compile::tests::import_cycle_nested ... ok
[INFO] [stdout] test compile::tests::duplicated_import ... ok
[INFO] [stdout] test compile::tests::dot_subdir_include_dot_subdir_file ... ok
[INFO] [stdout] test compile::tests::import_files_include_imports_path_already_imported ... ok
[INFO] [stdout] test compile::tests::import_files ... ok
[INFO] [stdout] test compile::tests::dot_subdir_include_abs_file ... ok
[INFO] [stdout] test compile::tests::invalid_file ... ok
[INFO] [stdout] test compile::tests::dot_subdir_include_abs_subdir_file ... ok
[INFO] [stdout] test compile::tests::rel_subdir_include_complex_file ... ok
[INFO] [stdout] test compile::tests::rel_subdir_include_abs_subdir_file ... ok
[INFO] [stdout] test compile::tests::dot_subdir_include_complex_file ... ok
[INFO] [stdout] test compile::tests::dot_subdir_include_rel_file ... ok
[INFO] [stdout] test compile::tests::dot_subdir_include_rel_subdir_file ... ok
[INFO] [stdout] test compile::tests::rel_subdir_include_simple_subdir_file ... ok
[INFO] [stdout] test compile::tests::rel_subdir_include_rel_subdir_file ... ok
[INFO] [stdout] test compile::tests::rel_subdir_include_dot_file ... ok
[INFO] [stdout] test compile::tests::shadow_already_imported_file ... ok
[INFO] [stdout] test compile::tests::shadow_file_abs ... ok
[INFO] [stdout] test compile::tests::shadow_file_abs_subdir ... ok
[INFO] [stdout] test compile::tests::shadow_invalid_file ... ok
[INFO] [stdout] test file::tests::chain_file_resolver ... ok
[INFO] [stdout] test compile::tests::shadow_file_rel_subdir ... ok
[INFO] [stdout] test compile::tests::rel_subdir_include_simple_file ... ok
[INFO] [stdout] test error::fmt_debug_parse ... ok
[INFO] [stdout] test error::fmt_debug_io ... ok
[INFO] [stdout] test compile::tests::dot_include_simple_file ... ok
[INFO] [stdout] test file::tests::file_decode_file_descriptor_proto ... ok
[INFO] [stdout] test compile::tests::rel_subdir_include_abs_file ... ok
[INFO] [stdout] test file::tests::file_from_file_descriptor_proto ... ok
[INFO] [stdout] test compile::tests::dot_subdir_include_dot_file ... ok
[INFO] [stdout] test file::tests::file_from_source ... ok
[INFO] [stdout] test file::tests::include_resolver ... ok
[INFO] [stdout] test file::tests::descriptor_set_file_resolver ... ok
[INFO] [stdout] test file::tests::file_decode_file_descriptor_proto_buffer_underflow ... ok
[INFO] [stdout] test file::tests::google_resolver ... ok
[INFO] [stdout] test file::tests::file_open ... ok
[INFO] [stdout] test file::tests::file_decode_file_descriptor_proto_err ... ok
[INFO] [stdout] test compile::tests::rel_subdir_include_rel_file ... ok
[INFO] [stdout] test compile::tests::rel_subdir_include_dot_subdir_file ... ok
[INFO] [stdout] test compile::tests::dot_include_simple_subdir_file ... ok
[INFO] [stdout] test compile::tests::shadow_file_rel ... ok
[INFO] [stdout] 
[INFO] [stdout] test result: ok. 71 passed; 0 failed; 0 ignored; 0 measured; 0 filtered out; finished in 0.07s
[INFO] [stdout] 
[INFO] [stdout] 
[INFO] [stdout] running 45 tests
[INFO] [stderr]      Running tests/compare.rs (/opt/rustwide/target/release/build/protox/01b70d8f24212867/out/compare-01b70d8f24212867)
[INFO] [stdout] test google_protobuf_duration ... FAILED
[INFO] [stdout] test google_map_unittest ... FAILED
[INFO] [stdout] test google_protobuf_descriptor ... FAILED
[INFO] [stdout] test google_protobuf_compiler_plugin ... FAILED
[INFO] [stdout] test google_protobuf_api ... FAILED
[INFO] [stdout] test google_map_proto2_unittest ... FAILED
[INFO] [stdout] test google_protobuf_source_context ... FAILED
[INFO] [stdout] test google_protobuf_any ... FAILED
[INFO] [stdout] test google_protobuf_timestamp ... FAILED
[INFO] [stdout] test google_protobuf_wrappers ... FAILED
[INFO] [stdout] test custom_json_name ... ok
[INFO] [stdout] test google_protobuf_field_mask ... FAILED
[INFO] [stdout] test google_protobuf_type ... FAILED
[INFO] [stdout] test google_protobuf_struct ... FAILED
[INFO] [stdout] test google_protobuf_empty ... FAILED
[INFO] [stdout] test generate_synthetic_oneof ... ok
[INFO] [stdout] test empty_file_with_comment ... ok
[INFO] [stdout] test google_test_messages_proto2 ... FAILED
[INFO] [stdout] test google_unittest_empty ... FAILED
[INFO] [stdout] test field_defaults ... ok
[INFO] [stdout] test google_unittest_enormous_descriptor ... FAILED
[INFO] [stdout] test generate_synthetic_oneof_ordering ... ok
[INFO] [stdout] test google_test_messages_proto3 ... FAILED
[INFO] [stdout] test generate_group_message ... ok
[INFO] [stdout] test generated_message_ordering ... ok
[INFO] [stdout] test google_unittest ... FAILED
[INFO] [stdout] test empty_file ... ok
[INFO] [stdout] test google_unittest_preserve_unknown_enum ... FAILED
[INFO] [stdout] test google_unittest_import ... FAILED
[INFO] [stdout] test generate_map_entry_message ... ok
[INFO] [stdout] test google_unittest_proto3_optional ... FAILED
[INFO] [stdout] test google_unittest_no_field_presence ... FAILED
[INFO] [stdout] test multiple_extends ... ok
[INFO] [stdout] test package_name_field_name_conflict ... ok
[INFO] [stdout] test google_unittest_preserve_unknown_enum2 ... FAILED
[INFO] [stdout] test message_name_field_name_conflict ... ok
[INFO] [stdout] test name_resolution ... ok
[INFO] [stdout] test google_unittest_proto3 ... FAILED
[INFO] [stdout] test reserved_ranges ... ok
[INFO] [stdout] test google_unittest_well_known_types ... FAILED
[INFO] [stdout] test oneof_group_field ... ok
[INFO] [stdout] test service ... ok
[INFO] [stdout] test option_group_field ... ok
[INFO] [stdout] test google_unittest_custom_options ... ok
[INFO] [stdout] test option_merge_message ... ok
[INFO] [stdout] 
[INFO] [stdout] failures:
[INFO] [stdout] 
[INFO] [stdout] ---- google_protobuf_duration stdout ----
[INFO] [stdout] cargo:rerun-if-env-changed=PROTOC
[INFO] [stdout] 
[INFO] [stdout] thread 'google_protobuf_duration' (1604) panicked at tests/compare.rs:72:9:
[INFO] [stdout] protoc did not succeed: /opt/rustwide/workdir/tests/protobuf/src/google/protobuf: warning: directory does not exist.
[INFO] [stdout] /opt/rustwide/workdir/tests/protobuf/src: warning: directory does not exist.
[INFO] [stdout] Could not make proto path relative: duration.proto: No such file or directory
[INFO] [stdout] 
[INFO] [stdout] stack backtrace:
[INFO] [stdout]    0:     0x596247b2e441 - <<std[617be2ca0a6fd877]::sys::backtrace::BacktraceLock>::print::DisplayBacktrace as core[a373ad73a504971]::fmt::Display>::fmt
[INFO] [stdout]    1:     0x596247b4472a - core[a373ad73a504971]::fmt::write
[INFO] [stdout]    2:     0x596247b328dc - <alloc[2e1b2a31b91974c5]::vec::Vec<u8> as core[a373ad73a504971]::io::write::Write>::write_fmt
[INFO] [stdout]    3:     0x596247b08fe6 - std[617be2ca0a6fd877]::panicking::default_hook::{closure#0}
[INFO] [stdout]    4:     0x596247b260a9 - std[617be2ca0a6fd877]::panicking::default_hook
[INFO] [stdout]    5:     0x5962479b3fc0 - test[aada8e7e76ba119b]::test_main_inner::{closure#0}
[INFO] [stdout]    6:     0x596247b26262 - std[617be2ca0a6fd877]::panicking::panic_with_hook
[INFO] [stderr] error: test failed, to rerun pass `--test compare`
[INFO] [stdout]    7:     0x596247b09092 - std[617be2ca0a6fd877]::panicking::panic_handler::{closure#0}
[INFO] [stdout]    8:     0x596247b01af9 - std[617be2ca0a6fd877]::sys::backtrace::__rust_end_short_backtrace::<std[617be2ca0a6fd877]::panicking::panic_handler::{closure#0}, !>
[INFO] [stdout]    9:     0x596247b09c9d - __rustc[ea4f61d10b84890b]::rust_begin_unwind
[INFO] [stdout]   10:     0x596247b44f1c - core[a373ad73a504971]::panicking::panic_fmt
[INFO] [stdout]   11:     0x59624791b081 - compare[415591cd6160f14f]::compare
[INFO] [stdout]   12:     0x59624791bd05 - <compare[415591cd6160f14f]::google_protobuf_duration::{closure#0} as core[a373ad73a504971]::ops::function::FnOnce<()>>::call_once
[INFO] [stdout]   13:     0x5962479a740b - test[aada8e7e76ba119b]::__rust_begin_short_backtrace::<core[a373ad73a504971]::result::Result<(), alloc[2e1b2a31b91974c5]::string::String>, fn() -> core[a373ad73a504971]::result::Result<(), alloc[2e1b2a31b91974c5]::string::String>>
[INFO] [stdout]   14:     0x5962479b45e5 - test[aada8e7e76ba119b]::run_test::{closure#0}
[INFO] [stdout]   15:     0x5962479aded4 - std[617be2ca0a6fd877]::sys::backtrace::__rust_begin_short_backtrace::<test[aada8e7e76ba119b]::run_test::{closure#1}, ()>
[INFO] [stdout]   16:     0x5962479b7672 - <std[617be2ca0a6fd877]::thread::lifecycle::spawn_unchecked<test[aada8e7e76ba119b]::run_test::{closure#1}, ()>::{closure#1} as core[a373ad73a504971]::ops::function::FnOnce<()>>::call_once::{shim:vtable#0}
[INFO] [stdout]   17:     0x596247b2d98f - <std[617be2ca0a6fd877]::sys::thread::unix::Thread>::new::thread_start
[INFO] [stdout]   18:     0x765afe44bdfa - <unknown>
[INFO] [stdout]   19:     0x765afe4df3d4 - clone
[INFO] [stdout]   20:                0x0 - <unknown>
[INFO] [stdout] 
[INFO] [stdout] ---- google_map_unittest stdout ----
[INFO] [stdout] cargo:rerun-if-env-changed=PROTOC
[INFO] [stdout] 
[INFO] [stdout] thread 'google_map_unittest' (1597) panicked at tests/compare.rs:72:9:
[INFO] [stdout] protoc did not succeed: /opt/rustwide/workdir/tests/protobuf/src/google/protobuf: warning: directory does not exist.
[INFO] [stdout] /opt/rustwide/workdir/tests/protobuf/src: warning: directory does not exist.
[INFO] [stdout] Could not make proto path relative: map_unittest.proto: No such file or directory
[INFO] [stdout] 
[INFO] [stdout] stack backtrace:
[INFO] [stdout]    0:     0x596247b2e441 - <<std[617be2ca0a6fd877]::sys::backtrace::BacktraceLock>::print::DisplayBacktrace as core[a373ad73a504971]::fmt::Display>::fmt
[INFO] [stdout]    1:     0x596247b4472a - core[a373ad73a504971]::fmt::write
[INFO] [stdout]    2:     0x596247b328dc - <alloc[2e1b2a31b91974c5]::vec::Vec<u8> as core[a373ad73a504971]::io::write::Write>::write_fmt
[INFO] [stdout]    3:     0x596247b08fe6 - std[617be2ca0a6fd877]::panicking::default_hook::{closure#0}
[INFO] [stdout]    4:     0x596247b260a9 - std[617be2ca0a6fd877]::panicking::default_hook
[INFO] [stdout]    5:     0x5962479b3fc0 - test[aada8e7e76ba119b]::test_main_inner::{closure#0}
[INFO] [stdout]    6:     0x596247b26262 - std[617be2ca0a6fd877]::panicking::panic_with_hook
[INFO] [stdout]    7:     0x596247b09092 - std[617be2ca0a6fd877]::panicking::panic_handler::{closure#0}
[INFO] [stdout]    8:     0x596247b01af9 - std[617be2ca0a6fd877]::sys::backtrace::__rust_end_short_backtrace::<std[617be2ca0a6fd877]::panicking::panic_handler::{closure#0}, !>
[INFO] [stdout]    9:     0x596247b09c9d - __rustc[ea4f61d10b84890b]::rust_begin_unwind
[INFO] [stdout]   10:     0x596247b44f1c - core[a373ad73a504971]::panicking::panic_fmt
[INFO] [stdout]   11:     0x59624791b081 - compare[415591cd6160f14f]::compare
[INFO] [stdout]   12:     0x59624791ba95 - <compare[415591cd6160f14f]::google_map_unittest::{closure#0} as core[a373ad73a504971]::ops::function::FnOnce<()>>::call_once
[INFO] [stdout]   13:     0x5962479a740b - test[aada8e7e76ba119b]::__rust_begin_short_backtrace::<core[a373ad73a504971]::result::Result<(), alloc[2e1b2a31b91974c5]::string::String>, fn() -> core[a373ad73a504971]::result::Result<(), alloc[2e1b2a31b91974c5]::string::String>>
[INFO] [stdout]   14:     0x5962479b45e5 - test[aada8e7e76ba119b]::run_test::{closure#0}
[INFO] [stdout]   15:     0x5962479aded4 - std[617be2ca0a6fd877]::sys::backtrace::__rust_begin_short_backtrace::<test[aada8e7e76ba119b]::run_test::{closure#1}, ()>
[INFO] [stdout]   16:     0x5962479b7672 - <std[617be2ca0a6fd877]::thread::lifecycle::spawn_unchecked<test[aada8e7e76ba119b]::run_test::{closure#1}, ()>::{closure#1} as core[a373ad73a504971]::ops::function::FnOnce<()>>::call_once::{shim:vtable#0}
[INFO] [stdout]   17:     0x596247b2d98f - <std[617be2ca0a6fd877]::sys::thread::unix::Thread>::new::thread_start
[INFO] [stdout]   18:     0x765afe44bdfa - <unknown>
[INFO] [stdout]   19:     0x765afe4df3d4 - clone
[INFO] [stdout]   20:                0x0 - <unknown>
[INFO] [stdout] 
[INFO] [stdout] ---- google_protobuf_descriptor stdout ----
[INFO] [stdout] cargo:rerun-if-env-changed=PROTOC
[INFO] [stdout] 
[INFO] [stdout] thread 'google_protobuf_descriptor' (1602) panicked at tests/compare.rs:72:9:
[INFO] [stdout] protoc did not succeed: /opt/rustwide/workdir/tests/protobuf/src/google/protobuf: warning: directory does not exist.
[INFO] [stdout] /opt/rustwide/workdir/tests/protobuf/src: warning: directory does not exist.
[INFO] [stdout] Could not make proto path relative: descriptor.proto: No such file or directory
[INFO] [stdout] 
[INFO] [stdout] stack backtrace:
[INFO] [stdout]    0:     0x596247b2e441 - <<std[617be2ca0a6fd877]::sys::backtrace::BacktraceLock>::print::DisplayBacktrace as core[a373ad73a504971]::fmt::Display>::fmt
[INFO] [stdout]    1:     0x596247b4472a - core[a373ad73a504971]::fmt::write
[INFO] [stdout]    2:     0x596247b328dc - <alloc[2e1b2a31b91974c5]::vec::Vec<u8> as core[a373ad73a504971]::io::write::Write>::write_fmt
[INFO] [stdout]    3:     0x596247b08fe6 - std[617be2ca0a6fd877]::panicking::default_hook::{closure#0}
[INFO] [stdout]    4:     0x596247b260a9 - std[617be2ca0a6fd877]::panicking::default_hook
[INFO] [stdout]    5:     0x5962479b3fc0 - test[aada8e7e76ba119b]::test_main_inner::{closure#0}
[INFO] [stdout]    6:     0x596247b26262 - std[617be2ca0a6fd877]::panicking::panic_with_hook
[INFO] [stdout]    7:     0x596247b09092 - std[617be2ca0a6fd877]::panicking::panic_handler::{closure#0}
[INFO] [stdout]    8:     0x596247b01af9 - std[617be2ca0a6fd877]::sys::backtrace::__rust_end_short_backtrace::<std[617be2ca0a6fd877]::panicking::panic_handler::{closure#0}, !>
[INFO] [stdout]    9:     0x596247b09c9d - __rustc[ea4f61d10b84890b]::rust_begin_unwind
[INFO] [stdout]   10:     0x596247b44f1c - core[a373ad73a504971]::panicking::panic_fmt
[INFO] [stdout]   11:     0x59624791b081 - compare[415591cd6160f14f]::compare
[INFO] [stdout]   12:     0x59624791be25 - <compare[415591cd6160f14f]::google_protobuf_descriptor::{closure#0} as core[a373ad73a504971]::ops::function::FnOnce<()>>::call_once
[INFO] [stdout]   13:     0x5962479a740b - test[aada8e7e76ba119b]::__rust_begin_short_backtrace::<core[a373ad73a504971]::result::Result<(), alloc[2e1b2a31b91974c5]::string::String>, fn() -> core[a373ad73a504971]::result::Result<(), alloc[2e1b2a31b91974c5]::string::String>>
[INFO] [stdout]   14:     0x5962479b45e5 - test[aada8e7e76ba119b]::run_test::{closure#0}
[INFO] [stdout]   15:     0x5962479aded4 - std[617be2ca0a6fd877]::sys::backtrace::__rust_begin_short_backtrace::<test[aada8e7e76ba119b]::run_test::{closure#1}, ()>
[INFO] [stdout]   16:     0x5962479b7672 - <std[617be2ca0a6fd877]::thread::lifecycle::spawn_unchecked<test[aada8e7e76ba119b]::run_test::{closure#1}, ()>::{closure#1} as core[a373ad73a504971]::ops::function::FnOnce<()>>::call_once::{shim:vtable#0}
[INFO] [stdout]   17:     0x596247b2d98f - <std[617be2ca0a6fd877]::sys::thread::unix::Thread>::new::thread_start
[INFO] [stdout]   18:     0x765afe44bdfa - <unknown>
[INFO] [stdout]   19:     0x765afe4df3d4 - clone
[INFO] [stdout]   20:                0x0 - <unknown>
[INFO] [stdout] 
[INFO] [stdout] ---- google_protobuf_compiler_plugin stdout ----
[INFO] [stdout] cargo:rerun-if-env-changed=PROTOC
[INFO] [stdout] 
[INFO] [stdout] thread 'google_protobuf_compiler_plugin' (1601) panicked at tests/compare.rs:72:9:
[INFO] [stdout] protoc did not succeed: /opt/rustwide/workdir/tests/protobuf/src/google/protobuf: warning: directory does not exist.
[INFO] [stdout] /opt/rustwide/workdir/tests/protobuf/src: warning: directory does not exist.
[INFO] [stdout] Could not make proto path relative: compiler/plugin.proto: No such file or directory
[INFO] [stdout] 
[INFO] [stdout] stack backtrace:
[INFO] [stdout]    0:     0x596247b2e441 - <<std[617be2ca0a6fd877]::sys::backtrace::BacktraceLock>::print::DisplayBacktrace as core[a373ad73a504971]::fmt::Display>::fmt
[INFO] [stdout]    1:     0x596247b4472a - core[a373ad73a504971]::fmt::write
[INFO] [stdout]    2:     0x596247b328dc - <alloc[2e1b2a31b91974c5]::vec::Vec<u8> as core[a373ad73a504971]::io::write::Write>::write_fmt
[INFO] [stdout]    3:     0x596247b08fe6 - std[617be2ca0a6fd877]::panicking::default_hook::{closure#0}
[INFO] [stdout]    4:     0x596247b260a9 - std[617be2ca0a6fd877]::panicking::default_hook
[INFO] [stdout]    5:     0x5962479b3fc0 - test[aada8e7e76ba119b]::test_main_inner::{closure#0}
[INFO] [stdout]    6:     0x596247b26262 - std[617be2ca0a6fd877]::panicking::panic_with_hook
[INFO] [stdout]    7:     0x596247b09092 - std[617be2ca0a6fd877]::panicking::panic_handler::{closure#0}
[INFO] [stdout]    8:     0x596247b01af9 - std[617be2ca0a6fd877]::sys::backtrace::__rust_end_short_backtrace::<std[617be2ca0a6fd877]::panicking::panic_handler::{closure#0}, !>
[INFO] [stdout]    9:     0x596247b09c9d - __rustc[ea4f61d10b84890b]::rust_begin_unwind
[INFO] [stdout]   10:     0x596247b44f1c - core[a373ad73a504971]::panicking::panic_fmt
[INFO] [stdout]   11:     0x59624791b081 - compare[415591cd6160f14f]::compare
[INFO] [stdout]   12:     0x59624791bf45 - <compare[415591cd6160f14f]::google_protobuf_compiler_plugin::{closure#0} as core[a373ad73a504971]::ops::function::FnOnce<()>>::call_once
[INFO] [stdout]   13:     0x5962479a740b - test[aada8e7e76ba119b]::__rust_begin_short_backtrace::<core[a373ad73a504971]::result::Result<(), alloc[2e1b2a31b91974c5]::string::String>, fn() -> core[a373ad73a504971]::result::Result<(), alloc[2e1b2a31b91974c5]::string::String>>
[INFO] [stdout]   14:     0x5962479b45e5 - test[aada8e7e76ba119b]::run_test::{closure#0}
[INFO] [stdout]   15:     0x5962479aded4 - std[617be2ca0a6fd877]::sys::backtrace::__rust_begin_short_backtrace::<test[aada8e7e76ba119b]::run_test::{closure#1}, ()>
[INFO] [stdout]   16:     0x5962479b7672 - <std[617be2ca0a6fd877]::thread::lifecycle::spawn_unchecked<test[aada8e7e76ba119b]::run_test::{closure#1}, ()>::{closure#1} as core[a373ad73a504971]::ops::function::FnOnce<()>>::call_once::{shim:vtable#0}
[INFO] [stdout]   17:     0x596247b2d98f - <std[617be2ca0a6fd877]::sys::thread::unix::Thread>::new::thread_start
[INFO] [stdout]   18:     0x765afe44bdfa - <unknown>
[INFO] [stdout]   19:     0x765afe4df3d4 - clone
[INFO] [stdout]   20:                0x0 - <unknown>
[INFO] [stdout] 
[INFO] [stdout] ---- google_protobuf_api stdout ----
[INFO] [stdout] cargo:rerun-if-env-changed=PROTOC
[INFO] [stdout] 
[INFO] [stdout] thread 'google_protobuf_api' (1600) panicked at tests/compare.rs:72:9:
[INFO] [stdout] protoc did not succeed: /opt/rustwide/workdir/tests/protobuf/src/google/protobuf: warning: directory does not exist.
[INFO] [stdout] /opt/rustwide/workdir/tests/protobuf/src: warning: directory does not exist.
[INFO] [stdout] Could not make proto path relative: api.proto: No such file or directory
[INFO] [stdout] 
[INFO] [stdout] stack backtrace:
[INFO] [stdout]    0:     0x596247b2e441 - <<std[617be2ca0a6fd877]::sys::backtrace::BacktraceLock>::print::DisplayBacktrace as core[a373ad73a504971]::fmt::Display>::fmt
[INFO] [stdout]    1:     0x596247b4472a - core[a373ad73a504971]::fmt::write
[INFO] [stdout]    2:     0x596247b328dc - <alloc[2e1b2a31b91974c5]::vec::Vec<u8> as core[a373ad73a504971]::io::write::Write>::write_fmt
[INFO] [stdout]    3:     0x596247b08fe6 - std[617be2ca0a6fd877]::panicking::default_hook::{closure#0}
[INFO] [stdout]    4:     0x596247b260a9 - std[617be2ca0a6fd877]::panicking::default_hook
[INFO] [stdout]    5:     0x5962479b3fc0 - test[aada8e7e76ba119b]::test_main_inner::{closure#0}
[INFO] [stdout]    6:     0x596247b26262 - std[617be2ca0a6fd877]::panicking::panic_with_hook
[INFO] [stdout]    7:     0x596247b09092 - std[617be2ca0a6fd877]::panicking::panic_handler::{closure#0}
[INFO] [stdout]    8:     0x596247b01af9 - std[617be2ca0a6fd877]::sys::backtrace::__rust_end_short_backtrace::<std[617be2ca0a6fd877]::panicking::panic_handler::{closure#0}, !>
[INFO] [stdout]    9:     0x596247b09c9d - __rustc[ea4f61d10b84890b]::rust_begin_unwind
[INFO] [stdout]   10:     0x596247b44f1c - core[a373ad73a504971]::panicking::panic_fmt
[INFO] [stdout]   11:     0x59624791b081 - compare[415591cd6160f14f]::compare
[INFO] [stdout]   12:     0x59624791baf5 - <compare[415591cd6160f14f]::google_protobuf_api::{closure#0} as core[a373ad73a504971]::ops::function::FnOnce<()>>::call_once
[INFO] [stdout]   13:     0x5962479a740b - test[aada8e7e76ba119b]::__rust_begin_short_backtrace::<core[a373ad73a504971]::result::Result<(), alloc[2e1b2a31b91974c5]::string::String>, fn() -> core[a373ad73a504971]::result::Result<(), alloc[2e1b2a31b91974c5]::string::String>>
[INFO] [stdout]   14:     0x5962479b45e5 - test[aada8e7e76ba119b]::run_test::{closure#0}
[INFO] [stdout]   15:     0x5962479aded4 - std[617be2ca0a6fd877]::sys::backtrace::__rust_begin_short_backtrace::<test[aada8e7e76ba119b]::run_test::{closure#1}, ()>
[INFO] [stdout]   16:     0x5962479b7672 - <std[617be2ca0a6fd877]::thread::lifecycle::spawn_unchecked<test[aada8e7e76ba119b]::run_test::{closure#1}, ()>::{closure#1} as core[a373ad73a504971]::ops::function::FnOnce<()>>::call_once::{shim:vtable#0}
[INFO] [stdout]   17:     0x596247b2d98f - <std[617be2ca0a6fd877]::sys::thread::unix::Thread>::new::thread_start
[INFO] [stdout]   18:     0x765afe44bdfa - <unknown>
[INFO] [stdout]   19:     0x765afe4df3d4 - clone
[INFO] [stdout]   20:                0x0 - <unknown>
[INFO] [stdout] 
[INFO] [stdout] ---- google_map_proto2_unittest stdout ----
[INFO] [stdout] cargo:rerun-if-env-changed=PROTOC
[INFO] [stdout] 
[INFO] [stdout] thread 'google_map_proto2_unittest' (1596) panicked at tests/compare.rs:72:9:
[INFO] [stdout] protoc did not succeed: /opt/rustwide/workdir/tests/protobuf/src/google/protobuf: warning: directory does not exist.
[INFO] [stdout] /opt/rustwide/workdir/tests/protobuf/src: warning: directory does not exist.
[INFO] [stdout] Could not make proto path relative: map_proto2_unittest.proto: No such file or directory
[INFO] [stdout] 
[INFO] [stdout] stack backtrace:
[INFO] [stdout]    0:     0x596247b2e441 - <<std[617be2ca0a6fd877]::sys::backtrace::BacktraceLock>::print::DisplayBacktrace as core[a373ad73a504971]::fmt::Display>::fmt
[INFO] [stdout]    1:     0x596247b4472a - core[a373ad73a504971]::fmt::write
[INFO] [stdout]    2:     0x596247b328dc - <alloc[2e1b2a31b91974c5]::vec::Vec<u8> as core[a373ad73a504971]::io::write::Write>::write_fmt
[INFO] [stdout]    3:     0x596247b08fe6 - std[617be2ca0a6fd877]::panicking::default_hook::{closure#0}
[INFO] [stdout]    4:     0x596247b260a9 - std[617be2ca0a6fd877]::panicking::default_hook
[INFO] [stdout]    5:     0x5962479b3fc0 - test[aada8e7e76ba119b]::test_main_inner::{closure#0}
[INFO] [stdout]    6:     0x596247b26262 - std[617be2ca0a6fd877]::panicking::panic_with_hook
[INFO] [stdout]    7:     0x596247b09092 - std[617be2ca0a6fd877]::panicking::panic_handler::{closure#0}
[INFO] [stdout]    8:     0x596247b01af9 - std[617be2ca0a6fd877]::sys::backtrace::__rust_end_short_backtrace::<std[617be2ca0a6fd877]::panicking::panic_handler::{closure#0}, !>
[INFO] [stdout]    9:     0x596247b09c9d - __rustc[ea4f61d10b84890b]::rust_begin_unwind
[INFO] [stdout]   10:     0x596247b44f1c - core[a373ad73a504971]::panicking::panic_fmt
[INFO] [stdout]   11:     0x59624791b081 - compare[415591cd6160f14f]::compare
[INFO] [stdout]   12:     0x59624791bdf5 - <compare[415591cd6160f14f]::google_map_proto2_unittest::{closure#0} as core[a373ad73a504971]::ops::function::FnOnce<()>>::call_once
[INFO] [stdout]   13:     0x5962479a740b - test[aada8e7e76ba119b]::__rust_begin_short_backtrace::<core[a373ad73a504971]::result::Result<(), alloc[2e1b2a31b91974c5]::string::String>, fn() -> core[a373ad73a504971]::result::Result<(), alloc[2e1b2a31b91974c5]::string::String>>
[INFO] [stdout]   14:     0x5962479b45e5 - test[aada8e7e76ba119b]::run_test::{closure#0}
[INFO] [stdout]   15:     0x5962479aded4 - std[617be2ca0a6fd877]::sys::backtrace::__rust_begin_short_backtrace::<test[aada8e7e76ba119b]::run_test::{closure#1}, ()>
[INFO] [stdout]   16:     0x5962479b7672 - <std[617be2ca0a6fd877]::thread::lifecycle::spawn_unchecked<test[aada8e7e76ba119b]::run_test::{closure#1}, ()>::{closure#1} as core[a373ad73a504971]::ops::function::FnOnce<()>>::call_once::{shim:vtable#0}
[INFO] [stdout]   17:     0x596247b2d98f - <std[617be2ca0a6fd877]::sys::thread::unix::Thread>::new::thread_start
[INFO] [stdout]   18:     0x765afe44bdfa - <unknown>
[INFO] [stdout]   19:     0x765afe4df3d4 - clone
[INFO] [stdout]   20:                0x0 - <unknown>
[INFO] [stdout] 
[INFO] [stdout] ---- google_protobuf_source_context stdout ----
[INFO] [stdout] cargo:rerun-if-env-changed=PROTOC
[INFO] [stdout] 
[INFO] [stdout] thread 'google_protobuf_source_context' (1623) panicked at tests/compare.rs:72:9:
[INFO] [stdout] protoc did not succeed: /opt/rustwide/workdir/tests/protobuf/src/google/protobuf: warning: directory does not exist.
[INFO] [stdout] /opt/rustwide/workdir/tests/protobuf/src: warning: directory does not exist.
[INFO] [stdout] Could not make proto path relative: source_context.proto: No such file or directory
[INFO] [stdout] 
[INFO] [stdout] stack backtrace:
[INFO] [stdout]    0:     0x596247b2e441 - <<std[617be2ca0a6fd877]::sys::backtrace::BacktraceLock>::print::DisplayBacktrace as core[a373ad73a504971]::fmt::Display>::fmt
[INFO] [stdout]    1:     0x596247b4472a - core[a373ad73a504971]::fmt::write
[INFO] [stdout]    2:     0x596247b328dc - <alloc[2e1b2a31b91974c5]::vec::Vec<u8> as core[a373ad73a504971]::io::write::Write>::write_fmt
[INFO] [stdout]    3:     0x596247b08fe6 - std[617be2ca0a6fd877]::panicking::default_hook::{closure#0}
[INFO] [stdout]    4:     0x596247b260a9 - std[617be2ca0a6fd877]::panicking::default_hook
[INFO] [stdout]    5:     0x5962479b3fc0 - test[aada8e7e76ba119b]::test_main_inner::{closure#0}
[INFO] [stdout]    6:     0x596247b26262 - std[617be2ca0a6fd877]::panicking::panic_with_hook
[INFO] [stdout]    7:     0x596247b09092 - std[617be2ca0a6fd877]::panicking::panic_handler::{closure#0}
[INFO] [stdout]    8:     0x596247b01af9 - std[617be2ca0a6fd877]::sys::backtrace::__rust_end_short_backtrace::<std[617be2ca0a6fd877]::panicking::panic_handler::{closure#0}, !>
[INFO] [stdout]    9:     0x596247b09c9d - __rustc[ea4f61d10b84890b]::rust_begin_unwind
[INFO] [stdout]   10:     0x596247b44f1c - core[a373ad73a504971]::panicking::panic_fmt
[INFO] [stdout]   11:     0x59624791b081 - compare[415591cd6160f14f]::compare
[INFO] [stdout]   12:     0x59624791bee5 - <compare[415591cd6160f14f]::google_protobuf_source_context::{closure#0} as core[a373ad73a504971]::ops::function::FnOnce<()>>::call_once
[INFO] [stdout]   13:     0x5962479a740b - test[aada8e7e76ba119b]::__rust_begin_short_backtrace::<core[a373ad73a504971]::result::Result<(), alloc[2e1b2a31b91974c5]::string::String>, fn() -> core[a373ad73a504971]::result::Result<(), alloc[2e1b2a31b91974c5]::string::String>>
[INFO] [stdout]   14:     0x5962479b45e5 - test[aada8e7e76ba119b]::run_test::{closure#0}
[INFO] [stdout]   15:     0x5962479aded4 - std[617be2ca0a6fd877]::sys::backtrace::__rust_begin_short_backtrace::<test[aada8e7e76ba119b]::run_test::{closure#1}, ()>
[INFO] [stdout]   16:     0x5962479b7672 - <std[617be2ca0a6fd877]::thread::lifecycle::spawn_unchecked<test[aada8e7e76ba119b]::run_test::{closure#1}, ()>::{closure#1} as core[a373ad73a504971]::ops::function::FnOnce<()>>::call_once::{shim:vtable#0}
[INFO] [stdout]   17:     0x596247b2d98f - <std[617be2ca0a6fd877]::sys::thread::unix::Thread>::new::thread_start
[INFO] [stdout]   18:     0x765afe44bdfa - <unknown>
[INFO] [stdout]   19:     0x765afe4df3d4 - clone
[INFO] [stdout]   20:                0x0 - <unknown>
[INFO] [stdout] 
[INFO] [stdout] ---- google_protobuf_any stdout ----
[INFO] [stdout] cargo:rerun-if-env-changed=PROTOC
[INFO] [stdout] 
[INFO] [stdout] thread 'google_protobuf_any' (1599) panicked at tests/compare.rs:72:9:
[INFO] [stdout] protoc did not succeed: /opt/rustwide/workdir/tests/protobuf/src/google/protobuf: warning: directory does not exist.
[INFO] [stdout] /opt/rustwide/workdir/tests/protobuf/src: warning: directory does not exist.
[INFO] [stdout] Could not make proto path relative: any.proto: No such file or directory
[INFO] [stdout] 
[INFO] [stdout] stack backtrace:
[INFO] [stdout]    0:     0x596247b2e441 - <<std[617be2ca0a6fd877]::sys::backtrace::BacktraceLock>::print::DisplayBacktrace as core[a373ad73a504971]::fmt::Display>::fmt
[INFO] [stdout]    1:     0x596247b4472a - core[a373ad73a504971]::fmt::write
[INFO] [stdout]    2:     0x596247b328dc - <alloc[2e1b2a31b91974c5]::vec::Vec<u8> as core[a373ad73a504971]::io::write::Write>::write_fmt
[INFO] [stdout]    3:     0x596247b08fe6 - std[617be2ca0a6fd877]::panicking::default_hook::{closure#0}
[INFO] [stdout]    4:     0x596247b260a9 - std[617be2ca0a6fd877]::panicking::default_hook
[INFO] [stdout]    5:     0x5962479b3fc0 - test[aada8e7e76ba119b]::test_main_inner::{closure#0}
[INFO] [stdout]    6:     0x596247b26262 - std[617be2ca0a6fd877]::panicking::panic_with_hook
[INFO] [stdout]    7:     0x596247b09092 - std[617be2ca0a6fd877]::panicking::panic_handler::{closure#0}
[INFO] [stdout]    8:     0x596247b01af9 - std[617be2ca0a6fd877]::sys::backtrace::__rust_end_short_backtrace::<std[617be2ca0a6fd877]::panicking::panic_handler::{closure#0}, !>
[INFO] [stdout]    9:     0x596247b09c9d - __rustc[ea4f61d10b84890b]::rust_begin_unwind
[INFO] [stdout]   10:     0x596247b44f1c - core[a373ad73a504971]::panicking::panic_fmt
[INFO] [stdout]   11:     0x59624791b081 - compare[415591cd6160f14f]::compare
[INFO] [stdout]   12:     0x59624791bac5 - <compare[415591cd6160f14f]::google_protobuf_any::{closure#0} as core[a373ad73a504971]::ops::function::FnOnce<()>>::call_once
[INFO] [stdout]   13:     0x5962479a740b - test[aada8e7e76ba119b]::__rust_begin_short_backtrace::<core[a373ad73a504971]::result::Result<(), alloc[2e1b2a31b91974c5]::string::String>, fn() -> core[a373ad73a504971]::result::Result<(), alloc[2e1b2a31b91974c5]::string::String>>
[INFO] [stdout]   14:     0x5962479b45e5 - test[aada8e7e76ba119b]::run_test::{closure#0}
[INFO] [stdout]   15:     0x5962479aded4 - std[617be2ca0a6fd877]::sys::backtrace::__rust_begin_short_backtrace::<test[aada8e7e76ba119b]::run_test::{closure#1}, ()>
[INFO] [stdout]   16:     0x5962479b7672 - <std[617be2ca0a6fd877]::thread::lifecycle::spawn_unchecked<test[aada8e7e76ba119b]::run_test::{closure#1}, ()>::{closure#1} as core[a373ad73a504971]::ops::function::FnOnce<()>>::call_once::{shim:vtable#0}
[INFO] [stdout]   17:     0x596247b2d98f - <std[617be2ca0a6fd877]::sys::thread::unix::Thread>::new::thread_start
[INFO] [stdout]   18:     0x765afe44bdfa - <unknown>
[INFO] [stdout]   19:     0x765afe4df3d4 - clone
[INFO] [stdout]   20:                0x0 - <unknown>
[INFO] [stdout] 
[INFO] [stdout] ---- google_protobuf_timestamp stdout ----
[INFO] [stdout] cargo:rerun-if-env-changed=PROTOC
[INFO] [stdout] 
[INFO] [stdout] thread 'google_protobuf_timestamp' (1626) panicked at tests/compare.rs:72:9:
[INFO] [stdout] protoc did not succeed: /opt/rustwide/workdir/tests/protobuf/src/google/protobuf: warning: directory does not exist.
[INFO] [stdout] /opt/rustwide/workdir/tests/protobuf/src: warning: directory does not exist.
[INFO] [stdout] Could not make proto path relative: timestamp.proto: No such file or directory
[INFO] [stdout] 
[INFO] [stdout] stack backtrace:
[INFO] [stdout]    0:     0x596247b2e441 - <<std[617be2ca0a6fd877]::sys::backtrace::BacktraceLock>::print::DisplayBacktrace as core[a373ad73a504971]::fmt::Display>::fmt
[INFO] [stdout]    1:     0x596247b4472a - core[a373ad73a504971]::fmt::write
[INFO] [stdout]    2:     0x596247b328dc - <alloc[2e1b2a31b91974c5]::vec::Vec<u8> as core[a373ad73a504971]::io::write::Write>::write_fmt
[INFO] [stdout]    3:     0x596247b08fe6 - std[617be2ca0a6fd877]::panicking::default_hook::{closure#0}
[INFO] [stdout]    4:     0x596247b260a9 - std[617be2ca0a6fd877]::panicking::default_hook
[INFO] [stdout]    5:     0x5962479b3fc0 - test[aada8e7e76ba119b]::test_main_inner::{closure#0}
[INFO] [stdout]    6:     0x596247b26262 - std[617be2ca0a6fd877]::panicking::panic_with_hook
[INFO] [stdout]    7:     0x596247b09092 - std[617be2ca0a6fd877]::panicking::panic_handler::{closure#0}
[INFO] [stdout]    8:     0x596247b01af9 - std[617be2ca0a6fd877]::sys::backtrace::__rust_end_short_backtrace::<std[617be2ca0a6fd877]::panicking::panic_handler::{closure#0}, !>
[INFO] [stdout]    9:     0x596247b09c9d - __rustc[ea4f61d10b84890b]::rust_begin_unwind
[INFO] [stdout]   10:     0x596247b44f1c - core[a373ad73a504971]::panicking::panic_fmt
[INFO] [stdout]   11:     0x59624791b081 - compare[415591cd6160f14f]::compare
[INFO] [stdout]   12:     0x59624791bd65 - <compare[415591cd6160f14f]::google_protobuf_timestamp::{closure#0} as core[a373ad73a504971]::ops::function::FnOnce<()>>::call_once
[INFO] [stdout]   13:     0x5962479a740b - test[aada8e7e76ba119b]::__rust_begin_short_backtrace::<core[a373ad73a504971]::result::Result<(), alloc[2e1b2a31b91974c5]::string::String>, fn() -> core[a373ad73a504971]::result::Result<(), alloc[2e1b2a31b91974c5]::string::String>>
[INFO] [stdout]   14:     0x5962479b45e5 - test[aada8e7e76ba119b]::run_test::{closure#0}
[INFO] [stdout]   15:     0x5962479aded4 - std[617be2ca0a6fd877]::sys::backtrace::__rust_begin_short_backtrace::<test[aada8e7e76ba119b]::run_test::{closure#1}, ()>
[INFO] [stdout]   16:     0x5962479b7672 - <std[617be2ca0a6fd877]::thread::lifecycle::spawn_unchecked<test[aada8e7e76ba119b]::run_test::{closure#1}, ()>::{closure#1} as core[a373ad73a504971]::ops::function::FnOnce<()>>::call_once::{shim:vtable#0}
[INFO] [stdout]   17:     0x596247b2d98f - <std[617be2ca0a6fd877]::sys::thread::unix::Thread>::new::thread_start
[INFO] [stdout]   18:     0x765afe44bdfa - <unknown>
[INFO] [stdout]   19:     0x765afe4df3d4 - clone
[INFO] [stdout]   20:                0x0 - <unknown>
[INFO] [stdout] 
[INFO] [stdout] ---- google_protobuf_wrappers stdout ----
[INFO] [stdout] cargo:rerun-if-env-changed=PROTOC
[INFO] [stdout] 
[INFO] [stdout] thread 'google_protobuf_wrappers' (1631) panicked at tests/compare.rs:72:9:
[INFO] [stdout] protoc did not succeed: /opt/rustwide/workdir/tests/protobuf/src/google/protobuf: warning: directory does not exist.
[INFO] [stdout] /opt/rustwide/workdir/tests/protobuf/src: warning: directory does not exist.
[INFO] [stdout] Could not make proto path relative: wrappers.proto: No such file or directory
[INFO] [stdout] 
[INFO] [stdout] stack backtrace:
[INFO] [stdout]    0:     0x596247b2e441 - <<std[617be2ca0a6fd877]::sys::backtrace::BacktraceLock>::print::DisplayBacktrace as core[a373ad73a504971]::fmt::Display>::fmt
[INFO] [stdout]    1:     0x596247b4472a - core[a373ad73a504971]::fmt::write
[INFO] [stdout]    2:     0x596247b328dc - <alloc[2e1b2a31b91974c5]::vec::Vec<u8> as core[a373ad73a504971]::io::write::Write>::write_fmt
[INFO] [stdout]    3:     0x596247b08fe6 - std[617be2ca0a6fd877]::panicking::default_hook::{closure#0}
[INFO] [stdout]    4:     0x596247b260a9 - std[617be2ca0a6fd877]::panicking::default_hook
[INFO] [stdout]    5:     0x5962479b3fc0 - test[aada8e7e76ba119b]::test_main_inner::{closure#0}
[INFO] [stdout]    6:     0x596247b26262 - std[617be2ca0a6fd877]::panicking::panic_with_hook
[INFO] [stdout]    7:     0x596247b09092 - std[617be2ca0a6fd877]::panicking::panic_handler::{closure#0}
[INFO] [stdout]    8:     0x596247b01af9 - std[617be2ca0a6fd877]::sys::backtrace::__rust_end_short_backtrace::<std[617be2ca0a6fd877]::panicking::panic_handler::{closure#0}, !>
[INFO] [stdout]    9:     0x596247b09c9d - __rustc[ea4f61d10b84890b]::rust_begin_unwind
[INFO] [stdout]   10:     0x596247b44f1c - core[a373ad73a504971]::panicking::panic_fmt
[INFO] [stdout]   11:     0x59624791b081 - compare[415591cd6160f14f]::compare
[INFO] [stdout]   12:     0x59624791bd35 - <compare[415591cd6160f14f]::google_protobuf_wrappers::{closure#0} as core[a373ad73a504971]::ops::function::FnOnce<()>>::call_once
[INFO] [stdout]   13:     0x5962479a740b - test[aada8e7e76ba119b]::__rust_begin_short_backtrace::<core[a373ad73a504971]::result::Result<(), alloc[2e1b2a31b91974c5]::string::String>, fn() -> core[a373ad73a504971]::result::Result<(), alloc[2e1b2a31b91974c5]::string::String>>
[INFO] [stdout]   14:     0x5962479b45e5 - test[aada8e7e76ba119b]::run_test::{closure#0}
[INFO] [stdout]   15:     0x5962479aded4 - std[617be2ca0a6fd877]::sys::backtrace::__rust_begin_short_backtrace::<test[aada8e7e76ba119b]::run_test::{closure#1}, ()>
[INFO] [stdout]   16:     0x5962479b7672 - <std[617be2ca0a6fd877]::thread::lifecycle::spawn_unchecked<test[aada8e7e76ba119b]::run_test::{closure#1}, ()>::{closure#1} as core[a373ad73a504971]::ops::function::FnOnce<()>>::call_once::{shim:vtable#0}
[INFO] [stdout]   17:     0x596247b2d98f - <std[617be2ca0a6fd877]::sys::thread::unix::Thread>::new::thread_start
[INFO] [stdout]   18:     0x765afe44bdfa - <unknown>
[INFO] [stdout]   19:     0x765afe4df3d4 - clone
[INFO] [stdout]   20:                0x0 - <unknown>
[INFO] [stdout] 
[INFO] [stdout] ---- google_protobuf_field_mask stdout ----
[INFO] [stdout] cargo:rerun-if-env-changed=PROTOC
[INFO] [stdout] 
[INFO] [stdout] thread 'google_protobuf_field_mask' (1620) panicked at tests/compare.rs:72:9:
[INFO] [stdout] protoc did not succeed: /opt/rustwide/workdir/tests/protobuf/src/google/protobuf: warning: directory does not exist.
[INFO] [stdout] /opt/rustwide/workdir/tests/protobuf/src: warning: directory does not exist.
[INFO] [stdout] Could not make proto path relative: field_mask.proto: No such file or directory
[INFO] [stdout] 
[INFO] [stdout] stack backtrace:
[INFO] [stdout]    0:     0x596247b2e441 - <<std[617be2ca0a6fd877]::sys::backtrace::BacktraceLock>::print::DisplayBacktrace as core[a373ad73a504971]::fmt::Display>::fmt
[INFO] [stdout]    1:     0x596247b4472a - core[a373ad73a504971]::fmt::write
[INFO] [stdout]    2:     0x596247b328dc - <alloc[2e1b2a31b91974c5]::vec::Vec<u8> as core[a373ad73a504971]::io::write::Write>::write_fmt
[INFO] [stdout]    3:     0x596247b08fe6 - std[617be2ca0a6fd877]::panicking::default_hook::{closure#0}
[INFO] [stdout]    4:     0x596247b260a9 - std[617be2ca0a6fd877]::panicking::default_hook
[INFO] [stdout]    5:     0x5962479b3fc0 - test[aada8e7e76ba119b]::test_main_inner::{closure#0}
[INFO] [stdout]    6:     0x596247b26262 - std[617be2ca0a6fd877]::panicking::panic_with_hook
[INFO] [stdout]    7:     0x596247b09092 - std[617be2ca0a6fd877]::panicking::panic_handler::{closure#0}
[INFO] [stdout]    8:     0x596247b01af9 - std[617be2ca0a6fd877]::sys::backtrace::__rust_end_short_backtrace::<std[617be2ca0a6fd877]::panicking::panic_handler::{closure#0}, !>
[INFO] [stdout]    9:     0x596247b09c9d - __rustc[ea4f61d10b84890b]::rust_begin_unwind
[INFO] [stdout]   10:     0x596247b44f1c - core[a373ad73a504971]::panicking::panic_fmt
[INFO] [stdout]   11:     0x59624791b081 - compare[415591cd6160f14f]::compare
[INFO] [stdout]   12:     0x59624791be55 - <compare[415591cd6160f14f]::google_protobuf_field_mask::{closure#0} as core[a373ad73a504971]::ops::function::FnOnce<()>>::call_once
[INFO] [stdout]   13:     0x5962479a740b - test[aada8e7e76ba119b]::__rust_begin_short_backtrace::<core[a373ad73a504971]::result::Result<(), alloc[2e1b2a31b91974c5]::string::String>, fn() -> core[a373ad73a504971]::result::Result<(), alloc[2e1b2a31b91974c5]::string::String>>
[INFO] [stdout]   14:     0x5962479b45e5 - test[aada8e7e76ba119b]::run_test::{closure#0}
[INFO] [stdout]   15:     0x5962479aded4 - std[617be2ca0a6fd877]::sys::backtrace::__rust_begin_short_backtrace::<test[aada8e7e76ba119b]::run_test::{closure#1}, ()>
[INFO] [stdout]   16:     0x5962479b7672 - <std[617be2ca0a6fd877]::thread::lifecycle::spawn_unchecked<test[aada8e7e76ba119b]::run_test::{closure#1}, ()>::{closure#1} as core[a373ad73a504971]::ops::function::FnOnce<()>>::call_once::{shim:vtable#0}
[INFO] [stdout]   17:     0x596247b2d98f - <std[617be2ca0a6fd877]::sys::thread::unix::Thread>::new::thread_start
[INFO] [stdout]   18:     0x765afe44bdfa - <unknown>
[INFO] [stdout]   19:     0x765afe4df3d4 - clone
[INFO] [stdout]   20:                0x0 - <unknown>
[INFO] [stdout] 
[INFO] [stdout] ---- google_protobuf_type stdout ----
[INFO] [stdout] cargo:rerun-if-env-changed=PROTOC
[INFO] [stdout] 
[INFO] [stdout] thread 'google_protobuf_type' (1628) panicked at tests/compare.rs:72:9:
[INFO] [stdout] protoc did not succeed: /opt/rustwide/workdir/tests/protobuf/src/google/protobuf: warning: directory does not exist.
[INFO] [stdout] /opt/rustwide/workdir/tests/protobuf/src: warning: directory does not exist.
[INFO] [stdout] Could not make proto path relative: type.proto: No such file or directory
[INFO] [stdout] 
[INFO] [stdout] stack backtrace:
[INFO] [stdout]    0:     0x596247b2e441 - <<std[617be2ca0a6fd877]::sys::backtrace::BacktraceLock>::print::DisplayBacktrace as core[a373ad73a504971]::fmt::Display>::fmt
[INFO] [stdout]    1:     0x596247b4472a - core[a373ad73a504971]::fmt::write
[INFO] [stdout]    2:     0x596247b328dc - <alloc[2e1b2a31b91974c5]::vec::Vec<u8> as core[a373ad73a504971]::io::write::Write>::write_fmt
[INFO] [stdout]    3:     0x596247b08fe6 - std[617be2ca0a6fd877]::panicking::default_hook::{closure#0}
[INFO] [stdout]    4:     0x596247b260a9 - std[617be2ca0a6fd877]::panicking::default_hook
[INFO] [stdout]    5:     0x5962479b3fc0 - test[aada8e7e76ba119b]::test_main_inner::{closure#0}
[INFO] [stdout]    6:     0x596247b26262 - std[617be2ca0a6fd877]::panicking::panic_with_hook
[INFO] [stdout]    7:     0x596247b09092 - std[617be2ca0a6fd877]::panicking::panic_handler::{closure#0}
[INFO] [stdout]    8:     0x596247b01af9 - std[617be2ca0a6fd877]::sys::backtrace::__rust_end_short_backtrace::<std[617be2ca0a6fd877]::panicking::panic_handler::{closure#0}, !>
[INFO] [stdout]    9:     0x596247b09c9d - __rustc[ea4f61d10b84890b]::rust_begin_unwind
[INFO] [stdout]   10:     0x596247b44f1c - core[a373ad73a504971]::panicking::panic_fmt
[INFO] [stdout]   11:     0x59624791b081 - compare[415591cd6160f14f]::compare
[INFO] [stdout]   12:     0x59624791bb25 - <compare[415591cd6160f14f]::google_protobuf_type::{closure#0} as core[a373ad73a504971]::ops::function::FnOnce<()>>::call_once
[INFO] [stdout]   13:     0x5962479a740b - test[aada8e7e76ba119b]::__rust_begin_short_backtrace::<core[a373ad73a504971]::result::Result<(), alloc[2e1b2a31b91974c5]::string::String>, fn() -> core[a373ad73a504971]::result::Result<(), alloc[2e1b2a31b91974c5]::string::String>>
[INFO] [stdout]   14:     0x5962479b45e5 - test[aada8e7e76ba119b]::run_test::{closure#0}
[INFO] [stdout]   15:     0x5962479aded4 - std[617be2ca0a6fd877]::sys::backtrace::__rust_begin_short_backtrace::<test[aada8e7e76ba119b]::run_test::{closure#1}, ()>
[INFO] [stdout]   16:     0x5962479b7672 - <std[617be2ca0a6fd877]::thread::lifecycle::spawn_unchecked<test[aada8e7e76ba119b]::run_test::{closure#1}, ()>::{closure#1} as core[a373ad73a504971]::ops::function::FnOnce<()>>::call_once::{shim:vtable#0}
[INFO] [stdout]   17:     0x596247b2d98f - <std[617be2ca0a6fd877]::sys::thread::unix::Thread>::new::thread_start
[INFO] [stdout]   18:     0x765afe44bdfa - <unknown>
[INFO] [stdout]   19:     0x765afe4df3d4 - clone
[INFO] [stdout]   20:                0x0 - <unknown>
[INFO] [stdout] 
[INFO] [stdout] ---- google_protobuf_struct stdout ----
[INFO] [stdout] cargo:rerun-if-env-changed=PROTOC
[INFO] [stdout] 
[INFO] [stdout] thread 'google_protobuf_struct' (1625) panicked at tests/compare.rs:72:9:
[INFO] [stdout] protoc did not succeed: /opt/rustwide/workdir/tests/protobuf/src/google/protobuf: warning: directory does not exist.
[INFO] [stdout] /opt/rustwide/workdir/tests/protobuf/src: warning: directory does not exist.
[INFO] [stdout] Could not make proto path relative: struct.proto: No such file or directory
[INFO] [stdout] 
[INFO] [stdout] stack backtrace:
[INFO] [stdout]    0:     0x596247b2e441 - <<std[617be2ca0a6fd877]::sys::backtrace::BacktraceLock>::print::DisplayBacktrace as core[a373ad73a504971]::fmt::Display>::fmt
[INFO] [stdout]    1:     0x596247b4472a - core[a373ad73a504971]::fmt::write
[INFO] [stdout]    2:     0x596247b328dc - <alloc[2e1b2a31b91974c5]::vec::Vec<u8> as core[a373ad73a504971]::io::write::Write>::write_fmt
[INFO] [stdout]    3:     0x596247b08fe6 - std[617be2ca0a6fd877]::panicking::default_hook::{closure#0}
[INFO] [stdout]    4:     0x596247b260a9 - std[617be2ca0a6fd877]::panicking::default_hook
[INFO] [stdout]    5:     0x5962479b3fc0 - test[aada8e7e76ba119b]::test_main_inner::{closure#0}
[INFO] [stdout]    6:     0x596247b26262 - std[617be2ca0a6fd877]::panicking::panic_with_hook
[INFO] [stdout]    7:     0x596247b09092 - std[617be2ca0a6fd877]::panicking::panic_handler::{closure#0}
[INFO] [stdout]    8:     0x596247b01af9 - std[617be2ca0a6fd877]::sys::backtrace::__rust_end_short_backtrace::<std[617be2ca0a6fd877]::panicking::panic_handler::{closure#0}, !>
[INFO] [stdout]    9:     0x596247b09c9d - __rustc[ea4f61d10b84890b]::rust_begin_unwind
[INFO] [stdout]   10:     0x596247b44f1c - core[a373ad73a504971]::panicking::panic_fmt
[INFO] [stdout]   11:     0x59624791b081 - compare[415591cd6160f14f]::compare
[INFO] [stdout]   12:     0x59624791bc15 - <compare[415591cd6160f14f]::google_protobuf_struct::{closure#0} as core[a373ad73a504971]::ops::function::FnOnce<()>>::call_once
[INFO] [stdout]   13:     0x5962479a740b - test[aada8e7e76ba119b]::__rust_begin_short_backtrace::<core[a373ad73a504971]::result::Result<(), alloc[2e1b2a31b91974c5]::string::String>, fn() -> core[a373ad73a504971]::result::Result<(), alloc[2e1b2a31b91974c5]::string::String>>
[INFO] [stdout]   14:     0x5962479b45e5 - test[aada8e7e76ba119b]::run_test::{closure#0}
[INFO] [stdout]   15:     0x5962479aded4 - std[617be2ca0a6fd877]::sys::backtrace::__rust_begin_short_backtrace::<test[aada8e7e76ba119b]::run_test::{closure#1}, ()>
[INFO] [stdout]   16:     0x5962479b7672 - <std[617be2ca0a6fd877]::thread::lifecycle::spawn_unchecked<test[aada8e7e76ba119b]::run_test::{closure#1}, ()>::{closure#1} as core[a373ad73a504971]::ops::function::FnOnce<()>>::call_once::{shim:vtable#0}
[INFO] [stdout]   17:     0x596247b2d98f - <std[617be2ca0a6fd877]::sys::thread::unix::Thread>::new::thread_start
[INFO] [stdout]   18:     0x765afe44bdfa - <unknown>
[INFO] [stdout]   19:     0x765afe4df3d4 - clone
[INFO] [stdout]   20:                0x0 - <unknown>
[INFO] [stdout] 
[INFO] [stdout] ---- google_protobuf_empty stdout ----
[INFO] [stdout] cargo:rerun-if-env-changed=PROTOC
[INFO] [stdout] 
[INFO] [stdout] thread 'google_protobuf_empty' (1619) panicked at tests/compare.rs:72:9:
[INFO] [stdout] protoc did not succeed: /opt/rustwide/workdir/tests/protobuf/src/google/protobuf: warning: directory does not exist.
[INFO] [stdout] /opt/rustwide/workdir/tests/protobuf/src: warning: directory does not exist.
[INFO] [stdout] Could not make proto path relative: empty.proto: No such file or directory
[INFO] [stdout] 
[INFO] [stdout] stack backtrace:
[INFO] [stdout]    0:     0x596247b2e441 - <<std[617be2ca0a6fd877]::sys::backtrace::BacktraceLock>::print::DisplayBacktrace as core[a373ad73a504971]::fmt::Display>::fmt
[INFO] [stdout]    1:     0x596247b4472a - core[a373ad73a504971]::fmt::write
[INFO] [stdout]    2:     0x596247b328dc - <alloc[2e1b2a31b91974c5]::vec::Vec<u8> as core[a373ad73a504971]::io::write::Write>::write_fmt
[INFO] [stdout]    3:     0x596247b08fe6 - std[617be2ca0a6fd877]::panicking::default_hook::{closure#0}
[INFO] [stdout]    4:     0x596247b260a9 - std[617be2ca0a6fd877]::panicking::default_hook
[INFO] [stdout]    5:     0x5962479b3fc0 - test[aada8e7e76ba119b]::test_main_inner::{closure#0}
[INFO] [stdout]    6:     0x596247b26262 - std[617be2ca0a6fd877]::panicking::panic_with_hook
[INFO] [stdout]    7:     0x596247b09092 - std[617be2ca0a6fd877]::panicking::panic_handler::{closure#0}
[INFO] [stdout]    8:     0x596247b01af9 - std[617be2ca0a6fd877]::sys::backtrace::__rust_end_short_backtrace::<std[617be2ca0a6fd877]::panicking::panic_handler::{closure#0}, !>
[INFO] [stdout]    9:     0x596247b09c9d - __rustc[ea4f61d10b84890b]::rust_begin_unwind
[INFO] [stdout]   10:     0x596247b44f1c - core[a373ad73a504971]::panicking::panic_fmt
[INFO] [stdout]   11:     0x59624791b081 - compare[415591cd6160f14f]::compare
[INFO] [stdout]   12:     0x59624791bb85 - <compare[415591cd6160f14f]::google_protobuf_empty::{closure#0} as core[a373ad73a504971]::ops::function::FnOnce<()>>::call_once
[INFO] [stdout]   13:     0x5962479a740b - test[aada8e7e76ba119b]::__rust_begin_short_backtrace::<core[a373ad73a504971]::result::Result<(), alloc[2e1b2a31b91974c5]::string::String>, fn() -> core[a373ad73a504971]::result::Result<(), alloc[2e1b2a31b91974c5]::string::String>>
[INFO] [stdout]   14:     0x5962479b45e5 - test[aada8e7e76ba119b]::run_test::{closure#0}
[INFO] [stdout]   15:     0x5962479aded4 - std[617be2ca0a6fd877]::sys::backtrace::__rust_begin_short_backtrace::<test[aada8e7e76ba119b]::run_test::{closure#1}, ()>
[INFO] [stdout]   16:     0x5962479b7672 - <std[617be2ca0a6fd877]::thread::lifecycle::spawn_unchecked<test[aada8e7e76ba119b]::run_test::{closure#1}, ()>::{closure#1} as core[a373ad73a504971]::ops::function::FnOnce<()>>::call_once::{shim:vtable#0}
[INFO] [stdout]   17:     0x596247b2d98f - <std[617be2ca0a6fd877]::sys::thread::unix::Thread>::new::thread_start
[INFO] [stdout]   18:     0x765afe44bdfa - <unknown>
[INFO] [stdout]   19:     0x765afe4df3d4 - clone
[INFO] [stdout]   20:                0x0 - <unknown>
[INFO] [stdout] 
[INFO] [stdout] ---- google_test_messages_proto2 stdout ----
[INFO] [stdout] cargo:rerun-if-env-changed=PROTOC
[INFO] [stdout] 
[INFO] [stdout] thread 'google_test_messages_proto2' (1633) panicked at tests/compare.rs:72:9:
[INFO] [stdout] protoc did not succeed: /opt/rustwide/workdir/tests/protobuf/src/google/protobuf: warning: directory does not exist.
[INFO] [stdout] /opt/rustwide/workdir/tests/protobuf/src: warning: directory does not exist.
[INFO] [stdout] Could not make proto path relative: test_messages_proto2.proto: No such file or directory
[INFO] [stdout] 
[INFO] [stdout] stack backtrace:
[INFO] [stdout]    0:     0x596247b2e441 - <<std[617be2ca0a6fd877]::sys::backtrace::BacktraceLock>::print::DisplayBacktrace as core[a373ad73a504971]::fmt::Display>::fmt
[INFO] [stdout]    1:     0x596247b4472a - core[a373ad73a504971]::fmt::write
[INFO] [stdout]    2:     0x596247b328dc - <alloc[2e1b2a31b91974c5]::vec::Vec<u8> as core[a373ad73a504971]::io::write::Write>::write_fmt
[INFO] [stdout]    3:     0x596247b08fe6 - std[617be2ca0a6fd877]::panicking::default_hook::{closure#0}
[INFO] [stdout]    4:     0x596247b260a9 - std[617be2ca0a6fd877]::panicking::default_hook
[INFO] [stdout]    5:     0x5962479b3fc0 - test[aada8e7e76ba119b]::test_main_inner::{closure#0}
[INFO] [stdout]    6:     0x596247b26262 - std[617be2ca0a6fd877]::panicking::panic_with_hook
[INFO] [stdout]    7:     0x596247b09092 - std[617be2ca0a6fd877]::panicking::panic_handler::{closure#0}
[INFO] [stdout]    8:     0x596247b01af9 - std[617be2ca0a6fd877]::sys::backtrace::__rust_end_short_backtrace::<std[617be2ca0a6fd877]::panicking::panic_handler::{closure#0}, !>
[INFO] [stdout]    9:     0x596247b09c9d - __rustc[ea4f61d10b84890b]::rust_begin_unwind
[INFO] [stdout]   10:     0x596247b44f1c - core[a373ad73a504971]::panicking::panic_fmt
[INFO] [stdout]   11:     0x59624791b081 - compare[415591cd6160f14f]::compare
[INFO] [stdout]   12:     0x59624791be85 - <compare[415591cd6160f14f]::google_test_messages_proto2::{closure#0} as core[a373ad73a504971]::ops::function::FnOnce<()>>::call_once
[INFO] [stdout]   13:     0x5962479a740b - test[aada8e7e76ba119b]::__rust_begin_short_backtrace::<core[a373ad73a504971]::result::Result<(), alloc[2e1b2a31b91974c5]::string::String>, fn() -> core[a373ad73a504971]::result::Result<(), alloc[2e1b2a31b91974c5]::string::String>>
[INFO] [stdout]   14:     0x5962479b45e5 - test[aada8e7e76ba119b]::run_test::{closure#0}
[INFO] [stdout]   15:     0x5962479aded4 - std[617be2ca0a6fd877]::sys::backtrace::__rust_begin_short_backtrace::<test[aada8e7e76ba119b]::run_test::{closure#1}, ()>
[INFO] [stdout]   16:     0x5962479b7672 - <std[617be2ca0a6fd877]::thread::lifecycle::spawn_unchecked<test[aada8e7e76ba119b]::run_test::{closure#1}, ()>::{closure#1} as core[a373ad73a504971]::ops::function::FnOnce<()>>::call_once::{shim:vtable#0}
[INFO] [stdout]   17:     0x596247b2d98f - <std[617be2ca0a6fd877]::sys::thread::unix::Thread>::new::thread_start
[INFO] [stdout]   18:     0x765afe44bdfa - <unknown>
[INFO] [stdout]   19:     0x765afe4df3d4 - clone
[INFO] [stdout]   20:                0x0 - <unknown>
[INFO] [stdout] 
[INFO] [stdout] ---- google_unittest_empty stdout ----
[INFO] [stdout] cargo:rerun-if-env-changed=PROTOC
[INFO] [stdout] 
[INFO] [stdout] thread 'google_unittest_empty' (1638) panicked at tests/compare.rs:72:9:
[INFO] [stdout] protoc did not succeed: /opt/rustwide/workdir/tests/protobuf/src/google/protobuf: warning: directory does not exist.
[INFO] [stdout] /opt/rustwide/workdir/tests/protobuf/src: warning: directory does not exist.
[INFO] [stdout] Could not make proto path relative: unittest_empty.proto: No such file or directory
[INFO] [stdout] 
[INFO] [stdout] stack backtrace:
[INFO] [stdout]    0:     0x596247b2e441 - <<std[617be2ca0a6fd877]::sys::backtrace::BacktraceLock>::print::DisplayBacktrace as core[a373ad73a504971]::fmt::Display>::fmt
[INFO] [stdout]    1:     0x596247b4472a - core[a373ad73a504971]::fmt::write
[INFO] [stdout]    2:     0x596247b328dc - <alloc[2e1b2a31b91974c5]::vec::Vec<u8> as core[a373ad73a504971]::io::write::Write>::write_fmt
[INFO] [stdout]    3:     0x596247b08fe6 - std[617be2ca0a6fd877]::panicking::default_hook::{closure#0}
[INFO] [stdout]    4:     0x596247b260a9 - std[617be2ca0a6fd877]::panicking::default_hook
[INFO] [stdout]    5:     0x5962479b3fc0 - test[aada8e7e76ba119b]::test_main_inner::{closure#0}
[INFO] [stdout]    6:     0x596247b26262 - std[617be2ca0a6fd877]::panicking::panic_with_hook
[INFO] [stdout]    7:     0x596247b09092 - std[617be2ca0a6fd877]::panicking::panic_handler::{closure#0}
[INFO] [stdout]    8:     0x596247b01af9 - std[617be2ca0a6fd877]::sys::backtrace::__rust_end_short_backtrace::<std[617be2ca0a6fd877]::panicking::panic_handler::{closure#0}, !>
[INFO] [stdout]    9:     0x596247b09c9d - __rustc[ea4f61d10b84890b]::rust_begin_unwind
[INFO] [stdout]   10:     0x596247b44f1c - core[a373ad73a504971]::panicking::panic_fmt
[INFO] [stdout]   11:     0x59624791b081 - compare[415591cd6160f14f]::compare
[INFO] [stdout]   12:     0x59624791bbb5 - <compare[415591cd6160f14f]::google_unittest_empty::{closure#0} as core[a373ad73a504971]::ops::function::FnOnce<()>>::call_once
[INFO] [stdout]   13:     0x5962479a740b - test[aada8e7e76ba119b]::__rust_begin_short_backtrace::<core[a373ad73a504971]::result::Result<(), alloc[2e1b2a31b91974c5]::string::String>, fn() -> core[a373ad73a504971]::result::Result<(), alloc[2e1b2a31b91974c5]::string::String>>
[INFO] [stdout]   14:     0x5962479b45e5 - test[aada8e7e76ba119b]::run_test::{closure#0}
[INFO] [stdout]   15:     0x5962479aded4 - std[617be2ca0a6fd877]::sys::backtrace::__rust_begin_short_backtrace::<test[aada8e7e76ba119b]::run_test::{closure#1}, ()>
[INFO] [stdout]   16:     0x5962479b7672 - <std[617be2ca0a6fd877]::thread::lifecycle::spawn_unchecked<test[aada8e7e76ba119b]::run_test::{closure#1}, ()>::{closure#1} as core[a373ad73a504971]::ops::function::FnOnce<()>>::call_once::{shim:vtable#0}
[INFO] [stdout]   17:     0x596247b2d98f - <std[617be2ca0a6fd877]::sys::thread::unix::Thread>::new::thread_start
[INFO] [stdout]   18:     0x765afe44bdfa - <unknown>
[INFO] [stdout]   19:     0x765afe4df3d4 - clone
[INFO] [stdout]   20:                0x0 - <unknown>
[INFO] [stdout] 
[INFO] [stdout] ---- google_unittest_enormous_descriptor stdout ----
[INFO] [stdout] cargo:rerun-if-env-changed=PROTOC
[INFO] [stdout] 
[INFO] [stdout] thread 'google_unittest_enormous_descriptor' (1639) panicked at tests/compare.rs:72:9:
[INFO] [stdout] protoc did not succeed: /opt/rustwide/workdir/tests/protobuf/src/google/protobuf: warning: directory does not exist.
[INFO] [stdout] /opt/rustwide/workdir/tests/protobuf/src: warning: directory does not exist.
[INFO] [stdout] Could not make proto path relative: unittest_enormous_descriptor.proto: No such file or directory
[INFO] [stdout] 
[INFO] [stdout] stack backtrace:
[INFO] [stdout]    0:     0x596247b2e441 - <<std[617be2ca0a6fd877]::sys::backtrace::BacktraceLock>::print::DisplayBacktrace as core[a373ad73a504971]::fmt::Display>::fmt
[INFO] [stdout]    1:     0x596247b4472a - core[a373ad73a504971]::fmt::write
[INFO] [stdout]    2:     0x596247b328dc - <alloc[2e1b2a31b91974c5]::vec::Vec<u8> as core[a373ad73a504971]::io::write::Write>::write_fmt
[INFO] [stdout]    3:     0x596247b08fe6 - std[617be2ca0a6fd877]::panicking::default_hook::{closure#0}
[INFO] [stdout]    4:     0x596247b260a9 - std[617be2ca0a6fd877]::panicking::default_hook
[INFO] [stdout]    5:     0x5962479b3fc0 - test[aada8e7e76ba119b]::test_main_inner::{closure#0}
[INFO] [stdout]    6:     0x596247b26262 - std[617be2ca0a6fd877]::panicking::panic_with_hook
[INFO] [stdout]    7:     0x596247b09092 - std[617be2ca0a6fd877]::panicking::panic_handler::{closure#0}
[INFO] [stdout]    8:     0x596247b01af9 - std[617be2ca0a6fd877]::sys::backtrace::__rust_end_short_backtrace::<std[617be2ca0a6fd877]::panicking::panic_handler::{closure#0}, !>
[INFO] [stdout]    9:     0x596247b09c9d - __rustc[ea4f61d10b84890b]::rust_begin_unwind
[INFO] [stdout]   10:     0x596247b44f1c - core[a373ad73a504971]::panicking::panic_fmt
[INFO] [stdout]   11:     0x59624791b081 - compare[415591cd6160f14f]::compare
[INFO] [stdout]   12:     0x59624791c095 - <compare[415591cd6160f14f]::google_unittest_enormous_descriptor::{closure#0} as core[a373ad73a504971]::ops::function::FnOnce<()>>::call_once
[INFO] [stdout]   13:     0x5962479a740b - test[aada8e7e76ba119b]::__rust_begin_short_backtrace::<core[a373ad73a504971]::result::Result<(), alloc[2e1b2a31b91974c5]::string::String>, fn() -> core[a373ad73a504971]::result::Result<(), alloc[2e1b2a31b91974c5]::string::String>>
[INFO] [stdout]   14:     0x5962479b45e5 - test[aada8e7e76ba119b]::run_test::{closure#0}
[INFO] [stdout]   15:     0x5962479aded4 - std[617be2ca0a6fd877]::sys::backtrace::__rust_begin_short_backtrace::<test[aada8e7e76ba119b]::run_test::{closure#1}, ()>
[INFO] [stdout]   16:     0x5962479b7672 - <std[617be2ca0a6fd877]::thread::lifecycle::spawn_unchecked<test[aada8e7e76ba119b]::run_test::{closure#1}, ()>::{closure#1} as core[a373ad73a504971]::ops::function::FnOnce<()>>::call_once::{shim:vtable#0}
[INFO] [stdout]   17:     0x596247b2d98f - <std[617be2ca0a6fd877]::sys::thread::unix::Thread>::new::thread_start
[INFO] [stdout]   18:     0x765afe44bdfa - <unknown>
[INFO] [stdout]   19:     0x765afe4df3d4 - clone
[INFO] [stdout]   20:                0x0 - <unknown>
[INFO] [stdout] 
[INFO] [stdout] ---- google_test_messages_proto3 stdout ----
[INFO] [stdout] cargo:rerun-if-env-changed=PROTOC
[INFO] [stdout] 
[INFO] [stdout] thread 'google_test_messages_proto3' (1634) panicked at tests/compare.rs:72:9:
[INFO] [stdout] protoc did not succeed: /opt/rustwide/workdir/tests/protobuf/src/google/protobuf: warning: directory does not exist.
[INFO] [stdout] /opt/rustwide/workdir/tests/protobuf/src: warning: directory does not exist.
[INFO] [stdout] Could not make proto path relative: test_messages_proto3.proto: No such file or directory
[INFO] [stdout] 
[INFO] [stdout] stack backtrace:
[INFO] [stdout]    0:     0x596247b2e441 - <<std[617be2ca0a6fd877]::sys::backtrace::BacktraceLock>::print::DisplayBacktrace as core[a373ad73a504971]::fmt::Display>::fmt
[INFO] [stdout]    1:     0x596247b4472a - core[a373ad73a504971]::fmt::write
[INFO] [stdout]    2:     0x596247b328dc - <alloc[2e1b2a31b91974c5]::vec::Vec<u8> as core[a373ad73a504971]::io::write::Write>::write_fmt
[INFO] [stdout]    3:     0x596247b08fe6 - std[617be2ca0a6fd877]::panicking::default_hook::{closure#0}
[INFO] [stdout]    4:     0x596247b260a9 - std[617be2ca0a6fd877]::panicking::default_hook
[INFO] [stdout]    5:     0x5962479b3fc0 - test[aada8e7e76ba119b]::test_main_inner::{closure#0}
[INFO] [stdout]    6:     0x596247b26262 - std[617be2ca0a6fd877]::panicking::panic_with_hook
[INFO] [stdout]    7:     0x596247b09092 - std[617be2ca0a6fd877]::panicking::panic_handler::{closure#0}
[INFO] [stdout]    8:     0x596247b01af9 - std[617be2ca0a6fd877]::sys::backtrace::__rust_end_short_backtrace::<std[617be2ca0a6fd877]::panicking::panic_handler::{closure#0}, !>
[INFO] [stdout]    9:     0x596247b09c9d - __rustc[ea4f61d10b84890b]::rust_begin_unwind
[INFO] [stdout]   10:     0x596247b44f1c - core[a373ad73a504971]::panicking::panic_fmt
[INFO] [stdout]   11:     0x59624791b081 - compare[415591cd6160f14f]::compare
[INFO] [stdout]   12:     0x59624791beb5 - <compare[415591cd6160f14f]::google_test_messages_proto3::{closure#0} as core[a373ad73a504971]::ops::function::FnOnce<()>>::call_once
[INFO] [stdout]   13:     0x5962479a740b - test[aada8e7e76ba119b]::__rust_begin_short_backtrace::<core[a373ad73a504971]::result::Result<(), alloc[2e1b2a31b91974c5]::string::String>, fn() -> core[a373ad73a504971]::result::Result<(), alloc[2e1b2a31b91974c5]::string::String>>
[INFO] [stdout]   14:     0x5962479b45e5 - test[aada8e7e76ba119b]::run_test::{closure#0}
[INFO] [stdout]   15:     0x5962479aded4 - std[617be2ca0a6fd877]::sys::backtrace::__rust_begin_short_backtrace::<test[aada8e7e76ba119b]::run_test::{closure#1}, ()>
[INFO] [stdout]   16:     0x5962479b7672 - <std[617be2ca0a6fd877]::thread::lifecycle::spawn_unchecked<test[aada8e7e76ba119b]::run_test::{closure#1}, ()>::{closure#1} as core[a373ad73a504971]::ops::function::FnOnce<()>>::call_once::{shim:vtable#0}
[INFO] [stdout]   17:     0x596247b2d98f - <std[617be2ca0a6fd877]::sys::thread::unix::Thread>::new::thread_start
[INFO] [stdout]   18:     0x765afe44bdfa - <unknown>
[INFO] [stdout]   19:     0x765afe4df3d4 - clone
[INFO] [stdout]   20:                0x0 - <unknown>
[INFO] [stdout] 
[INFO] [stdout] ---- google_unittest stdout ----
[INFO] [stdout] cargo:rerun-if-env-changed=PROTOC
[INFO] [stdout] 
[INFO] [stdout] thread 'google_unittest' (1636) panicked at tests/compare.rs:72:9:
[INFO] [stdout] protoc did not succeed: /opt/rustwide/workdir/tests/protobuf/src/google/protobuf: warning: directory does not exist.
[INFO] [stdout] /opt/rustwide/workdir/tests/protobuf/src: warning: directory does not exist.
[INFO] [stdout] Could not make proto path relative: unittest.proto: No such file or directory
[INFO] [stdout] 
[INFO] [stdout] stack backtrace:
[INFO] [stdout]    0:     0x596247b2e441 - <<std[617be2ca0a6fd877]::sys::backtrace::BacktraceLock>::print::DisplayBacktrace as core[a373ad73a504971]::fmt::Display>::fmt
[INFO] [stdout]    1:     0x596247b4472a - core[a373ad73a504971]::fmt::write
[INFO] [stdout]    2:     0x596247b328dc - <alloc[2e1b2a31b91974c5]::vec::Vec<u8> as core[a373ad73a504971]::io::write::Write>::write_fmt
[INFO] [stdout]    3:     0x596247b08fe6 - std[617be2ca0a6fd877]::panicking::default_hook::{closure#0}
[INFO] [stdout]    4:     0x596247b260a9 - std[617be2ca0a6fd877]::panicking::default_hook
[INFO] [stdout]    5:     0x5962479b3fc0 - test[aada8e7e76ba119b]::test_main_inner::{closure#0}
[INFO] [stdout]    6:     0x596247b26262 - std[617be2ca0a6fd877]::panicking::panic_with_hook
[INFO] [stdout]    7:     0x596247b09092 - std[617be2ca0a6fd877]::panicking::panic_handler::{closure#0}
[INFO] [stdout]    8:     0x596247b01af9 - std[617be2ca0a6fd877]::sys::backtrace::__rust_end_short_backtrace::<std[617be2ca0a6fd877]::panicking::panic_handler::{closure#0}, !>
[INFO] [stdout]    9:     0x596247b09c9d - __rustc[ea4f61d10b84890b]::rust_begin_unwind
[INFO] [stdout]   10:     0x596247b44f1c - core[a373ad73a504971]::panicking::panic_fmt
[INFO] [stdout]   11:     0x59624791b081 - compare[415591cd6160f14f]::compare
[INFO] [stdout]   12:     0x59624791b945 - <compare[415591cd6160f14f]::google_unittest::{closure#0} as core[a373ad73a504971]::ops::function::FnOnce<()>>::call_once
[INFO] [stdout]   13:     0x5962479a740b - test[aada8e7e76ba119b]::__rust_begin_short_backtrace::<core[a373ad73a504971]::result::Result<(), alloc[2e1b2a31b91974c5]::string::String>, fn() -> core[a373ad73a504971]::result::Result<(), alloc[2e1b2a31b91974c5]::string::String>>
[INFO] [stdout]   14:     0x5962479b45e5 - test[aada8e7e76ba119b]::run_test::{closure#0}
[INFO] [stdout]   15:     0x5962479aded4 - std[617be2ca0a6fd877]::sys::backtrace::__rust_begin_short_backtrace::<test[aada8e7e76ba119b]::run_test::{closure#1}, ()>
[INFO] [stdout]   16:     0x5962479b7672 - <std[617be2ca0a6fd877]::thread::lifecycle::spawn_unchecked<test[aada8e7e76ba119b]::run_test::{closure#1}, ()>::{closure#1} as core[a373ad73a504971]::ops::function::FnOnce<()>>::call_once::{shim:vtable#0}
[INFO] [stdout]   17:     0x596247b2d98f - <std[617be2ca0a6fd877]::sys::thread::unix::Thread>::new::thread_start
[INFO] [stdout]   18:     0x765afe44bdfa - <unknown>
[INFO] [stdout]   19:     0x765afe4df3d4 - clone
[INFO] [stdout]   20:                0x0 - <unknown>
[INFO] [stdout] 
[INFO] [stdout] ---- google_unittest_preserve_unknown_enum stdout ----
[INFO] [stdout] cargo:rerun-if-env-changed=PROTOC
[INFO] [stdout] 
[INFO] [stdout] thread 'google_unittest_preserve_unknown_enum' (1648) panicked at tests/compare.rs:72:9:
[INFO] [stdout] protoc did not succeed: /opt/rustwide/workdir/tests/protobuf/src/google/protobuf: warning: directory does not exist.
[INFO] [stdout] /opt/rustwide/workdir/tests/protobuf/src: warning: directory does not exist.
[INFO] [stdout] google/unittest_preserve_unknown_enum.proto:15:8: Option "features" unknown. Ensure that your proto definition file imports the proto which defines the option.
[INFO] [stdout] 
[INFO] [stdout] stack backtrace:
[INFO] [stdout]    0:     0x596247b2e441 - <<std[617be2ca0a6fd877]::sys::backtrace::BacktraceLock>::print::DisplayBacktrace as core[a373ad73a504971]::fmt::Display>::fmt
[INFO] [stdout]    1:     0x596247b4472a - core[a373ad73a504971]::fmt::write
[INFO] [stdout]    2:     0x596247b328dc - <alloc[2e1b2a31b91974c5]::vec::Vec<u8> as core[a373ad73a504971]::io::write::Write>::write_fmt
[INFO] [stdout]    3:     0x596247b08fe6 - std[617be2ca0a6fd877]::panicking::default_hook::{closure#0}
[INFO] [stdout]    4:     0x596247b260a9 - std[617be2ca0a6fd877]::panicking::default_hook
[INFO] [stdout]    5:     0x5962479b3fc0 - test[aada8e7e76ba119b]::test_main_inner::{closure#0}
[INFO] [stdout]    6:     0x596247b26262 - std[617be2ca0a6fd877]::panicking::panic_with_hook
[INFO] [stdout]    7:     0x596247b09092 - std[617be2ca0a6fd877]::panicking::panic_handler::{closure#0}
[INFO] [stdout]    8:     0x596247b01af9 - std[617be2ca0a6fd877]::sys::backtrace::__rust_end_short_backtrace::<std[617be2ca0a6fd877]::panicking::panic_handler::{closure#0}, !>
[INFO] [stdout]    9:     0x596247b09c9d - __rustc[ea4f61d10b84890b]::rust_begin_unwind
[INFO] [stdout]   10:     0x596247b44f1c - core[a373ad73a504971]::panicking::panic_fmt
[INFO] [stdout]   11:     0x59624791b081 - compare[415591cd6160f14f]::compare
[INFO] [stdout]   12:     0x59624791c0c5 - <compare[415591cd6160f14f]::google_unittest_preserve_unknown_enum::{closure#0} as core[a373ad73a504971]::ops::function::FnOnce<()>>::call_once
[INFO] [stdout]   13:     0x5962479a740b - test[aada8e7e76ba119b]::__rust_begin_short_backtrace::<core[a373ad73a504971]::result::Result<(), alloc[2e1b2a31b91974c5]::string::String>, fn() -> core[a373ad73a504971]::result::Result<(), alloc[2e1b2a31b91974c5]::string::String>>
[INFO] [stdout]   14:     0x5962479b45e5 - test[aada8e7e76ba119b]::run_test::{closure#0}
[INFO] [stdout]   15:     0x5962479aded4 - std[617be2ca0a6fd877]::sys::backtrace::__rust_begin_short_backtrace::<test[aada8e7e76ba119b]::run_test::{closure#1}, ()>
[INFO] [stdout]   16:     0x5962479b7672 - <std[617be2ca0a6fd877]::thread::lifecycle::spawn_unchecked<test[aada8e7e76ba119b]::run_test::{closure#1}, ()>::{closure#1} as core[a373ad73a504971]::ops::function::FnOnce<()>>::call_once::{shim:vtable#0}
[INFO] [stdout]   17:     0x596247b2d98f - <std[617be2ca0a6fd877]::sys::thread::unix::Thread>::new::thread_start
[INFO] [stdout]   18:     0x765afe44bdfa - <unknown>
[INFO] [stdout]   19:     0x765afe4df3d4 - clone
[INFO] [stdout]   20:                0x0 - <unknown>
[INFO] [stdout] 
[INFO] [stdout] ---- google_unittest_import stdout ----
[INFO] [stdout] cargo:rerun-if-env-changed=PROTOC
[INFO] [stdout] 
[INFO] [stdout] thread 'google_unittest_import' (1640) panicked at tests/compare.rs:72:9:
[INFO] [stdout] protoc did not succeed: /opt/rustwide/workdir/tests/protobuf/src/google/protobuf: warning: directory does not exist.
[INFO] [stdout] /opt/rustwide/workdir/tests/protobuf/src: warning: directory does not exist.
[INFO] [stdout] Could not make proto path relative: unittest_import.proto: No such file or directory
[INFO] [stdout] 
[INFO] [stdout] stack backtrace:
[INFO] [stdout]    0:     0x596247b2e441 - <<std[617be2ca0a6fd877]::sys::backtrace::BacktraceLock>::print::DisplayBacktrace as core[a373ad73a504971]::fmt::Display>::fmt
[INFO] [stdout]    1:     0x596247b4472a - core[a373ad73a504971]::fmt::write
[INFO] [stdout]    2:     0x596247b328dc - <alloc[2e1b2a31b91974c5]::vec::Vec<u8> as core[a373ad73a504971]::io::write::Write>::write_fmt
[INFO] [stdout]    3:     0x596247b08fe6 - std[617be2ca0a6fd877]::panicking::default_hook::{closure#0}
[INFO] [stdout]    4:     0x596247b260a9 - std[617be2ca0a6fd877]::panicking::default_hook
[INFO] [stdout]    5:     0x5962479b3fc0 - test[aada8e7e76ba119b]::test_main_inner::{closure#0}
[INFO] [stdout]    6:     0x596247b26262 - std[617be2ca0a6fd877]::panicking::panic_with_hook
[INFO] [stdout]    7:     0x596247b09092 - std[617be2ca0a6fd877]::panicking::panic_handler::{closure#0}
[INFO] [stdout]    8:     0x596247b01af9 - std[617be2ca0a6fd877]::sys::backtrace::__rust_end_short_backtrace::<std[617be2ca0a6fd877]::panicking::panic_handler::{closure#0}, !>
[INFO] [stdout]    9:     0x596247b09c9d - __rustc[ea4f61d10b84890b]::rust_begin_unwind
[INFO] [stdout]   10:     0x596247b44f1c - core[a373ad73a504971]::panicking::panic_fmt
[INFO] [stdout]   11:     0x59624791b081 - compare[415591cd6160f14f]::compare
[INFO] [stdout]   12:     0x59624791bc45 - <compare[415591cd6160f14f]::google_unittest_import::{closure#0} as core[a373ad73a504971]::ops::function::FnOnce<()>>::call_once
[INFO] [stdout]   13:     0x5962479a740b - test[aada8e7e76ba119b]::__rust_begin_short_backtrace::<core[a373ad73a504971]::result::Result<(), alloc[2e1b2a31b91974c5]::string::String>, fn() -> core[a373ad73a504971]::result::Result<(), alloc[2e1b2a31b91974c5]::string::String>>
[INFO] [stdout]   14:     0x5962479b45e5 - test[aada8e7e76ba119b]::run_test::{closure#0}
[INFO] [stdout]   15:     0x5962479aded4 - std[617be2ca0a6fd877]::sys::backtrace::__rust_begin_short_backtrace::<test[aada8e7e76ba119b]::run_test::{closure#1}, ()>
[INFO] [stdout]   16:     0x5962479b7672 - <std[617be2ca0a6fd877]::thread::lifecycle::spawn_unchecked<test[aada8e7e76ba119b]::run_test::{closure#1}, ()>::{closure#1} as core[a373ad73a504971]::ops::function::FnOnce<()>>::call_once::{shim:vtable#0}
[INFO] [stdout]   17:     0x596247b2d98f - <std[617be2ca0a6fd877]::sys::thread::unix::Thread>::new::thread_start
[INFO] [stdout]   18:     0x765afe44bdfa - <unknown>
[INFO] [stdout]   19:     0x765afe4df3d4 - clone
[INFO] [stdout]   20:                0x0 - <unknown>
[INFO] [stdout] 
[INFO] [stdout] ---- google_unittest_proto3_optional stdout ----
[INFO] [stdout] cargo:rerun-if-env-changed=PROTOC
[INFO] [stdout] 
[INFO] [stdout] thread 'google_unittest_proto3_optional' (1651) panicked at tests/compare.rs:72:9:
[INFO] [stdout] protoc did not succeed: /opt/rustwide/workdir/tests/protobuf/src/google/protobuf: warning: directory does not exist.
[INFO] [stdout] /opt/rustwide/workdir/tests/protobuf/src: warning: directory does not exist.
[INFO] [stdout] Could not make proto path relative: unittest_proto3_optional.proto: No such file or directory
[INFO] [stdout] 
[INFO] [stdout] stack backtrace:
[INFO] [stdout]    0:     0x596247b2e441 - <<std[617be2ca0a6fd877]::sys::backtrace::BacktraceLock>::print::DisplayBacktrace as core[a373ad73a504971]::fmt::Display>::fmt
[INFO] [stdout]    1:     0x596247b4472a - core[a373ad73a504971]::fmt::write
[INFO] [stdout]    2:     0x596247b328dc - <alloc[2e1b2a31b91974c5]::vec::Vec<u8> as core[a373ad73a504971]::io::write::Write>::write_fmt
[INFO] [stdout]    3:     0x596247b08fe6 - std[617be2ca0a6fd877]::panicking::default_hook::{closure#0}
[INFO] [stdout]    4:     0x596247b260a9 - std[617be2ca0a6fd877]::panicking::default_hook
[INFO] [stdout]    5:     0x5962479b3fc0 - test[aada8e7e76ba119b]::test_main_inner::{closure#0}
[INFO] [stdout]    6:     0x596247b26262 - std[617be2ca0a6fd877]::panicking::panic_with_hook
[INFO] [stdout]    7:     0x596247b09092 - std[617be2ca0a6fd877]::panicking::panic_handler::{closure#0}
[INFO] [stdout]    8:     0x596247b01af9 - std[617be2ca0a6fd877]::sys::backtrace::__rust_end_short_backtrace::<std[617be2ca0a6fd877]::panicking::panic_handler::{closure#0}, !>
[INFO] [stdout]    9:     0x596247b09c9d - __rustc[ea4f61d10b84890b]::rust_begin_unwind
[INFO] [stdout]   10:     0x596247b44f1c - core[a373ad73a504971]::panicking::panic_fmt
[INFO] [stdout]   11:     0x59624791b081 - compare[415591cd6160f14f]::compare
[INFO] [stdout]   12:     0x59624791bf75 - <compare[415591cd6160f14f]::google_unittest_proto3_optional::{closure#0} as core[a373ad73a504971]::ops::function::FnOnce<()>>::call_once
[INFO] [stdout]   13:     0x5962479a740b - test[aada8e7e76ba119b]::__rust_begin_short_backtrace::<core[a373ad73a504971]::result::Result<(), alloc[2e1b2a31b91974c5]::string::String>, fn() -> core[a373ad73a504971]::result::Result<(), alloc[2e1b2a31b91974c5]::string::String>>
[INFO] [stdout]   14:     0x5962479b45e5 - test[aada8e7e76ba119b]::run_test::{closure#0}
[INFO] [stdout]   15:     0x5962479aded4 - std[617be2ca0a6fd877]::sys::backtrace::__rust_begin_short_backtrace::<test[aada8e7e76ba119b]::run_test::{closure#1}, ()>
[INFO] [stdout]   16:     0x5962479b7672 - <std[617be2ca0a6fd877]::thread::lifecycle::spawn_unchecked<test[aada8e7e76ba119b]::run_test::{closure#1}, ()>::{closure#1} as core[a373ad73a504971]::ops::function::FnOnce<()>>::call_once::{shim:vtable#0}
[INFO] [stdout]   17:     0x596247b2d98f - <std[617be2ca0a6fd877]::sys::thread::unix::Thread>::new::thread_start
[INFO] [stdout]   18:     0x765afe44bdfa - <unknown>
[INFO] [stdout]   19:     0x765afe4df3d4 - clone
[INFO] [stdout]   20:                0x0 - <unknown>
[INFO] [stdout] 
[INFO] [stdout] ---- google_unittest_no_field_presence stdout ----
[INFO] [stdout] cargo:rerun-if-env-changed=PROTOC
[INFO] [stdout] 
[INFO] [stdout] thread 'google_unittest_no_field_presence' (1647) panicked at tests/compare.rs:72:9:
[INFO] [stdout] protoc did not succeed: /opt/rustwide/workdir/tests/protobuf/src/google/protobuf: warning: directory does not exist.
[INFO] [stdout] /opt/rustwide/workdir/tests/protobuf/src: warning: directory does not exist.
[INFO] [stdout] google/protobuf/unittest.proto: File not found.
[INFO] [stdout] google/unittest_no_field_presence.proto:20:1: Import "google/protobuf/unittest.proto" was not found or had errors.
[INFO] [stdout] google/unittest_no_field_presence.proto:56:3: "protobuf_unittest.TestAllTypes" is not defined.
[INFO] [stdout] google/unittest_no_field_presence.proto:89:12: "protobuf_unittest.TestAllTypes" is not defined.
[INFO] [stdout] google/unittest_no_field_presence.proto:108:3: "protobuf_unittest.TestRequired" is not defined.
[INFO] [stdout] 
[INFO] [stdout] stack backtrace:
[INFO] [stdout]    0:     0x596247b2e441 - <<std[617be2ca0a6fd877]::sys::backtrace::BacktraceLock>::print::DisplayBacktrace as core[a373ad73a504971]::fmt::Display>::fmt
[INFO] [stdout]    1:     0x596247b4472a - core[a373ad73a504971]::fmt::write
[INFO] [stdout]    2:     0x596247b328dc - <alloc[2e1b2a31b91974c5]::vec::Vec<u8> as core[a373ad73a504971]::io::write::Write>::write_fmt
[INFO] [stdout]    3:     0x596247b08fe6 - std[617be2ca0a6fd877]::panicking::default_hook::{closure#0}
[INFO] [stdout]    4:     0x596247b260a9 - std[617be2ca0a6fd877]::panicking::default_hook
[INFO] [stdout]    5:     0x5962479b3fc0 - test[aada8e7e76ba119b]::test_main_inner::{closure#0}
[INFO] [stdout]    6:     0x596247b26262 - std[617be2ca0a6fd877]::panicking::panic_with_hook
[INFO] [stdout]    7:     0x596247b09092 - std[617be2ca0a6fd877]::panicking::panic_handler::{closure#0}
[INFO] [stdout]    8:     0x596247b01af9 - std[617be2ca0a6fd877]::sys::backtrace::__rust_end_short_backtrace::<std[617be2ca0a6fd877]::panicking::panic_handler::{closure#0}, !>
[INFO] [stdout]    9:     0x596247b09c9d - __rustc[ea4f61d10b84890b]::rust_begin_unwind
[INFO] [stdout]   10:     0x596247b44f1c - core[a373ad73a504971]::panicking::panic_fmt
[INFO] [stdout]   11:     0x59624791b081 - compare[415591cd6160f14f]::compare
[INFO] [stdout]   12:     0x59624791c065 - <compare[415591cd6160f14f]::google_unittest_no_field_presence::{closure#0} as core[a373ad73a504971]::ops::function::FnOnce<()>>::call_once
[INFO] [stdout]   13:     0x5962479a740b - test[aada8e7e76ba119b]::__rust_begin_short_backtrace::<core[a373ad73a504971]::result::Result<(), alloc[2e1b2a31b91974c5]::string::String>, fn() -> core[a373ad73a504971]::result::Result<(), alloc[2e1b2a31b91974c5]::string::String>>
[INFO] [stdout]   14:     0x5962479b45e5 - test[aada8e7e76ba119b]::run_test::{closure#0}
[INFO] [stdout]   15:     0x5962479aded4 - std[617be2ca0a6fd877]::sys::backtrace::__rust_begin_short_backtrace::<test[aada8e7e76ba119b]::run_test::{closure#1}, ()>
[INFO] [stdout]   16:     0x5962479b7672 - <std[617be2ca0a6fd877]::thread::lifecycle::spawn_unchecked<test[aada8e7e76ba119b]::run_test::{closure#1}, ()>::{closure#1} as core[a373ad73a504971]::ops::function::FnOnce<()>>::call_once::{shim:vtable#0}
[INFO] [stdout]   17:     0x596247b2d98f - <std[617be2ca0a6fd877]::sys::thread::unix::Thread>::new::thread_start
[INFO] [stdout]   18:     0x765afe44bdfa - <unknown>
[INFO] [stdout]   19:     0x765afe4df3d4 - clone
[INFO] [stdout]   20:                0x0 - <unknown>
[INFO] [stdout] 
[INFO] [stdout] ---- google_unittest_preserve_unknown_enum2 stdout ----
[INFO] [stdout] cargo:rerun-if-env-changed=PROTOC
[INFO] [stdout] 
[INFO] [stdout] thread 'google_unittest_preserve_unknown_enum2' (1649) panicked at tests/compare.rs:72:9:
[INFO] [stdout] protoc did not succeed: /opt/rustwide/workdir/tests/protobuf/src/google/protobuf: warning: directory does not exist.
[INFO] [stdout] /opt/rustwide/workdir/tests/protobuf/src: warning: directory does not exist.
[INFO] [stdout] google/unittest_preserve_unknown_enum2.proto:29:8: Option "features" unknown. Ensure that your proto definition file imports the proto which defines the option.
[INFO] [stdout] google/unittest_preserve_unknown_enum2.proto:16:8: Option "features" unknown. Ensure that your proto definition file imports the proto which defines the option.
[INFO] [stdout] 
[INFO] [stdout] stack backtrace:
[INFO] [stdout]    0:     0x596247b2e441 - <<std[617be2ca0a6fd877]::sys::backtrace::BacktraceLock>::print::DisplayBacktrace as core[a373ad73a504971]::fmt::Display>::fmt
[INFO] [stdout]    1:     0x596247b4472a - core[a373ad73a504971]::fmt::write
[INFO] [stdout]    2:     0x596247b328dc - <alloc[2e1b2a31b91974c5]::vec::Vec<u8> as core[a373ad73a504971]::io::write::Write>::write_fmt
[INFO] [stdout]    3:     0x596247b08fe6 - std[617be2ca0a6fd877]::panicking::default_hook::{closure#0}
[INFO] [stdout]    4:     0x596247b260a9 - std[617be2ca0a6fd877]::panicking::default_hook
[INFO] [stdout]    5:     0x5962479b3fc0 - test[aada8e7e76ba119b]::test_main_inner::{closure#0}
[INFO] [stdout]    6:     0x596247b26262 - std[617be2ca0a6fd877]::panicking::panic_with_hook
[INFO] [stdout]    7:     0x596247b09092 - std[617be2ca0a6fd877]::panicking::panic_handler::{closure#0}
[INFO] [stdout]    8:     0x596247b01af9 - std[617be2ca0a6fd877]::sys::backtrace::__rust_end_short_backtrace::<std[617be2ca0a6fd877]::panicking::panic_handler::{closure#0}, !>
[INFO] [stdout]    9:     0x596247b09c9d - __rustc[ea4f61d10b84890b]::rust_begin_unwind
[INFO] [stdout]   10:     0x596247b44f1c - core[a373ad73a504971]::panicking::panic_fmt
[INFO] [stdout]   11:     0x59624791b081 - compare[415591cd6160f14f]::compare
[INFO] [stdout]   12:     0x59624791c0f5 - <compare[415591cd6160f14f]::google_unittest_preserve_unknown_enum2::{closure#0} as core[a373ad73a504971]::ops::function::FnOnce<()>>::call_once
[INFO] [stdout]   13:     0x5962479a740b - test[aada8e7e76ba119b]::__rust_begin_short_backtrace::<core[a373ad73a504971]::result::Result<(), alloc[2e1b2a31b91974c5]::string::String>, fn() -> core[a373ad73a504971]::result::Result<(), alloc[2e1b2a31b91974c5]::string::String>>
[INFO] [stdout]   14:     0x5962479b45e5 - test[aada8e7e76ba119b]::run_test::{closure#0}
[INFO] [stdout]   15:     0x5962479aded4 - std[617be2ca0a6fd877]::sys::backtrace::__rust_begin_short_backtrace::<test[aada8e7e76ba119b]::run_test::{closure#1}, ()>
[INFO] [stdout]   16:     0x5962479b7672 - <std[617be2ca0a6fd877]::thread::lifecycle::spawn_unchecked<test[aada8e7e76ba119b]::run_test::{closure#1}, ()>::{closure#1} as core[a373ad73a504971]::ops::function::FnOnce<()>>::call_once::{shim:vtable#0}
[INFO] [stdout]   17:     0x596247b2d98f - <std[617be2ca0a6fd877]::sys::thread::unix::Thread>::new::thread_start
[INFO] [stdout]   18:     0x765afe44bdfa - <unknown>
[INFO] [stdout]   19:     0x765afe4df3d4 - clone
[INFO] [stdout]   20:                0x0 - <unknown>
[INFO] [stdout] 
[INFO] [stdout] ---- google_unittest_proto3 stdout ----
[INFO] [stdout] cargo:rerun-if-env-changed=PROTOC
[INFO] [stdout] 
[INFO] [stdout] thread 'google_unittest_proto3' (1650) panicked at tests/compare.rs:72:9:
[INFO] [stdout] protoc did not succeed: /opt/rustwide/workdir/tests/protobuf/src/google/protobuf: warning: directory does not exist.
[INFO] [stdout] /opt/rustwide/workdir/tests/protobuf/src: warning: directory does not exist.
[INFO] [stdout] Could not make proto path relative: unittest_proto3.proto: No such file or directory
[INFO] [stdout] 
[INFO] [stdout] stack backtrace:
[INFO] [stdout]    0:     0x596247b2e441 - <<std[617be2ca0a6fd877]::sys::backtrace::BacktraceLock>::print::DisplayBacktrace as core[a373ad73a504971]::fmt::Display>::fmt
[INFO] [stdout]    1:     0x596247b4472a - core[a373ad73a504971]::fmt::write
[INFO] [stdout]    2:     0x596247b328dc - <alloc[2e1b2a31b91974c5]::vec::Vec<u8> as core[a373ad73a504971]::io::write::Write>::write_fmt
[INFO] [stdout]    3:     0x596247b08fe6 - std[617be2ca0a6fd877]::panicking::default_hook::{closure#0}
[INFO] [stdout]    4:     0x596247b260a9 - std[617be2ca0a6fd877]::panicking::default_hook
[INFO] [stdout]    5:     0x5962479b3fc0 - test[aada8e7e76ba119b]::test_main_inner::{closure#0}
[INFO] [stdout]    6:     0x596247b26262 - std[617be2ca0a6fd877]::panicking::panic_with_hook
[INFO] [stdout]    7:     0x596247b09092 - std[617be2ca0a6fd877]::panicking::panic_handler::{closure#0}
[INFO] [stdout]    8:     0x596247b01af9 - std[617be2ca0a6fd877]::sys::backtrace::__rust_end_short_backtrace::<std[617be2ca0a6fd877]::panicking::panic_handler::{closure#0}, !>
[INFO] [stdout]    9:     0x596247b09c9d - __rustc[ea4f61d10b84890b]::rust_begin_unwind
[INFO] [stdout]   10:     0x596247b44f1c - core[a373ad73a504971]::panicking::panic_fmt
[INFO] [stdout]   11:     0x59624791b081 - compare[415591cd6160f14f]::compare
[INFO] [stdout]   12:     0x59624791bc75 - <compare[415591cd6160f14f]::google_unittest_proto3::{closure#0} as core[a373ad73a504971]::ops::function::FnOnce<()>>::call_once
[INFO] [stdout]   13:     0x5962479a740b - test[aada8e7e76ba119b]::__rust_begin_short_backtrace::<core[a373ad73a504971]::result::Result<(), alloc[2e1b2a31b91974c5]::string::String>, fn() -> core[a373ad73a504971]::result::Result<(), alloc[2e1b2a31b91974c5]::string::String>>
[INFO] [stdout]   14:     0x5962479b45e5 - test[aada8e7e76ba119b]::run_test::{closure#0}
[INFO] [stdout]   15:     0x5962479aded4 - std[617be2ca0a6fd877]::sys::backtrace::__rust_begin_short_backtrace::<test[aada8e7e76ba119b]::run_test::{closure#1}, ()>
[INFO] [stdout]   16:     0x5962479b7672 - <std[617be2ca0a6fd877]::thread::lifecycle::spawn_unchecked<test[aada8e7e76ba119b]::run_test::{closure#1}, ()>::{closure#1} as core[a373ad73a504971]::ops::function::FnOnce<()>>::call_once::{shim:vtable#0}
[INFO] [stdout]   17:     0x596247b2d98f - <std[617be2ca0a6fd877]::sys::thread::unix::Thread>::new::thread_start
[INFO] [stdout]   18:     0x765afe44bdfa - <unknown>
[INFO] [stdout]   19:     0x765afe4df3d4 - clone
[INFO] [stdout]   20:                0x0 - <unknown>
[INFO] [stdout] 
[INFO] [stdout] ---- google_unittest_well_known_types stdout ----
[INFO] [stdout] cargo:rerun-if-env-changed=PROTOC
[INFO] [stdout] 
[INFO] [stdout] thread 'google_unittest_well_known_types' (1652) panicked at tests/compare.rs:72:9:
[INFO] [stdout] protoc did not succeed: /opt/rustwide/workdir/tests/protobuf/src/google/protobuf: warning: directory does not exist.
[INFO] [stdout] /opt/rustwide/workdir/tests/protobuf/src: warning: directory does not exist.
[INFO] [stdout] Could not make proto path relative: unittest_well_known_types.proto: No such file or directory
[INFO] [stdout] 
[INFO] [stdout] stack backtrace:
[INFO] [stdout]    0:     0x596247b2e441 - <<std[617be2ca0a6fd877]::sys::backtrace::BacktraceLock>::print::DisplayBacktrace as core[a373ad73a504971]::fmt::Display>::fmt
[INFO] [stdout]    1:     0x596247b4472a - core[a373ad73a504971]::fmt::write
[INFO] [stdout]    2:     0x596247b328dc - <alloc[2e1b2a31b91974c5]::vec::Vec<u8> as core[a373ad73a504971]::io::write::Write>::write_fmt
[INFO] [stdout]    3:     0x596247b08fe6 - std[617be2ca0a6fd877]::panicking::default_hook::{closure#0}
[INFO] [stdout]    4:     0x596247b260a9 - std[617be2ca0a6fd877]::panicking::default_hook
[INFO] [stdout]    5:     0x5962479b3fc0 - test[aada8e7e76ba119b]::test_main_inner::{closure#0}
[INFO] [stdout]    6:     0x596247b26262 - std[617be2ca0a6fd877]::panicking::panic_with_hook
[INFO] [stdout]    7:     0x596247b09092 - std[617be2ca0a6fd877]::panicking::panic_handler::{closure#0}
[INFO] [stdout]    8:     0x596247b01af9 - std[617be2ca0a6fd877]::sys::backtrace::__rust_end_short_backtrace::<std[617be2ca0a6fd877]::panicking::panic_handler::{closure#0}, !>
[INFO] [stdout]    9:     0x596247b09c9d - __rustc[ea4f61d10b84890b]::rust_begin_unwind
[INFO] [stdout]   10:     0x596247b44f1c - core[a373ad73a504971]::panicking::panic_fmt
[INFO] [stdout]   11:     0x59624791b081 - compare[415591cd6160f14f]::compare
[INFO] [stdout]   12:     0x59624791bfa5 - <compare[415591cd6160f14f]::google_unittest_well_known_types::{closure#0} as core[a373ad73a504971]::ops::function::FnOnce<()>>::call_once
[INFO] [stdout]   13:     0x5962479a740b - test[aada8e7e76ba119b]::__rust_begin_short_backtrace::<core[a373ad73a504971]::result::Result<(), alloc[2e1b2a31b91974c5]::string::String>, fn() -> core[a373ad73a504971]::result::Result<(), alloc[2e1b2a31b91974c5]::string::String>>
[INFO] [stdout]   14:     0x5962479b45e5 - test[aada8e7e76ba119b]::run_test::{closure#0}
[INFO] [stdout]   15:     0x5962479aded4 - std[617be2ca0a6fd877]::sys::backtrace::__rust_begin_short_backtrace::<test[aada8e7e76ba119b]::run_test::{closure#1}, ()>
[INFO] [stdout]   16:     0x5962479b7672 - <std[617be2ca0a6fd877]::thread::lifecycle::spawn_unchecked<test[aada8e7e76ba119b]::run_test::{closure#1}, ()>::{closure#1} as core[a373ad73a504971]::ops::function::FnOnce<()>>::call_once::{shim:vtable#0}
[INFO] [stdout]   17:     0x596247b2d98f - <std[617be2ca0a6fd877]::sys::thread::unix::Thread>::new::thread_start
[INFO] [stdout]   18:     0x765afe44bdfa - <unknown>
[INFO] [stdout]   19:     0x765afe4df3d4 - clone
[INFO] [stdout]   20:                0x0 - <unknown>
[INFO] [stdout] 
[INFO] [stdout] 
[INFO] [stdout] failures:
[INFO] [stdout]     google_map_proto2_unittest
[INFO] [stdout]     google_map_unittest
[INFO] [stdout]     google_protobuf_any
[INFO] [stdout]     google_protobuf_api
[INFO] [stdout]     google_protobuf_compiler_plugin
[INFO] [stdout]     google_protobuf_descriptor
[INFO] [stdout]     google_protobuf_duration
[INFO] [stdout]     google_protobuf_empty
[INFO] [stdout]     google_protobuf_field_mask
[INFO] [stdout]     google_protobuf_source_context
[INFO] [stdout]     google_protobuf_struct
[INFO] [stdout]     google_protobuf_timestamp
[INFO] [stdout]     google_protobuf_type
[INFO] [stdout]     google_protobuf_wrappers
[INFO] [stdout]     google_test_messages_proto2
[INFO] [stdout]     google_test_messages_proto3
[INFO] [stdout]     google_unittest
[INFO] [stdout]     google_unittest_empty
[INFO] [stdout]     google_unittest_enormous_descriptor
[INFO] [stdout]     google_unittest_import
[INFO] [stdout]     google_unittest_no_field_presence
[INFO] [stdout]     google_unittest_preserve_unknown_enum
[INFO] [stdout]     google_unittest_preserve_unknown_enum2
[INFO] [stdout]     google_unittest_proto3
[INFO] [stdout]     google_unittest_proto3_optional
[INFO] [stdout]     google_unittest_well_known_types
[INFO] [stdout] 
[INFO] [stdout] test result: FAILED. 19 passed; 26 failed; 0 ignored; 0 measured; 0 filtered out; finished in 0.18s
[INFO] [stdout] 
[INFO] running `Command { std: "docker" "inspect" "8f0b34738ca2445bf23a4f1d924a33c9a0bc8bb339e314e86e52b0cddbe89741", kill_on_drop: false }`
[INFO] running `Command { std: "docker" "rm" "-f" "8f0b34738ca2445bf23a4f1d924a33c9a0bc8bb339e314e86e52b0cddbe89741", kill_on_drop: false }`
[INFO] [stdout] 8f0b34738ca2445bf23a4f1d924a33c9a0bc8bb339e314e86e52b0cddbe89741
