[INFO] fetching crate prototext 0.3.3...
[INFO] testing prototext-0.3.3 against 1.100.0-beta.1+cargoflags=--release for beta-release-1.100-2
[INFO] extracting crate prototext 0.3.3 into /workspace/builds/worker-5-tc2/source
[INFO] started tweaking crates.io crate prototext 0.3.3
[INFO] removed 0 missing tests
[INFO] finished tweaking crates.io crate prototext 0.3.3
[INFO] tweaked toml for crates.io crate prototext 0.3.3 written to /workspace/builds/worker-5-tc2/source/Cargo.toml
[INFO] validating manifest of crates.io crate prototext 0.3.3 on toolchain 1.100.0-beta.1
[INFO] running `Command { std: CARGO_HOME="/workspace/cargo-home" RUSTUP_HOME="/workspace/rustup-home" "/workspace/cargo-home/bin/cargo" "+1.100.0-beta.1" "metadata" "--manifest-path" "Cargo.toml" "--no-deps", kill_on_drop: false }`
[INFO] crate crates.io crate prototext 0.3.3 already has a lockfile, it will not be regenerated
[INFO] running `Command { std: CARGO_HOME="/workspace/cargo-home" RUSTUP_HOME="/workspace/rustup-home" "/workspace/cargo-home/bin/cargo" "+1.100.0-beta.1" "fetch" "--manifest-path" "Cargo.toml", kill_on_drop: false }`
[INFO] running `Command { std: "docker" "create" "-v" "/var/lib/crater-agent-workspace/builds/worker-5-tc2/source:/opt/rustwide/workdir:ro,Z" "-v" "/var/lib/crater-agent-workspace/builds/worker-5-tc2/target:/opt/rustwide/target:rw,Z" "-v" "/var/lib/crater-agent-workspace/cargo-home:/opt/rustwide/cargo-home:ro,Z" "-v" "/var/lib/crater-agent-workspace/rustup-home:/opt/rustwide/rustup-home:ro,Z" "-m" "1610612736" "--network" "none" "ghcr.io/rust-lang/crates-build-env/linux@sha256:77db811e55d90add9212f6832c23229e3de5f1c1f9905e8cb07319ea15df73ac" "sleep" "infinity", kill_on_drop: false }`
[INFO] [stdout] ef86476746927084899e142fe9ae0594d3c717af4c5ba31fcd3bd219f0141b82
[INFO] running `Command { std: "docker" "start" "ef86476746927084899e142fe9ae0594d3c717af4c5ba31fcd3bd219f0141b82", kill_on_drop: false }`
[INFO] running `Command { std: "docker" "inspect" "ef86476746927084899e142fe9ae0594d3c717af4c5ba31fcd3bd219f0141b82", kill_on_drop: false }`
[INFO] running `Command { std: "docker" "exec" "-e" "SOURCE_DIR=/opt/rustwide/workdir" "-e" "CARGO_HOME=/opt/rustwide/cargo-home" "-e" "RUSTUP_HOME=/opt/rustwide/rustup-home" "-e" "CARGO_TARGET_DIR=/opt/rustwide/target" "-w" "/opt/rustwide/workdir" "--user" "0:0" "ef86476746927084899e142fe9ae0594d3c717af4c5ba31fcd3bd219f0141b82" "/opt/rustwide/cargo-home/bin/cargo" "+1.100.0-beta.1" "metadata" "--no-deps" "--format-version=1", kill_on_drop: false }`
[INFO] running `Command { std: "docker" "inspect" "ef86476746927084899e142fe9ae0594d3c717af4c5ba31fcd3bd219f0141b82", kill_on_drop: false }`
[INFO] running `Command { std: "docker" "exec" "-e" "SOURCE_DIR=/opt/rustwide/workdir" "-e" "CARGO_HOME=/opt/rustwide/cargo-home" "-e" "RUSTUP_HOME=/opt/rustwide/rustup-home" "-e" "CARGO_TARGET_DIR=/opt/rustwide/target" "-e" "CARGO_INCREMENTAL=0" "-e" "RUST_BACKTRACE=full" "-e" "RUSTFLAGS=--cap-lints=warn" "-e" "RUSTDOCFLAGS=--cap-lints=warn" "-w" "/opt/rustwide/workdir" "--user" "0:0" "ef86476746927084899e142fe9ae0594d3c717af4c5ba31fcd3bd219f0141b82" "/opt/rustwide/cargo-home/bin/cargo" "+1.100.0-beta.1" "build" "--frozen" "--message-format=json" "--release", kill_on_drop: false }`
[INFO] [stderr]    Compiling anyhow v1.0.102
[INFO] [stderr]    Compiling either v1.16.0
[INFO] [stderr]    Compiling ptr_meta_derive v0.3.1
[INFO] [stderr]    Compiling bytes v1.11.1
[INFO] [stderr]    Compiling bytecheck_derive v0.8.2
[INFO] [stderr]    Compiling simdutf8 v0.1.5
[INFO] [stderr]    Compiling clap_derive v4.6.1
[INFO] [stderr]    Compiling serde_derive v1.0.228
[INFO] [stderr]    Compiling munge_macro v0.4.7
[INFO] [stderr]    Compiling clap_builder v4.6.0
[INFO] [stderr]    Compiling workspace-hack v0.1.0
[INFO] [stderr]    Compiling rkyv_derive v0.8.16
[INFO] [stderr]    Compiling digest v0.10.7
[INFO] [stderr]    Compiling memmap2 v0.9.10
[INFO] [stderr]    Compiling shlex v1.3.0
[INFO] [stderr]    Compiling regex-syntax v0.8.10
[INFO] [stderr]    Compiling itertools v0.14.0
[INFO] [stderr]    Compiling sha2 v0.10.9
[INFO] [stderr]    Compiling is_executable v1.0.5
[INFO] [stderr]    Compiling ptr_meta v0.3.1
[INFO] [stderr]    Compiling rancor v0.1.1
[INFO] [stderr]    Compiling roff v1.1.1
[INFO] [stderr]    Compiling munge v0.4.7
[INFO] [stderr]    Compiling bytecheck v0.8.2
[INFO] [stderr]    Compiling rend v0.5.3
[INFO] [stderr]    Compiling regex-automata v0.4.14
[INFO] [stderr]    Compiling prost-derive v0.14.3
[INFO] [stderr]    Compiling serde v1.0.228
[INFO] [stderr]    Compiling serde_yaml v0.9.34+deprecated
[INFO] [stderr]    Compiling clap v4.6.1
[INFO] [stderr]    Compiling clap_complete v4.6.5
[INFO] [stderr]    Compiling clap_mangen v0.2.33
[INFO] [stderr]    Compiling prost v0.14.3
[INFO] [stderr]    Compiling prototext v0.3.3 (/opt/rustwide/workdir)
[INFO] [stderr]    Compiling prost-types v0.14.3
[INFO] [stderr]    Compiling prototools-complete v0.3.3
[INFO] [stderr]    Compiling globset v0.4.18
[INFO] [stderr]    Compiling prost-reflect v0.16.3
[INFO] [stderr]    Compiling rkyv v0.8.16
[INFO] [stderr]    Compiling prototext-core v0.3.3
[INFO] [stderr]    Compiling prototext-graph v0.3.3
[INFO] [stderr]    Compiling prototext-schema v0.3.3
[INFO] [stderr] warning: unused dependency `prost`
[INFO] [stderr]  --> Cargo.toml:5:21
[INFO] [stderr]   |
[INFO] [stderr] 5 | [build-dependencies.prost]
[INFO] [stderr]   |                     ^^^^^^
[INFO] [stderr]   |
[INFO] [stderr]   = note: `cargo::unused_dependencies` is set to `warn` by default
[INFO] [stderr] help: consider removing the dependency on `prost`
[INFO] [stderr] warning: `prototext` (manifest) generated 1 warning
[INFO] [stderr]     Finished `release` profile [optimized] target(s) in 1m 12s
[INFO] [stderr] warning: the following packages contain code that will be rejected by a future version of Rust: bytecheck v0.8.2, rkyv v0.8.16
[INFO] [stderr] note: to see what the problems were, use the option `--future-incompat-report`, or run `cargo report future-incompatibilities --id 2`
[INFO] running `Command { std: "docker" "inspect" "ef86476746927084899e142fe9ae0594d3c717af4c5ba31fcd3bd219f0141b82", kill_on_drop: false }`
[INFO] running `Command { std: "docker" "exec" "-e" "SOURCE_DIR=/opt/rustwide/workdir" "-e" "CARGO_HOME=/opt/rustwide/cargo-home" "-e" "RUSTUP_HOME=/opt/rustwide/rustup-home" "-e" "CARGO_TARGET_DIR=/opt/rustwide/target" "-e" "CARGO_INCREMENTAL=0" "-e" "RUST_BACKTRACE=full" "-e" "RUSTFLAGS=--cap-lints=warn" "-e" "RUSTDOCFLAGS=--cap-lints=warn" "-w" "/opt/rustwide/workdir" "--user" "0:0" "ef86476746927084899e142fe9ae0594d3c717af4c5ba31fcd3bd219f0141b82" "/opt/rustwide/cargo-home/bin/cargo" "+1.100.0-beta.1" "test" "--frozen" "--no-run" "--message-format=json" "--release", kill_on_drop: false }`
[INFO] [stderr]    Compiling toml_datetime v0.6.11
[INFO] [stderr]    Compiling serde_spanned v0.6.9
[INFO] [stderr]    Compiling toml_edit v0.22.27
[INFO] [stderr]    Compiling toml v0.8.23
[INFO] [stderr]    Compiling prototext v0.3.3 (/opt/rustwide/workdir)
[INFO] [stderr] warning: unused dependency `prost`
[INFO] [stderr]  --> Cargo.toml:5:21
[INFO] [stderr]   |
[INFO] [stderr] 5 | [build-dependencies.prost]
[INFO] [stderr]   |                     ^^^^^^
[INFO] [stderr]   |
[INFO] [stderr]   = note: `cargo::unused_dependencies` is set to `warn` by default
[INFO] [stderr] help: consider removing the dependency on `prost`
[INFO] [stderr] warning: `prototext` (manifest) generated 1 warning
[INFO] [stderr]     Finished `release` profile [optimized] target(s) in 22.34s
[INFO] [stderr] warning: the following packages contain code that will be rejected by a future version of Rust: bytecheck v0.8.2, rkyv v0.8.16
[INFO] [stderr] note: to see what the problems were, use the option `--future-incompat-report`, or run `cargo report future-incompatibilities --id 2`
[INFO] running `Command { std: "docker" "inspect" "ef86476746927084899e142fe9ae0594d3c717af4c5ba31fcd3bd219f0141b82", kill_on_drop: false }`
[INFO] running `Command { std: "docker" "exec" "-e" "SOURCE_DIR=/opt/rustwide/workdir" "-e" "CARGO_HOME=/opt/rustwide/cargo-home" "-e" "RUSTUP_HOME=/opt/rustwide/rustup-home" "-e" "CARGO_TARGET_DIR=/opt/rustwide/target" "-e" "CARGO_INCREMENTAL=0" "-e" "RUST_BACKTRACE=full" "-e" "RUSTFLAGS=--cap-lints=warn" "-e" "RUSTDOCFLAGS=--cap-lints=warn" "-w" "/opt/rustwide/workdir" "--user" "0:0" "ef86476746927084899e142fe9ae0594d3c717af4c5ba31fcd3bd219f0141b82" "/opt/rustwide/cargo-home/bin/cargo" "+1.100.0-beta.1" "test" "--frozen" "--release", kill_on_drop: false }`
[INFO] [stderr] warning: unused dependency `prost`
[INFO] [stderr]  --> Cargo.toml:5:21
[INFO] [stderr]   |
[INFO] [stderr] 5 | [build-dependencies.prost]
[INFO] [stderr]   |                     ^^^^^^
[INFO] [stderr]   |
[INFO] [stderr]   = note: `cargo::unused_dependencies` is set to `warn` by default
[INFO] [stderr] help: consider removing the dependency on `prost`
[INFO] [stderr] warning: `prototext` (manifest) generated 1 warning
[INFO] [stderr]     Finished `release` profile [optimized] target(s) in 0.09s
[INFO] [stderr] warning: the following packages contain code that will be rejected by a future version of Rust: bytecheck v0.8.2, rkyv v0.8.16
[INFO] [stderr] note: to see what the problems were, use the option `--future-incompat-report`, or run `cargo report future-incompatibilities --id 2`
[INFO] [stderr]      Running unittests src/lib.rs (/opt/rustwide/target/release/build/prototext/ced17c788684a38a/out/prototext-ced17c788684a38a)
[INFO] [stdout] 
[INFO] [stdout] running 10 tests
[INFO] [stdout] test is_canonical::tests::a_colon_value_does_not_split_the_keyword ... ok
[INFO] [stdout] test is_canonical::tests::kinds_print_in_table_order ... ok
[INFO] [stdout] test complete::tests::the_completer_reads_the_env_var_the_flag_declares ... ok
[INFO] [stdout] test run::tests::min_score_parses_negative_numbers_and_any ... ok
[INFO] [stdout] test run::tests::a_winner_below_the_floor_is_not_used ... ok
[INFO] [stdout] test run::tests::the_score_header_shows_packing ... ok
[INFO] [stdout] test is_canonical::tests::overhang_and_truncation_are_counted_and_labeled ... ok
[INFO] [stdout] test is_canonical::tests::a_clean_render_is_canonical ... ok
[INFO] [stdout] test complete::tests::a_completion_argv_value_is_expanded_before_it_names_a_file ... ok
[INFO] [stdout] test run::tests::the_detailed_score_lists_packing ... ok
[INFO] [stdout] 
[INFO] [stdout] test result: ok. 10 passed; 0 failed; 0 ignored; 0 measured; 0 filtered out; finished in 0.01s
[INFO] [stdout] 
[INFO] [stderr]      Running unittests src/main.rs (/opt/rustwide/target/release/build/prototext/0fbb284e85490a2c/out/prototext-0fbb284e85490a2c)
[INFO] [stdout] 
[INFO] [stdout] running 0 tests
[INFO] [stdout] 
[INFO] [stdout] test result: ok. 0 passed; 0 failed; 0 ignored; 0 measured; 0 filtered out; finished in 0.00s
[INFO] [stdout] 
[INFO] [stderr]      Running tests/bool_values.rs (/opt/rustwide/target/release/build/prototext/66da7b970ce34064/out/bool_values-66da7b970ce34064)
[INFO] [stdout] 
[INFO] [stdout] running 6 tests
[INFO] [stdout] test bool_large_values_roundtrip ... ok
[INFO] [stdout] test canonical_bools_unchanged ... ok
[INFO] [stdout] test renderer_accepts_whatever_the_scorer_accepts ... ok
[INFO] [stderr]      Running tests/e2e.rs (/opt/rustwide/target/release/build/prototext/d0d3a5a7a9082cdd/out/e2e-d0d3a5a7a9082cdd)
[INFO] [stdout] test packed_bool_above_one_renders_true_with_bool_val ... ok
[INFO] [stdout] test bool_above_one_renders_true_with_bool_val ... ok
[INFO] [stdout] test bool_val_with_overhang_roundtrips ... ok
[INFO] [stdout] 
[INFO] [stdout] test result: ok. 6 passed; 0 failed; 0 ignored; 0 measured; 0 filtered out; finished in 0.00s
[INFO] [stdout] 
[INFO] [stdout] 
[INFO] [stdout] running 6 tests
[INFO] [stdout] test fixture_roundtrip_annotated_craft_a ... FAILED
[INFO] [stdout] test fixture_no_panic_no_annotations ... FAILED
[INFO] [stdout] test decode_type_typo_suggests_closest_match ... ok
[INFO] [stdout] test a_cut_capture_is_scored_and_says_so ... ok
[INFO] [stdout] test unknown_len_decoded_as_nested_message ... ok
[INFO] [stdout] test score_still_honors_no_expand_any ... ok
[INFO] [stdout] 
[INFO] [stdout] failures:
[INFO] [stdout] 
[INFO] [stdout] ---- fixture_roundtrip_annotated_craft_a stdout ----
[INFO] [stdout] 
[INFO] [stdout] thread 'fixture_roundtrip_annotated_craft_a' (1599) panicked at tests/e2e.rs:26:29:
[INFO] [stdout] cannot read /opt/rustwide/workdir/fixtures/index.toml: No such file or directory (os error 2)
[INFO] [stdout] stack backtrace:
[INFO] [stdout]    0:     0x57df28a19811 - <<std[617be2ca0a6fd877]::sys::backtrace::BacktraceLock>::print::DisplayBacktrace as core[a373ad73a504971]::fmt::Display>::fmt
[INFO] [stdout]    1:     0x57df28a2f77a - core[a373ad73a504971]::fmt::write
[INFO] [stdout]    2:     0x57df28a1dabc - <alloc[2e1b2a31b91974c5]::vec::Vec<u8> as core[a373ad73a504971]::io::write::Write>::write_fmt
[INFO] [stdout]    3:     0x57df289f4bf6 - std[617be2ca0a6fd877]::panicking::default_hook::{closure#0}
[INFO] [stdout]    4:     0x57df28a11b49 - std[617be2ca0a6fd877]::panicking::default_hook
[INFO] [stdout]    5:     0x57df2891f0d0 - test[aada8e7e76ba119b]::test_main_inner::{closure#0}
[INFO] [stdout]    6:     0x57df28a11d02 - std[617be2ca0a6fd877]::panicking::panic_with_hook
[INFO] [stdout]    7:     0x57df289f4ca2 - std[617be2ca0a6fd877]::panicking::panic_handler::{closure#0}
[INFO] [stdout]    8:     0x57df289ed829 - std[617be2ca0a6fd877]::sys::backtrace::__rust_end_short_backtrace::<std[617be2ca0a6fd877]::panicking::panic_handler::{closure#0}, !>
[INFO] [stdout]    9:     0x57df289f58ad - __rustc[ea4f61d10b84890b]::rust_begin_unwind
[INFO] [stdout]   10:     0x57df28a2feac - core[a373ad73a504971]::panicking::panic_fmt
[INFO] [stdout]   11:     0x57df288cd7c9 - e2e[691e33eba62ad67e]::index_schema::{closure#0}
[INFO] [stdout]   12:     0x57df288ce864 - e2e[691e33eba62ad67e]::index_schema
[INFO] [stdout]   13:     0x57df288d0375 - <e2e[691e33eba62ad67e]::fixture_roundtrip_annotated_craft_a::{closure#0} as core[a373ad73a504971]::ops::function::FnOnce<()>>::call_once
[INFO] [stdout]   14:     0x57df2891251b - test[aada8e7e76ba119b]::__rust_begin_short_backtrace::<core[a373ad73a504971]::result::Result<(), alloc[2e1b2a31b91974c5]::string::String>, fn() -> core[a373ad73a504971]::result::Result<(), alloc[2e1b2a31b91974c5]::string::String>>
[INFO] [stdout]   15:     0x57df2891f6f5 - test[aada8e7e76ba119b]::run_test::{closure#0}
[INFO] [stdout]   16:     0x57df28918fe4 - std[617be2ca0a6fd877]::sys::backtrace::__rust_begin_short_backtrace::<test[aada8e7e76ba119b]::run_test::{closure#1}, ()>
[INFO] [stdout]   17:     0x57df28922782 - <std[617be2ca0a6fd877]::thread::lifecycle::spawn_unchecked<test[aada8e7e76ba119b]::run_test::{closure#1}, ()>::{closure#1} as core[a373ad73a504971]::ops::function::FnOnce<()>>::call_once::{shim:vtable#0}
[INFO] [stdout]   18:     0x57df28a18d0f - <std[617be2ca0a6fd877]::sys::thread::unix::Thread>::new::thread_start
[INFO] [stdout]   19:     0x7ae88f037dfa - <unknown>
[INFO] [stdout]   20:     0x7ae88f0cb3d4 - clone
[INFO] [stdout]   21:                0x0 - <unknown>
[INFO] [stdout] 
[INFO] [stdout] ---- fixture_no_panic_no_annotations stdout ----
[INFO] [stdout] 
[INFO] [stdout] thread 'fixture_no_panic_no_annotations' (1598) panicked at tests/e2e.rs:26:29:
[INFO] [stdout] cannot read /opt/rustwide/workdir/fixtures/index.toml: No such file or directory (os error 2)
[INFO] [stdout] stack backtrace:
[INFO] [stdout]    0:     0x57df28a19811 - <<std[617be2ca0a6fd877]::sys::backtrace::BacktraceLock>::print::DisplayBacktrace as core[a373ad73a504971]::fmt::Display>::fmt
[INFO] [stdout]    1:     0x57df28a2f77a - core[a373ad73a504971]::fmt::write
[INFO] [stdout]    2:     0x57df28a1dabc - <alloc[2e1b2a31b91974c5]::vec::Vec<u8> as core[a373ad73a504971]::io::write::Write>::write_fmt
[INFO] [stdout]    3:     0x57df289f4bf6 - std[617be2ca0a6fd877]::panicking::default_hook::{closure#0}
[INFO] [stdout]    4:     0x57df28a11b49 - std[617be2ca0a6fd877]::panicking::default_hook
[INFO] [stdout]    5:     0x57df2891f0d0 - test[aada8e7e76ba119b]::test_main_inner::{closure#0}
[INFO] [stdout]    6:     0x57df28a11d02 - std[617be2ca0a6fd877]::panicking::panic_with_hook
[INFO] [stdout]    7:     0x57df289f4ca2 - std[617be2ca0a6fd877]::panicking::panic_handler::{closure#0}
[INFO] [stdout]    8:     0x57df289ed829 - std[617be2ca0a6fd877]::sys::backtrace::__rust_end_short_backtrace::<std[617be2ca0a6fd877]::panicking::panic_handler::{closure#0}, !>
[INFO] [stdout]    9:     0x57df289f58ad - __rustc[ea4f61d10b84890b]::rust_begin_unwind
[INFO] [stdout]   10:     0x57df28a2feac - core[a373ad73a504971]::panicking::panic_fmt
[INFO] [stdout]   11:     0x57df288cd7c9 - e2e[691e33eba62ad67e]::index_schema::{closure#0}
[INFO] [stdout]   12:     0x57df288ce864 - e2e[691e33eba62ad67e]::index_schema
[INFO] [stdout]   13:     0x57df288cf952 - <e2e[691e33eba62ad67e]::fixture_no_panic_no_annotations::{closure#0} as core[a373ad73a504971]::ops::function::FnOnce<()>>::call_once
[INFO] [stdout]   14:     0x57df2891251b - test[aada8e7e76ba119b]::__rust_begin_short_backtrace::<core[a373ad73a504971]::result::Result<(), alloc[2e1b2a31b91974c5]::string::String>, fn() -> core[a373ad73a504971]::result::Result<(), alloc[2e1b2a31b91974c5]::string::String>>
[INFO] [stdout]   15:     0x57df2891f6f5 - test[aada8e7e76ba119b]::run_test::{closure#0}
[INFO] [stdout]   16:     0x57df28918fe4 - std[617be2ca0a6fd877]::sys::backtrace::__rust_begin_short_backtrace::<test[aada8e7e76ba119b]::run_test::{closure#1}, ()>
[INFO] [stdout]   17:     0x57df28922782 - <std[617be2ca0a6fd877]::thread::lifecycle::spawn_unchecked<test[aada8e7e76ba119b]::run_test::{closure#1}, ()>::{closure#1} as core[a373ad73a504971]::ops::function::FnOnce<()>>::call_once::{shim:vtable#0}
[INFO] [stdout]   18:     0x57df28a18d0f - <std[617be2ca0a6fd877]::sys::thread::unix::Thread>::new::thread_start
[INFO] [stdout]   19:     0x7ae88f037dfa - <unknown>
[INFO] [stdout]   20:     0x7ae88f0cb3d4 - clone
[INFO] [stdout]   21:                0x0 - <unknown>
[INFO] [stdout] 
[INFO] [stdout] 
[INFO] [stdout] failures:
[INFO] [stdout]     fixture_no_panic_no_annotations
[INFO] [stdout]     fixture_roundtrip_annotated_craft_a
[INFO] [stdout] 
[INFO] [stdout] test result: FAILED. 4 passed; 2 failed; 0 ignored; 0 measured; 0 filtered out; finished in 0.03s
[INFO] [stdout] 
[INFO] [stderr] error: test failed, to rerun pass `--test e2e`
[INFO] running `Command { std: "docker" "inspect" "ef86476746927084899e142fe9ae0594d3c717af4c5ba31fcd3bd219f0141b82", kill_on_drop: false }`
[INFO] running `Command { std: "docker" "rm" "-f" "ef86476746927084899e142fe9ae0594d3c717af4c5ba31fcd3bd219f0141b82", kill_on_drop: false }`
[INFO] [stdout] ef86476746927084899e142fe9ae0594d3c717af4c5ba31fcd3bd219f0141b82
