[INFO] fetching crate protorbit 0.2.4...
[INFO] testing protorbit-0.2.4 against 1.99.0-beta.8+cargoflags=--release for beta-release-1.100-2
[INFO] extracting crate protorbit 0.2.4 into /workspace/builds/worker-2-tc1/source
[INFO] started tweaking crates.io crate protorbit 0.2.4
[INFO] finished tweaking crates.io crate protorbit 0.2.4
[INFO] tweaked toml for crates.io crate protorbit 0.2.4 written to /workspace/builds/worker-2-tc1/source/Cargo.toml
[INFO] validating manifest of crates.io crate protorbit 0.2.4 on toolchain 1.99.0-beta.8
[INFO] running `Command { std: CARGO_HOME="/workspace/cargo-home" RUSTUP_HOME="/workspace/rustup-home" "/workspace/cargo-home/bin/cargo" "+1.99.0-beta.8" "metadata" "--manifest-path" "Cargo.toml" "--no-deps", kill_on_drop: false }`
[INFO] crate crates.io crate protorbit 0.2.4 already has a lockfile, it will not be regenerated
[INFO] running `Command { std: CARGO_HOME="/workspace/cargo-home" RUSTUP_HOME="/workspace/rustup-home" "/workspace/cargo-home/bin/cargo" "+1.99.0-beta.8" "fetch" "--manifest-path" "Cargo.toml", kill_on_drop: false }`
[INFO] [stderr]  Downloading crates ...
[INFO] [stderr]   Downloaded bytes v1.6.1
[INFO] [stderr]   Downloaded mio v1.0.1
[INFO] [stderr]   Downloaded cc v1.1.7
[INFO] [stderr]   Downloaded syn v2.0.72
[INFO] [stderr]   Downloaded object v0.36.2
[INFO] [stderr]   Downloaded tokio v1.39.2
[INFO] running `Command { std: "docker" "create" "-v" "/var/lib/crater-agent-workspace/builds/worker-2-tc1/source:/opt/rustwide/workdir:ro,Z" "-v" "/var/lib/crater-agent-workspace/builds/worker-2-tc1/target:/opt/rustwide/target:rw,Z" "-v" "/var/lib/crater-agent-workspace/cargo-home:/opt/rustwide/cargo-home:ro,Z" "-v" "/var/lib/crater-agent-workspace/rustup-home:/opt/rustwide/rustup-home:ro,Z" "-m" "1610612736" "--network" "none" "ghcr.io/rust-lang/crates-build-env/linux@sha256:77db811e55d90add9212f6832c23229e3de5f1c1f9905e8cb07319ea15df73ac" "sleep" "infinity", kill_on_drop: false }`
[INFO] [stdout] 3933ee6180525ff5baf3d53e0313d034f3cad6613206ebff3485a9062be88e31
[INFO] running `Command { std: "docker" "start" "3933ee6180525ff5baf3d53e0313d034f3cad6613206ebff3485a9062be88e31", kill_on_drop: false }`
[INFO] running `Command { std: "docker" "inspect" "3933ee6180525ff5baf3d53e0313d034f3cad6613206ebff3485a9062be88e31", kill_on_drop: false }`
[INFO] running `Command { std: "docker" "exec" "-e" "SOURCE_DIR=/opt/rustwide/workdir" "-e" "CARGO_HOME=/opt/rustwide/cargo-home" "-e" "RUSTUP_HOME=/opt/rustwide/rustup-home" "-e" "CARGO_TARGET_DIR=/opt/rustwide/target" "-w" "/opt/rustwide/workdir" "--user" "0:0" "3933ee6180525ff5baf3d53e0313d034f3cad6613206ebff3485a9062be88e31" "/opt/rustwide/cargo-home/bin/cargo" "+1.99.0-beta.8" "metadata" "--no-deps" "--format-version=1", kill_on_drop: false }`
[INFO] running `Command { std: "docker" "inspect" "3933ee6180525ff5baf3d53e0313d034f3cad6613206ebff3485a9062be88e31", kill_on_drop: false }`
[INFO] running `Command { std: "docker" "exec" "-e" "SOURCE_DIR=/opt/rustwide/workdir" "-e" "CARGO_HOME=/opt/rustwide/cargo-home" "-e" "RUSTUP_HOME=/opt/rustwide/rustup-home" "-e" "CARGO_TARGET_DIR=/opt/rustwide/target" "-e" "CARGO_INCREMENTAL=0" "-e" "RUST_BACKTRACE=full" "-e" "RUSTFLAGS=--cap-lints=warn" "-e" "RUSTDOCFLAGS=--cap-lints=warn" "-w" "/opt/rustwide/workdir" "--user" "0:0" "3933ee6180525ff5baf3d53e0313d034f3cad6613206ebff3485a9062be88e31" "/opt/rustwide/cargo-home/bin/cargo" "+1.99.0-beta.8" "build" "--frozen" "--message-format=json" "--release", kill_on_drop: false }`
[INFO] [stderr]    Compiling anyhow v1.0.89
[INFO] [stderr]    Compiling protorbit v0.2.4 (/opt/rustwide/workdir)
[INFO] [stderr]     Finished `release` profile [optimized] target(s) in 1.67s
[INFO] running `Command { std: "docker" "inspect" "3933ee6180525ff5baf3d53e0313d034f3cad6613206ebff3485a9062be88e31", kill_on_drop: false }`
[INFO] running `Command { std: "docker" "exec" "-e" "SOURCE_DIR=/opt/rustwide/workdir" "-e" "CARGO_HOME=/opt/rustwide/cargo-home" "-e" "RUSTUP_HOME=/opt/rustwide/rustup-home" "-e" "CARGO_TARGET_DIR=/opt/rustwide/target" "-e" "CARGO_INCREMENTAL=0" "-e" "RUST_BACKTRACE=full" "-e" "RUSTFLAGS=--cap-lints=warn" "-e" "RUSTDOCFLAGS=--cap-lints=warn" "-w" "/opt/rustwide/workdir" "--user" "0:0" "3933ee6180525ff5baf3d53e0313d034f3cad6613206ebff3485a9062be88e31" "/opt/rustwide/cargo-home/bin/cargo" "+1.99.0-beta.8" "test" "--frozen" "--no-run" "--message-format=json" "--release", kill_on_drop: false }`
[INFO] [stderr]    Compiling bytes v1.6.1
[INFO] [stderr]    Compiling signal-hook-registry v1.4.2
[INFO] [stderr]    Compiling socket2 v0.5.7
[INFO] [stderr]    Compiling mio v1.0.1
[INFO] [stderr]    Compiling syn v2.0.72
[INFO] [stderr]    Compiling parking_lot v0.12.3
[INFO] [stderr]    Compiling tokio-macros v2.4.0
[INFO] [stderr]    Compiling tokio v1.39.2
[INFO] [stderr]    Compiling protorbit v0.2.4 (/opt/rustwide/workdir)
[INFO] [stderr]     Finished `release` profile [optimized] target(s) in 15.04s
[INFO] running `Command { std: "docker" "inspect" "3933ee6180525ff5baf3d53e0313d034f3cad6613206ebff3485a9062be88e31", kill_on_drop: false }`
[INFO] running `Command { std: "docker" "exec" "-e" "SOURCE_DIR=/opt/rustwide/workdir" "-e" "CARGO_HOME=/opt/rustwide/cargo-home" "-e" "RUSTUP_HOME=/opt/rustwide/rustup-home" "-e" "CARGO_TARGET_DIR=/opt/rustwide/target" "-e" "CARGO_INCREMENTAL=0" "-e" "RUST_BACKTRACE=full" "-e" "RUSTFLAGS=--cap-lints=warn" "-e" "RUSTDOCFLAGS=--cap-lints=warn" "-w" "/opt/rustwide/workdir" "--user" "0:0" "3933ee6180525ff5baf3d53e0313d034f3cad6613206ebff3485a9062be88e31" "/opt/rustwide/cargo-home/bin/cargo" "+1.99.0-beta.8" "test" "--frozen" "--release", kill_on_drop: false }`
[INFO] [stderr]     Finished `release` profile [optimized] target(s) in 0.05s
[INFO] [stderr]      Running unittests src/lib.rs (/opt/rustwide/target/release/deps/protorbit-987d185c26fd8f74)
[INFO] [stdout] 
[INFO] [stdout] running 2 tests
[INFO] [stdout] test http::response::test::test ... FAILED
[INFO] [stdout] test http::request::test::test ... FAILED
[INFO] [stdout] 
[INFO] [stdout] failures:
[INFO] [stdout] 
[INFO] [stdout] ---- http::response::test::test stdout ----
[INFO] [stdout] 
[INFO] [stdout] thread 'http::response::test::test' (352) panicked at src/http/response.rs:119:9:
[INFO] [stdout] assertion `left == right` failed
[INFO] [stdout]   left: Response { version: HTTP1_1, status_code: OK, status_message: "OK", headers: {"Content-Type": "application/json"}, body: "{}\n" }
[INFO] [stdout]  right: Response { version: HTTP1_1, status_code: OK, status_message: "Ok", headers: {"Content-Type": "application/json"}, body: "{}" }
[INFO] [stdout] stack backtrace:
[INFO] [stdout]    0:     0x5810ac414fc1 - <<std[70759c8f55707aa4]::sys::backtrace::BacktraceLock>::print::DisplayBacktrace as core[df12db4294e9bfd3]::fmt::Display>::fmt
[INFO] [stdout]    1:     0x5810ac42a2ca - core[df12db4294e9bfd3]::fmt::write
[INFO] [stdout]    2:     0x5810ac41995c - <alloc[2182bb758b4b3781]::vec::Vec<u8> as core[df12db4294e9bfd3]::io::write::Write>::write_fmt
[INFO] [stdout]    3:     0x5810ac3f1036 - std[70759c8f55707aa4]::panicking::default_hook::{closure#0}
[INFO] [stdout]    4:     0x5810ac40d709 - std[70759c8f55707aa4]::panicking::default_hook
[INFO] [stdout]    5:     0x5810ac3a7750 - test[9d35eded1c95d3be]::test_main_inner::<test[9d35eded1c95d3be]::test_main_static::{closure#0}>::{closure#0}
[INFO] [stdout]    6:     0x5810ac40d8c2 - std[70759c8f55707aa4]::panicking::panic_with_hook
[INFO] [stdout]    7:     0x5810ac3f10e2 - std[70759c8f55707aa4]::panicking::panic_handler::{closure#0}
[INFO] [stdout]    8:     0x5810ac3e98d9 - std[70759c8f55707aa4]::sys::backtrace::__rust_end_short_backtrace::<std[70759c8f55707aa4]::panicking::panic_handler::{closure#0}, !>
[INFO] [stdout]    9:     0x5810ac3f1ded - __rustc[8fa7c3cbc660c2b3]::rust_begin_unwind
[INFO] [stdout]   10:     0x5810ac42a9fc - core[df12db4294e9bfd3]::panicking::panic_fmt
[INFO] [stdout]   11:     0x5810ac42a913 - core[df12db4294e9bfd3]::panicking::assert_failed_inner
[INFO] [stdout]   12:     0x5810ac39a24d - core[df12db4294e9bfd3]::panicking::assert_failed::<protorbit[99c2a5c318cca18d]::http::response::Response, protorbit[99c2a5c318cca18d]::http::response::Response>
[INFO] [stdout]   13:     0x5810ac395f62 - <protorbit[99c2a5c318cca18d]::http::response::test::test::{closure#0} as core[df12db4294e9bfd3]::ops::function::FnOnce<()>>::call_once
[INFO] [stdout]   14:     0x5810ac39aa3b - test[9d35eded1c95d3be]::__rust_begin_short_backtrace::<core[df12db4294e9bfd3]::result::Result<(), alloc[2182bb758b4b3781]::string::String>, fn() -> core[df12db4294e9bfd3]::result::Result<(), alloc[2182bb758b4b3781]::string::String>>
[INFO] [stdout]   15:     0x5810ac3a80a5 - test[9d35eded1c95d3be]::run_test::{closure#0}
[INFO] [stdout]   16:     0x5810ac3a1964 - std[70759c8f55707aa4]::sys::backtrace::__rust_begin_short_backtrace::<test[9d35eded1c95d3be]::run_test::{closure#1}, ()>
[INFO] [stdout]   17:     0x5810ac3ab202 - <std[70759c8f55707aa4]::thread::lifecycle::spawn_unchecked<test[9d35eded1c95d3be]::run_test::{closure#1}, ()>::{closure#1} as core[df12db4294e9bfd3]::ops::function::FnOnce<()>>::call_once::{shim:vtable#0}
[INFO] [stdout]   18:     0x5810ac414899 - <std[70759c8f55707aa4]::sys::thread::unix::Thread>::new::thread_start
[INFO] [stdout]   19:     0x77341af9cdfa - <unknown>
[INFO] [stdout]   20:     0x77341b0303d4 - clone
[INFO] [stdout]   21:                0x0 - <unknown>
[INFO] [stdout] 
[INFO] [stdout] ---- http::request::test::test stdout ----
[INFO] [stdout] 
[INFO] [stdout] thread 'http::request::test::test' (351) panicked at src/http/request.rs:123:9:
[INFO] [stdout] assertion `left == right` failed
[INFO] [stdout]   left: Request { method: GET, path: "/", version: HTTP1_1, headers: {"Content-Type": " application/json"}, body: "{}\n" }
[INFO] [stdout]  right: Request { method: GET, path: "/", version: HTTP1_1, headers: {"Content-Type": "application/json"}, body: "{}" }
[INFO] [stdout] stack backtrace:
[INFO] [stdout]    0:     0x5810ac414fc1 - <<std[70759c8f55707aa4]::sys::backtrace::BacktraceLock>::print::DisplayBacktrace as core[df12db4294e9bfd3]::fmt::Display>::fmt
[INFO] [stdout]    1:     0x5810ac42a2ca - core[df12db4294e9bfd3]::fmt::write
[INFO] [stdout]    2:     0x5810ac41995c - <alloc[2182bb758b4b3781]::vec::Vec<u8> as core[df12db4294e9bfd3]::io::write::Write>::write_fmt
[INFO] [stdout]    3:     0x5810ac3f1036 - std[70759c8f55707aa4]::panicking::default_hook::{closure#0}
[INFO] [stdout]    4:     0x5810ac40d709 - std[70759c8f55707aa4]::panicking::default_hook
[INFO] [stdout]    5:     0x5810ac3a7750 - test[9d35eded1c95d3be]::test_main_inner::<test[9d35eded1c95d3be]::test_main_static::{closure#0}>::{closure#0}
[INFO] [stdout]    6:     0x5810ac40d8c2 - std[70759c8f55707aa4]::panicking::panic_with_hook
[INFO] [stdout]    7:     0x5810ac3f10e2 - std[70759c8f55707aa4]::panicking::panic_handler::{closure#0}
[INFO] [stdout]    8:     0x5810ac3e98d9 - std[70759c8f55707aa4]::sys::backtrace::__rust_end_short_backtrace::<std[70759c8f55707aa4]::panicking::panic_handler::{closure#0}, !>
[INFO] [stdout]    9:     0x5810ac3f1ded - __rustc[8fa7c3cbc660c2b3]::rust_begin_unwind
[INFO] [stdout]   10:     0x5810ac42a9fc - core[df12db4294e9bfd3]::panicking::panic_fmt
[INFO] [stdout]   11:     0x5810ac42a913 - core[df12db4294e9bfd3]::panicking::assert_failed_inner
[INFO] [stdout]   12:     0x5810ac39a21a - core[df12db4294e9bfd3]::panicking::assert_failed::<protorbit[99c2a5c318cca18d]::http::request::Request, protorbit[99c2a5c318cca18d]::http::request::Request>
[INFO] [stdout]   13:     0x5810ac396ca6 - protorbit[99c2a5c318cca18d]::http::request::test::test
[INFO] [stdout]   14:     0x5810ac395a99 - <protorbit[99c2a5c318cca18d]::http::request::test::test::{closure#0} as core[df12db4294e9bfd3]::ops::function::FnOnce<()>>::call_once
[INFO] [stdout]   15:     0x5810ac39aa3b - test[9d35eded1c95d3be]::__rust_begin_short_backtrace::<core[df12db4294e9bfd3]::result::Result<(), alloc[2182bb758b4b3781]::string::String>, fn() -> core[df12db4294e9bfd3]::result::Result<(), alloc[2182bb758b4b3781]::string::String>>
[INFO] [stdout]   16:     0x5810ac3a80a5 - test[9d35eded1c95d3be]::run_test::{closure#0}
[INFO] [stdout]   17:     0x5810ac3a1964 - std[70759c8f55707aa4]::sys::backtrace::__rust_begin_short_backtrace::<test[9d35eded1c95d3be]::run_test::{closure#1}, ()>
[INFO] [stdout]   18:     0x5810ac3ab202 - <std[70759c8f55707aa4]::thread::lifecycle::spawn_unchecked<test[9d35eded1c95d3be]::run_test::{closure#1}, ()>::{closure#1} as core[df12db4294e9bfd3]::ops::function::FnOnce<()>>::call_once::{shim:vtable#0}
[INFO] [stdout]   19:     0x5810ac414899 - <std[70759c8f55707aa4]::sys::thread::unix::Thread>::new::thread_start
[INFO] [stdout]   20:     0x77341af9cdfa - <unknown>
[INFO] [stdout]   21:     0x77341b0303d4 - clone
[INFO] [stdout]   22:                0x0 - <unknown>
[INFO] [stdout] 
[INFO] [stdout] 
[INFO] [stdout] failures:
[INFO] [stdout]     http::request::test::test
[INFO] [stdout]     http::response::test::test
[INFO] [stdout] 
[INFO] [stdout] test result: FAILED. 0 passed; 2 failed; 0 ignored; 0 measured; 0 filtered out; finished in 0.00s
[INFO] [stdout] 
[INFO] [stderr] error: test failed, to rerun pass `--lib`
[INFO] running `Command { std: "docker" "inspect" "3933ee6180525ff5baf3d53e0313d034f3cad6613206ebff3485a9062be88e31", kill_on_drop: false }`
[INFO] running `Command { std: "docker" "rm" "-f" "3933ee6180525ff5baf3d53e0313d034f3cad6613206ebff3485a9062be88e31", kill_on_drop: false }`
[INFO] [stdout] 3933ee6180525ff5baf3d53e0313d034f3cad6613206ebff3485a9062be88e31
