[INFO] fetching crate protolink-grpc-gen 0.0.4...
[INFO] testing protolink-grpc-gen-0.0.4 against 1.100.0-beta.1+cargoflags=--release for beta-release-1.100-2
[INFO] extracting crate protolink-grpc-gen 0.0.4 into /workspace/builds/worker-2-tc2/source
[INFO] started tweaking crates.io crate protolink-grpc-gen 0.0.4
[INFO] removed 0 missing tests
[INFO] finished tweaking crates.io crate protolink-grpc-gen 0.0.4
[INFO] tweaked toml for crates.io crate protolink-grpc-gen 0.0.4 written to /workspace/builds/worker-2-tc2/source/Cargo.toml
[INFO] validating manifest of crates.io crate protolink-grpc-gen 0.0.4 on toolchain 1.100.0-beta.1
[INFO] running `Command { std: CARGO_HOME="/workspace/cargo-home" RUSTUP_HOME="/workspace/rustup-home" "/workspace/cargo-home/bin/cargo" "+1.100.0-beta.1" "metadata" "--manifest-path" "Cargo.toml" "--no-deps", kill_on_drop: false }`
[INFO] crate crates.io crate protolink-grpc-gen 0.0.4 already has a lockfile, it will not be regenerated
[INFO] running `Command { std: CARGO_HOME="/workspace/cargo-home" RUSTUP_HOME="/workspace/rustup-home" "/workspace/cargo-home/bin/cargo" "+1.100.0-beta.1" "fetch" "--manifest-path" "Cargo.toml", kill_on_drop: false }`
[INFO] running `Command { std: "docker" "create" "-v" "/var/lib/crater-agent-workspace/builds/worker-2-tc2/source:/opt/rustwide/workdir:ro,Z" "-v" "/var/lib/crater-agent-workspace/builds/worker-2-tc2/target:/opt/rustwide/target:rw,Z" "-v" "/var/lib/crater-agent-workspace/cargo-home:/opt/rustwide/cargo-home:ro,Z" "-v" "/var/lib/crater-agent-workspace/rustup-home:/opt/rustwide/rustup-home:ro,Z" "-m" "1610612736" "--network" "none" "ghcr.io/rust-lang/crates-build-env/linux@sha256:77db811e55d90add9212f6832c23229e3de5f1c1f9905e8cb07319ea15df73ac" "sleep" "infinity", kill_on_drop: false }`
[INFO] [stdout] 83c554dfc8ddf99176d35e922e662f1bfcfdcbe248ee427202818d9ceed11913
[INFO] running `Command { std: "docker" "start" "83c554dfc8ddf99176d35e922e662f1bfcfdcbe248ee427202818d9ceed11913", kill_on_drop: false }`
[INFO] running `Command { std: "docker" "inspect" "83c554dfc8ddf99176d35e922e662f1bfcfdcbe248ee427202818d9ceed11913", kill_on_drop: false }`
[INFO] running `Command { std: "docker" "exec" "-e" "SOURCE_DIR=/opt/rustwide/workdir" "-e" "CARGO_HOME=/opt/rustwide/cargo-home" "-e" "RUSTUP_HOME=/opt/rustwide/rustup-home" "-e" "CARGO_TARGET_DIR=/opt/rustwide/target" "-w" "/opt/rustwide/workdir" "--user" "0:0" "83c554dfc8ddf99176d35e922e662f1bfcfdcbe248ee427202818d9ceed11913" "/opt/rustwide/cargo-home/bin/cargo" "+1.100.0-beta.1" "metadata" "--no-deps" "--format-version=1", kill_on_drop: false }`
[INFO] running `Command { std: "docker" "inspect" "83c554dfc8ddf99176d35e922e662f1bfcfdcbe248ee427202818d9ceed11913", kill_on_drop: false }`
[INFO] running `Command { std: "docker" "exec" "-e" "SOURCE_DIR=/opt/rustwide/workdir" "-e" "CARGO_HOME=/opt/rustwide/cargo-home" "-e" "RUSTUP_HOME=/opt/rustwide/rustup-home" "-e" "CARGO_TARGET_DIR=/opt/rustwide/target" "-e" "CARGO_INCREMENTAL=0" "-e" "RUST_BACKTRACE=full" "-e" "RUSTFLAGS=--cap-lints=warn" "-e" "RUSTDOCFLAGS=--cap-lints=warn" "-w" "/opt/rustwide/workdir" "--user" "0:0" "83c554dfc8ddf99176d35e922e662f1bfcfdcbe248ee427202818d9ceed11913" "/opt/rustwide/cargo-home/bin/cargo" "+1.100.0-beta.1" "build" "--frozen" "--message-format=json" "--release", kill_on_drop: false }`
[INFO] [stderr]    Compiling libc v0.2.190
[INFO] [stderr]    Compiling rustix v1.1.5
[INFO] [stderr]    Compiling protobuf v3.7.2
[INFO] [stderr]    Compiling home v0.5.12
[INFO] [stderr]    Compiling rustix v0.38.44
[INFO] [stderr]    Compiling syn v2.0.119
[INFO] [stderr]    Compiling getrandom v0.4.3
[INFO] [stderr]    Compiling thiserror-impl v1.0.69
[INFO] [stderr]    Compiling tempfile v3.27.0
[INFO] [stderr]    Compiling which v4.4.2
[INFO] [stderr]    Compiling thiserror v1.0.69
[INFO] [stderr]    Compiling protobuf-support v3.7.2
[INFO] [stderr]    Compiling protobuf-parse v3.7.2
[INFO] [stderr]    Compiling protolink-grpc-gen v0.0.4 (/opt/rustwide/workdir)
[INFO] [stderr]     Finished `release` profile [optimized] target(s) in 39.23s
[INFO] running `Command { std: "docker" "inspect" "83c554dfc8ddf99176d35e922e662f1bfcfdcbe248ee427202818d9ceed11913", kill_on_drop: false }`
[INFO] running `Command { std: "docker" "exec" "-e" "SOURCE_DIR=/opt/rustwide/workdir" "-e" "CARGO_HOME=/opt/rustwide/cargo-home" "-e" "RUSTUP_HOME=/opt/rustwide/rustup-home" "-e" "CARGO_TARGET_DIR=/opt/rustwide/target" "-e" "CARGO_INCREMENTAL=0" "-e" "RUST_BACKTRACE=full" "-e" "RUSTFLAGS=--cap-lints=warn" "-e" "RUSTDOCFLAGS=--cap-lints=warn" "-w" "/opt/rustwide/workdir" "--user" "0:0" "83c554dfc8ddf99176d35e922e662f1bfcfdcbe248ee427202818d9ceed11913" "/opt/rustwide/cargo-home/bin/cargo" "+1.100.0-beta.1" "test" "--frozen" "--no-run" "--message-format=json" "--release", kill_on_drop: false }`
[INFO] [stderr]    Compiling protolink-grpc-gen v0.0.4 (/opt/rustwide/workdir)
[INFO] [stderr]     Finished `release` profile [optimized] target(s) in 4.27s
[INFO] running `Command { std: "docker" "inspect" "83c554dfc8ddf99176d35e922e662f1bfcfdcbe248ee427202818d9ceed11913", kill_on_drop: false }`
[INFO] running `Command { std: "docker" "exec" "-e" "SOURCE_DIR=/opt/rustwide/workdir" "-e" "CARGO_HOME=/opt/rustwide/cargo-home" "-e" "RUSTUP_HOME=/opt/rustwide/rustup-home" "-e" "CARGO_TARGET_DIR=/opt/rustwide/target" "-e" "CARGO_INCREMENTAL=0" "-e" "RUST_BACKTRACE=full" "-e" "RUSTFLAGS=--cap-lints=warn" "-e" "RUSTDOCFLAGS=--cap-lints=warn" "-w" "/opt/rustwide/workdir" "--user" "0:0" "83c554dfc8ddf99176d35e922e662f1bfcfdcbe248ee427202818d9ceed11913" "/opt/rustwide/cargo-home/bin/cargo" "+1.100.0-beta.1" "test" "--frozen" "--release", kill_on_drop: false }`
[INFO] [stderr]     Finished `release` profile [optimized] target(s) in 0.07s
[INFO] [stderr]      Running unittests src/lib.rs (/opt/rustwide/target/release/build/protolink-grpc-gen/6568177296e0c4f9/out/protolink_grpc_gen-6568177296e0c4f9)
[INFO] [stdout] 
[INFO] [stdout] running 20 tests
[INFO] [stdout] test tests::absolute_message_paths_are_exact ... ok
[INFO] [stdout] test tests::generates_unary_and_streaming_clients ... ok
[INFO] [stdout] test tests::generates_service_and_streaming_dispatch ... ok
[INFO] [stdout] test tests::collisions_follow_enabled_rust_namespaces ... ok
[INFO] [stdout] test tests::rejects_generated_name_collisions ... ok
[INFO] [stdout] test tests::rejects_with_options_collisions ... ok
[INFO] [stdout] test tests::cross_package_service_collisions_still_qualify_first ... ok
[INFO] [stdout] test tests::message_module_fallback_collisions_fail_explicitly ... ok
[INFO] [stdout] test tests::micropb_naming ... ok
[INFO] [stdout] test tests::separate_message_module_does_not_rename_services ... ok
[INFO] [stdout] test tests::rejects_escaped_rpc_collisions ... ok
[INFO] [stdout] test tests::primitive_named_services_use_qualified_types ... ok
[INFO] [stdout] test tests::synthetic_oneofs_are_moved_last ... ok
[INFO] [stdout] test tests::message_module_collisions_use_the_grpc_fallback ... ok
[INFO] [stdout] test tests::snake_case ... ok
[INFO] [stdout] test tests::unary_only_service_has_no_streaming_items ... ok
[INFO] [stdout] test tests::rejects_client_builtins_only_when_clients_are_enabled ... ok
[INFO] [stdout] test tests::writes_fdset ... ok
[INFO] [stdout] test tests::rejects_module_collisions_after_normalization_and_qualification ... ok
[INFO] [stdout] test tests::service_named_like_the_runtime_alias_is_renamed ... ok
[INFO] [stdout] 
[INFO] [stdout] test result: ok. 20 passed; 0 failed; 0 ignored; 0 measured; 0 filtered out; finished in 0.02s
[INFO] [stdout] 
[INFO] [stderr]      Running unittests src/main.rs (/opt/rustwide/target/release/build/protolink-grpc-gen/ee535054c5a095c5/out/protolink_grpc_gen-ee535054c5a095c5)
[INFO] [stderr]      Running tests/compilation.rs (/opt/rustwide/target/release/build/protolink-grpc-gen/436f108f2f5b4f46/out/compilation-436f108f2f5b4f46)
[INFO] [stdout] 
[INFO] [stdout] running 0 tests
[INFO] [stdout] 
[INFO] [stdout] test result: ok. 0 passed; 0 failed; 0 ignored; 0 measured; 0 filtered out; finished in 0.00s
[INFO] [stdout] 
[INFO] [stdout] 
[INFO] [stdout] running 3 tests
[INFO] [stdout] test prost_only_consumer_does_not_depend_on_micropb ... FAILED
[INFO] [stdout] test prost_generated_bindings_compile_in_no_std_consumer ... FAILED
[INFO] [stdout] test generated_bindings_compile_in_no_std_consumer ... FAILED
[INFO] [stdout] 
[INFO] [stdout] failures:
[INFO] [stdout] 
[INFO] [stdout] ---- prost_only_consumer_does_not_depend_on_micropb stdout ----
[INFO] [stdout] 
[INFO] [stdout] thread 'prost_only_consumer_does_not_depend_on_micropb' (626) panicked at tests/compilation.rs:95:5:
[INFO] [stdout] error: manifest path `/opt/rustwide/workdir/tests/compile-fixture-prost/Cargo.toml` does not exist
[INFO] [stdout] 
[INFO] [stdout] stack backtrace:
[INFO] [stdout]    0:     0x5929d173c6d1 - <<std[617be2ca0a6fd877]::sys::backtrace::BacktraceLock>::print::DisplayBacktrace as core[a373ad73a504971]::fmt::Display>::fmt
[INFO] [stdout]    1:     0x5929d17505ca - core[a373ad73a504971]::fmt::write
[INFO] [stdout]    2:     0x5929d17408ec - <alloc[2e1b2a31b91974c5]::vec::Vec<u8> as core[a373ad73a504971]::io::write::Write>::write_fmt
[INFO] [stdout]    3:     0x5929d1718226 - std[617be2ca0a6fd877]::panicking::default_hook::{closure#0}
[INFO] [stdout]    4:     0x5929d1734d69 - std[617be2ca0a6fd877]::panicking::default_hook
[INFO] [stdout]    5:     0x5929d16d0300 - test[aada8e7e76ba119b]::test_main_inner::{closure#0}
[INFO] [stdout]    6:     0x5929d1734f22 - std[617be2ca0a6fd877]::panicking::panic_with_hook
[INFO] [stdout]    7:     0x5929d17182d2 - std[617be2ca0a6fd877]::panicking::panic_handler::{closure#0}
[INFO] [stdout]    8:     0x5929d1710fe9 - std[617be2ca0a6fd877]::sys::backtrace::__rust_end_short_backtrace::<std[617be2ca0a6fd877]::panicking::panic_handler::{closure#0}, !>
[INFO] [stdout]    9:     0x5929d1718edd - __rustc[ea4f61d10b84890b]::rust_begin_unwind
[INFO] [stdout]   10:     0x5929d1750cfc - core[a373ad73a504971]::panicking::panic_fmt
[INFO] [stdout]   11:     0x5929d16c351e - <compilation[228c5653ea7dd467]::prost_only_consumer_does_not_depend_on_micropb::{closure#0} as core[a373ad73a504971]::ops::function::FnOnce<()>>::call_once
[INFO] [stdout]   12:     0x5929d16c374b - test[aada8e7e76ba119b]::__rust_begin_short_backtrace::<core[a373ad73a504971]::result::Result<(), alloc[2e1b2a31b91974c5]::string::String>, fn() -> core[a373ad73a504971]::result::Result<(), alloc[2e1b2a31b91974c5]::string::String>>
[INFO] [stdout]   13:     0x5929d16d0925 - test[aada8e7e76ba119b]::run_test::{closure#0}
[INFO] [stdout]   14:     0x5929d16ca214 - std[617be2ca0a6fd877]::sys::backtrace::__rust_begin_short_backtrace::<test[aada8e7e76ba119b]::run_test::{closure#1}, ()>
[INFO] [stdout]   15:     0x5929d16d39b2 - <std[617be2ca0a6fd877]::thread::lifecycle::spawn_unchecked<test[aada8e7e76ba119b]::run_test::{closure#1}, ()>::{closure#1} as core[a373ad73a504971]::ops::function::FnOnce<()>>::call_once::{shim:vtable#0}
[INFO] [stdout]   16:     0x5929d173bf2f - <std[617be2ca0a6fd877]::sys::thread::unix::Thread>::new::thread_start
[INFO] [stdout]   17:     0x78d58e358dfa - <unknown>
[INFO] [stdout]   18:     0x78d58e3ec3d4 - clone
[INFO] [stdout]   19:                0x0 - <unknown>
[INFO] [stdout] 
[INFO] [stdout] ---- prost_generated_bindings_compile_in_no_std_consumer stdout ----
[INFO] [stdout] 
[INFO] [stdout] thread 'prost_generated_bindings_compile_in_no_std_consumer' (625) panicked at tests/compilation.rs:39:5:
[INFO] [stdout] features Some(""):
[INFO] [stdout] 
[INFO] [stdout] error: manifest path `/opt/rustwide/workdir/tests/compile-fixture-prost/Cargo.toml` does not exist
[INFO] [stdout] 
[INFO] [stdout] stack backtrace:
[INFO] [stdout]    0:     0x5929d173c6d1 - <<std[617be2ca0a6fd877]::sys::backtrace::BacktraceLock>::print::DisplayBacktrace as core[a373ad73a504971]::fmt::Display>::fmt
[INFO] [stdout]    1:     0x5929d17505ca - core[a373ad73a504971]::fmt::write
[INFO] [stdout]    2:     0x5929d17408ec - <alloc[2e1b2a31b91974c5]::vec::Vec<u8> as core[a373ad73a504971]::io::write::Write>::write_fmt
[INFO] [stdout]    3:     0x5929d1718226 - std[617be2ca0a6fd877]::panicking::default_hook::{closure#0}
[INFO] [stdout]    4:     0x5929d1734d69 - std[617be2ca0a6fd877]::panicking::default_hook
[INFO] [stdout]    5:     0x5929d16d0300 - test[aada8e7e76ba119b]::test_main_inner::{closure#0}
[INFO] [stdout]    6:     0x5929d1734f22 - std[617be2ca0a6fd877]::panicking::panic_with_hook
[INFO] [stdout]    7:     0x5929d17182d2 - std[617be2ca0a6fd877]::panicking::panic_handler::{closure#0}
[INFO] [stdout]    8:     0x5929d1710fe9 - std[617be2ca0a6fd877]::sys::backtrace::__rust_end_short_backtrace::<std[617be2ca0a6fd877]::panicking::panic_handler::{closure#0}, !>
[INFO] [stdout]    9:     0x5929d1718edd - __rustc[ea4f61d10b84890b]::rust_begin_unwind
[INFO] [stdout]   10:     0x5929d1750cfc - core[a373ad73a504971]::panicking::panic_fmt
[INFO] [stdout]   11:     0x5929d16c2179 - compilation[228c5653ea7dd467]::check_with_target
[INFO] [stdout]   12:     0x5929d16c3653 - <compilation[228c5653ea7dd467]::prost_generated_bindings_compile_in_no_std_consumer::{closure#0} as core[a373ad73a504971]::ops::function::FnOnce<()>>::call_once
[INFO] [stdout]   13:     0x5929d16c374b - test[aada8e7e76ba119b]::__rust_begin_short_backtrace::<core[a373ad73a504971]::result::Result<(), alloc[2e1b2a31b91974c5]::string::String>, fn() -> core[a373ad73a504971]::result::Result<(), alloc[2e1b2a31b91974c5]::string::String>>
[INFO] [stdout]   14:     0x5929d16d0925 - test[aada8e7e76ba119b]::run_test::{closure#0}
[INFO] [stdout]   15:     0x5929d16ca214 - std[617be2ca0a6fd877]::sys::backtrace::__rust_begin_short_backtrace::<test[aada8e7e76ba119b]::run_test::{closure#1}, ()>
[INFO] [stdout]   16:     0x5929d16d39b2 - <std[617be2ca0a6fd877]::thread::lifecycle::spawn_unchecked<test[aada8e7e76ba119b]::run_test::{closure#1}, ()>::{closure#1} as core[a373ad73a504971]::ops::function::FnOnce<()>>::call_once::{shim:vtable#0}
[INFO] [stdout]   17:     0x5929d173bf2f - <std[617be2ca0a6fd877]::sys::thread::unix::Thread>::new::thread_start
[INFO] [stdout]   18:     0x78d58e358dfa - <unknown>
[INFO] [stdout]   19:     0x78d58e3ec3d4 - clone
[INFO] [stdout]   20:                0x0 - <unknown>
[INFO] [stdout] 
[INFO] [stdout] ---- generated_bindings_compile_in_no_std_consumer stdout ----
[INFO] [stdout] 
[INFO] [stdout] thread 'generated_bindings_compile_in_no_std_consumer' (624) panicked at tests/compilation.rs:39:5:
[INFO] [stdout] features None:
[INFO] [stdout] 
[INFO] [stdout] error: manifest path `/opt/rustwide/workdir/tests/compile-fixture/Cargo.toml` does not exist
[INFO] [stdout] 
[INFO] [stdout] stack backtrace:
[INFO] [stdout]    0:     0x5929d173c6d1 - <<std[617be2ca0a6fd877]::sys::backtrace::BacktraceLock>::print::DisplayBacktrace as core[a373ad73a504971]::fmt::Display>::fmt
[INFO] [stdout]    1:     0x5929d17505ca - core[a373ad73a504971]::fmt::write
[INFO] [stdout]    2:     0x5929d17408ec - <alloc[2e1b2a31b91974c5]::vec::Vec<u8> as core[a373ad73a504971]::io::write::Write>::write_fmt
[INFO] [stdout]    3:     0x5929d1718226 - std[617be2ca0a6fd877]::panicking::default_hook::{closure#0}
[INFO] [stdout]    4:     0x5929d1734d69 - std[617be2ca0a6fd877]::panicking::default_hook
[INFO] [stdout]    5:     0x5929d16d0300 - test[aada8e7e76ba119b]::test_main_inner::{closure#0}
[INFO] [stdout]    6:     0x5929d1734f22 - std[617be2ca0a6fd877]::panicking::panic_with_hook
[INFO] [stdout]    7:     0x5929d17182d2 - std[617be2ca0a6fd877]::panicking::panic_handler::{closure#0}
[INFO] [stdout]    8:     0x5929d1710fe9 - std[617be2ca0a6fd877]::sys::backtrace::__rust_end_short_backtrace::<std[617be2ca0a6fd877]::panicking::panic_handler::{closure#0}, !>
[INFO] [stdout]    9:     0x5929d1718edd - __rustc[ea4f61d10b84890b]::rust_begin_unwind
[INFO] [stdout]   10:     0x5929d1750cfc - core[a373ad73a504971]::panicking::panic_fmt
[INFO] [stdout]   11:     0x5929d16c2179 - compilation[228c5653ea7dd467]::check_with_target
[INFO] [stdout]   12:     0x5929d16c2f8e - <compilation[228c5653ea7dd467]::generated_bindings_compile_in_no_std_consumer::{closure#0} as core[a373ad73a504971]::ops::function::FnOnce<()>>::call_once
[INFO] [stdout]   13:     0x5929d16c374b - test[aada8e7e76ba119b]::__rust_begin_short_backtrace::<core[a373ad73a504971]::result::Result<(), alloc[2e1b2a31b91974c5]::string::String>, fn() -> core[a373ad73a504971]::result::Result<(), alloc[2e1b2a31b91974c5]::string::String>>
[INFO] [stdout]   14:     0x5929d16d0925 - test[aada8e7e76ba119b]::run_test::{closure#0}
[INFO] [stdout]   15:     0x5929d16ca214 - std[617be2ca0a6fd877]::sys::backtrace::__rust_begin_short_backtrace::<test[aada8e7e76ba119b]::run_test::{closure#1}, ()>
[INFO] [stdout]   16:     0x5929d16d39b2 - <std[617be2ca0a6fd877]::thread::lifecycle::spawn_unchecked<test[aada8e7e76ba119b]::run_test::{closure#1}, ()>::{closure#1} as core[a373ad73a504971]::ops::function::FnOnce<()>>::call_once::{shim:vtable#0}
[INFO] [stdout]   17:     0x5929d173bf2f - <std[617be2ca0a6fd877]::sys::thread::unix::Thread>::new::thread_start
[INFO] [stdout]   18:     0x78d58e358dfa - <unknown>
[INFO] [stdout]   19:     0x78d58e3ec3d4 - clone
[INFO] [stdout]   20:                0x0 - <unknown>
[INFO] [stdout] 
[INFO] [stdout] 
[INFO] [stdout] failures:
[INFO] [stdout]     generated_bindings_compile_in_no_std_consumer
[INFO] [stdout]     prost_generated_bindings_compile_in_no_std_consumer
[INFO] [stdout]     prost_only_consumer_does_not_depend_on_micropb
[INFO] [stdout] 
[INFO] [stdout] test result: FAILED. 0 passed; 3 failed; 0 ignored; 0 measured; 0 filtered out; finished in 0.11s
[INFO] [stdout] 
[INFO] [stderr] error: test failed, to rerun pass `--test compilation`
[INFO] running `Command { std: "docker" "inspect" "83c554dfc8ddf99176d35e922e662f1bfcfdcbe248ee427202818d9ceed11913", kill_on_drop: false }`
[INFO] running `Command { std: "docker" "rm" "-f" "83c554dfc8ddf99176d35e922e662f1bfcfdcbe248ee427202818d9ceed11913", kill_on_drop: false }`
[INFO] [stdout] 83c554dfc8ddf99176d35e922e662f1bfcfdcbe248ee427202818d9ceed11913
