[INFO] fetching crate protobuf-mdbook 0.1.0...
[INFO] testing protobuf-mdbook-0.1.0 against 1.100.0-beta.1+cargoflags=--release for beta-release-1.100-2
[INFO] extracting crate protobuf-mdbook 0.1.0 into /workspace/builds/worker-6-tc2/source
[INFO] removed /workspace/builds/worker-6-tc2/source/.cargo/config.toml
[INFO] removed /workspace/builds/worker-6-tc2/source/rust-toolchain.toml
[INFO] started tweaking crates.io crate protobuf-mdbook 0.1.0
[INFO] removed 0 missing tests
[INFO] finished tweaking crates.io crate protobuf-mdbook 0.1.0
[INFO] tweaked toml for crates.io crate protobuf-mdbook 0.1.0 written to /workspace/builds/worker-6-tc2/source/Cargo.toml
[INFO] validating manifest of crates.io crate protobuf-mdbook 0.1.0 on toolchain 1.100.0-beta.1
[INFO] running `Command { std: CARGO_HOME="/workspace/cargo-home" RUSTUP_HOME="/workspace/rustup-home" "/workspace/cargo-home/bin/cargo" "+1.100.0-beta.1" "metadata" "--manifest-path" "Cargo.toml" "--no-deps", kill_on_drop: false }`
[INFO] crate crates.io crate protobuf-mdbook 0.1.0 already has a lockfile, it will not be regenerated
[INFO] running `Command { std: CARGO_HOME="/workspace/cargo-home" RUSTUP_HOME="/workspace/rustup-home" "/workspace/cargo-home/bin/cargo" "+1.100.0-beta.1" "fetch" "--manifest-path" "Cargo.toml", kill_on_drop: false }`
[INFO] [stderr] warning: `package.homepage` is redundant with `package.repository`
[INFO] [stderr]   --> Cargo.toml:94:12
[INFO] [stderr]    |
[INFO] [stderr] 94 | homepage = "https://github.com/canardleteer/protobuf-mdbook"
[INFO] [stderr]    |            ^^^^^^^^^^^^^^^^^^^^^^^^^^^^^^^^^^^^^^^^^^^^^^^^^
[INFO] [stderr] ...
[INFO] [stderr] 99 | repository = "https://github.com/canardleteer/protobuf-mdbook"
[INFO] [stderr]    |              -------------------------------------------------
[INFO] [stderr]    |
[INFO] [stderr]    = note: `cargo::redundant_homepage` is set to `warn` by default
[INFO] [stderr] help: consider removing `package.homepage`
[INFO] [stderr] warning: `protobuf-mdbook` (manifest) generated 1 warning
[INFO] running `Command { std: "docker" "create" "-v" "/var/lib/crater-agent-workspace/builds/worker-6-tc2/source:/opt/rustwide/workdir:ro,Z" "-v" "/var/lib/crater-agent-workspace/builds/worker-6-tc2/target:/opt/rustwide/target:rw,Z" "-v" "/var/lib/crater-agent-workspace/cargo-home:/opt/rustwide/cargo-home:ro,Z" "-v" "/var/lib/crater-agent-workspace/rustup-home:/opt/rustwide/rustup-home:ro,Z" "-m" "1610612736" "--network" "none" "ghcr.io/rust-lang/crates-build-env/linux@sha256:77db811e55d90add9212f6832c23229e3de5f1c1f9905e8cb07319ea15df73ac" "sleep" "infinity", kill_on_drop: false }`
[INFO] [stdout] 5779f98aecf47ea75d091498b391daace419055c4f630b903b3462e26d1d1c0d
[INFO] running `Command { std: "docker" "start" "5779f98aecf47ea75d091498b391daace419055c4f630b903b3462e26d1d1c0d", kill_on_drop: false }`
[INFO] running `Command { std: "docker" "inspect" "5779f98aecf47ea75d091498b391daace419055c4f630b903b3462e26d1d1c0d", kill_on_drop: false }`
[INFO] running `Command { std: "docker" "exec" "-e" "SOURCE_DIR=/opt/rustwide/workdir" "-e" "CARGO_HOME=/opt/rustwide/cargo-home" "-e" "RUSTUP_HOME=/opt/rustwide/rustup-home" "-e" "CARGO_TARGET_DIR=/opt/rustwide/target" "-w" "/opt/rustwide/workdir" "--user" "0:0" "5779f98aecf47ea75d091498b391daace419055c4f630b903b3462e26d1d1c0d" "/opt/rustwide/cargo-home/bin/cargo" "+1.100.0-beta.1" "metadata" "--no-deps" "--format-version=1", kill_on_drop: false }`
[INFO] running `Command { std: "docker" "inspect" "5779f98aecf47ea75d091498b391daace419055c4f630b903b3462e26d1d1c0d", kill_on_drop: false }`
[INFO] running `Command { std: "docker" "exec" "-e" "SOURCE_DIR=/opt/rustwide/workdir" "-e" "CARGO_HOME=/opt/rustwide/cargo-home" "-e" "RUSTUP_HOME=/opt/rustwide/rustup-home" "-e" "CARGO_TARGET_DIR=/opt/rustwide/target" "-e" "CARGO_INCREMENTAL=0" "-e" "RUST_BACKTRACE=full" "-e" "RUSTFLAGS=--cap-lints=warn" "-e" "RUSTDOCFLAGS=--cap-lints=warn" "-w" "/opt/rustwide/workdir" "--user" "0:0" "5779f98aecf47ea75d091498b391daace419055c4f630b903b3462e26d1d1c0d" "/opt/rustwide/cargo-home/bin/cargo" "+1.100.0-beta.1" "build" "--frozen" "--message-format=json" "--release", kill_on_drop: false }`
[INFO] [stderr] warning: `package.homepage` is redundant with `package.repository`
[INFO] [stderr]   --> Cargo.toml:94:12
[INFO] [stderr]    |
[INFO] [stderr] 94 | homepage = "https://github.com/canardleteer/protobuf-mdbook"
[INFO] [stderr]    |            ^^^^^^^^^^^^^^^^^^^^^^^^^^^^^^^^^^^^^^^^^^^^^^^^^
[INFO] [stderr] ...
[INFO] [stderr] 99 | repository = "https://github.com/canardleteer/protobuf-mdbook"
[INFO] [stderr]    |              -------------------------------------------------
[INFO] [stderr]    |
[INFO] [stderr]    = note: `cargo::redundant_homepage` is set to `warn` by default
[INFO] [stderr] help: consider removing `package.homepage`
[INFO] [stderr] warning: `protobuf-mdbook` (manifest) generated 1 warning
[INFO] [stderr]    Compiling fastrand v2.4.1
[INFO] [stderr]    Compiling winnow v1.0.3
[INFO] [stderr]    Compiling phf_shared v0.13.1
[INFO] [stderr]    Compiling aho-corasick v1.1.4
[INFO] [stderr]    Compiling darling_core v0.20.11
[INFO] [stderr]    Compiling toml_writer v1.1.1+spec-1.1.0
[INFO] [stderr]    Compiling siphasher v1.0.3
[INFO] [stderr]    Compiling toml_datetime v1.1.1+spec-1.1.0
[INFO] [stderr]    Compiling serde_json v1.0.150
[INFO] [stderr]    Compiling precomputed-hash v0.1.1
[INFO] [stderr]    Compiling pulldown-cmark v0.13.4
[INFO] [stderr]    Compiling pulldown-cmark-escape v0.11.0
[INFO] [stderr]    Compiling getopts v0.2.24
[INFO] [stderr]    Compiling tendril v0.5.0
[INFO] [stderr]    Compiling crypto-common v0.2.2
[INFO] [stderr]    Compiling block-buffer v0.12.0
[INFO] [stderr]    Compiling font-awesome-as-a-crate v0.3.1
[INFO] [stderr]    Compiling num-modular v0.6.1
[INFO] [stderr]    Compiling hashbrown v0.15.5
[INFO] [stderr]    Compiling bytes v1.11.1
[INFO] [stderr]    Compiling ego-tree v0.11.0
[INFO] [stderr]    Compiling phf_generator v0.13.1
[INFO] [stderr]    Compiling clap_derive v4.6.1
[INFO] [stderr]    Compiling protoc-bin-vendored-linux-x86_32 v3.2.0
[INFO] [stderr]    Compiling protoc-bin-vendored-linux-x86_64 v3.2.0
[INFO] [stderr]    Compiling string_cache_codegen v0.6.1
[INFO] [stderr]    Compiling phf_codegen v0.13.1
[INFO] [stderr]    Compiling protoc-bin-vendored-linux-aarch_64 v3.2.0
[INFO] [stderr]    Compiling protoc-bin-vendored-macos-aarch_64 v3.2.0
[INFO] [stderr]    Compiling topological-sort v0.2.2
[INFO] [stderr]    Compiling protoc-bin-vendored-linux-ppcle_64 v3.2.0
[INFO] [stderr]    Compiling protoc-bin-vendored-macos-x86_64 v3.2.0
[INFO] [stderr]    Compiling string_cache v0.9.0
[INFO] [stderr]    Compiling phf v0.13.1
[INFO] [stderr]    Compiling web_atoms v0.2.4
[INFO] [stderr]    Compiling protoc-bin-vendored-linux-s390_64 v3.2.0
[INFO] [stderr]    Compiling protoc-bin-vendored-win32 v3.2.0
[INFO] [stderr]    Compiling num-order v1.2.0
[INFO] [stderr]    Compiling protoc-bin-vendored v3.2.0
[INFO] [stderr]    Compiling buffa v0.6.0
[INFO] [stderr]    Compiling digest v0.11.3
[INFO] [stderr]    Compiling clap v4.6.1
[INFO] [stderr]    Compiling sha2 v0.11.0
[INFO] [stderr]    Compiling buffa-descriptor v0.6.0
[INFO] [stderr]    Compiling regex-automata v0.4.14
[INFO] [stderr]    Compiling toml_parser v1.1.2+spec-1.1.0
[INFO] [stderr]    Compiling markup5ever v0.39.0
[INFO] [stderr]    Compiling html5ever v0.39.0
[INFO] [stderr]    Compiling darling_macro v0.20.11
[INFO] [stderr]    Compiling toml v1.1.2+spec-1.1.0
[INFO] [stderr]    Compiling toml_edit v0.25.11+spec-1.1.0
[INFO] [stderr]    Compiling darling v0.20.11
[INFO] [stderr]    Compiling derive_builder_core v0.20.2
[INFO] [stderr]    Compiling derive_builder_macro v0.20.2
[INFO] [stderr]    Compiling derive_builder v0.20.2
[INFO] [stderr]    Compiling handlebars v6.4.1
[INFO] [stderr]    Compiling regex v1.12.3
[INFO] [stderr]    Compiling mdbook-core v0.5.3
[INFO] [stderr]    Compiling mdbook-markdown v0.5.3
[INFO] [stderr]    Compiling mdbook-renderer v0.5.3
[INFO] [stderr]    Compiling mdbook-preprocessor v0.5.3
[INFO] [stderr]    Compiling mdbook-summary v0.5.3
[INFO] [stderr]    Compiling mdbook-html v0.5.3
[INFO] [stderr]    Compiling mdbook-driver v0.5.3
[INFO] [stderr]    Compiling protobuf-mdbook v0.1.0 (/opt/rustwide/workdir)
[INFO] [stderr]     Finished `release` profile [optimized] target(s) in 1m 14s
[INFO] running `Command { std: "docker" "inspect" "5779f98aecf47ea75d091498b391daace419055c4f630b903b3462e26d1d1c0d", kill_on_drop: false }`
[INFO] running `Command { std: "docker" "exec" "-e" "SOURCE_DIR=/opt/rustwide/workdir" "-e" "CARGO_HOME=/opt/rustwide/cargo-home" "-e" "RUSTUP_HOME=/opt/rustwide/rustup-home" "-e" "CARGO_TARGET_DIR=/opt/rustwide/target" "-e" "CARGO_INCREMENTAL=0" "-e" "RUST_BACKTRACE=full" "-e" "RUSTFLAGS=--cap-lints=warn" "-e" "RUSTDOCFLAGS=--cap-lints=warn" "-w" "/opt/rustwide/workdir" "--user" "0:0" "5779f98aecf47ea75d091498b391daace419055c4f630b903b3462e26d1d1c0d" "/opt/rustwide/cargo-home/bin/cargo" "+1.100.0-beta.1" "test" "--frozen" "--no-run" "--message-format=json" "--release", kill_on_drop: false }`
[INFO] [stderr] warning: `package.homepage` is redundant with `package.repository`
[INFO] [stderr]   --> Cargo.toml:94:12
[INFO] [stderr]    |
[INFO] [stderr] 94 | homepage = "https://github.com/canardleteer/protobuf-mdbook"
[INFO] [stderr]    |            ^^^^^^^^^^^^^^^^^^^^^^^^^^^^^^^^^^^^^^^^^^^^^^^^^
[INFO] [stderr] ...
[INFO] [stderr] 99 | repository = "https://github.com/canardleteer/protobuf-mdbook"
[INFO] [stderr]    |              -------------------------------------------------
[INFO] [stderr]    |
[INFO] [stderr]    = note: `cargo::redundant_homepage` is set to `warn` by default
[INFO] [stderr] help: consider removing `package.homepage`
[INFO] [stderr] warning: `protobuf-mdbook` (manifest) generated 1 warning
[INFO] [stderr]    Compiling protobuf-mdbook v0.1.0 (/opt/rustwide/workdir)
[INFO] [stderr]     Finished `release` profile [optimized] target(s) in 19.00s
[INFO] running `Command { std: "docker" "inspect" "5779f98aecf47ea75d091498b391daace419055c4f630b903b3462e26d1d1c0d", kill_on_drop: false }`
[INFO] running `Command { std: "docker" "exec" "-e" "SOURCE_DIR=/opt/rustwide/workdir" "-e" "CARGO_HOME=/opt/rustwide/cargo-home" "-e" "RUSTUP_HOME=/opt/rustwide/rustup-home" "-e" "CARGO_TARGET_DIR=/opt/rustwide/target" "-e" "CARGO_INCREMENTAL=0" "-e" "RUST_BACKTRACE=full" "-e" "RUSTFLAGS=--cap-lints=warn" "-e" "RUSTDOCFLAGS=--cap-lints=warn" "-w" "/opt/rustwide/workdir" "--user" "0:0" "5779f98aecf47ea75d091498b391daace419055c4f630b903b3462e26d1d1c0d" "/opt/rustwide/cargo-home/bin/cargo" "+1.100.0-beta.1" "test" "--frozen" "--release", kill_on_drop: false }`
[INFO] [stderr] warning: `package.homepage` is redundant with `package.repository`
[INFO] [stderr]   --> Cargo.toml:94:12
[INFO] [stderr]    |
[INFO] [stderr] 94 | homepage = "https://github.com/canardleteer/protobuf-mdbook"
[INFO] [stderr]    |            ^^^^^^^^^^^^^^^^^^^^^^^^^^^^^^^^^^^^^^^^^^^^^^^^^
[INFO] [stderr] ...
[INFO] [stderr] 99 | repository = "https://github.com/canardleteer/protobuf-mdbook"
[INFO] [stderr]    |              -------------------------------------------------
[INFO] [stderr]    |
[INFO] [stderr]    = note: `cargo::redundant_homepage` is set to `warn` by default
[INFO] [stderr] help: consider removing `package.homepage`
[INFO] [stderr] warning: `protobuf-mdbook` (manifest) generated 1 warning
[INFO] [stderr]     Finished `release` profile [optimized] target(s) in 0.20s
[INFO] [stderr]      Running unittests src/lib.rs (/opt/rustwide/target/release/build/protobuf-mdbook/8682eb7635d1c0b4/out/protobuf_mdbook-8682eb7635d1c0b4)
[INFO] [stdout] 
[INFO] [stdout] running 90 tests
[INFO] [stdout] test highlight::markdown::tests::leaves_rust_fence_untouched ... ok
[INFO] [stdout] test highlight::book_toml::tests::adds_preprocessor_section ... ok
[INFO] [stdout] test book_config::tests::inferred_paths_default_src ... ok
[INFO] [stdout] test highlight::book_toml::tests::disables_proto_only ... ok
[INFO] [stdout] test highlight::cel_split::tests::splits_message_cel_from_body ... ok
[INFO] [stdout] test highlight::book_toml::tests::removes_preprocessor_when_both_disabled ... ok
[INFO] [stdout] test highlight::cel_split::tests::leaves_field_level_cel_in_body ... ok
[INFO] [stdout] test book_config::tests::inferred_paths_custom_src ... ok
[INFO] [stdout] test highlight::cel_split::tests::splits_cel_expression_shorthand ... ok
[INFO] [stdout] test highlight::cel::tests::highlights_cel_title_line ... ok
[INFO] [stdout] test input::tests::resolve_inputs_empty_fails ... ok
[INFO] [stdout] test book_config::tests::apply_infers_paths_when_book_set ... ok
[INFO] [stdout] test input::tests::resolve_inputs_non_proto_file_fails ... ok
[INFO] [stdout] test init::tests::init_readme_no_highlight_when_disabled ... ok
[INFO] [stdout] test init::tests::init_configures_preprocessor_in_book_toml ... ok
[INFO] [stdout] test init::tests::init_both_disabled_omits_preprocessor ... ok
[INFO] [stdout] test input::tests::resolve_inputs_buf_without_module_fails ... ok
[INFO] [stdout] test highlight::markdown::tests::transforms_protobuf_fence_to_pre ... ok
[INFO] [stdout] test input::tests::resolve_inputs_protoc_missing_include_fails ... ok
[INFO] [stdout] test options::tests::book_root_prefixes_output_paths ... ok
[INFO] [stdout] test input::tests::resolve_protoc_explicit_path ... ok
[INFO] [stdout] test highlight::protobuf::tests::highlights_syntax_keyword ... ok
[INFO] [stdout] test highlight::protobuf::tests::line_comment_excludes_crlf ... ok
[INFO] [stdout] test link_check::tests::assert_tree_surfaces_errors ... ok
[INFO] [stdout] test options::tests::markdown_only_is_deprecated_noop ... ok
[INFO] [stdout] test highlight::protobuf::tests::highlights_message_title ... ok
[INFO] [stdout] test highlight::markdown::tests::splits_and_highlights_message_cel ... ok
[INFO] [stdout] test options::tests::build_options_from_cli_matches_parse_parameter ... ok
[INFO] [stdout] test options::tests::cel_highlight_default_on_for_init ... ok
[INFO] [stdout] test link_check::tests::check_tree_bad_anchor ... ok
[INFO] [stdout] test options::tests::parses_book_and_mdbook_out ... ok
[INFO] [stdout] test options::tests::parses_escape_tags_backticks_and_entities ... ok
[INFO] [stdout] test options::tests::cel_highlight_off_when_flag_set ... ok
[INFO] [stdout] test options::tests::no_proto_highlight_requires_init ... ok
[INFO] [stdout] test options::tests::escape_tags_defaults_off ... ok
[INFO] [stdout] test options::tests::options_to_cli_args_escape_tags_entities ... ok
[INFO] [stdout] test link_check::tests::check_tree_missing_file ... ok
[INFO] [stdout] test options::tests::title_requires_init ... ok
[INFO] [stdout] test options::tests::unknown_escape_tags_value_errors ... ok
[INFO] [stdout] test plugin_api::codegen::tests::rpc_kind_matrix ... ok
[INFO] [stdout] test options::tests::parses_no_proto_markdown ... ok
[INFO] [stdout] test options::tests::proto_highlight_default_on_for_init ... ok
[INFO] [stdout] test options::tests::summary_without_init_is_valid ... ok
[INFO] [stdout] test plugin_api::tests::roundtrip_empty_request ... ok
[INFO] [stdout] test options::tests::proto_highlight_off_when_flag_set ... ok
[INFO] [stdout] test plugin_api::codegen::tests::split_proto_type_name_acme_echo ... ok
[INFO] [stdout] test options::tests::parses_escape_tags_bare_flag ... ok
[INFO] [stdout] test options::tests::no_cel_highlight_requires_init ... ok
[INFO] [stdout] test options::tests::parameter_to_cli_args_round_trip ... ok
[INFO] [stdout] test init::tests::init_no_proto_highlight_sets_toml_flag ... ok
[INFO] [stdout] test init::tests::init_readme_mentions_mermaid_rumdl_and_lychee ... ok
[INFO] [stdout] test options::tests::parses_init_and_layout ... ok
[INFO] [stdout] test options::tests::parses_markdown_root_and_summary_path ... ok
[INFO] [stdout] test render::markdown_doc::tests::backticks_inside_inline_code_untouched ... ok
[INFO] [stdout] test render::markdown_doc::tests::backticks_wraps_meshtastic_like_tags ... ok
[INFO] [stdout] test render::markdown_doc::tests::closing_tag ... ok
[INFO] [stdout] test proto_markdown::tests::partial_inputs_skip_other_branch ... ok
[INFO] [stdout] test proto_deps::tests::ensure_proto_deps_export_rejects_stale_stamp ... ok
[INFO] [stdout] test render::markdown_doc::tests::preserves_autolink ... ok
[INFO] [stdout] test render::markdown_doc::tests::preserves_markdown_constructs ... ok
[INFO] [stdout] test render::markdown_doc::tests::entities_mode ... ok
[INFO] [stdout] test render::markdown_doc::tests::off_is_identity ... ok
[INFO] [stdout] test proto_markdown::tests::discovers_intermediate_and_leaf_companions ... ok
[INFO] [stdout] test render::proto_syntax::tests::message_oneof_block_from_descriptor ... ok
[INFO] [stdout] test proto_markdown::tests::module_path_from_companion_output_parses ... ok
[INFO] [stdout] test proto_deps::tests::ensure_proto_deps_export_rejects_truncated_without_stamp ... ok
[INFO] [stdout] test proto_markdown::tests::companion_output_name_dots ... ok
[INFO] [stdout] test render::proto_syntax::tests::rpc_signature_server_streaming ... ok
[INFO] [stdout] test render::markdown_doc::tests::self_closing_tag ... ok
[INFO] [stdout] test render::proto_syntax::tests::entity_doc_outside_fence ... ok
[INFO] [stdout] test render::tests::packages_map_preserves_file_to_generate_order_within_package ... ok
[INFO] [stdout] test render::proto_syntax::tests::service_rpc_order_signature_options_doc ... ok
[INFO] [stdout] test render::source::tests::extracts_multiline_field ... ok
[INFO] [stdout] test summary::nav_tree::tests::asymmetric_sparse_tree_summary_shape ... ok
[INFO] [stdout] test render::markdown_doc::tests::skips_already_entity_escaped ... ok
[INFO] [stdout] test render::proto_syntax::tests::method_options_idempotency ... ok
[INFO] [stdout] test render::links::tests::id_from_content_matches_mdbook_behavior ... ok
[INFO] [stdout] test render::links::tests::mdbook_slug_for_pascal_case_message ... ok
[INFO] [stdout] test render::links::tests::relative_path_from_dir_cases ... ok
[INFO] [stdout] test summary::render_md::tests::render_parse_round_trip_preserves_structure ... ok
[INFO] [stdout] test summary::render_md::tests::rendered_summary_parses ... ok
[INFO] [stdout] test summary::tests::render_summary_entity_layout_lists_entities ... ok
[INFO] [stdout] test summary::nav_tree::tests::format_summary_title_rules ... ok
[INFO] [stdout] test proto_deps::tests::ensure_proto_deps_export_reuses_existing_validate_proto ... ok
[INFO] [stdout] test summary::tests::summary_parses_with_companion_tree ... ok
[INFO] [stdout] test summary::tests::render_summary_split_layout_nests_entities ... ok
[INFO] [stdout] test input::tests::resolve_inputs_descriptor_set_only ... ok
[INFO] [stdout] test summary::tests::render_summary_with_companions_uses_nav_tree ... ok
[INFO] [stdout] test input::tests::resolve_inputs_protoc_fixture_succeeds ... ok
[INFO] [stdout] test book_config::tests::resolve_book_root_from_toml_file ... ok
[INFO] [stdout] 
[INFO] [stdout] test result: ok. 90 passed; 0 failed; 0 ignored; 0 measured; 0 filtered out; finished in 0.08s
[INFO] [stdout] 
[INFO] [stderr]      Running unittests src/bin/mdbook-protobuf-highlight.rs (/opt/rustwide/target/release/build/protobuf-mdbook/13590b9df631dac2/out/mdbook_protobuf_highlight-13590b9df631dac2)
[INFO] [stdout] 
[INFO] [stdout] running 0 tests
[INFO] [stdout] 
[INFO] [stdout] test result: ok. 0 passed; 0 failed; 0 ignored; 0 measured; 0 filtered out; finished in 0.00s
[INFO] [stdout] 
[INFO] [stdout] 
[INFO] [stderr]      Running unittests src/bin/protobuf-mdbook.rs (/opt/rustwide/target/release/build/protobuf-mdbook/2639dcc29de96221/out/protobuf_mdbook-2639dcc29de96221)
[INFO] [stdout] running 2 tests
[INFO] [stdout] test tests::parse_escape_tags_values ... ok
[INFO] [stderr]      Running unittests src/main.rs (/opt/rustwide/target/release/build/protobuf-mdbook/a9d5847863e45739/out/protoc_gen_mdbook-a9d5847863e45739)
[INFO] [stdout] test tests::cli_options_input_maps_ignore ... ok
[INFO] [stdout] 
[INFO] [stdout] test result: ok. 2 passed; 0 failed; 0 ignored; 0 measured; 0 filtered out; finished in 0.00s
[INFO] [stdout] 
[INFO] [stdout] 
[INFO] [stdout] running 0 tests
[INFO] [stdout] 
[INFO] [stdout] test result: ok. 0 passed; 0 failed; 0 ignored; 0 measured; 0 filtered out; finished in 0.00s
[INFO] [stdout] 
[INFO] [stderr]      Running tests/escape_tags.rs (/opt/rustwide/target/release/build/protobuf-mdbook/fb4affb3dfc4ae22/out/escape_tags-fb4affb3dfc4ae22)
[INFO] [stdout] 
[INFO] [stdout] running 2 tests
[INFO] [stdout] test escape_tags_backticks_in_prose ... ok
[INFO] [stdout] test escape_tags_entities_in_prose ... ok
[INFO] [stdout] 
[INFO] [stdout] test result: ok. 2 passed; 0 failed; 0 ignored; 0 measured; 0 filtered out; finished in 0.03s
[INFO] [stdout] 
[INFO] [stderr]      Running tests/link_check.rs (/opt/rustwide/target/release/build/protobuf-mdbook/493843a147417d0b/out/link_check-493843a147417d0b)
[INFO] [stdout] 
[INFO] [stdout] running 19 tests
[INFO] [stdout] test custom_markdown_root_and_summary_path ... FAILED
[INFO] [stdout] test book_root_prefixes_all_output ... FAILED
[INFO] [stdout] test init_no_cel_highlight_skips_cel_grammar_only ... FAILED
[INFO] [stdout] test init_entity_layout_summary_is_package_only ... FAILED
[INFO] [stdout] test book_option_infers_paths_from_book_toml ... FAILED
[INFO] [stdout] test summary_without_init_emits_summary_only ... FAILED
[INFO] [stdout] test links_resolve_package_layout ... FAILED
[INFO] [stdout] test init_writes_mdbook_tree_and_readme ... FAILED
[INFO] [stdout] test package_rpc_type_links_use_mdbook_heading_anchors ... FAILED
[INFO] [stdout] test summary_entity_layout_lists_entities ... FAILED
[INFO] [stdout] test links_resolve_split_layout ... FAILED
[INFO] [stdout] test package_layout_preserves_comments_and_mermaid_fences ... FAILED
[INFO] [stdout] test summary_split_layout_lists_entities ... FAILED
[INFO] [stdout] test links_resolve_entity_layout ... FAILED
[INFO] [stdout] test book_option_explicit_markdown_root_overrides_inference ... FAILED
[INFO] [stdout] test optional_fields_preserved_in_generated_markdown ... FAILED
[INFO] [stdout] test init_no_proto_highlight_skips_protobuf_grammar_only ... FAILED
[INFO] [stdout] test package_layout_splits_message_cel_into_cel_fence ... FAILED
[INFO] [stdout] test summary_no_proto_markdown_entity_on_fixture ... ok
[INFO] [stdout] 
[INFO] [stdout] failures:
[INFO] [stdout] 
[INFO] [stdout] ---- custom_markdown_root_and_summary_path stdout ----
[INFO] [stdout] mirrored_backends: skip protobuf-mdbook (buf not on PATH)
[INFO] [stdout] 
[INFO] [stdout] thread 'custom_markdown_root_and_summary_path' (1780) panicked at tests/common/mod.rs:86:10:
[INFO] [stdout] ensure proto deps export: create /opt/rustwide/workdir/target
[INFO] [stdout] 
[INFO] [stdout] Caused by:
[INFO] [stdout]     Read-only file system (os error 30)
[INFO] [stdout] 
[INFO] [stdout] Stack backtrace:
[INFO] [stdout]    0: <core::io::error::Error as anyhow::context::ext::StdError>::ext_context::<alloc::string::String>
[INFO] [stdout]    1: protobuf_mdbook::proto_deps::ensure_proto_deps_export
[INFO] [stdout]    2: link_check::common::run_examples_proto_in
[INFO] [stdout]    3: link_check::common::run_examples
[INFO] [stdout]    4: <link_check::custom_markdown_root_and_summary_path::{closure#0} as core::ops::function::FnOnce<()>>::call_once
[INFO] [stdout]    5: test::__rust_begin_short_backtrace::<core::result::Result<(), alloc::string::String>, fn() -> core::result::Result<(), alloc::string::String>>
[INFO] [stdout]    6: test::run_test::{closure#0}
[INFO] [stdout]    7: std::sys::backtrace::__rust_begin_short_backtrace::<test::run_test::{closure#1}, ()>
[INFO] [stdout]    8: <std::thread::lifecycle::spawn_unchecked<test::run_test::{closure#1}, ()>::{closure#1} as core::ops::function::FnOnce<()>>::call_once::{shim:vtable#0}
[INFO] [stdout]    9: <std::sys::thread::unix::Thread>::new::thread_start
[INFO] [stdout]   10: <unknown>
[INFO] [stdout]   11: clone
[INFO] [stdout] stack backtrace:
[INFO] [stdout]    0:     0x5900ad69abb1 - <<std[617be2ca0a6fd877]::sys::backtrace::BacktraceLock>::print::DisplayBacktrace as core[a373ad73a504971]::fmt::Display>::fmt
[INFO] [stdout]    1:     0x5900ad6b05fa - core[a373ad73a504971]::fmt::write
[INFO] [stdout]    2:     0x5900ad69f63c - <alloc[2e1b2a31b91974c5]::vec::Vec<u8> as core[a373ad73a504971]::io::write::Write>::write_fmt
[INFO] [stdout]    3:     0x5900ad674186 - std[617be2ca0a6fd877]::panicking::default_hook::{closure#0}
[INFO] [stdout]    4:     0x5900ad691f39 - std[617be2ca0a6fd877]::panicking::default_hook
[INFO] [stdout]    5:     0x5900ad615c30 - test[aada8e7e76ba119b]::test_main_inner::{closure#0}
[INFO] [stdout]    6:     0x5900ad6920f2 - std[617be2ca0a6fd877]::panicking::panic_with_hook
[INFO] [stdout]    7:     0x5900ad674232 - std[617be2ca0a6fd877]::panicking::panic_handler::{closure#0}
[INFO] [stdout]    8:     0x5900ad66c609 - std[617be2ca0a6fd877]::sys::backtrace::__rust_end_short_backtrace::<std[617be2ca0a6fd877]::panicking::panic_handler::{closure#0}, !>
[INFO] [stdout]    9:     0x5900ad67503d - __rustc[ea4f61d10b84890b]::rust_begin_unwind
[INFO] [stdout]   10:     0x5900ad6b0d2c - core[a373ad73a504971]::panicking::panic_fmt
[INFO] [stdout]   11:     0x5900ad6b0b02 - core[a373ad73a504971]::result::unwrap_failed
[INFO] [stdout]   12:     0x5900ad608d3c - link_check[e4d34f8361e92fa3]::common::run_examples_proto_in
[INFO] [stdout]   13:     0x5900ad608592 - link_check[e4d34f8361e92fa3]::common::run_examples
[INFO] [stdout]   14:     0x5900ad603821 - <link_check[e4d34f8361e92fa3]::custom_markdown_root_and_summary_path::{closure#0} as core[a373ad73a504971]::ops::function::FnOnce<()>>::call_once
[INFO] [stdout]   15:     0x5900ad60907b - test[aada8e7e76ba119b]::__rust_begin_short_backtrace::<core[a373ad73a504971]::result::Result<(), alloc[2e1b2a31b91974c5]::string::String>, fn() -> core[a373ad73a504971]::result::Result<(), alloc[2e1b2a31b91974c5]::string::String>>
[INFO] [stdout]   16:     0x5900ad616255 - test[aada8e7e76ba119b]::run_test::{closure#0}
[INFO] [stdout]   17:     0x5900ad60fb44 - std[617be2ca0a6fd877]::sys::backtrace::__rust_begin_short_backtrace::<test[aada8e7e76ba119b]::run_test::{closure#1}, ()>
[INFO] [stdout]   18:     0x5900ad6192e2 - <std[617be2ca0a6fd877]::thread::lifecycle::spawn_unchecked<test[aada8e7e76ba119b]::run_test::{closure#1}, ()>::{closure#1} as core[a373ad73a504971]::ops::function::FnOnce<()>>::call_once::{shim:vtable#0}
[INFO] [stdout]   19:     0x5900ad699ecf - <std[617be2ca0a6fd877]::sys::thread::unix::Thread>::new::thread_start
[INFO] [stdout]   20:     0x7326a6c1edfa - <unknown>
[INFO] [stdout]   21:     0x7326a6cb23d4 - clone
[INFO] [stdout]   22:                0x0 - <unknown>
[INFO] [stdout] 
[INFO] [stdout] ---- book_root_prefixes_all_output stdout ----
[INFO] [stdout] mirrored_backends: skip protobuf-mdbook (buf not on PATH)
[INFO] [stdout] 
[INFO] [stdout] thread 'book_root_prefixes_all_output' (1779) panicked at tests/common/mod.rs:86:10:
[INFO] [stdout] ensure proto deps export: create /opt/rustwide/workdir/target
[INFO] [stdout] 
[INFO] [stdout] Caused by:
[INFO] [stdout]     Read-only file system (os error 30)
[INFO] [stdout] 
[INFO] [stdout] Stack backtrace:
[INFO] [stdout]    0: <core::io::error::Error as anyhow::context::ext::StdError>::ext_context::<alloc::string::String>
[INFO] [stdout]    1: protobuf_mdbook::proto_deps::ensure_proto_deps_export
[INFO] [stdout]    2: link_check::common::run_examples_proto_in
[INFO] [stdout]    3: link_check::common::run_examples
[INFO] [stdout]    4: <link_check::book_root_prefixes_all_output::{closure#0} as core::ops::function::FnOnce<()>>::call_once
[INFO] [stdout]    5: test::__rust_begin_short_backtrace::<core::result::Result<(), alloc::string::String>, fn() -> core::result::Result<(), alloc::string::String>>
[INFO] [stdout]    6: test::run_test::{closure#0}
[INFO] [stdout]    7: std::sys::backtrace::__rust_begin_short_backtrace::<test::run_test::{closure#1}, ()>
[INFO] [stdout]    8: <std::thread::lifecycle::spawn_unchecked<test::run_test::{closure#1}, ()>::{closure#1} as core::ops::function::FnOnce<()>>::call_once::{shim:vtable#0}
[INFO] [stdout]    9: <std::sys::thread::unix::Thread>::new::thread_start
[INFO] [stdout]   10: <unknown>
[INFO] [stdout]   11: clone
[INFO] [stdout] stack backtrace:
[INFO] [stdout]    0:     0x5900ad69abb1 - <<std[617be2ca0a6fd877]::sys::backtrace::BacktraceLock>::print::DisplayBacktrace as core[a373ad73a504971]::fmt::Display>::fmt
[INFO] [stdout]    1:     0x5900ad6b05fa - core[a373ad73a504971]::fmt::write
[INFO] [stdout]    2:     0x5900ad69f63c - <alloc[2e1b2a31b91974c5]::vec::Vec<u8> as core[a373ad73a504971]::io::write::Write>::write_fmt
[INFO] [stdout]    3:     0x5900ad674186 - std[617be2ca0a6fd877]::panicking::default_hook::{closure#0}
[INFO] [stdout]    4:     0x5900ad691f39 - std[617be2ca0a6fd877]::panicking::default_hook
[INFO] [stdout]    5:     0x5900ad615c30 - test[aada8e7e76ba119b]::test_main_inner::{closure#0}
[INFO] [stdout]    6:     0x5900ad6920f2 - std[617be2ca0a6fd877]::panicking::panic_with_hook
[INFO] [stdout]    7:     0x5900ad674232 - std[617be2ca0a6fd877]::panicking::panic_handler::{closure#0}
[INFO] [stdout]    8:     0x5900ad66c609 - std[617be2ca0a6fd877]::sys::backtrace::__rust_end_short_backtrace::<std[617be2ca0a6fd877]::panicking::panic_handler::{closure#0}, !>
[INFO] [stdout]    9:     0x5900ad67503d - __rustc[ea4f61d10b84890b]::rust_begin_unwind
[INFO] [stdout]   10:     0x5900ad6b0d2c - core[a373ad73a504971]::panicking::panic_fmt
[INFO] [stdout]   11:     0x5900ad6b0b02 - core[a373ad73a504971]::result::unwrap_failed
[INFO] [stdout]   12:     0x5900ad608d3c - link_check[e4d34f8361e92fa3]::common::run_examples_proto_in
[INFO] [stdout]   13:     0x5900ad608592 - link_check[e4d34f8361e92fa3]::common::run_examples
[INFO] [stdout]   14:     0x5900ad602196 - <link_check[e4d34f8361e92fa3]::book_root_prefixes_all_output::{closure#0} as core[a373ad73a504971]::ops::function::FnOnce<()>>::call_once
[INFO] [stdout]   15:     0x5900ad60907b - test[aada8e7e76ba119b]::__rust_begin_short_backtrace::<core[a373ad73a504971]::result::Result<(), alloc[2e1b2a31b91974c5]::string::String>, fn() -> core[a373ad73a504971]::result::Result<(), alloc[2e1b2a31b91974c5]::string::String>>
[INFO] [stdout]   16:     0x5900ad616255 - test[aada8e7e76ba119b]::run_test::{closure#0}
[INFO] [stdout]   17:     0x5900ad60fb44 - std[617be2ca0a6fd877]::sys::backtrace::__rust_begin_short_backtrace::<test[aada8e7e76ba119b]::run_test::{closure#1}, ()>
[INFO] [stdout]   18:     0x5900ad6192e2 - <std[617be2ca0a6fd877]::thread::lifecycle::spawn_unchecked<test[aada8e7e76ba119b]::run_test::{closure#1}, ()>::{closure#1} as core[a373ad73a504971]::ops::function::FnOnce<()>>::call_once::{shim:vtable#0}
[INFO] [stdout]   19:     0x5900ad699ecf - <std[617be2ca0a6fd877]::sys::thread::unix::Thread>::new::thread_start
[INFO] [stdout]   20:     0x7326a6c1edfa - <unknown>
[INFO] [stdout]   21:     0x7326a6cb23d4 - clone
[INFO] [stdout]   22:                0x0 - <unknown>
[INFO] [stdout] 
[INFO] [stdout] ---- init_no_cel_highlight_skips_cel_grammar_only stdout ----
[INFO] [stdout] mirrored_backends: skip protobuf-mdbook (buf not on PATH)
[INFO] [stdout] 
[INFO] [stdout] thread 'init_no_cel_highlight_skips_cel_grammar_only' (1782) panicked at tests/common/mod.rs:86:10:
[INFO] [stdout] ensure proto deps export: create /opt/rustwide/workdir/target
[INFO] [stdout] 
[INFO] [stdout] Caused by:
[INFO] [stdout]     Read-only file system (os error 30)
[INFO] [stdout] 
[INFO] [stdout] Stack backtrace:
[INFO] [stdout]    0: <core::io::error::Error as anyhow::context::ext::StdError>::ext_context::<alloc::string::String>
[INFO] [stdout]    1: protobuf_mdbook::proto_deps::ensure_proto_deps_export
[INFO] [stdout]    2: link_check::common::run_examples_proto_in
[INFO] [stdout]    3: link_check::common::run_examples
[INFO] [stdout]    4: <link_check::init_no_cel_highlight_skips_cel_grammar_only::{closure#0} as core::ops::function::FnOnce<()>>::call_once
[INFO] [stdout]    5: test::__rust_begin_short_backtrace::<core::result::Result<(), alloc::string::String>, fn() -> core::result::Result<(), alloc::string::String>>
[INFO] [stdout]    6: test::run_test::{closure#0}
[INFO] [stdout]    7: std::sys::backtrace::__rust_begin_short_backtrace::<test::run_test::{closure#1}, ()>
[INFO] [stdout]    8: <std::thread::lifecycle::spawn_unchecked<test::run_test::{closure#1}, ()>::{closure#1} as core::ops::function::FnOnce<()>>::call_once::{shim:vtable#0}
[INFO] [stdout]    9: <std::sys::thread::unix::Thread>::new::thread_start
[INFO] [stdout]   10: <unknown>
[INFO] [stdout]   11: clone
[INFO] [stdout] stack backtrace:
[INFO] [stdout]    0:     0x5900ad69abb1 - <<std[617be2ca0a6fd877]::sys::backtrace::BacktraceLock>::print::DisplayBacktrace as core[a373ad73a504971]::fmt::Display>::fmt
[INFO] [stdout]    1:     0x5900ad6b05fa - core[a373ad73a504971]::fmt::write
[INFO] [stdout]    2:     0x5900ad69f63c - <alloc[2e1b2a31b91974c5]::vec::Vec<u8> as core[a373ad73a504971]::io::write::Write>::write_fmt
[INFO] [stdout]    3:     0x5900ad674186 - std[617be2ca0a6fd877]::panicking::default_hook::{closure#0}
[INFO] [stdout]    4:     0x5900ad691f39 - std[617be2ca0a6fd877]::panicking::default_hook
[INFO] [stdout]    5:     0x5900ad615c30 - test[aada8e7e76ba119b]::test_main_inner::{closure#0}
[INFO] [stdout]    6:     0x5900ad6920f2 - std[617be2ca0a6fd877]::panicking::panic_with_hook
[INFO] [stdout]    7:     0x5900ad674232 - std[617be2ca0a6fd877]::panicking::panic_handler::{closure#0}
[INFO] [stdout]    8:     0x5900ad66c609 - std[617be2ca0a6fd877]::sys::backtrace::__rust_end_short_backtrace::<std[617be2ca0a6fd877]::panicking::panic_handler::{closure#0}, !>
[INFO] [stdout]    9:     0x5900ad67503d - __rustc[ea4f61d10b84890b]::rust_begin_unwind
[INFO] [stdout]   10:     0x5900ad6b0d2c - core[a373ad73a504971]::panicking::panic_fmt
[INFO] [stdout]   11:     0x5900ad6b0b02 - core[a373ad73a504971]::result::unwrap_failed
[INFO] [stdout]   12:     0x5900ad608d3c - link_check[e4d34f8361e92fa3]::common::run_examples_proto_in
[INFO] [stdout]   13:     0x5900ad608592 - link_check[e4d34f8361e92fa3]::common::run_examples
[INFO] [stdout]   14:     0x5900ad604cc8 - <link_check[e4d34f8361e92fa3]::init_no_cel_highlight_skips_cel_grammar_only::{closure#0} as core[a373ad73a504971]::ops::function::FnOnce<()>>::call_once
[INFO] [stdout]   15:     0x5900ad60907b - test[aada8e7e76ba119b]::__rust_begin_short_backtrace::<core[a373ad73a504971]::result::Result<(), alloc[2e1b2a31b91974c5]::string::String>, fn() -> core[a373ad73a504971]::result::Result<(), alloc[2e1b2a31b91974c5]::string::String>>
[INFO] [stdout]   16:     0x5900ad616255 - test[aada8e7e76ba119b]::run_test::{closure#0}
[INFO] [stdout]   17:     0x5900ad60fb44 - std[617be2ca0a6fd877]::sys::backtrace::__rust_begin_short_backtrace::<test[aada8e7e76ba119b]::run_test::{closure#1}, ()>
[INFO] [stdout]   18:     0x5900ad6192e2 - <std[617be2ca0a6fd877]::thread::lifecycle::spawn_unchecked<test[aada8e7e76ba119b]::run_test::{closure#1}, ()>::{closure#1} as core[a373ad73a504971]::ops::function::FnOnce<()>>::call_once::{shim:vtable#0}
[INFO] [stdout]   19:     0x5900ad699ecf - <std[617be2ca0a6fd877]::sys::thread::unix::Thread>::new::thread_start
[INFO] [stdout]   20:     0x7326a6c1edfa - <unknown>
[INFO] [stdout]   21:     0x7326a6cb23d4 - clone
[INFO] [stdout]   22:                0x0 - <unknown>
[INFO] [stdout] 
[INFO] [stdout] ---- init_entity_layout_summary_is_package_only stdout ----
[INFO] [stdout] mirrored_backends: skip protobuf-mdbook (buf not on PATH)
[INFO] [stdout] 
[INFO] [stdout] thread 'init_entity_layout_summary_is_package_only' (1781) panicked at tests/common/mod.rs:86:10:
[INFO] [stdout] ensure proto deps export: create /opt/rustwide/workdir/target
[INFO] [stdout] 
[INFO] [stdout] Caused by:
[INFO] [stdout]     Read-only file system (os error 30)
[INFO] [stdout] 
[INFO] [stdout] Stack backtrace:
[INFO] [stdout]    0: <core::io::error::Error as anyhow::context::ext::StdError>::ext_context::<alloc::string::String>
[INFO] [stdout]    1: protobuf_mdbook::proto_deps::ensure_proto_deps_export
[INFO] [stdout]    2: link_check::common::run_examples_proto_in
[INFO] [stdout]    3: link_check::common::run_examples
[INFO] [stdout]    4: <link_check::init_entity_layout_summary_is_package_only::{closure#0} as core::ops::function::FnOnce<()>>::call_once
[INFO] [stdout]    5: test::__rust_begin_short_backtrace::<core::result::Result<(), alloc::string::String>, fn() -> core::result::Result<(), alloc::string::String>>
[INFO] [stdout]    6: test::run_test::{closure#0}
[INFO] [stdout]    7: std::sys::backtrace::__rust_begin_short_backtrace::<test::run_test::{closure#1}, ()>
[INFO] [stdout]    8: <std::thread::lifecycle::spawn_unchecked<test::run_test::{closure#1}, ()>::{closure#1} as core::ops::function::FnOnce<()>>::call_once::{shim:vtable#0}
[INFO] [stdout]    9: <std::sys::thread::unix::Thread>::new::thread_start
[INFO] [stdout]   10: <unknown>
[INFO] [stdout]   11: clone
[INFO] [stdout] stack backtrace:
[INFO] [stdout]    0:     0x5900ad69abb1 - <<std[617be2ca0a6fd877]::sys::backtrace::BacktraceLock>::print::DisplayBacktrace as core[a373ad73a504971]::fmt::Display>::fmt
[INFO] [stdout]    1:     0x5900ad6b05fa - core[a373ad73a504971]::fmt::write
[INFO] [stdout]    2:     0x5900ad69f63c - <alloc[2e1b2a31b91974c5]::vec::Vec<u8> as core[a373ad73a504971]::io::write::Write>::write_fmt
[INFO] [stdout]    3:     0x5900ad674186 - std[617be2ca0a6fd877]::panicking::default_hook::{closure#0}
[INFO] [stdout]    4:     0x5900ad691f39 - std[617be2ca0a6fd877]::panicking::default_hook
[INFO] [stdout]    5:     0x5900ad615c30 - test[aada8e7e76ba119b]::test_main_inner::{closure#0}
[INFO] [stdout]    6:     0x5900ad6920f2 - std[617be2ca0a6fd877]::panicking::panic_with_hook
[INFO] [stdout]    7:     0x5900ad674232 - std[617be2ca0a6fd877]::panicking::panic_handler::{closure#0}
[INFO] [stdout]    8:     0x5900ad66c609 - std[617be2ca0a6fd877]::sys::backtrace::__rust_end_short_backtrace::<std[617be2ca0a6fd877]::panicking::panic_handler::{closure#0}, !>
[INFO] [stdout]    9:     0x5900ad67503d - __rustc[ea4f61d10b84890b]::rust_begin_unwind
[INFO] [stdout]   10:     0x5900ad6b0d2c - core[a373ad73a504971]::panicking::panic_fmt
[INFO] [stdout]   11:     0x5900ad6b0b02 - core[a373ad73a504971]::result::unwrap_failed
[INFO] [stdout]   12:     0x5900ad608d3c - link_check[e4d34f8361e92fa3]::common::run_examples_proto_in
[INFO] [stdout]   13:     0x5900ad608592 - link_check[e4d34f8361e92fa3]::common::run_examples
[INFO] [stdout]   14:     0x5900ad60453e - <link_check[e4d34f8361e92fa3]::init_entity_layout_summary_is_package_only::{closure#0} as core[a373ad73a504971]::ops::function::FnOnce<()>>::call_once
[INFO] [stdout]   15:     0x5900ad60907b - test[aada8e7e76ba119b]::__rust_begin_short_backtrace::<core[a373ad73a504971]::result::Result<(), alloc[2e1b2a31b91974c5]::string::String>, fn() -> core[a373ad73a504971]::result::Result<(), alloc[2e1b2a31b91974c5]::string::String>>
[INFO] [stdout]   16:     0x5900ad616255 - test[aada8e7e76ba119b]::run_test::{closure#0}
[INFO] [stdout]   17:     0x5900ad60fb44 - std[617be2ca0a6fd877]::sys::backtrace::__rust_begin_short_backtrace::<test[aada8e7e76ba119b]::run_test::{closure#1}, ()>
[INFO] [stdout]   18:     0x5900ad6192e2 - <std[617be2ca0a6fd877]::thread::lifecycle::spawn_unchecked<test[aada8e7e76ba119b]::run_test::{closure#1}, ()>::{closure#1} as core[a373ad73a504971]::ops::function::FnOnce<()>>::call_once::{shim:vtable#0}
[INFO] [stdout]   19:     0x5900ad699ecf - <std[617be2ca0a6fd877]::sys::thread::unix::Thread>::new::thread_start
[INFO] [stdout]   20:     0x7326a6c1edfa - <unknown>
[INFO] [stdout]   21:     0x7326a6cb23d4 - clone
[INFO] [stdout]   22:                0x0 - <unknown>
[INFO] [stdout] 
[INFO] [stdout] ---- book_option_infers_paths_from_book_toml stdout ----
[INFO] [stdout] mirrored_backends: skip protobuf-mdbook (buf not on PATH)
[INFO] [stdout] 
[INFO] [stdout] thread 'book_option_infers_paths_from_book_toml' (1778) panicked at tests/common/mod.rs:86:10:
[INFO] [stdout] ensure proto deps export: create /opt/rustwide/workdir/target
[INFO] [stdout] 
[INFO] [stdout] Caused by:
[INFO] [stdout]     Read-only file system (os error 30)
[INFO] [stdout] 
[INFO] [stdout] Stack backtrace:
[INFO] [stdout]    0: <core::io::error::Error as anyhow::context::ext::StdError>::ext_context::<alloc::string::String>
[INFO] [stdout]    1: protobuf_mdbook::proto_deps::ensure_proto_deps_export
[INFO] [stdout]    2: link_check::common::run_examples_proto_in
[INFO] [stdout]    3: <link_check::book_option_infers_paths_from_book_toml::{closure#0} as core::ops::function::FnOnce<()>>::call_once
[INFO] [stdout]    4: test::__rust_begin_short_backtrace::<core::result::Result<(), alloc::string::String>, fn() -> core::result::Result<(), alloc::string::String>>
[INFO] [stdout]    5: test::run_test::{closure#0}
[INFO] [stdout]    6: std::sys::backtrace::__rust_begin_short_backtrace::<test::run_test::{closure#1}, ()>
[INFO] [stdout]    7: <std::thread::lifecycle::spawn_unchecked<test::run_test::{closure#1}, ()>::{closure#1} as core::ops::function::FnOnce<()>>::call_once::{shim:vtable#0}
[INFO] [stdout]    8: <std::sys::thread::unix::Thread>::new::thread_start
[INFO] [stdout]    9: <unknown>
[INFO] [stdout]   10: clone
[INFO] [stdout] stack backtrace:
[INFO] [stdout]    0:     0x5900ad69abb1 - <<std[617be2ca0a6fd877]::sys::backtrace::BacktraceLock>::print::DisplayBacktrace as core[a373ad73a504971]::fmt::Display>::fmt
[INFO] [stdout]    1:     0x5900ad6b05fa - core[a373ad73a504971]::fmt::write
[INFO] [stdout]    2:     0x5900ad69f63c - <alloc[2e1b2a31b91974c5]::vec::Vec<u8> as core[a373ad73a504971]::io::write::Write>::write_fmt
[INFO] [stdout]    3:     0x5900ad674186 - std[617be2ca0a6fd877]::panicking::default_hook::{closure#0}
[INFO] [stdout]    4:     0x5900ad691f39 - std[617be2ca0a6fd877]::panicking::default_hook
[INFO] [stdout]    5:     0x5900ad615c30 - test[aada8e7e76ba119b]::test_main_inner::{closure#0}
[INFO] [stdout]    6:     0x5900ad6920f2 - std[617be2ca0a6fd877]::panicking::panic_with_hook
[INFO] [stdout]    7:     0x5900ad674232 - std[617be2ca0a6fd877]::panicking::panic_handler::{closure#0}
[INFO] [stdout]    8:     0x5900ad66c609 - std[617be2ca0a6fd877]::sys::backtrace::__rust_end_short_backtrace::<std[617be2ca0a6fd877]::panicking::panic_handler::{closure#0}, !>
[INFO] [stdout]    9:     0x5900ad67503d - __rustc[ea4f61d10b84890b]::rust_begin_unwind
[INFO] [stdout]   10:     0x5900ad6b0d2c - core[a373ad73a504971]::panicking::panic_fmt
[INFO] [stdout]   11:     0x5900ad6b0b02 - core[a373ad73a504971]::result::unwrap_failed
[INFO] [stdout]   12:     0x5900ad608d3c - link_check[e4d34f8361e92fa3]::common::run_examples_proto_in
[INFO] [stdout]   13:     0x5900ad603cf0 - <link_check[e4d34f8361e92fa3]::book_option_infers_paths_from_book_toml::{closure#0} as core[a373ad73a504971]::ops::function::FnOnce<()>>::call_once
[INFO] [stdout]   14:     0x5900ad60907b - test[aada8e7e76ba119b]::__rust_begin_short_backtrace::<core[a373ad73a504971]::result::Result<(), alloc[2e1b2a31b91974c5]::string::String>, fn() -> core[a373ad73a504971]::result::Result<(), alloc[2e1b2a31b91974c5]::string::String>>
[INFO] [stdout]   15:     0x5900ad616255 - test[aada8e7e76ba119b]::run_test::{closure#0}
[INFO] [stdout]   16:     0x5900ad60fb44 - std[617be2ca0a6fd877]::sys::backtrace::__rust_begin_short_backtrace::<test[aada8e7e76ba119b]::run_test::{closure#1}, ()>
[INFO] [stdout]   17:     0x5900ad6192e2 - <std[617be2ca0a6fd877]::thread::lifecycle::spawn_unchecked<test[aada8e7e76ba119b]::run_test::{closure#1}, ()>::{closure#1} as core[a373ad73a504971]::ops::function::FnOnce<()>>::call_once::{shim:vtable#0}
[INFO] [stdout]   18:     0x5900ad699ecf - <std[617be2ca0a6fd877]::sys::thread::unix::Thread>::new::thread_start
[INFO] [stdout]   19:     0x7326a6c1edfa - <unknown>
[INFO] [stdout]   20:     0x7326a6cb23d4 - clone
[INFO] [stdout]   21:                0x0 - <unknown>
[INFO] [stdout] 
[INFO] [stdout] ---- summary_without_init_emits_summary_only stdout ----
[INFO] [stdout] mirrored_backends: skip protobuf-mdbook (buf not on PATH)
[INFO] [stdout] 
[INFO] [stdout] thread 'summary_without_init_emits_summary_only' (1810) panicked at tests/common/mod.rs:86:10:
[INFO] [stdout] ensure proto deps export: create /opt/rustwide/workdir/target
[INFO] [stdout] 
[INFO] [stdout] Caused by:
[INFO] [stdout]     Read-only file system (os error 30)
[INFO] [stdout] 
[INFO] [stdout] Stack backtrace:
[INFO] [stdout]    0: <core::io::error::Error as anyhow::context::ext::StdError>::ext_context::<alloc::string::String>
[INFO] [stdout]    1: protobuf_mdbook::proto_deps::ensure_proto_deps_export
[INFO] [stdout]    2: link_check::common::run_examples_proto_in
[INFO] [stdout]    3: link_check::common::run_examples
[INFO] [stdout]    4: <link_check::summary_without_init_emits_summary_only::{closure#0} as core::ops::function::FnOnce<()>>::call_once
[INFO] [stdout]    5: test::__rust_begin_short_backtrace::<core::result::Result<(), alloc::string::String>, fn() -> core::result::Result<(), alloc::string::String>>
[INFO] [stdout]    6: test::run_test::{closure#0}
[INFO] [stdout]    7: std::sys::backtrace::__rust_begin_short_backtrace::<test::run_test::{closure#1}, ()>
[INFO] [stdout]    8: <std::thread::lifecycle::spawn_unchecked<test::run_test::{closure#1}, ()>::{closure#1} as core::ops::function::FnOnce<()>>::call_once::{shim:vtable#0}
[INFO] [stdout]    9: <std::sys::thread::unix::Thread>::new::thread_start
[INFO] [stdout]   10: <unknown>
[INFO] [stdout]   11: clone
[INFO] [stdout] stack backtrace:
[INFO] [stdout]    0:     0x5900ad69abb1 - <<std[617be2ca0a6fd877]::sys::backtrace::BacktraceLock>::print::DisplayBacktrace as core[a373ad73a504971]::fmt::Display>::fmt
[INFO] [stdout]    1:     0x5900ad6b05fa - core[a373ad73a504971]::fmt::write
[INFO] [stdout]    2:     0x5900ad69f63c - <alloc[2e1b2a31b91974c5]::vec::Vec<u8> as core[a373ad73a504971]::io::write::Write>::write_fmt
[INFO] [stdout]    3:     0x5900ad674186 - std[617be2ca0a6fd877]::panicking::default_hook::{closure#0}
[INFO] [stdout]    4:     0x5900ad691f39 - std[617be2ca0a6fd877]::panicking::default_hook
[INFO] [stdout]    5:     0x5900ad615c30 - test[aada8e7e76ba119b]::test_main_inner::{closure#0}
[INFO] [stdout]    6:     0x5900ad6920f2 - std[617be2ca0a6fd877]::panicking::panic_with_hook
[INFO] [stdout]    7:     0x5900ad674232 - std[617be2ca0a6fd877]::panicking::panic_handler::{closure#0}
[INFO] [stdout]    8:     0x5900ad66c609 - std[617be2ca0a6fd877]::sys::backtrace::__rust_end_short_backtrace::<std[617be2ca0a6fd877]::panicking::panic_handler::{closure#0}, !>
[INFO] [stdout]    9:     0x5900ad67503d - __rustc[ea4f61d10b84890b]::rust_begin_unwind
[INFO] [stdout]   10:     0x5900ad6b0d2c - core[a373ad73a504971]::panicking::panic_fmt
[INFO] [stdout]   11:     0x5900ad6b0b02 - core[a373ad73a504971]::result::unwrap_failed
[INFO] [stdout]   12:     0x5900ad608d3c - link_check[e4d34f8361e92fa3]::common::run_examples_proto_in
[INFO] [stdout]   13:     0x5900ad608592 - link_check[e4d34f8361e92fa3]::common::run_examples
[INFO] [stdout]   14:     0x5900ad60424c - <link_check[e4d34f8361e92fa3]::summary_without_init_emits_summary_only::{closure#0} as core[a373ad73a504971]::ops::function::FnOnce<()>>::call_once
[INFO] [stdout]   15:     0x5900ad60907b - test[aada8e7e76ba119b]::__rust_begin_short_backtrace::<core[a373ad73a504971]::result::Result<(), alloc[2e1b2a31b91974c5]::string::String>, fn() -> core[a373ad73a504971]::result::Result<(), alloc[2e1b2a31b91974c5]::string::String>>
[INFO] [stdout]   16:     0x5900ad616255 - test[aada8e7e76ba119b]::run_test::{closure#0}
[INFO] [stdout]   17:     0x5900ad60fb44 - std[617be2ca0a6fd877]::sys::backtrace::__rust_begin_short_backtrace::<test[aada8e7e76ba119b]::run_test::{closure#1}, ()>
[INFO] [stdout]   18:     0x5900ad6192e2 - <std[617be2ca0a6fd877]::thread::lifecycle::spawn_unchecked<test[aada8e7e76ba119b]::run_test::{closure#1}, ()>::{closure#1} as core[a373ad73a504971]::ops::function::FnOnce<()>>::call_once::{shim:vtable#0}
[INFO] [stdout]   19:     0x5900ad699ecf - <std[617be2ca0a6fd877]::sys::thread::unix::Thread>::new::thread_start
[INFO] [stdout]   20:     0x7326a6c1edfa - <unknown>
[INFO] [stdout]   21:     0x7326a6cb23d4 - clone
[INFO] [stdout]   22:                0x0 - <unknown>
[INFO] [stdout] 
[INFO] [stdout] ---- links_resolve_package_layout stdout ----
[INFO] [stdout] mirrored_backends: skip protobuf-mdbook (buf not on PATH)
[INFO] [stdout] 
[INFO] [stdout] thread 'links_resolve_package_layout' (1786) panicked at tests/common/mod.rs:86:10:
[INFO] [stdout] ensure proto deps export: create /opt/rustwide/workdir/target
[INFO] [stdout] 
[INFO] [stdout] Caused by:
[INFO] [stdout]     Read-only file system (os error 30)
[INFO] [stdout] 
[INFO] [stdout] Stack backtrace:
[INFO] [stdout]    0: <core::io::error::Error as anyhow::context::ext::StdError>::ext_context::<alloc::string::String>
[INFO] [stdout]    1: protobuf_mdbook::proto_deps::ensure_proto_deps_export
[INFO] [stdout]    2: link_check::common::run_examples_proto_in
[INFO] [stdout]    3: link_check::common::run_examples
[INFO] [stdout]    4: <link_check::links_resolve_package_layout::{closure#0} as core::ops::function::FnOnce<()>>::call_once
[INFO] [stdout]    5: test::__rust_begin_short_backtrace::<core::result::Result<(), alloc::string::String>, fn() -> core::result::Result<(), alloc::string::String>>
[INFO] [stdout]    6: test::run_test::{closure#0}
[INFO] [stdout]    7: std::sys::backtrace::__rust_begin_short_backtrace::<test::run_test::{closure#1}, ()>
[INFO] [stdout]    8: <std::thread::lifecycle::spawn_unchecked<test::run_test::{closure#1}, ()>::{closure#1} as core::ops::function::FnOnce<()>>::call_once::{shim:vtable#0}
[INFO] [stdout]    9: <std::sys::thread::unix::Thread>::new::thread_start
[INFO] [stdout]   10: <unknown>
[INFO] [stdout]   11: clone
[INFO] [stdout] stack backtrace:
[INFO] [stdout]    0:     0x5900ad69abb1 - <<std[617be2ca0a6fd877]::sys::backtrace::BacktraceLock>::print::DisplayBacktrace as core[a373ad73a504971]::fmt::Display>::fmt
[INFO] [stdout]    1:     0x5900ad6b05fa - core[a373ad73a504971]::fmt::write
[INFO] [stdout]    2:     0x5900ad69f63c - <alloc[2e1b2a31b91974c5]::vec::Vec<u8> as core[a373ad73a504971]::io::write::Write>::write_fmt
[INFO] [stdout]    3:     0x5900ad674186 - std[617be2ca0a6fd877]::panicking::default_hook::{closure#0}
[INFO] [stdout]    4:     0x5900ad691f39 - std[617be2ca0a6fd877]::panicking::default_hook
[INFO] [stdout]    5:     0x5900ad615c30 - test[aada8e7e76ba119b]::test_main_inner::{closure#0}
[INFO] [stdout]    6:     0x5900ad6920f2 - std[617be2ca0a6fd877]::panicking::panic_with_hook
[INFO] [stdout]    7:     0x5900ad674232 - std[617be2ca0a6fd877]::panicking::panic_handler::{closure#0}
[INFO] [stdout]    8:     0x5900ad66c609 - std[617be2ca0a6fd877]::sys::backtrace::__rust_end_short_backtrace::<std[617be2ca0a6fd877]::panicking::panic_handler::{closure#0}, !>
[INFO] [stdout]    9:     0x5900ad67503d - __rustc[ea4f61d10b84890b]::rust_begin_unwind
[INFO] [stdout]   10:     0x5900ad6b0d2c - core[a373ad73a504971]::panicking::panic_fmt
[INFO] [stdout]   11:     0x5900ad6b0b02 - core[a373ad73a504971]::result::unwrap_failed
[INFO] [stdout]   12:     0x5900ad608d3c - link_check[e4d34f8361e92fa3]::common::run_examples_proto_in
[INFO] [stdout]   13:     0x5900ad608592 - link_check[e4d34f8361e92fa3]::common::run_examples
[INFO] [stdout]   14:     0x5900ad601dfc - <link_check[e4d34f8361e92fa3]::links_resolve_package_layout::{closure#0} as core[a373ad73a504971]::ops::function::FnOnce<()>>::call_once
[INFO] [stdout]   15:     0x5900ad60907b - test[aada8e7e76ba119b]::__rust_begin_short_backtrace::<core[a373ad73a504971]::result::Result<(), alloc[2e1b2a31b91974c5]::string::String>, fn() -> core[a373ad73a504971]::result::Result<(), alloc[2e1b2a31b91974c5]::string::String>>
[INFO] [stdout]   16:     0x5900ad616255 - test[aada8e7e76ba119b]::run_test::{closure#0}
[INFO] [stdout]   17:     0x5900ad60fb44 - std[617be2ca0a6fd877]::sys::backtrace::__rust_begin_short_backtrace::<test[aada8e7e76ba119b]::run_test::{closure#1}, ()>
[INFO] [stdout]   18:     0x5900ad6192e2 - <std[617be2ca0a6fd877]::thread::lifecycle::spawn_unchecked<test[aada8e7e76ba119b]::run_test::{closure#1}, ()>::{closure#1} as core[a373ad73a504971]::ops::function::FnOnce<()>>::call_once::{shim:vtable#0}
[INFO] [stdout]   19:     0x5900ad699ecf - <std[617be2ca0a6fd877]::sys::thread::unix::Thread>::new::thread_start
[INFO] [stdout]   20:     0x7326a6c1edfa - <unknown>
[INFO] [stdout]   21:     0x7326a6cb23d4 - clone
[INFO] [stdout]   22:                0x0 - <unknown>
[INFO] [stdout] 
[INFO] [stdout] ---- init_writes_mdbook_tree_and_readme stdout ----
[INFO] [stdout] mirrored_backends: skip protobuf-mdbook (buf not on PATH)
[INFO] [stdout] 
[INFO] [stdout] thread 'init_writes_mdbook_tree_and_readme' (1784) panicked at tests/common/mod.rs:86:10:
[INFO] [stdout] ensure proto deps export: create /opt/rustwide/workdir/target
[INFO] [stdout] 
[INFO] [stdout] Caused by:
[INFO] [stdout]     Read-only file system (os error 30)
[INFO] [stdout] 
[INFO] [stdout] Stack backtrace:
[INFO] [stdout]    0: <core::io::error::Error as anyhow::context::ext::StdError>::ext_context::<alloc::string::String>
[INFO] [stdout]    1: protobuf_mdbook::proto_deps::ensure_proto_deps_export
[INFO] [stdout]    2: link_check::common::run_examples_proto_in
[INFO] [stdout]    3: link_check::common::run_examples
[INFO] [stdout]    4: <link_check::init_writes_mdbook_tree_and_readme::{closure#0} as core::ops::function::FnOnce<()>>::call_once
[INFO] [stdout]    5: test::__rust_begin_short_backtrace::<core::result::Result<(), alloc::string::String>, fn() -> core::result::Result<(), alloc::string::String>>
[INFO] [stdout]    6: test::run_test::{closure#0}
[INFO] [stdout]    7: std::sys::backtrace::__rust_begin_short_backtrace::<test::run_test::{closure#1}, ()>
[INFO] [stdout]    8: <std::thread::lifecycle::spawn_unchecked<test::run_test::{closure#1}, ()>::{closure#1} as core::ops::function::FnOnce<()>>::call_once::{shim:vtable#0}
[INFO] [stdout]    9: <std::sys::thread::unix::Thread>::new::thread_start
[INFO] [stdout]   10: <unknown>
[INFO] [stdout]   11: clone
[INFO] [stdout] stack backtrace:
[INFO] [stdout]    0:     0x5900ad69abb1 - <<std[617be2ca0a6fd877]::sys::backtrace::BacktraceLock>::print::DisplayBacktrace as core[a373ad73a504971]::fmt::Display>::fmt
[INFO] [stdout]    1:     0x5900ad6b05fa - core[a373ad73a504971]::fmt::write
[INFO] [stdout]    2:     0x5900ad69f63c - <alloc[2e1b2a31b91974c5]::vec::Vec<u8> as core[a373ad73a504971]::io::write::Write>::write_fmt
[INFO] [stdout]    3:     0x5900ad674186 - std[617be2ca0a6fd877]::panicking::default_hook::{closure#0}
[INFO] [stdout]    4:     0x5900ad691f39 - std[617be2ca0a6fd877]::panicking::default_hook
[INFO] [stdout]    5:     0x5900ad615c30 - test[aada8e7e76ba119b]::test_main_inner::{closure#0}
[INFO] [stdout]    6:     0x5900ad6920f2 - std[617be2ca0a6fd877]::panicking::panic_with_hook
[INFO] [stdout]    7:     0x5900ad674232 - std[617be2ca0a6fd877]::panicking::panic_handler::{closure#0}
[INFO] [stdout]    8:     0x5900ad66c609 - std[617be2ca0a6fd877]::sys::backtrace::__rust_end_short_backtrace::<std[617be2ca0a6fd877]::panicking::panic_handler::{closure#0}, !>
[INFO] [stdout]    9:     0x5900ad67503d - __rustc[ea4f61d10b84890b]::rust_begin_unwind
[INFO] [stdout]   10:     0x5900ad6b0d2c - core[a373ad73a504971]::panicking::panic_fmt
[INFO] [stdout]   11:     0x5900ad6b0b02 - core[a373ad73a504971]::result::unwrap_failed
[INFO] [stdout]   12:     0x5900ad608d3c - link_check[e4d34f8361e92fa3]::common::run_examples_proto_in
[INFO] [stdout]   13:     0x5900ad608592 - link_check[e4d34f8361e92fa3]::common::run_examples
[INFO] [stdout]   14:     0x5900ad602491 - <link_check[e4d34f8361e92fa3]::init_writes_mdbook_tree_and_readme::{closure#0} as core[a373ad73a504971]::ops::function::FnOnce<()>>::call_once
[INFO] [stdout]   15:     0x5900ad60907b - test[aada8e7e76ba119b]::__rust_begin_short_backtrace::<core[a373ad73a504971]::result::Result<(), alloc[2e1b2a31b91974c5]::string::String>, fn() -> core[a373ad73a504971]::result::Result<(), alloc[2e1b2a31b91974c5]::string::String>>
[INFO] [stdout]   16:     0x5900ad616255 - test[aada8e7e76ba119b]::run_test::{closure#0}
[INFO] [stdout]   17:     0x5900ad60fb44 - std[617be2ca0a6fd877]::sys::backtrace::__rust_begin_short_backtrace::<test[aada8e7e76ba119b]::run_test::{closure#1}, ()>
[INFO] [stdout]   18:     0x5900ad6192e2 - <std[617be2ca0a6fd877]::thread::lifecycle::spawn_unchecked<test[aada8e7e76ba119b]::run_test::{closure#1}, ()>::{closure#1} as core[a373ad73a504971]::ops::function::FnOnce<()>>::call_once::{shim:vtable#0}
[INFO] [stdout]   19:     0x5900ad699ecf - <std[617be2ca0a6fd877]::sys::thread::unix::Thread>::new::thread_start
[INFO] [stdout]   20:     0x7326a6c1edfa - <unknown>
[INFO] [stdout]   21:     0x7326a6cb23d4 - clone
[INFO] [stdout]   22:                0x0 - <unknown>
[INFO] [stdout] 
[INFO] [stdout] ---- package_rpc_type_links_use_mdbook_heading_anchors stdout ----
[INFO] [stdout] mirrored_backends: skip protobuf-mdbook (buf not on PATH)
[INFO] [stdout] 
[INFO] [stdout] thread 'package_rpc_type_links_use_mdbook_heading_anchors' (1791) panicked at tests/common/mod.rs:86:10:
[INFO] [stdout] ensure proto deps export: create /opt/rustwide/workdir/target
[INFO] [stdout] 
[INFO] [stdout] Caused by:
[INFO] [stdout]     Read-only file system (os error 30)
[INFO] [stdout] 
[INFO] [stdout] Stack backtrace:
[INFO] [stdout]    0: <core::io::error::Error as anyhow::context::ext::StdError>::ext_context::<alloc::string::String>
[INFO] [stdout]    1: protobuf_mdbook::proto_deps::ensure_proto_deps_export
[INFO] [stdout]    2: link_check::common::run_examples_proto_in
[INFO] [stdout]    3: link_check::common::run_examples
[INFO] [stdout]    4: <link_check::package_rpc_type_links_use_mdbook_heading_anchors::{closure#0} as core::ops::function::FnOnce<()>>::call_once
[INFO] [stdout]    5: test::__rust_begin_short_backtrace::<core::result::Result<(), alloc::string::String>, fn() -> core::result::Result<(), alloc::string::String>>
[INFO] [stdout]    6: test::run_test::{closure#0}
[INFO] [stdout]    7: std::sys::backtrace::__rust_begin_short_backtrace::<test::run_test::{closure#1}, ()>
[INFO] [stdout]    8: <std::thread::lifecycle::spawn_unchecked<test::run_test::{closure#1}, ()>::{closure#1} as core::ops::function::FnOnce<()>>::call_once::{shim:vtable#0}
[INFO] [stdout]    9: <std::sys::thread::unix::Thread>::new::thread_start
[INFO] [stdout]   10: <unknown>
[INFO] [stdout]   11: clone
[INFO] [stdout] stack backtrace:
[INFO] [stdout]    0:     0x5900ad69abb1 - <<std[617be2ca0a6fd877]::sys::backtrace::BacktraceLock>::print::DisplayBacktrace as core[a373ad73a504971]::fmt::Display>::fmt
[INFO] [stdout]    1:     0x5900ad6b05fa - core[a373ad73a504971]::fmt::write
[INFO] [stdout]    2:     0x5900ad69f63c - <alloc[2e1b2a31b91974c5]::vec::Vec<u8> as core[a373ad73a504971]::io::write::Write>::write_fmt
[INFO] [stdout]    3:     0x5900ad674186 - std[617be2ca0a6fd877]::panicking::default_hook::{closure#0}
[INFO] [stdout]    4:     0x5900ad691f39 - std[617be2ca0a6fd877]::panicking::default_hook
[INFO] [stdout]    5:     0x5900ad615c30 - test[aada8e7e76ba119b]::test_main_inner::{closure#0}
[INFO] [stdout]    6:     0x5900ad6920f2 - std[617be2ca0a6fd877]::panicking::panic_with_hook
[INFO] [stdout]    7:     0x5900ad674232 - std[617be2ca0a6fd877]::panicking::panic_handler::{closure#0}
[INFO] [stdout]    8:     0x5900ad66c609 - std[617be2ca0a6fd877]::sys::backtrace::__rust_end_short_backtrace::<std[617be2ca0a6fd877]::panicking::panic_handler::{closure#0}, !>
[INFO] [stdout]    9:     0x5900ad67503d - __rustc[ea4f61d10b84890b]::rust_begin_unwind
[INFO] [stdout]   10:     0x5900ad6b0d2c - core[a373ad73a504971]::panicking::panic_fmt
[INFO] [stdout]   11:     0x5900ad6b0b02 - core[a373ad73a504971]::result::unwrap_failed
[INFO] [stdout]   12:     0x5900ad608d3c - link_check[e4d34f8361e92fa3]::common::run_examples_proto_in
[INFO] [stdout]   13:     0x5900ad608592 - link_check[e4d34f8361e92fa3]::common::run_examples
[INFO] [stdout]   14:     0x5900ad605a69 - <link_check[e4d34f8361e92fa3]::package_rpc_type_links_use_mdbook_heading_anchors::{closure#0} as core[a373ad73a504971]::ops::function::FnOnce<()>>::call_once
[INFO] [stdout]   15:     0x5900ad60907b - test[aada8e7e76ba119b]::__rust_begin_short_backtrace::<core[a373ad73a504971]::result::Result<(), alloc[2e1b2a31b91974c5]::string::String>, fn() -> core[a373ad73a504971]::result::Result<(), alloc[2e1b2a31b91974c5]::string::String>>
[INFO] [stdout]   16:     0x5900ad616255 - test[aada8e7e76ba119b]::run_test::{closure#0}
[INFO] [stdout]   17:     0x5900ad60fb44 - std[617be2ca0a6fd877]::sys::backtrace::__rust_begin_short_backtrace::<test[aada8e7e76ba119b]::run_test::{closure#1}, ()>
[INFO] [stdout]   18:     0x5900ad6192e2 - <std[617be2ca0a6fd877]::thread::lifecycle::spawn_unchecked<test[aada8e7e76ba119b]::run_test::{closure#1}, ()>::{closure#1} as core[a373ad73a504971]::ops::function::FnOnce<()>>::call_once::{shim:vtable#0}
[INFO] [stdout]   19:     0x5900ad699ecf - <std[617be2ca0a6fd877]::sys::thread::unix::Thread>::new::thread_start
[INFO] [stdout]   20:     0x7326a6c1edfa - <unknown>
[INFO] [stdout]   21:     0x7326a6cb23d4 - clone
[INFO] [stdout]   22:                0x0 - <unknown>
[INFO] [stdout] 
[INFO] [stdout] ---- summary_entity_layout_lists_entities stdout ----
[INFO] [stdout] mirrored_backends: skip protobuf-mdbook (buf not on PATH)
[INFO] [stdout] 
[INFO] [stdout] thread 'summary_entity_layout_lists_entities' (1793) panicked at tests/common/mod.rs:86:10:
[INFO] [stdout] ensure proto deps export: create /opt/rustwide/workdir/target
[INFO] [stdout] 
[INFO] [stdout] Caused by:
[INFO] [stdout]     Read-only file system (os error 30)
[INFO] [stdout] 
[INFO] [stdout] Stack backtrace:
[INFO] [stdout]    0: <core::io::error::Error as anyhow::context::ext::StdError>::ext_context::<alloc::string::String>
[INFO] [stdout]    1: protobuf_mdbook::proto_deps::ensure_proto_deps_export
[INFO] [stdout]    2: link_check::common::run_examples_proto_in
[INFO] [stdout]    3: link_check::common::run_examples
[INFO] [stdout]    4: <link_check::summary_entity_layout_lists_entities::{closure#0} as core::ops::function::FnOnce<()>>::call_once
[INFO] [stdout]    5: test::__rust_begin_short_backtrace::<core::result::Result<(), alloc::string::String>, fn() -> core::result::Result<(), alloc::string::String>>
[INFO] [stdout]    6: test::run_test::{closure#0}
[INFO] [stdout]    7: std::sys::backtrace::__rust_begin_short_backtrace::<test::run_test::{closure#1}, ()>
[INFO] [stdout]    8: <std::thread::lifecycle::spawn_unchecked<test::run_test::{closure#1}, ()>::{closure#1} as core::ops::function::FnOnce<()>>::call_once::{shim:vtable#0}
[INFO] [stdout]    9: <std::sys::thread::unix::Thread>::new::thread_start
[INFO] [stdout]   10: <unknown>
[INFO] [stdout]   11: clone
[INFO] [stdout] stack backtrace:
[INFO] [stdout]    0:     0x5900ad69abb1 - <<std[617be2ca0a6fd877]::sys::backtrace::BacktraceLock>::print::DisplayBacktrace as core[a373ad73a504971]::fmt::Display>::fmt
[INFO] [stdout]    1:     0x5900ad6b05fa - core[a373ad73a504971]::fmt::write
[INFO] [stdout]    2:     0x5900ad69f63c - <alloc[2e1b2a31b91974c5]::vec::Vec<u8> as core[a373ad73a504971]::io::write::Write>::write_fmt
[INFO] [stdout]    3:     0x5900ad674186 - std[617be2ca0a6fd877]::panicking::default_hook::{closure#0}
[INFO] [stdout]    4:     0x5900ad691f39 - std[617be2ca0a6fd877]::panicking::default_hook
[INFO] [stdout]    5:     0x5900ad615c30 - test[aada8e7e76ba119b]::test_main_inner::{closure#0}
[INFO] [stdout]    6:     0x5900ad6920f2 - std[617be2ca0a6fd877]::panicking::panic_with_hook
[INFO] [stdout]    7:     0x5900ad674232 - std[617be2ca0a6fd877]::panicking::panic_handler::{closure#0}
[INFO] [stdout]    8:     0x5900ad66c609 - std[617be2ca0a6fd877]::sys::backtrace::__rust_end_short_backtrace::<std[617be2ca0a6fd877]::panicking::panic_handler::{closure#0}, !>
[INFO] [stdout]    9:     0x5900ad67503d - __rustc[ea4f61d10b84890b]::rust_begin_unwind
[INFO] [stdout]   10:     0x5900ad6b0d2c - core[a373ad73a504971]::panicking::panic_fmt
[INFO] [stdout]   11:     0x5900ad6b0b02 - core[a373ad73a504971]::result::unwrap_failed
[INFO] [stdout]   12:     0x5900ad608d3c - link_check[e4d34f8361e92fa3]::common::run_examples_proto_in
[INFO] [stdout]   13:     0x5900ad608592 - link_check[e4d34f8361e92fa3]::common::run_examples
[INFO] [stdout]   14:     0x5900ad60350e - <link_check[e4d34f8361e92fa3]::summary_entity_layout_lists_entities::{closure#0} as core[a373ad73a504971]::ops::function::FnOnce<()>>::call_once
[INFO] [stdout]   15:     0x5900ad60907b - test[aada8e7e76ba119b]::__rust_begin_short_backtrace::<core[a373ad73a504971]::result::Result<(), alloc[2e1b2a31b91974c5]::string::String>, fn() -> core[a373ad73a504971]::result::Result<(), alloc[2e1b2a31b91974c5]::string::String>>
[INFO] [stdout]   16:     0x5900ad616255 - test[aada8e7e76ba119b]::run_test::{closure#0}
[INFO] [stdout]   17:     0x5900ad60fb44 - std[617be2ca0a6fd877]::sys::backtrace::__rust_begin_short_backtrace::<test[aada8e7e76ba119b]::run_test::{closure#1}, ()>
[INFO] [stdout]   18:     0x5900ad6192e2 - <std[617be2ca0a6fd877]::thread::lifecycle::spawn_unchecked<test[aada8e7e76ba119b]::run_test::{closure#1}, ()>::{closure#1} as core[a373ad73a504971]::ops::function::FnOnce<()>>::call_once::{shim:vtable#0}
[INFO] [stdout]   19:     0x5900ad699ecf - <std[617be2ca0a6fd877]::sys::thread::unix::Thread>::new::thread_start
[INFO] [stdout]   20:     0x7326a6c1edfa - <unknown>
[INFO] [stdout]   21:     0x7326a6cb23d4 - clone
[INFO] [stdout]   22:                0x0 - <unknown>
[INFO] [stdout] 
[INFO] [stdout] ---- links_resolve_split_layout stdout ----
[INFO] [stdout] mirrored_backends: skip protobuf-mdbook (buf not on PATH)
[INFO] [stdout] 
[INFO] [stdout] thread 'links_resolve_split_layout' (1787) panicked at tests/common/mod.rs:86:10:
[INFO] [stdout] ensure proto deps export: create /opt/rustwide/workdir/target
[INFO] [stdout] 
[INFO] [stdout] Caused by:
[INFO] [stdout]     Read-only file system (os error 30)
[INFO] [stdout] 
[INFO] [stdout] Stack backtrace:
[INFO] [stdout]    0: <core::io::error::Error as anyhow::context::ext::StdError>::ext_context::<alloc::string::String>
[INFO] [stdout]    1: protobuf_mdbook::proto_deps::ensure_proto_deps_export
[INFO] [stdout]    2: link_check::common::run_examples_proto_in
[INFO] [stdout]    3: link_check::common::run_examples
[INFO] [stdout]    4: <link_check::links_resolve_split_layout::{closure#0} as core::ops::function::FnOnce<()>>::call_once
[INFO] [stdout]    5: test::__rust_begin_short_backtrace::<core::result::Result<(), alloc::string::String>, fn() -> core::result::Result<(), alloc::string::String>>
[INFO] [stdout]    6: test::run_test::{closure#0}
[INFO] [stdout]    7: std::sys::backtrace::__rust_begin_short_backtrace::<test::run_test::{closure#1}, ()>
[INFO] [stdout]    8: <std::thread::lifecycle::spawn_unchecked<test::run_test::{closure#1}, ()>::{closure#1} as core::ops::function::FnOnce<()>>::call_once::{shim:vtable#0}
[INFO] [stdout]    9: <std::sys::thread::unix::Thread>::new::thread_start
[INFO] [stdout]   10: <unknown>
[INFO] [stdout]   11: clone
[INFO] [stdout] stack backtrace:
[INFO] [stdout]    0:     0x5900ad69abb1 - <<std[617be2ca0a6fd877]::sys::backtrace::BacktraceLock>::print::DisplayBacktrace as core[a373ad73a504971]::fmt::Display>::fmt
[INFO] [stdout]    1:     0x5900ad6b05fa - core[a373ad73a504971]::fmt::write
[INFO] [stdout]    2:     0x5900ad69f63c - <alloc[2e1b2a31b91974c5]::vec::Vec<u8> as core[a373ad73a504971]::io::write::Write>::write_fmt
[INFO] [stdout]    3:     0x5900ad674186 - std[617be2ca0a6fd877]::panicking::default_hook::{closure#0}
[INFO] [stdout]    4:     0x5900ad691f39 - std[617be2ca0a6fd877]::panicking::default_hook
[INFO] [stdout]    5:     0x5900ad615c30 - test[aada8e7e76ba119b]::test_main_inner::{closure#0}
[INFO] [stdout]    6:     0x5900ad6920f2 - std[617be2ca0a6fd877]::panicking::panic_with_hook
[INFO] [stdout]    7:     0x5900ad674232 - std[617be2ca0a6fd877]::panicking::panic_handler::{closure#0}
[INFO] [stdout]    8:     0x5900ad66c609 - std[617be2ca0a6fd877]::sys::backtrace::__rust_end_short_backtrace::<std[617be2ca0a6fd877]::panicking::panic_handler::{closure#0}, !>
[INFO] [stdout]    9:     0x5900ad67503d - __rustc[ea4f61d10b84890b]::rust_begin_unwind
[INFO] [stdout]   10:     0x5900ad6b0d2c - core[a373ad73a504971]::panicking::panic_fmt
[INFO] [stdout]   11:     0x5900ad6b0b02 - core[a373ad73a504971]::result::unwrap_failed
[INFO] [stdout]   12:     0x5900ad608d3c - link_check[e4d34f8361e92fa3]::common::run_examples_proto_in
[INFO] [stdout]   13:     0x5900ad608592 - link_check[e4d34f8361e92fa3]::common::run_examples
[INFO] [stdout]   14:     0x5900ad601b2e - <link_check[e4d34f8361e92fa3]::links_resolve_split_layout::{closure#0} as core[a373ad73a504971]::ops::function::FnOnce<()>>::call_once
[INFO] [stdout]   15:     0x5900ad60907b - test[aada8e7e76ba119b]::__rust_begin_short_backtrace::<core[a373ad73a504971]::result::Result<(), alloc[2e1b2a31b91974c5]::string::String>, fn() -> core[a373ad73a504971]::result::Result<(), alloc[2e1b2a31b91974c5]::string::String>>
[INFO] [stdout]   16:     0x5900ad616255 - test[aada8e7e76ba119b]::run_test::{closure#0}
[INFO] [stdout]   17:     0x5900ad60fb44 - std[617be2ca0a6fd877]::sys::backtrace::__rust_begin_short_backtrace::<test[aada8e7e76ba119b]::run_test::{closure#1}, ()>
[INFO] [stdout]   18:     0x5900ad6192e2 - <std[617be2ca0a6fd877]::thread::lifecycle::spawn_unchecked<test[aada8e7e76ba119b]::run_test::{closure#1}, ()>::{closure#1} as core[a373ad73a504971]::ops::function::FnOnce<()>>::call_once::{shim:vtable#0}
[INFO] [stdout]   19:     0x5900ad699ecf - <std[617be2ca0a6fd877]::sys::thread::unix::Thread>::new::thread_start
[INFO] [stdout]   20:     0x7326a6c1edfa - <unknown>
[INFO] [stdout]   21:     0x7326a6cb23d4 - clone
[INFO] [stdout]   22:                0x0 - <unknown>
[INFO] [stdout] 
[INFO] [stdout] ---- package_layout_preserves_comments_and_mermaid_fences stdout ----
[INFO] [stdout] mirrored_backends: skip protobuf-mdbook (buf not on PATH)
[INFO] [stdout] 
[INFO] [stdout] thread 'package_layout_preserves_comments_and_mermaid_fences' (1789) panicked at tests/common/mod.rs:86:10:
[INFO] [stdout] ensure proto deps export: create /opt/rustwide/workdir/target
[INFO] [stdout] 
[INFO] [stdout] Caused by:
[INFO] [stdout]     Read-only file system (os error 30)
[INFO] [stdout] 
[INFO] [stdout] Stack backtrace:
[INFO] [stdout]    0: <core::io::error::Error as anyhow::context::ext::StdError>::ext_context::<alloc::string::String>
[INFO] [stdout]    1: protobuf_mdbook::proto_deps::ensure_proto_deps_export
[INFO] [stdout]    2: link_check::common::run_examples_proto_in
[INFO] [stdout]    3: link_check::common::run_examples
[INFO] [stdout]    4: <link_check::package_layout_preserves_comments_and_mermaid_fences::{closure#0} as core::ops::function::FnOnce<()>>::call_once
[INFO] [stdout]    5: test::__rust_begin_short_backtrace::<core::result::Result<(), alloc::string::String>, fn() -> core::result::Result<(), alloc::string::String>>
[INFO] [stdout]    6: test::run_test::{closure#0}
[INFO] [stdout]    7: std::sys::backtrace::__rust_begin_short_backtrace::<test::run_test::{closure#1}, ()>
[INFO] [stdout]    8: <std::thread::lifecycle::spawn_unchecked<test::run_test::{closure#1}, ()>::{closure#1} as core::ops::function::FnOnce<()>>::call_once::{shim:vtable#0}
[INFO] [stdout]    9: <std::sys::thread::unix::Thread>::new::thread_start
[INFO] [stdout]   10: <unknown>
[INFO] [stdout]   11: clone
[INFO] [stdout] stack backtrace:
[INFO] [stdout]    0:     0x5900ad69abb1 - <<std[617be2ca0a6fd877]::sys::backtrace::BacktraceLock>::print::DisplayBacktrace as core[a373ad73a504971]::fmt::Display>::fmt
[INFO] [stdout]    1:     0x5900ad6b05fa - core[a373ad73a504971]::fmt::write
[INFO] [stdout]    2:     0x5900ad69f63c - <alloc[2e1b2a31b91974c5]::vec::Vec<u8> as core[a373ad73a504971]::io::write::Write>::write_fmt
[INFO] [stdout]    3:     0x5900ad674186 - std[617be2ca0a6fd877]::panicking::default_hook::{closure#0}
[INFO] [stdout]    4:     0x5900ad691f39 - std[617be2ca0a6fd877]::panicking::default_hook
[INFO] [stdout]    5:     0x5900ad615c30 - test[aada8e7e76ba119b]::test_main_inner::{closure#0}
[INFO] [stdout]    6:     0x5900ad6920f2 - std[617be2ca0a6fd877]::panicking::panic_with_hook
[INFO] [stdout]    7:     0x5900ad674232 - std[617be2ca0a6fd877]::panicking::panic_handler::{closure#0}
[INFO] [stdout]    8:     0x5900ad66c609 - std[617be2ca0a6fd877]::sys::backtrace::__rust_end_short_backtrace::<std[617be2ca0a6fd877]::panicking::panic_handler::{closure#0}, !>
[INFO] [stdout]    9:     0x5900ad67503d - __rustc[ea4f61d10b84890b]::rust_begin_unwind
[INFO] [stdout]   10:     0x5900ad6b0d2c - core[a373ad73a504971]::panicking::panic_fmt
[INFO] [stdout]   11:     0x5900ad6b0b02 - core[a373ad73a504971]::result::unwrap_failed
[INFO] [stdout]   12:     0x5900ad608d3c - link_check[e4d34f8361e92fa3]::common::run_examples_proto_in
[INFO] [stdout]   13:     0x5900ad608592 - link_check[e4d34f8361e92fa3]::common::run_examples
[INFO] [stdout]   14:     0x5900ad606091 - <link_check[e4d34f8361e92fa3]::package_layout_preserves_comments_and_mermaid_fences::{closure#0} as core[a373ad73a504971]::ops::function::FnOnce<()>>::call_once
[INFO] [stdout]   15:     0x5900ad60907b - test[aada8e7e76ba119b]::__rust_begin_short_backtrace::<core[a373ad73a504971]::result::Result<(), alloc[2e1b2a31b91974c5]::string::String>, fn() -> core[a373ad73a504971]::result::Result<(), alloc[2e1b2a31b91974c5]::string::String>>
[INFO] [stdout]   16:     0x5900ad616255 - test[aada8e7e76ba119b]::run_test::{closure#0}
[INFO] [stdout]   17:     0x5900ad60fb44 - std[617be2ca0a6fd877]::sys::backtrace::__rust_begin_short_backtrace::<test[aada8e7e76ba119b]::run_test::{closure#1}, ()>
[INFO] [stdout]   18:     0x5900ad6192e2 - <std[617be2ca0a6fd877]::thread::lifecycle::spawn_unchecked<test[aada8e7e76ba119b]::run_test::{closure#1}, ()>::{closure#1} as core[a373ad73a504971]::ops::function::FnOnce<()>>::call_once::{shim:vtable#0}
[INFO] [stdout]   19:     0x5900ad699ecf - <std[617be2ca0a6fd877]::sys::thread::unix::Thread>::new::thread_start
[INFO] [stdout]   20:     0x7326a6c1edfa - <unknown>
[INFO] [stdout]   21:     0x7326a6cb23d4 - clone
[INFO] [stdout]   22:                0x0 - <unknown>
[INFO] [stdout] 
[INFO] [stdout] ---- summary_split_layout_lists_entities stdout ----
[INFO] [stdout] mirrored_backends: skip protobuf-mdbook (buf not on PATH)
[INFO] [stdout] 
[INFO] [stdout] thread 'summary_split_layout_lists_entities' (1798) panicked at tests/common/mod.rs:86:10:
[INFO] [stdout] ensure proto deps export: create /opt/rustwide/workdir/target
[INFO] [stdout] 
[INFO] [stdout] Caused by:
[INFO] [stdout]     Read-only file system (os error 30)
[INFO] [stdout] 
[INFO] [stdout] Stack backtrace:
[INFO] [stdout]    0: <core::io::error::Error as anyhow::context::ext::StdError>::ext_context::<alloc::string::String>
[INFO] [stdout]    1: protobuf_mdbook::proto_deps::ensure_proto_deps_export
[INFO] [stdout]    2: link_check::common::run_examples_proto_in
[INFO] [stdout]    3: link_check::common::run_examples
[INFO] [stdout]    4: <link_check::summary_split_layout_lists_entities::{closure#0} as core::ops::function::FnOnce<()>>::call_once
[INFO] [stdout]    5: test::__rust_begin_short_backtrace::<core::result::Result<(), alloc::string::String>, fn() -> core::result::Result<(), alloc::string::String>>
[INFO] [stdout]    6: test::run_test::{closure#0}
[INFO] [stdout]    7: std::sys::backtrace::__rust_begin_short_backtrace::<test::run_test::{closure#1}, ()>
[INFO] [stdout]    8: <std::thread::lifecycle::spawn_unchecked<test::run_test::{closure#1}, ()>::{closure#1} as core::ops::function::FnOnce<()>>::call_once::{shim:vtable#0}
[INFO] [stdout]    9: <std::sys::thread::unix::Thread>::new::thread_start
[INFO] [stdout]   10: <unknown>
[INFO] [stdout]   11: clone
[INFO] [stdout] stack backtrace:
[INFO] [stdout]    0:     0x5900ad69abb1 - <<std[617be2ca0a6fd877]::sys::backtrace::BacktraceLock>::print::DisplayBacktrace as core[a373ad73a504971]::fmt::Display>::fmt
[INFO] [stdout]    1:     0x5900ad6b05fa - core[a373ad73a504971]::fmt::write
[INFO] [stdout]    2:     0x5900ad69f63c - <alloc[2e1b2a31b91974c5]::vec::Vec<u8> as core[a373ad73a504971]::io::write::Write>::write_fmt
[INFO] [stdout]    3:     0x5900ad674186 - std[617be2ca0a6fd877]::panicking::default_hook::{closure#0}
[INFO] [stdout]    4:     0x5900ad691f39 - std[617be2ca0a6fd877]::panicking::default_hook
[INFO] [stdout]    5:     0x5900ad615c30 - test[aada8e7e76ba119b]::test_main_inner::{closure#0}
[INFO] [stdout]    6:     0x5900ad6920f2 - std[617be2ca0a6fd877]::panicking::panic_with_hook
[INFO] [stdout]    7:     0x5900ad674232 - std[617be2ca0a6fd877]::panicking::panic_handler::{closure#0}
[INFO] [stdout]    8:     0x5900ad66c609 - std[617be2ca0a6fd877]::sys::backtrace::__rust_end_short_backtrace::<std[617be2ca0a6fd877]::panicking::panic_handler::{closure#0}, !>
[INFO] [stdout]    9:     0x5900ad67503d - __rustc[ea4f61d10b84890b]::rust_begin_unwind
[INFO] [stdout]   10:     0x5900ad6b0d2c - core[a373ad73a504971]::panicking::panic_fmt
[INFO] [stdout]   11:     0x5900ad6b0b02 - core[a373ad73a504971]::result::unwrap_failed
[INFO] [stdout]   12:     0x5900ad608d3c - link_check[e4d34f8361e92fa3]::common::run_examples_proto_in
[INFO] [stdout]   13:     0x5900ad608592 - link_check[e4d34f8361e92fa3]::common::run_examples
[INFO] [stdout]   14:     0x5900ad60323c - <link_check[e4d34f8361e92fa3]::summary_split_layout_lists_entities::{closure#0} as core[a373ad73a504971]::ops::function::FnOnce<()>>::call_once
[INFO] [stdout]   15:     0x5900ad60907b - test[aada8e7e76ba119b]::__rust_begin_short_backtrace::<core[a373ad73a504971]::result::Result<(), alloc[2e1b2a31b91974c5]::string::String>, fn() -> core[a373ad73a504971]::result::Result<(), alloc[2e1b2a31b91974c5]::string::String>>
[INFO] [stdout]   16:     0x5900ad616255 - test[aada8e7e76ba119b]::run_test::{closure#0}
[INFO] [stdout]   17:     0x5900ad60fb44 - std[617be2ca0a6fd877]::sys::backtrace::__rust_begin_short_backtrace::<test[aada8e7e76ba119b]::run_test::{closure#1}, ()>
[INFO] [stdout]   18:     0x5900ad6192e2 - <std[617be2ca0a6fd877]::thread::lifecycle::spawn_unchecked<test[aada8e7e76ba119b]::run_test::{closure#1}, ()>::{closure#1} as core[a373ad73a504971]::ops::function::FnOnce<()>>::call_once::{shim:vtable#0}
[INFO] [stdout]   19:     0x5900ad699ecf - <std[617be2ca0a6fd877]::sys::thread::unix::Thread>::new::thread_start
[INFO] [stdout]   20:     0x7326a6c1edfa - <unknown>
[INFO] [stdout]   21:     0x7326a6cb23d4 - clone
[INFO] [stdout]   22:                0x0 - <unknown>
[INFO] [stdout] 
[INFO] [stdout] ---- links_resolve_entity_layout stdout ----
[INFO] [stdout] mirrored_backends: skip protobuf-mdbook (buf not on PATH)
[INFO] [stdout] 
[INFO] [stdout] thread 'links_resolve_entity_layout' (1785) panicked at tests/common/mod.rs:86:10:
[INFO] [stdout] ensure proto deps export: create /opt/rustwide/workdir/target
[INFO] [stdout] 
[INFO] [stdout] Caused by:
[INFO] [stdout]     Read-only file system (os error 30)
[INFO] [stdout] 
[INFO] [stdout] Stack backtrace:
[INFO] [stdout]    0: <core::io::error::Error as anyhow::context::ext::StdError>::ext_context::<alloc::string::String>
[INFO] [stdout]    1: protobuf_mdbook::proto_deps::ensure_proto_deps_export
[INFO] [stdout]    2: link_check::common::run_examples_proto_in
[INFO] [stdout]    3: link_check::common::run_examples
[INFO] [stdout]    4: <link_check::links_resolve_entity_layout::{closure#0} as core::ops::function::FnOnce<()>>::call_once
[INFO] [stdout]    5: test::__rust_begin_short_backtrace::<core::result::Result<(), alloc::string::String>, fn() -> core::result::Result<(), alloc::string::String>>
[INFO] [stdout]    6: test::run_test::{closure#0}
[INFO] [stdout]    7: std::sys::backtrace::__rust_begin_short_backtrace::<test::run_test::{closure#1}, ()>
[INFO] [stdout]    8: <std::thread::lifecycle::spawn_unchecked<test::run_test::{closure#1}, ()>::{closure#1} as core::ops::function::FnOnce<()>>::call_once::{shim:vtable#0}
[INFO] [stdout]    9: <std::sys::thread::unix::Thread>::new::thread_start
[INFO] [stdout]   10: <unknown>
[INFO] [stdout]   11: clone
[INFO] [stdout] stack backtrace:
[INFO] [stdout]    0:     0x5900ad69abb1 - <<std[617be2ca0a6fd877]::sys::backtrace::BacktraceLock>::print::DisplayBacktrace as core[a373ad73a504971]::fmt::Display>::fmt
[INFO] [stdout]    1:     0x5900ad6b05fa - core[a373ad73a504971]::fmt::write
[INFO] [stdout]    2:     0x5900ad69f63c - <alloc[2e1b2a31b91974c5]::vec::Vec<u8> as core[a373ad73a504971]::io::write::Write>::write_fmt
[INFO] [stdout]    3:     0x5900ad674186 - std[617be2ca0a6fd877]::panicking::default_hook::{closure#0}
[INFO] [stdout]    4:     0x5900ad691f39 - std[617be2ca0a6fd877]::panicking::default_hook
[INFO] [stdout]    5:     0x5900ad615c30 - test[aada8e7e76ba119b]::test_main_inner::{closure#0}
[INFO] [stdout]    6:     0x5900ad6920f2 - std[617be2ca0a6fd877]::panicking::panic_with_hook
[INFO] [stdout]    7:     0x5900ad674232 - std[617be2ca0a6fd877]::panicking::panic_handler::{closure#0}
[INFO] [stdout]    8:     0x5900ad66c609 - std[617be2ca0a6fd877]::sys::backtrace::__rust_end_short_backtrace::<std[617be2ca0a6fd877]::panicking::panic_handler::{closure#0}, !>
[INFO] [stdout]    9:     0x5900ad67503d - __rustc[ea4f61d10b84890b]::rust_begin_unwind
[INFO] [stdout]   10:     0x5900ad6b0d2c - core[a373ad73a504971]::panicking::panic_fmt
[INFO] [stdout]   11:     0x5900ad6b0b02 - core[a373ad73a504971]::result::unwrap_failed
[INFO] [stdout]   12:     0x5900ad608d3c - link_check[e4d34f8361e92fa3]::common::run_examples_proto_in
[INFO] [stdout]   13:     0x5900ad608592 - link_check[e4d34f8361e92fa3]::common::run_examples
[INFO] [stdout]   14:     0x5900ad601c7e - <link_check[e4d34f8361e92fa3]::links_resolve_entity_layout::{closure#0} as core[a373ad73a504971]::ops::function::FnOnce<()>>::call_once
[INFO] [stdout]   15:     0x5900ad60907b - test[aada8e7e76ba119b]::__rust_begin_short_backtrace::<core[a373ad73a504971]::result::Result<(), alloc[2e1b2a31b91974c5]::string::String>, fn() -> core[a373ad73a504971]::result::Result<(), alloc[2e1b2a31b91974c5]::string::String>>
[INFO] [stdout]   16:     0x5900ad616255 - test[aada8e7e76ba119b]::run_test::{closure#0}
[INFO] [stdout]   17:     0x5900ad60fb44 - std[617be2ca0a6fd877]::sys::backtrace::__rust_begin_short_backtrace::<test[aada8e7e76ba119b]::run_test::{closure#1}, ()>
[INFO] [stdout]   18:     0x5900ad6192e2 - <std[617be2ca0a6fd877]::thread::lifecycle::spawn_unchecked<test[aada8e7e76ba119b]::run_test::{closure#1}, ()>::{closure#1} as core[a373ad73a504971]::ops::function::FnOnce<()>>::call_once::{shim:vtable#0}
[INFO] [stdout]   19:     0x5900ad699ecf - <std[617be2ca0a6fd877]::sys::thread::unix::Thread>::new::thread_start
[INFO] [stdout]   20:     0x7326a6c1edfa - <unknown>
[INFO] [stdout]   21:     0x7326a6cb23d4 - clone
[INFO] [stdout]   22:                0x0 - <unknown>
[INFO] [stdout] 
[INFO] [stdout] ---- book_option_explicit_markdown_root_overrides_inference stdout ----
[INFO] [stdout] mirrored_backends: skip protobuf-mdbook (buf not on PATH)
[INFO] [stdout] 
[INFO] [stdout] thread 'book_option_explicit_markdown_root_overrides_inference' (1777) panicked at tests/common/mod.rs:86:10:
[INFO] [stdout] ensure proto deps export: create /opt/rustwide/workdir/target
[INFO] [stdout] 
[INFO] [stdout] Caused by:
[INFO] [stdout]     Read-only file system (os error 30)
[INFO] [stdout] 
[INFO] [stdout] Stack backtrace:
[INFO] [stdout]    0: <core::io::error::Error as anyhow::context::ext::StdError>::ext_context::<alloc::string::String>
[INFO] [stdout]    1: protobuf_mdbook::proto_deps::ensure_proto_deps_export
[INFO] [stdout]    2: link_check::common::run_examples_proto_in
[INFO] [stdout]    3: <link_check::book_option_explicit_markdown_root_overrides_inference::{closure#0} as core::ops::function::FnOnce<()>>::call_once
[INFO] [stdout]    4: test::__rust_begin_short_backtrace::<core::result::Result<(), alloc::string::String>, fn() -> core::result::Result<(), alloc::string::String>>
[INFO] [stdout]    5: test::run_test::{closure#0}
[INFO] [stdout]    6: std::sys::backtrace::__rust_begin_short_backtrace::<test::run_test::{closure#1}, ()>
[INFO] [stdout]    7: <std::thread::lifecycle::spawn_unchecked<test::run_test::{closure#1}, ()>::{closure#1} as core::ops::function::FnOnce<()>>::call_once::{shim:vtable#0}
[INFO] [stdout]    8: <std::sys::thread::unix::Thread>::new::thread_start
[INFO] [stdout]    9: <unknown>
[INFO] [stdout]   10: clone
[INFO] [stdout] stack backtrace:
[INFO] [stdout]    0:     0x5900ad69abb1 - <<std[617be2ca0a6fd877]::sys::backtrace::BacktraceLock>::print::DisplayBacktrace as core[a373ad73a504971]::fmt::Display>::fmt
[INFO] [stdout]    1:     0x5900ad6b05fa - core[a373ad73a504971]::fmt::write
[INFO] [stdout]    2:     0x5900ad69f63c - <alloc[2e1b2a31b91974c5]::vec::Vec<u8> as core[a373ad73a504971]::io::write::Write>::write_fmt
[INFO] [stdout]    3:     0x5900ad674186 - std[617be2ca0a6fd877]::panicking::default_hook::{closure#0}
[INFO] [stdout]    4:     0x5900ad691f39 - std[617be2ca0a6fd877]::panicking::default_hook
[INFO] [stdout]    5:     0x5900ad615c30 - test[aada8e7e76ba119b]::test_main_inner::{closure#0}
[INFO] [stdout]    6:     0x5900ad6920f2 - std[617be2ca0a6fd877]::panicking::panic_with_hook
[INFO] [stdout]    7:     0x5900ad674232 - std[617be2ca0a6fd877]::panicking::panic_handler::{closure#0}
[INFO] [stdout]    8:     0x5900ad66c609 - std[617be2ca0a6fd877]::sys::backtrace::__rust_end_short_backtrace::<std[617be2ca0a6fd877]::panicking::panic_handler::{closure#0}, !>
[INFO] [stdout]    9:     0x5900ad67503d - __rustc[ea4f61d10b84890b]::rust_begin_unwind
[INFO] [stdout]   10:     0x5900ad6b0d2c - core[a373ad73a504971]::panicking::panic_fmt
[INFO] [stdout]   11:     0x5900ad6b0b02 - core[a373ad73a504971]::result::unwrap_failed
[INFO] [stdout]   12:     0x5900ad608d3c - link_check[e4d34f8361e92fa3]::common::run_examples_proto_in
[INFO] [stdout]   13:     0x5900ad606cb4 - <link_check[e4d34f8361e92fa3]::book_option_explicit_markdown_root_overrides_inference::{closure#0} as core[a373ad73a504971]::ops::function::FnOnce<()>>::call_once
[INFO] [stdout]   14:     0x5900ad60907b - test[aada8e7e76ba119b]::__rust_begin_short_backtrace::<core[a373ad73a504971]::result::Result<(), alloc[2e1b2a31b91974c5]::string::String>, fn() -> core[a373ad73a504971]::result::Result<(), alloc[2e1b2a31b91974c5]::string::String>>
[INFO] [stdout]   15:     0x5900ad616255 - test[aada8e7e76ba119b]::run_test::{closure#0}
[INFO] [stdout]   16:     0x5900ad60fb44 - std[617be2ca0a6fd877]::sys::backtrace::__rust_begin_short_backtrace::<test[aada8e7e76ba119b]::run_test::{closure#1}, ()>
[INFO] [stdout]   17:     0x5900ad6192e2 - <std[617be2ca0a6fd877]::thread::lifecycle::spawn_unchecked<test[aada8e7e76ba119b]::run_test::{closure#1}, ()>::{closure#1} as core[a373ad73a504971]::ops::function::FnOnce<()>>::call_once::{shim:vtable#0}
[INFO] [stdout]   18:     0x5900ad699ecf - <std[617be2ca0a6fd877]::sys::thread::unix::Thread>::new::thread_start
[INFO] [stdout]   19:     0x7326a6c1edfa - <unknown>
[INFO] [stdout]   20:     0x7326a6cb23d4 - clone
[INFO] [stdout]   21:                0x0 - <unknown>
[INFO] [stdout] 
[INFO] [stdout] ---- optional_fields_preserved_in_generated_markdown stdout ----
[INFO] [stdout] mirrored_backends: skip protobuf-mdbook (buf not on PATH)
[INFO] [stdout] 
[INFO] [stdout] thread 'optional_fields_preserved_in_generated_markdown' (1788) panicked at tests/common/mod.rs:86:10:
[INFO] [stdout] ensure proto deps export: create /opt/rustwide/workdir/target
[INFO] [stdout] 
[INFO] [stdout] Caused by:
[INFO] [stdout]     Read-only file system (os error 30)
[INFO] [stdout] 
[INFO] [stdout] Stack backtrace:
[INFO] [stdout]    0: <core::io::error::Error as anyhow::context::ext::StdError>::ext_context::<alloc::string::String>
[INFO] [stdout]    1: protobuf_mdbook::proto_deps::ensure_proto_deps_export
[INFO] [stdout]    2: link_check::common::run_examples_proto_in
[INFO] [stdout]    3: <link_check::optional_fields_preserved_in_generated_markdown::{closure#0} as core::ops::function::FnOnce<()>>::call_once
[INFO] [stdout]    4: test::__rust_begin_short_backtrace::<core::result::Result<(), alloc::string::String>, fn() -> core::result::Result<(), alloc::string::String>>
[INFO] [stdout]    5: test::run_test::{closure#0}
[INFO] [stdout]    6: std::sys::backtrace::__rust_begin_short_backtrace::<test::run_test::{closure#1}, ()>
[INFO] [stdout]    7: <std::thread::lifecycle::spawn_unchecked<test::run_test::{closure#1}, ()>::{closure#1} as core::ops::function::FnOnce<()>>::call_once::{shim:vtable#0}
[INFO] [stdout]    8: <std::sys::thread::unix::Thread>::new::thread_start
[INFO] [stdout]    9: <unknown>
[INFO] [stdout]   10: clone
[INFO] [stdout] stack backtrace:
[INFO] [stdout]    0:     0x5900ad69abb1 - <<std[617be2ca0a6fd877]::sys::backtrace::BacktraceLock>::print::DisplayBacktrace as core[a373ad73a504971]::fmt::Display>::fmt
[INFO] [stdout]    1:     0x5900ad6b05fa - core[a373ad73a504971]::fmt::write
[INFO] [stdout]    2:     0x5900ad69f63c - <alloc[2e1b2a31b91974c5]::vec::Vec<u8> as core[a373ad73a504971]::io::write::Write>::write_fmt
[INFO] [stdout]    3:     0x5900ad674186 - std[617be2ca0a6fd877]::panicking::default_hook::{closure#0}
[INFO] [stdout]    4:     0x5900ad691f39 - std[617be2ca0a6fd877]::panicking::default_hook
[INFO] [stdout]    5:     0x5900ad615c30 - test[aada8e7e76ba119b]::test_main_inner::{closure#0}
[INFO] [stdout]    6:     0x5900ad6920f2 - std[617be2ca0a6fd877]::panicking::panic_with_hook
[INFO] [stdout]    7:     0x5900ad674232 - std[617be2ca0a6fd877]::panicking::panic_handler::{closure#0}
[INFO] [stdout]    8:     0x5900ad66c609 - std[617be2ca0a6fd877]::sys::backtrace::__rust_end_short_backtrace::<std[617be2ca0a6fd877]::panicking::panic_handler::{closure#0}, !>
[INFO] [stdout]    9:     0x5900ad67503d - __rustc[ea4f61d10b84890b]::rust_begin_unwind
[INFO] [stdout]   10:     0x5900ad6b0d2c - core[a373ad73a504971]::panicking::panic_fmt
[INFO] [stdout]   11:     0x5900ad6b0b02 - core[a373ad73a504971]::result::unwrap_failed
[INFO] [stdout]   12:     0x5900ad608d3c - link_check[e4d34f8361e92fa3]::common::run_examples_proto_in
[INFO] [stdout]   13:     0x5900ad604fd0 - <link_check[e4d34f8361e92fa3]::optional_fields_preserved_in_generated_markdown::{closure#0} as core[a373ad73a504971]::ops::function::FnOnce<()>>::call_once
[INFO] [stdout]   14:     0x5900ad60907b - test[aada8e7e76ba119b]::__rust_begin_short_backtrace::<core[a373ad73a504971]::result::Result<(), alloc[2e1b2a31b91974c5]::string::String>, fn() -> core[a373ad73a504971]::result::Result<(), alloc[2e1b2a31b91974c5]::string::String>>
[INFO] [stdout]   15:     0x5900ad616255 - test[aada8e7e76ba119b]::run_test::{closure#0}
[INFO] [stdout]   16:     0x5900ad60fb44 - std[617be2ca0a6fd877]::sys::backtrace::__rust_begin_short_backtrace::<test[aada8e7e76ba119b]::run_test::{closure#1}, ()>
[INFO] [stdout]   17:     0x5900ad6192e2 - <std[617be2ca0a6fd877]::thread::lifecycle::spawn_unchecked<test[aada8e7e76ba119b]::run_test::{closure#1}, ()>::{closure#1} as core[a373ad73a504971]::ops::function::FnOnce<()>>::call_once::{shim:vtable#0}
[INFO] [stdout]   18:     0x5900ad699ecf - <std[617be2ca0a6fd877]::sys::thread::unix::Thread>::new::thread_start
[INFO] [stdout]   19:     0x7326a6c1edfa - <unknown>
[INFO] [stdout]   20:     0x7326a6cb23d4 - clone
[INFO] [stdout]   21:                0x0 - <unknown>
[INFO] [stdout] 
[INFO] [stdout] ---- init_no_proto_highlight_skips_protobuf_grammar_only stdout ----
[INFO] [stdout] mirrored_backends: skip protobuf-mdbook (buf not on PATH)
[INFO] [stdout] 
[INFO] [stdout] thread 'init_no_proto_highlight_skips_protobuf_grammar_only' (1783) panicked at tests/common/mod.rs:86:10:
[INFO] [stdout] ensure proto deps export: create /opt/rustwide/workdir/target
[INFO] [stdout] 
[INFO] [stdout] Caused by:
[INFO] [stdout]     Read-only file system (os error 30)
[INFO] [stdout] 
[INFO] [stdout] Stack backtrace:
[INFO] [stdout]    0: <core::io::error::Error as anyhow::context::ext::StdError>::ext_context::<alloc::string::String>
[INFO] [stdout]    1: protobuf_mdbook::proto_deps::ensure_proto_deps_export
[INFO] [stdout]    2: link_check::common::run_examples_proto_in
[INFO] [stdout]    3: link_check::common::run_examples
[INFO] [stdout]    4: <link_check::init_no_proto_highlight_skips_protobuf_grammar_only::{closure#0} as core::ops::function::FnOnce<()>>::call_once
[INFO] [stdout]    5: test::__rust_begin_short_backtrace::<core::result::Result<(), alloc::string::String>, fn() -> core::result::Result<(), alloc::string::String>>
[INFO] [stdout]    6: test::run_test::{closure#0}
[INFO] [stdout]    7: std::sys::backtrace::__rust_begin_short_backtrace::<test::run_test::{closure#1}, ()>
[INFO] [stdout]    8: <std::thread::lifecycle::spawn_unchecked<test::run_test::{closure#1}, ()>::{closure#1} as core::ops::function::FnOnce<()>>::call_once::{shim:vtable#0}
[INFO] [stdout]    9: <std::sys::thread::unix::Thread>::new::thread_start
[INFO] [stdout]   10: <unknown>
[INFO] [stdout]   11: clone
[INFO] [stdout] stack backtrace:
[INFO] [stdout]    0:     0x5900ad69abb1 - <<std[617be2ca0a6fd877]::sys::backtrace::BacktraceLock>::print::DisplayBacktrace as core[a373ad73a504971]::fmt::Display>::fmt
[INFO] [stdout]    1:     0x5900ad6b05fa - core[a373ad73a504971]::fmt::write
[INFO] [stdout]    2:     0x5900ad69f63c - <alloc[2e1b2a31b91974c5]::vec::Vec<u8> as core[a373ad73a504971]::io::write::Write>::write_fmt
[INFO] [stdout]    3:     0x5900ad674186 - std[617be2ca0a6fd877]::panicking::default_hook::{closure#0}
[INFO] [stdout]    4:     0x5900ad691f39 - std[617be2ca0a6fd877]::panicking::default_hook
[INFO] [stdout]    5:     0x5900ad615c30 - test[aada8e7e76ba119b]::test_main_inner::{closure#0}
[INFO] [stdout]    6:     0x5900ad6920f2 - std[617be2ca0a6fd877]::panicking::panic_with_hook
[INFO] [stdout]    7:     0x5900ad674232 - std[617be2ca0a6fd877]::panicking::panic_handler::{closure#0}
[INFO] [stdout]    8:     0x5900ad66c609 - std[617be2ca0a6fd877]::sys::backtrace::__rust_end_short_backtrace::<std[617be2ca0a6fd877]::panicking::panic_handler::{closure#0}, !>
[INFO] [stdout]    9:     0x5900ad67503d - __rustc[ea4f61d10b84890b]::rust_begin_unwind
[INFO] [stdout]   10:     0x5900ad6b0d2c - core[a373ad73a504971]::panicking::panic_fmt
[INFO] [stdout]   11:     0x5900ad6b0b02 - core[a373ad73a504971]::result::unwrap_failed
[INFO] [stdout]   12:     0x5900ad608d3c - link_check[e4d34f8361e92fa3]::common::run_examples_proto_in
[INFO] [stdout]   13:     0x5900ad608592 - link_check[e4d34f8361e92fa3]::common::run_examples
[INFO] [stdout]   14:     0x5900ad605d98 - <link_check[e4d34f8361e92fa3]::init_no_proto_highlight_skips_protobuf_grammar_only::{closure#0} as core[a373ad73a504971]::ops::function::FnOnce<()>>::call_once
[INFO] [stdout]   15:     0x5900ad60907b - test[aada8e7e76ba119b]::__rust_begin_short_backtrace::<core[a373ad73a504971]::result::Result<(), alloc[2e1b2a31b91974c5]::string::String>, fn() -> core[a373ad73a504971]::result::Result<(), alloc[2e1b2a31b91974c5]::string::String>>
[INFO] [stdout]   16:     0x5900ad616255 - test[aada8e7e76ba119b]::run_test::{closure#0}
[INFO] [stdout]   17:     0x5900ad60fb44 - std[617be2ca0a6fd877]::sys::backtrace::__rust_begin_short_backtrace::<test[aada8e7e76ba119b]::run_test::{closure#1}, ()>
[INFO] [stdout]   18:     0x5900ad6192e2 - <std[617be2ca0a6fd877]::thread::lifecycle::spawn_unchecked<test[aada8e7e76ba119b]::run_test::{closure#1}, ()>::{closure#1} as core[a373ad73a504971]::ops::function::FnOnce<()>>::call_once::{shim:vtable#0}
[INFO] [stdout]   19:     0x5900ad699ecf - <std[617be2ca0a6fd877]::sys::thread::unix::Thread>::new::thread_start
[INFO] [stdout]   20:     0x7326a6c1edfa - <unknown>
[INFO] [stdout]   21:     0x7326a6cb23d4 - clone
[INFO] [stdout]   22:                0x0 - <unknown>
[INFO] [stdout] 
[INFO] [stdout] ---- package_layout_splits_message_cel_into_cel_fence stdout ----
[INFO] [stdout] mirrored_backends: skip protobuf-mdbook (buf not on PATH)
[INFO] [stdout] 
[INFO] [stdout] thread 'package_layout_splits_message_cel_into_cel_fence' (1790) panicked at tests/common/mod.rs:86:10:
[INFO] [stdout] ensure proto deps export: create /opt/rustwide/workdir/target
[INFO] [stdout] 
[INFO] [stdout] Caused by:
[INFO] [stdout]     Read-only file system (os error 30)
[INFO] [stdout] 
[INFO] [stdout] Stack backtrace:
[INFO] [stdout]    0: <core::io::error::Error as anyhow::context::ext::StdError>::ext_context::<alloc::string::String>
[INFO] [stdout]    1: protobuf_mdbook::proto_deps::ensure_proto_deps_export
[INFO] [stdout]    2: link_check::common::run_examples_proto_in
[INFO] [stdout]    3: link_check::common::run_examples
[INFO] [stdout]    4: <link_check::package_layout_splits_message_cel_into_cel_fence::{closure#0} as core::ops::function::FnOnce<()>>::call_once
[INFO] [stdout]    5: test::__rust_begin_short_backtrace::<core::result::Result<(), alloc::string::String>, fn() -> core::result::Result<(), alloc::string::String>>
[INFO] [stdout]    6: test::run_test::{closure#0}
[INFO] [stdout]    7: std::sys::backtrace::__rust_begin_short_backtrace::<test::run_test::{closure#1}, ()>
[INFO] [stdout]    8: <std::thread::lifecycle::spawn_unchecked<test::run_test::{closure#1}, ()>::{closure#1} as core::ops::function::FnOnce<()>>::call_once::{shim:vtable#0}
[INFO] [stdout]    9: <std::sys::thread::unix::Thread>::new::thread_start
[INFO] [stdout]   10: <unknown>
[INFO] [stdout]   11: clone
[INFO] [stdout] stack backtrace:
[INFO] [stdout]    0:     0x5900ad69abb1 - <<std[617be2ca0a6fd877]::sys::backtrace::BacktraceLock>::print::DisplayBacktrace as core[a373ad73a504971]::fmt::Display>::fmt
[INFO] [stdout]    1:     0x5900ad6b05fa - core[a373ad73a504971]::fmt::write
[INFO] [stdout]    2:     0x5900ad69f63c - <alloc[2e1b2a31b91974c5]::vec::Vec<u8> as core[a373ad73a504971]::io::write::Write>::write_fmt
[INFO] [stdout]    3:     0x5900ad674186 - std[617be2ca0a6fd877]::panicking::default_hook::{closure#0}
[INFO] [stdout]    4:     0x5900ad691f39 - std[617be2ca0a6fd877]::panicking::default_hook
[INFO] [stdout]    5:     0x5900ad615c30 - test[aada8e7e76ba119b]::test_main_inner::{closure#0}
[INFO] [stdout]    6:     0x5900ad6920f2 - std[617be2ca0a6fd877]::panicking::panic_with_hook
[INFO] [stdout]    7:     0x5900ad674232 - std[617be2ca0a6fd877]::panicking::panic_handler::{closure#0}
[INFO] [stdout]    8:     0x5900ad66c609 - std[617be2ca0a6fd877]::sys::backtrace::__rust_end_short_backtrace::<std[617be2ca0a6fd877]::panicking::panic_handler::{closure#0}, !>
[INFO] [stdout]    9:     0x5900ad67503d - __rustc[ea4f61d10b84890b]::rust_begin_unwind
[INFO] [stdout]   10:     0x5900ad6b0d2c - core[a373ad73a504971]::panicking::panic_fmt
[INFO] [stdout]   11:     0x5900ad6b0b02 - core[a373ad73a504971]::result::unwrap_failed
[INFO] [stdout]   12:     0x5900ad608d3c - link_check[e4d34f8361e92fa3]::common::run_examples_proto_in
[INFO] [stdout]   13:     0x5900ad608592 - link_check[e4d34f8361e92fa3]::common::run_examples
[INFO] [stdout]   14:     0x5900ad60530a - <link_check[e4d34f8361e92fa3]::package_layout_splits_message_cel_into_cel_fence::{closure#0} as core[a373ad73a504971]::ops::function::FnOnce<()>>::call_once
[INFO] [stdout]   15:     0x5900ad60907b - test[aada8e7e76ba119b]::__rust_begin_short_backtrace::<core[a373ad73a504971]::result::Result<(), alloc[2e1b2a31b91974c5]::string::String>, fn() -> core[a373ad73a504971]::result::Result<(), alloc[2e1b2a31b91974c5]::string::String>>
[INFO] [stdout]   16:     0x5900ad616255 - test[aada8e7e76ba119b]::run_test::{closure#0}
[INFO] [stdout]   17:     0x5900ad60fb44 - std[617be2ca0a6fd877]::sys::backtrace::__rust_begin_short_backtrace::<test[aada8e7e76ba119b]::run_test::{closure#1}, ()>
[INFO] [stdout]   18:     0x5900ad6192e2 - <std[617be2ca0a6fd877]::thread::lifecycle::spawn_unchecked<test[aada8e7e76ba119b]::run_test::{closure#1}, ()>::{closure#1} as core[a373ad73a504971]::ops::function::FnOnce<()>>::call_once::{shim:vtable#0}
[INFO] [stdout]   19:     0x5900ad699ecf - <std[617be2ca0a6fd877]::sys::thread::unix::Thread>::new::thread_start
[INFO] [stdout]   20:     0x7326a6c1edfa - <unknown>
[INFO] [stdout]   21:     0x7326a6cb23d4 - clone
[INFO] [stdout]   22:                0x0 - <unknown>
[INFO] [stdout] 
[INFO] [stdout] 
[INFO] [stdout] failures:
[INFO] [stdout]     book_option_explicit_markdown_root_overrides_inference
[INFO] [stdout]     book_option_infers_paths_from_book_toml
[INFO] [stdout]     book_root_prefixes_all_output
[INFO] [stderr] error: test failed, to rerun pass `--test link_check`
[INFO] [stdout]     custom_markdown_root_and_summary_path
[INFO] [stdout]     init_entity_layout_summary_is_package_only
[INFO] [stdout]     init_no_cel_highlight_skips_cel_grammar_only
[INFO] [stdout]     init_no_proto_highlight_skips_protobuf_grammar_only
[INFO] [stdout]     init_writes_mdbook_tree_and_readme
[INFO] [stdout]     links_resolve_entity_layout
[INFO] [stdout]     links_resolve_package_layout
[INFO] [stdout]     links_resolve_split_layout
[INFO] [stdout]     optional_fields_preserved_in_generated_markdown
[INFO] [stdout]     package_layout_preserves_comments_and_mermaid_fences
[INFO] [stdout]     package_layout_splits_message_cel_into_cel_fence
[INFO] [stdout]     package_rpc_type_links_use_mdbook_heading_anchors
[INFO] [stdout]     summary_entity_layout_lists_entities
[INFO] [stdout]     summary_split_layout_lists_entities
[INFO] [stdout]     summary_without_init_emits_summary_only
[INFO] [stdout] 
[INFO] [stdout] test result: FAILED. 1 passed; 18 failed; 0 ignored; 0 measured; 0 filtered out; finished in 0.05s
[INFO] [stdout] 
[INFO] running `Command { std: "docker" "inspect" "5779f98aecf47ea75d091498b391daace419055c4f630b903b3462e26d1d1c0d", kill_on_drop: false }`
[INFO] running `Command { std: "docker" "rm" "-f" "5779f98aecf47ea75d091498b391daace419055c4f630b903b3462e26d1d1c0d", kill_on_drop: false }`
[INFO] [stdout] 5779f98aecf47ea75d091498b391daace419055c4f630b903b3462e26d1d1c0d
