[INFO] fetching crate proto-json 0.1.0...
[INFO] testing proto-json-0.1.0 against 1.99.0-beta.8+cargoflags=--release for beta-release-1.100-2
[INFO] extracting crate proto-json 0.1.0 into /workspace/builds/worker-4-tc1/source
[INFO] started tweaking crates.io crate proto-json 0.1.0
[INFO] finished tweaking crates.io crate proto-json 0.1.0
[INFO] tweaked toml for crates.io crate proto-json 0.1.0 written to /workspace/builds/worker-4-tc1/source/Cargo.toml
[INFO] validating manifest of crates.io crate proto-json 0.1.0 on toolchain 1.99.0-beta.8
[INFO] running `Command { std: CARGO_HOME="/workspace/cargo-home" RUSTUP_HOME="/workspace/rustup-home" "/workspace/cargo-home/bin/cargo" "+1.99.0-beta.8" "metadata" "--manifest-path" "Cargo.toml" "--no-deps", kill_on_drop: false }`
[INFO] running `Command { std: CARGO_HOME="/workspace/cargo-home" RUSTUP_HOME="/workspace/rustup-home" "/workspace/cargo-home/bin/cargo" "+1.99.0-beta.8" "generate-lockfile" "--manifest-path" "Cargo.toml", kill_on_drop: false }`
[INFO] [stderr]     Blocking waiting for file lock on package cache
[INFO] [stderr]     Updating crates.io index
[INFO] [stderr]      Locking 10 packages to highest compatible versions
[INFO] [stderr]       Adding convert_case v0.6.0 (available: v0.12.0)
[INFO] [stderr]       Adding syn v2.0.119 (available: v3.0.9)
[INFO] running `Command { std: CARGO_HOME="/workspace/cargo-home" RUSTUP_HOME="/workspace/rustup-home" "/workspace/cargo-home/bin/cargo" "+1.99.0-beta.8" "fetch" "--manifest-path" "Cargo.toml", kill_on_drop: false }`
[INFO] running `Command { std: "docker" "create" "-v" "/var/lib/crater-agent-workspace/builds/worker-4-tc1/source:/opt/rustwide/workdir:ro,Z" "-v" "/var/lib/crater-agent-workspace/builds/worker-4-tc1/target:/opt/rustwide/target:rw,Z" "-v" "/var/lib/crater-agent-workspace/cargo-home:/opt/rustwide/cargo-home:ro,Z" "-v" "/var/lib/crater-agent-workspace/rustup-home:/opt/rustwide/rustup-home:ro,Z" "-m" "1610612736" "--network" "none" "ghcr.io/rust-lang/crates-build-env/linux@sha256:77db811e55d90add9212f6832c23229e3de5f1c1f9905e8cb07319ea15df73ac" "sleep" "infinity", kill_on_drop: false }`
[INFO] [stdout] 35d0fb2c25274c3262a65f5edb8599c94a86c2fea18a2f4a56d06aeb3fb66bf3
[INFO] running `Command { std: "docker" "start" "35d0fb2c25274c3262a65f5edb8599c94a86c2fea18a2f4a56d06aeb3fb66bf3", kill_on_drop: false }`
[INFO] running `Command { std: "docker" "inspect" "35d0fb2c25274c3262a65f5edb8599c94a86c2fea18a2f4a56d06aeb3fb66bf3", kill_on_drop: false }`
[INFO] running `Command { std: "docker" "exec" "-e" "SOURCE_DIR=/opt/rustwide/workdir" "-e" "CARGO_HOME=/opt/rustwide/cargo-home" "-e" "RUSTUP_HOME=/opt/rustwide/rustup-home" "-e" "CARGO_TARGET_DIR=/opt/rustwide/target" "-w" "/opt/rustwide/workdir" "--user" "0:0" "35d0fb2c25274c3262a65f5edb8599c94a86c2fea18a2f4a56d06aeb3fb66bf3" "/opt/rustwide/cargo-home/bin/cargo" "+1.99.0-beta.8" "metadata" "--no-deps" "--format-version=1", kill_on_drop: false }`
[INFO] running `Command { std: "docker" "inspect" "35d0fb2c25274c3262a65f5edb8599c94a86c2fea18a2f4a56d06aeb3fb66bf3", kill_on_drop: false }`
[INFO] running `Command { std: "docker" "exec" "-e" "SOURCE_DIR=/opt/rustwide/workdir" "-e" "CARGO_HOME=/opt/rustwide/cargo-home" "-e" "RUSTUP_HOME=/opt/rustwide/rustup-home" "-e" "CARGO_TARGET_DIR=/opt/rustwide/target" "-e" "CARGO_INCREMENTAL=0" "-e" "RUST_BACKTRACE=full" "-e" "RUSTFLAGS=--cap-lints=warn" "-e" "RUSTDOCFLAGS=--cap-lints=warn" "-w" "/opt/rustwide/workdir" "--user" "0:0" "35d0fb2c25274c3262a65f5edb8599c94a86c2fea18a2f4a56d06aeb3fb66bf3" "/opt/rustwide/cargo-home/bin/cargo" "+1.99.0-beta.8" "build" "--frozen" "--message-format=json" "--release", kill_on_drop: false }`
[INFO] [stderr]    Compiling syn v3.0.9
[INFO] [stderr]    Compiling serde v1.0.229
[INFO] [stderr]    Compiling syn v2.0.119
[INFO] [stderr]    Compiling convert_case v0.6.0
[INFO] [stderr]    Compiling serde_derive v1.0.229
[INFO] [stderr]    Compiling proto-json v0.1.0 (/opt/rustwide/workdir)
[INFO] [stderr]     Finished `release` profile [optimized] target(s) in 26.21s
[INFO] running `Command { std: "docker" "inspect" "35d0fb2c25274c3262a65f5edb8599c94a86c2fea18a2f4a56d06aeb3fb66bf3", kill_on_drop: false }`
[INFO] running `Command { std: "docker" "exec" "-e" "SOURCE_DIR=/opt/rustwide/workdir" "-e" "CARGO_HOME=/opt/rustwide/cargo-home" "-e" "RUSTUP_HOME=/opt/rustwide/rustup-home" "-e" "CARGO_TARGET_DIR=/opt/rustwide/target" "-e" "CARGO_INCREMENTAL=0" "-e" "RUST_BACKTRACE=full" "-e" "RUSTFLAGS=--cap-lints=warn" "-e" "RUSTDOCFLAGS=--cap-lints=warn" "-w" "/opt/rustwide/workdir" "--user" "0:0" "35d0fb2c25274c3262a65f5edb8599c94a86c2fea18a2f4a56d06aeb3fb66bf3" "/opt/rustwide/cargo-home/bin/cargo" "+1.99.0-beta.8" "test" "--frozen" "--no-run" "--message-format=json" "--release", kill_on_drop: false }`
[INFO] [stderr]    Compiling proto-json v0.1.0 (/opt/rustwide/workdir)
[INFO] [stderr]     Finished `release` profile [optimized] target(s) in 1.16s
[INFO] running `Command { std: "docker" "inspect" "35d0fb2c25274c3262a65f5edb8599c94a86c2fea18a2f4a56d06aeb3fb66bf3", kill_on_drop: false }`
[INFO] running `Command { std: "docker" "exec" "-e" "SOURCE_DIR=/opt/rustwide/workdir" "-e" "CARGO_HOME=/opt/rustwide/cargo-home" "-e" "RUSTUP_HOME=/opt/rustwide/rustup-home" "-e" "CARGO_TARGET_DIR=/opt/rustwide/target" "-e" "CARGO_INCREMENTAL=0" "-e" "RUST_BACKTRACE=full" "-e" "RUSTFLAGS=--cap-lints=warn" "-e" "RUSTDOCFLAGS=--cap-lints=warn" "-w" "/opt/rustwide/workdir" "--user" "0:0" "35d0fb2c25274c3262a65f5edb8599c94a86c2fea18a2f4a56d06aeb3fb66bf3" "/opt/rustwide/cargo-home/bin/cargo" "+1.99.0-beta.8" "test" "--frozen" "--release", kill_on_drop: false }`
[INFO] [stderr]     Finished `release` profile [optimized] target(s) in 0.03s
[INFO] [stderr]      Running unittests src/lib.rs (/opt/rustwide/target/release/deps/proto_json-4c61f3f892df7926)
[INFO] [stderr]    Doc-tests proto_json
[INFO] [stdout] 
[INFO] [stdout] running 0 tests
[INFO] [stdout] 
[INFO] [stdout] test result: ok. 0 passed; 0 failed; 0 ignored; 0 measured; 0 filtered out; finished in 0.00s
[INFO] [stdout] 
[INFO] [stdout] 
[INFO] [stdout] running 2 tests
[INFO] [stdout] test src/lib.rs - proto_json (line 30) ... FAILED
[INFO] [stdout] test src/lib.rs - proto_json (line 18) ... FAILED
[INFO] [stdout] 
[INFO] [stdout] failures:
[INFO] [stdout] 
[INFO] [stdout] ---- src/lib.rs - proto_json (line 30) stdout ----
[INFO] [stdout] error: expected one of `,`, `.`, `?`, `}`, or an operator, found `;`
[INFO] [stdout]   --> src/lib.rs:34:16
[INFO] [stdout]    |
[INFO] [stdout] 34 |         USD = 0;
[INFO] [stdout]    |                ^
[INFO] [stdout]    |                |
[INFO] [stdout]    |                expected one of `,`, `.`, `?`, `}`, or an operator
[INFO] [stdout]    |                help: missing `,`
[INFO] [stdout] 
[INFO] [stdout] error: expected one of `,`, `.`, `?`, `}`, or an operator, found `;`
[INFO] [stdout]   --> src/lib.rs:35:16
[INFO] [stdout]    |
[INFO] [stdout] 35 |         GPB = 1;
[INFO] [stdout]    |                ^
[INFO] [stdout]    |                |
[INFO] [stdout]    |                expected one of `,`, `.`, `?`, `}`, or an operator
[INFO] [stdout]    |                help: missing `,`
[INFO] [stdout] 
[INFO] [stdout] error: expected one of `,`, `.`, `?`, `}`, or an operator, found `;`
[INFO] [stdout]   --> src/lib.rs:36:16
[INFO] [stdout]    |
[INFO] [stdout] 36 |         JPY = 2;
[INFO] [stdout]    |                ^ expected one of `,`, `.`, `?`, `}`, or an operator
[INFO] [stdout]    |
[INFO] [stdout]    = help: enum variants can be `Variant`, `Variant = <integer>`, `Variant(Type, ..., TypeN)` or `Variant { fields: Types }`
[INFO] [stdout] 
[INFO] [stdout] error[E0433]: cannot find module or crate `macros` in this scope
[INFO] [stdout]   --> src/lib.rs:32:3
[INFO] [stdout]    |
[INFO] [stdout] 32 | #[macros::proto_json]
[INFO] [stdout]    |   ^^^^^^ use of unresolved module or unlinked crate `macros`
[INFO] [stdout] 
[INFO] [stdout] error: aborting due to 4 previous errors
[INFO] [stdout] 
[INFO] [stdout] For more information about this error, try `rustc --explain E0433`.
[INFO] [stdout] Couldn't compile the test.
[INFO] [stdout] ---- src/lib.rs - proto_json (line 18) stdout ----
[INFO] [stdout] error[E0433]: cannot find module or crate `macros` in this scope
[INFO] [stdout]   --> src/lib.rs:20:3
[INFO] [stdout]    |
[INFO] [stdout] 20 | #[macros::proto_json]
[INFO] [stdout]    |   ^^^^^^ use of unresolved module or unlinked crate `macros`
[INFO] [stdout] 
[INFO] [stdout] error: aborting due to 1 previous error
[INFO] [stdout] 
[INFO] [stdout] For more information about this error, try `rustc --explain E0433`.
[INFO] [stdout] Couldn't compile the test.
[INFO] [stdout] 
[INFO] [stdout] failures:
[INFO] [stdout]     src/lib.rs - proto_json (line 18)
[INFO] [stdout]     src/lib.rs - proto_json (line 30)
[INFO] [stdout] 
[INFO] [stdout] test result: FAILED. 0 passed; 2 failed; 0 ignored; 0 measured; 0 filtered out; finished in 0.14s
[INFO] [stdout] 
[INFO] [stderr] error: doctest failed, to rerun pass `--doc`
[INFO] running `Command { std: "docker" "inspect" "35d0fb2c25274c3262a65f5edb8599c94a86c2fea18a2f4a56d06aeb3fb66bf3", kill_on_drop: false }`
[INFO] running `Command { std: "docker" "rm" "-f" "35d0fb2c25274c3262a65f5edb8599c94a86c2fea18a2f4a56d06aeb3fb66bf3", kill_on_drop: false }`
[INFO] [stdout] 35d0fb2c25274c3262a65f5edb8599c94a86c2fea18a2f4a56d06aeb3fb66bf3
