[INFO] fetching crate prosto_derive 0.11.26...
[INFO] testing prosto_derive-0.11.26 against 1.100.0-beta.1+cargoflags=--release for beta-release-1.100-2
[INFO] extracting crate prosto_derive 0.11.26 into /workspace/builds/worker-7-tc2/source
[INFO] started tweaking crates.io crate prosto_derive 0.11.26
[INFO] finished tweaking crates.io crate prosto_derive 0.11.26
[INFO] tweaked toml for crates.io crate prosto_derive 0.11.26 written to /workspace/builds/worker-7-tc2/source/Cargo.toml
[INFO] validating manifest of crates.io crate prosto_derive 0.11.26 on toolchain 1.100.0-beta.1
[INFO] running `Command { std: CARGO_HOME="/workspace/cargo-home" RUSTUP_HOME="/workspace/rustup-home" "/workspace/cargo-home/bin/cargo" "+1.100.0-beta.1" "metadata" "--manifest-path" "Cargo.toml" "--no-deps", kill_on_drop: false }`
[INFO] crate crates.io crate prosto_derive 0.11.26 already has a lockfile, it will not be regenerated
[INFO] running `Command { std: CARGO_HOME="/workspace/cargo-home" RUSTUP_HOME="/workspace/rustup-home" "/workspace/cargo-home/bin/cargo" "+1.100.0-beta.1" "fetch" "--manifest-path" "Cargo.toml", kill_on_drop: false }`
[INFO] [stderr] warning: `package.homepage` is redundant with `package.repository`
[INFO] [stderr]   --> Cargo.toml:58:12
[INFO] [stderr]    |
[INFO] [stderr] 58 | homepage = "https://github.com/4r33x/proto_rs"
[INFO] [stderr]    |            ^^^^^^^^^^^^^^^^^^^^^^^^^^^^^^^^^^^
[INFO] [stderr] ...
[INFO] [stderr] 63 | repository = "https://github.com/4r33x/proto_rs"
[INFO] [stderr]    |              -----------------------------------
[INFO] [stderr]    |
[INFO] [stderr]    = note: `cargo::redundant_homepage` is set to `warn` by default
[INFO] [stderr] help: consider removing `package.homepage`
[INFO] [stderr] warning: `prosto_derive` (manifest) generated 1 warning
[INFO] running `Command { std: "docker" "create" "-v" "/var/lib/crater-agent-workspace/builds/worker-7-tc2/source:/opt/rustwide/workdir:ro,Z" "-v" "/var/lib/crater-agent-workspace/builds/worker-7-tc2/target:/opt/rustwide/target:rw,Z" "-v" "/var/lib/crater-agent-workspace/cargo-home:/opt/rustwide/cargo-home:ro,Z" "-v" "/var/lib/crater-agent-workspace/rustup-home:/opt/rustwide/rustup-home:ro,Z" "-m" "1610612736" "--network" "none" "ghcr.io/rust-lang/crates-build-env/linux@sha256:77db811e55d90add9212f6832c23229e3de5f1c1f9905e8cb07319ea15df73ac" "sleep" "infinity", kill_on_drop: false }`
[INFO] [stdout] 84d9a955b874b5a6dc681e6d355d8447fff51a0c362a2ae47d69ae2efec6bf06
[INFO] running `Command { std: "docker" "start" "84d9a955b874b5a6dc681e6d355d8447fff51a0c362a2ae47d69ae2efec6bf06", kill_on_drop: false }`
[INFO] running `Command { std: "docker" "inspect" "84d9a955b874b5a6dc681e6d355d8447fff51a0c362a2ae47d69ae2efec6bf06", kill_on_drop: false }`
[INFO] running `Command { std: "docker" "exec" "-e" "SOURCE_DIR=/opt/rustwide/workdir" "-e" "CARGO_HOME=/opt/rustwide/cargo-home" "-e" "RUSTUP_HOME=/opt/rustwide/rustup-home" "-e" "CARGO_TARGET_DIR=/opt/rustwide/target" "-w" "/opt/rustwide/workdir" "--user" "0:0" "84d9a955b874b5a6dc681e6d355d8447fff51a0c362a2ae47d69ae2efec6bf06" "/opt/rustwide/cargo-home/bin/cargo" "+1.100.0-beta.1" "metadata" "--no-deps" "--format-version=1", kill_on_drop: false }`
[INFO] running `Command { std: "docker" "inspect" "84d9a955b874b5a6dc681e6d355d8447fff51a0c362a2ae47d69ae2efec6bf06", kill_on_drop: false }`
[INFO] running `Command { std: "docker" "exec" "-e" "SOURCE_DIR=/opt/rustwide/workdir" "-e" "CARGO_HOME=/opt/rustwide/cargo-home" "-e" "RUSTUP_HOME=/opt/rustwide/rustup-home" "-e" "CARGO_TARGET_DIR=/opt/rustwide/target" "-e" "CARGO_INCREMENTAL=0" "-e" "RUST_BACKTRACE=full" "-e" "RUSTFLAGS=--cap-lints=warn" "-e" "RUSTDOCFLAGS=--cap-lints=warn" "-w" "/opt/rustwide/workdir" "--user" "0:0" "84d9a955b874b5a6dc681e6d355d8447fff51a0c362a2ae47d69ae2efec6bf06" "/opt/rustwide/cargo-home/bin/cargo" "+1.100.0-beta.1" "build" "--frozen" "--message-format=json" "--release", kill_on_drop: false }`
[INFO] [stderr] warning: `package.homepage` is redundant with `package.repository`
[INFO] [stderr]   --> Cargo.toml:58:12
[INFO] [stderr]    |
[INFO] [stderr] 58 | homepage = "https://github.com/4r33x/proto_rs"
[INFO] [stderr]    |            ^^^^^^^^^^^^^^^^^^^^^^^^^^^^^^^^^^^
[INFO] [stderr] ...
[INFO] [stderr] 63 | repository = "https://github.com/4r33x/proto_rs"
[INFO] [stderr]    |              -----------------------------------
[INFO] [stderr]    |
[INFO] [stderr]    = note: `cargo::redundant_homepage` is set to `warn` by default
[INFO] [stderr] help: consider removing `package.homepage`
[INFO] [stderr] warning: `prosto_derive` (manifest) generated 1 warning
[INFO] [stderr]    Compiling quote v1.0.46
[INFO] [stderr]    Compiling syn v2.0.118
[INFO] [stderr]    Compiling prosto_derive v0.11.26 (/opt/rustwide/workdir)
[INFO] [stdout] warning: unused variable: `config`
[INFO] [stdout]   --> src/proto_message/mod.rs:20:44
[INFO] [stdout]    |
[INFO] [stdout] 20 | pub(crate) fn build_validate_with_ext_impl(config: &UnifiedProtoConfig) -> TokenStream2 {
[INFO] [stdout]    |                                            ^^^^^^ help: if this is intentional, prefix it with an underscore: `_config`
[INFO] [stdout]    |
[INFO] [stdout]    = note: `#[warn(unused_variables)]` (part of `#[warn(unused)]`) on by default
[INFO] [stdout] 
[INFO] [stdout] 
[INFO] [stdout] warning: unused variable: `getter_is_ref`
[INFO] [stdout]    --> src/proto_message/structs.rs:733:43
[INFO] [stdout]     |
[INFO] [stdout] 733 |                         let (access_expr, getter_is_ref) = if has_getters && let Some(get) = &info.config.getter {
[INFO] [stdout]     |                                           ^^^^^^^^^^^^^ help: if this is intentional, prefix it with an underscore: `_getter_is_ref`
[INFO] [stdout] 
[INFO] [stdout] 
[INFO] [stdout] warning: unused variable: `getter_is_ref`
[INFO] [stdout]    --> src/proto_message/structs.rs:703:43
[INFO] [stdout]     |
[INFO] [stdout] 703 |                         let (access_expr, getter_is_ref) = if has_getters && let Some(get) = &info.config.getter {
[INFO] [stdout]     |                                           ^^^^^^^^^^^^^ help: if this is intentional, prefix it with an underscore: `_getter_is_ref`
[INFO] [stdout] 
[INFO] [stdout] 
[INFO] [stdout] warning: field `by_ref` is never read
[INFO] [stdout]   --> src/parse.rs:91:9
[INFO] [stdout]    |
[INFO] [stdout] 88 | pub struct SunConfig {
[INFO] [stdout]    |            --------- field in this struct
[INFO] [stdout] ...
[INFO] [stdout] 91 |     pub by_ref: bool,
[INFO] [stdout]    |         ^^^^^^
[INFO] [stdout]    |
[INFO] [stdout]    = note: `SunConfig` has a derived impl for the trait `Clone`, but this is intentionally ignored during dead code analysis
[INFO] [stdout]    = note: `#[warn(dead_code)]` (part of `#[warn(unused)]`) on by default
[INFO] [stdout] 
[INFO] [stdout] 
[INFO] [stderr]     Finished `release` profile [optimized] target(s) in 38.32s
[INFO] running `Command { std: "docker" "inspect" "84d9a955b874b5a6dc681e6d355d8447fff51a0c362a2ae47d69ae2efec6bf06", kill_on_drop: false }`
[INFO] running `Command { std: "docker" "exec" "-e" "SOURCE_DIR=/opt/rustwide/workdir" "-e" "CARGO_HOME=/opt/rustwide/cargo-home" "-e" "RUSTUP_HOME=/opt/rustwide/rustup-home" "-e" "CARGO_TARGET_DIR=/opt/rustwide/target" "-e" "CARGO_INCREMENTAL=0" "-e" "RUST_BACKTRACE=full" "-e" "RUSTFLAGS=--cap-lints=warn" "-e" "RUSTDOCFLAGS=--cap-lints=warn" "-w" "/opt/rustwide/workdir" "--user" "0:0" "84d9a955b874b5a6dc681e6d355d8447fff51a0c362a2ae47d69ae2efec6bf06" "/opt/rustwide/cargo-home/bin/cargo" "+1.100.0-beta.1" "test" "--frozen" "--no-run" "--message-format=json" "--release", kill_on_drop: false }`
[INFO] [stderr] warning: `package.homepage` is redundant with `package.repository`
[INFO] [stderr]   --> Cargo.toml:58:12
[INFO] [stderr]    |
[INFO] [stderr] 58 | homepage = "https://github.com/4r33x/proto_rs"
[INFO] [stderr]    |            ^^^^^^^^^^^^^^^^^^^^^^^^^^^^^^^^^^^
[INFO] [stderr] ...
[INFO] [stderr] 63 | repository = "https://github.com/4r33x/proto_rs"
[INFO] [stderr]    |              -----------------------------------
[INFO] [stderr]    |
[INFO] [stderr]    = note: `cargo::redundant_homepage` is set to `warn` by default
[INFO] [stderr] help: consider removing `package.homepage`
[INFO] [stderr] warning: `prosto_derive` (manifest) generated 1 warning
[INFO] [stderr]    Compiling prosto_derive v0.11.26 (/opt/rustwide/workdir)
[INFO] [stdout] warning: unused variable: `config`
[INFO] [stdout]   --> src/proto_message/mod.rs:20:44
[INFO] [stdout]    |
[INFO] [stdout] 20 | pub(crate) fn build_validate_with_ext_impl(config: &UnifiedProtoConfig) -> TokenStream2 {
[INFO] [stdout]    |                                            ^^^^^^ help: if this is intentional, prefix it with an underscore: `_config`
[INFO] [stdout]    |
[INFO] [stdout]    = note: `#[warn(unused_variables)]` (part of `#[warn(unused)]`) on by default
[INFO] [stdout] 
[INFO] [stdout] 
[INFO] [stdout] warning: unused variable: `config`
[INFO] [stdout]   --> src/proto_message/mod.rs:20:44
[INFO] [stdout]    |
[INFO] [stdout] 20 | pub(crate) fn build_validate_with_ext_impl(config: &UnifiedProtoConfig) -> TokenStream2 {
[INFO] [stdout]    |                                            ^^^^^^ help: if this is intentional, prefix it with an underscore: `_config`
[INFO] [stdout]    |
[INFO] [stdout]    = note: `#[warn(unused_variables)]` (part of `#[warn(unused)]`) on by default
[INFO] [stdout] 
[INFO] [stdout] 
[INFO] [stdout] warning: unused variable: `getter_is_ref`
[INFO] [stdout]    --> src/proto_message/structs.rs:733:43
[INFO] [stdout]     |
[INFO] [stdout] 733 |                         let (access_expr, getter_is_ref) = if has_getters && let Some(get) = &info.config.getter {
[INFO] [stdout]     |                                           ^^^^^^^^^^^^^ help: if this is intentional, prefix it with an underscore: `_getter_is_ref`
[INFO] [stdout] 
[INFO] [stdout] 
[INFO] [stdout] warning: unused variable: `getter_is_ref`
[INFO] [stdout]    --> src/proto_message/structs.rs:703:43
[INFO] [stdout]     |
[INFO] [stdout] 703 |                         let (access_expr, getter_is_ref) = if has_getters && let Some(get) = &info.config.getter {
[INFO] [stdout]     |                                           ^^^^^^^^^^^^^ help: if this is intentional, prefix it with an underscore: `_getter_is_ref`
[INFO] [stdout] 
[INFO] [stdout] 
[INFO] [stdout] warning: unused variable: `getter_is_ref`
[INFO] [stdout]    --> src/proto_message/structs.rs:733:43
[INFO] [stdout]     |
[INFO] [stdout] 733 |                         let (access_expr, getter_is_ref) = if has_getters && let Some(get) = &info.config.getter {
[INFO] [stdout]     |                                           ^^^^^^^^^^^^^ help: if this is intentional, prefix it with an underscore: `_getter_is_ref`
[INFO] [stdout] 
[INFO] [stdout] 
[INFO] [stdout] warning: unused variable: `getter_is_ref`
[INFO] [stdout]    --> src/proto_message/structs.rs:703:43
[INFO] [stdout]     |
[INFO] [stdout] 703 |                         let (access_expr, getter_is_ref) = if has_getters && let Some(get) = &info.config.getter {
[INFO] [stdout]     |                                           ^^^^^^^^^^^^^ help: if this is intentional, prefix it with an underscore: `_getter_is_ref`
[INFO] [stdout] 
[INFO] [stdout] 
[INFO] [stdout] warning: field `by_ref` is never read
[INFO] [stdout]   --> src/parse.rs:91:9
[INFO] [stdout]    |
[INFO] [stdout] 88 | pub struct SunConfig {
[INFO] [stdout]    |            --------- field in this struct
[INFO] [stdout] ...
[INFO] [stdout] 91 |     pub by_ref: bool,
[INFO] [stdout]    |         ^^^^^^
[INFO] [stdout]    |
[INFO] [stdout]    = note: `SunConfig` has a derived impl for the trait `Clone`, but this is intentionally ignored during dead code analysis
[INFO] [stdout]    = note: `#[warn(dead_code)]` (part of `#[warn(unused)]`) on by default
[INFO] [stdout] 
[INFO] [stdout] 
[INFO] [stdout] warning: field `by_ref` is never read
[INFO] [stdout]   --> src/parse.rs:91:9
[INFO] [stdout]    |
[INFO] [stdout] 88 | pub struct SunConfig {
[INFO] [stdout]    |            --------- field in this struct
[INFO] [stdout] ...
[INFO] [stdout] 91 |     pub by_ref: bool,
[INFO] [stdout]    |         ^^^^^^
[INFO] [stdout]    |
[INFO] [stdout]    = note: `SunConfig` has a derived impl for the trait `Clone`, but this is intentionally ignored during dead code analysis
[INFO] [stdout]    = note: `#[warn(dead_code)]` (part of `#[warn(unused)]`) on by default
[INFO] [stdout] 
[INFO] [stdout] 
[INFO] [stderr]     Finished `release` profile [optimized] target(s) in 20.08s
[INFO] running `Command { std: "docker" "inspect" "84d9a955b874b5a6dc681e6d355d8447fff51a0c362a2ae47d69ae2efec6bf06", kill_on_drop: false }`
[INFO] running `Command { std: "docker" "exec" "-e" "SOURCE_DIR=/opt/rustwide/workdir" "-e" "CARGO_HOME=/opt/rustwide/cargo-home" "-e" "RUSTUP_HOME=/opt/rustwide/rustup-home" "-e" "CARGO_TARGET_DIR=/opt/rustwide/target" "-e" "CARGO_INCREMENTAL=0" "-e" "RUST_BACKTRACE=full" "-e" "RUSTFLAGS=--cap-lints=warn" "-e" "RUSTDOCFLAGS=--cap-lints=warn" "-w" "/opt/rustwide/workdir" "--user" "0:0" "84d9a955b874b5a6dc681e6d355d8447fff51a0c362a2ae47d69ae2efec6bf06" "/opt/rustwide/cargo-home/bin/cargo" "+1.100.0-beta.1" "test" "--frozen" "--release", kill_on_drop: false }`
[INFO] [stderr] warning: `package.homepage` is redundant with `package.repository`
[INFO] [stderr]   --> Cargo.toml:58:12
[INFO] [stderr]    |
[INFO] [stderr] 58 | homepage = "https://github.com/4r33x/proto_rs"
[INFO] [stderr]    |            ^^^^^^^^^^^^^^^^^^^^^^^^^^^^^^^^^^^
[INFO] [stderr] ...
[INFO] [stderr] 63 | repository = "https://github.com/4r33x/proto_rs"
[INFO] [stderr]    |              -----------------------------------
[INFO] [stderr]    |
[INFO] [stderr]    = note: `cargo::redundant_homepage` is set to `warn` by default
[INFO] [stderr] help: consider removing `package.homepage`
[INFO] [stderr] warning: `prosto_derive` (manifest) generated 1 warning
[INFO] [stderr] warning: unused variable: `config`
[INFO] [stderr]   --> src/proto_message/mod.rs:20:44
[INFO] [stderr]    |
[INFO] [stderr] 20 | pub(crate) fn build_validate_with_ext_impl(config: &UnifiedProtoConfig) -> TokenStream2 {
[INFO] [stderr]    |                                            ^^^^^^ help: if this is intentional, prefix it with an underscore: `_config`
[INFO] [stderr]    |
[INFO] [stderr]    = note: `#[warn(unused_variables)]` (part of `#[warn(unused)]`) on by default
[INFO] [stderr] 
[INFO] [stderr] warning: unused variable: `getter_is_ref`
[INFO] [stderr]    --> src/proto_message/structs.rs:733:43
[INFO] [stderr]     |
[INFO] [stderr] 733 |                         let (access_expr, getter_is_ref) = if has_getters && let Some(get) = &info.config.getter {
[INFO] [stderr]     |                                           ^^^^^^^^^^^^^ help: if this is intentional, prefix it with an underscore: `_getter_is_ref`
[INFO] [stderr] 
[INFO] [stderr] warning: unused variable: `getter_is_ref`
[INFO] [stderr]    --> src/proto_message/structs.rs:703:43
[INFO] [stderr]     |
[INFO] [stderr] 703 |                         let (access_expr, getter_is_ref) = if has_getters && let Some(get) = &info.config.getter {
[INFO] [stderr]     |                                           ^^^^^^^^^^^^^ help: if this is intentional, prefix it with an underscore: `_getter_is_ref`
[INFO] [stderr] 
[INFO] [stderr] warning: field `by_ref` is never read
[INFO] [stderr]   --> src/parse.rs:91:9
[INFO] [stderr]    |
[INFO] [stderr] 88 | pub struct SunConfig {
[INFO] [stderr]    |            --------- field in this struct
[INFO] [stderr] ...
[INFO] [stderr] 91 |     pub by_ref: bool,
[INFO] [stderr]    |         ^^^^^^
[INFO] [stderr]    |
[INFO] [stderr]    = note: `SunConfig` has a derived impl for the trait `Clone`, but this is intentionally ignored during dead code analysis
[INFO] [stderr]    = note: `#[warn(dead_code)]` (part of `#[warn(unused)]`) on by default
[INFO] [stderr] 
[INFO] [stderr] warning: `prosto_derive` (lib) generated 4 warnings (run `cargo fix --lib -p prosto_derive` to apply 3 suggestions)
[INFO] [stderr] warning: `prosto_derive` (lib test) generated 4 warnings (4 duplicates)
[INFO] [stderr]     Finished `release` profile [optimized] target(s) in 0.04s
[INFO] [stderr]      Running unittests src/lib.rs (/opt/rustwide/target/release/build/prosto_derive/117862e6eb86c123/out/prosto_derive-117862e6eb86c123)
[INFO] [stdout] 
[INFO] [stdout] running 22 tests
[INFO] [stdout] test parse::tests::test_extract_string_array ... ok
[INFO] [stdout] test parse::tests::test_unified_proto_config_defaults ... ok
[INFO] [stdout] test parse::tests::parses_owned_sun_type ... ok
[INFO] [stdout] test parse::tests::parses_borrowed_sun_type ... ok
[INFO] [stdout] test parse::tests::parses_generic_types_attribute_values ... ok
[INFO] [stdout] test parse::tests::test_extract_field_type_name ... ok
[INFO] [stdout] test proto_rpc::client::tests::test_client_module_generation ... ok
[INFO] [stdout] test proto_rpc::rpc_common::tests::test_generate_route_path ... ok
[INFO] [stdout] test utils::string_helpers::tests::test_strip_proto_suffix ... ok
[INFO] [stdout] test proto_rpc::server::tests::deduplicates_stream_types_in_blanket_impl ... ok
[INFO] [stdout] test proto_rpc::rpc_common::tests::test_module_naming ... ok
[INFO] [stdout] test proto_rpc::rpc_common::tests::test_proto_type_generation ... ok
[INFO] [stdout] test utils::string_helpers::tests::test_derive_package_name ... ok
[INFO] [stdout] test proto_rpc::utils::tests::test_parsed_method_signature_variants ... ok
[INFO] [stdout] test utils::string_helpers::tests::test_to_pascal_case ... ok
[INFO] [stdout] test write_file::tests::test_should_emit_file ... ok
[INFO] [stdout] test utils::string_helpers::tests::test_to_snake_case ... ok
[INFO] [stdout] test utils::string_helpers::tests::test_to_upper_snake_case ... ok
[INFO] [stdout] test write_file::tests::test_separate_imports_and_content ... ok
[INFO] [stdout] test parse::tests::panics_on_unknown_validator_attribute ... ok
[INFO] [stdout] test parse::tests::generic_type_variants_builds_combinations ... FAILED
[INFO] [stdout] test utils::tests::parse_field_config_panics_on_unknown_proto_attribute ... ok
[INFO] [stdout] 
[INFO] [stdout] failures:
[INFO] [stdout] 
[INFO] [stdout] ---- parse::tests::generic_type_variants_builds_combinations stdout ----
[INFO] [stdout] 
[INFO] [stdout] thread 'parse::tests::generic_type_variants_builds_combinations' (294) panicked at src/parse.rs:808:9:
[INFO] [stdout] assertion `left == right` failed
[INFO] [stdout]   left: ["", "U64StringStdHashRandomState", "U64U16StdHashRandomState", "U32StringStdHashRandomState", "U32U16StdHashRandomState"]
[INFO] [stdout]  right: ["U64StringStdHashRandomState", "U64U16StdHashRandomState", "U32StringStdHashRandomState", "U32U16StdHashRandomState"]
[INFO] [stdout] stack backtrace:
[INFO] [stdout]    0:     0x7a55aa9398c1 - std[617be2ca0a6fd877]::backtrace_rs::backtrace::libunwind::trace
[INFO] [stdout]                                at /rustc/e3feeb59cd1bdd011a2bfcc0747b55125d9b8527/library/std/src/../../backtrace/src/backtrace/libunwind.rs:117:9
[INFO] [stdout]    1:     0x7a55aa9398c1 - std[617be2ca0a6fd877]::backtrace_rs::backtrace::trace_unsynchronized::<std[617be2ca0a6fd877]::sys::backtrace::_print_fmt::{closure#1}>
[INFO] [stdout]                                at /rustc/e3feeb59cd1bdd011a2bfcc0747b55125d9b8527/library/std/src/../../backtrace/src/backtrace/mod.rs:66:14
[INFO] [stdout]    2:     0x7a55aa9398c1 - std[617be2ca0a6fd877]::sys::backtrace::_print_fmt
[INFO] [stdout]                                at /rustc/e3feeb59cd1bdd011a2bfcc0747b55125d9b8527/library/std/src/sys/backtrace.rs:74:9
[INFO] [stdout]    3:     0x7a55aa9398c1 - <<std[617be2ca0a6fd877]::sys::backtrace::BacktraceLock>::print::DisplayBacktrace as core[a373ad73a504971]::fmt::Display>::fmt
[INFO] [stdout]                                at /rustc/e3feeb59cd1bdd011a2bfcc0747b55125d9b8527/library/std/src/sys/backtrace.rs:44:26
[INFO] [stdout]    4:     0x7a55aa98044a - <core[a373ad73a504971]::fmt::rt::Argument>::fmt
[INFO] [stdout]                                at /rustc/e3feeb59cd1bdd011a2bfcc0747b55125d9b8527/library/core/src/fmt/rt.rs:152:76
[INFO] [stdout]    5:     0x7a55aa98044a - core[a373ad73a504971]::fmt::write
[INFO] [stdout]    6:     0x7a55aa94a50c - core[a373ad73a504971]::io::write::default_write_fmt::<alloc[2e1b2a31b91974c5]::vec::Vec<u8>>
[INFO] [stdout]                                at /rustc/e3feeb59cd1bdd011a2bfcc0747b55125d9b8527/library/core/src/io/write.rs:402:11
[INFO] [stdout]    7:     0x7a55aa94a50c - <alloc[2e1b2a31b91974c5]::vec::Vec<u8> as core[a373ad73a504971]::io::write::Write>::write_fmt
[INFO] [stdout]                                at /rustc/e3feeb59cd1bdd011a2bfcc0747b55125d9b8527/library/core/src/io/write.rs:335:13
[INFO] [stdout]    8:     0x7a55aa902e26 - <std[617be2ca0a6fd877]::sys::backtrace::BacktraceLock>::print
[INFO] [stdout]                                at /rustc/e3feeb59cd1bdd011a2bfcc0747b55125d9b8527/library/std/src/sys/backtrace.rs:47:9
[INFO] [stdout]    9:     0x7a55aa902e26 - std[617be2ca0a6fd877]::panicking::default_hook::{closure#0}
[INFO] [stdout]                                at /rustc/e3feeb59cd1bdd011a2bfcc0747b55125d9b8527/library/std/src/panicking.rs:289:27
[INFO] [stdout]   10:     0x7a55aa92a869 - std[617be2ca0a6fd877]::panicking::default_hook
[INFO] [stdout]                                at /rustc/e3feeb59cd1bdd011a2bfcc0747b55125d9b8527/library/std/src/panicking.rs:313:9
[INFO] [stdout]   11:     0x5b89fb9f7320 - test[aada8e7e76ba119b]::test_main_inner::{closure#0}
[INFO] [stdout]   12:     0x7a55aa92ab92 - <alloc[2e1b2a31b91974c5]::boxed::Box<dyn for<'a, 'b> core[a373ad73a504971]::ops::function::Fn<(&'a std[617be2ca0a6fd877]::panic::PanicHookInfo<'b>,), Output = ()> + core[a373ad73a504971]::marker::Sync + core[a373ad73a504971]::marker::Send> as core[a373ad73a504971]::ops::function::Fn<(&std[617be2ca0a6fd877]::panic::PanicHookInfo,)>>::call
[INFO] [stdout]                                at /rustc/e3feeb59cd1bdd011a2bfcc0747b55125d9b8527/library/alloc/src/boxed.rs:2328:9
[INFO] [stdout]   13:     0x7a55aa92ab92 - std[617be2ca0a6fd877]::panicking::panic_with_hook
[INFO] [stdout]                                at /rustc/e3feeb59cd1bdd011a2bfcc0747b55125d9b8527/library/std/src/panicking.rs:819:13
[INFO] [stdout]   14:     0x7a55aa902ed2 - std[617be2ca0a6fd877]::panicking::panic_handler::{closure#0}
[INFO] [stdout]                                at /rustc/e3feeb59cd1bdd011a2bfcc0747b55125d9b8527/library/std/src/panicking.rs:685:13
[INFO] [stdout]   15:     0x7a55aa8fa499 - std[617be2ca0a6fd877]::sys::backtrace::__rust_end_short_backtrace::<std[617be2ca0a6fd877]::panicking::panic_handler::{closure#0}, !>
[INFO] [stdout]                                at /rustc/e3feeb59cd1bdd011a2bfcc0747b55125d9b8527/library/std/src/sys/backtrace.rs:182:18
[INFO] [stdout]   16:     0x7a55aa9049bd - __rustc[ea4f61d10b84890b]::rust_begin_unwind
[INFO] [stdout]                                at /rustc/e3feeb59cd1bdd011a2bfcc0747b55125d9b8527/library/std/src/panicking.rs:676:5
[INFO] [stdout]   17:     0x7a55aa980edc - core[a373ad73a504971]::panicking::panic_fmt
[INFO] [stdout]                                at /rustc/e3feeb59cd1bdd011a2bfcc0747b55125d9b8527/library/core/src/panicking.rs:80:14
[INFO] [stdout]   18:     0x7a55aa980d43 - core[a373ad73a504971]::panicking::assert_failed_inner
[INFO] [stdout]                                at /rustc/e3feeb59cd1bdd011a2bfcc0747b55125d9b8527/library/core/src/panicking.rs:452:17
[INFO] [stderr] error: test failed, to rerun pass `--lib`
[INFO] [stdout]   19:     0x5b89fb9b8cab - core[a373ad73a504971]::panicking::assert_failed::<alloc[2e1b2a31b91974c5]::vec::Vec<alloc[2e1b2a31b91974c5]::string::String>, alloc[2e1b2a31b91974c5]::vec::Vec<&str>>
[INFO] [stdout]   20:     0x5b89fb9ea3bc - <prosto_derive[a9f9d80d535752]::parse::tests::generic_type_variants_builds_combinations::{closure#0} as core[a373ad73a504971]::ops::function::FnOnce<()>>::call_once
[INFO] [stdout]   21:     0x5b89fb9ea76b - test[aada8e7e76ba119b]::__rust_begin_short_backtrace::<core[a373ad73a504971]::result::Result<(), alloc[2e1b2a31b91974c5]::string::String>, fn() -> core[a373ad73a504971]::result::Result<(), alloc[2e1b2a31b91974c5]::string::String>>
[INFO] [stdout]   22:     0x5b89fb9f7945 - test[aada8e7e76ba119b]::run_test::{closure#0}
[INFO] [stdout]   23:     0x5b89fb9f1234 - std[617be2ca0a6fd877]::sys::backtrace::__rust_begin_short_backtrace::<test[aada8e7e76ba119b]::run_test::{closure#1}, ()>
[INFO] [stdout]   24:     0x5b89fb9fa9d2 - <std[617be2ca0a6fd877]::thread::lifecycle::spawn_unchecked<test[aada8e7e76ba119b]::run_test::{closure#1}, ()>::{closure#1} as core[a373ad73a504971]::ops::function::FnOnce<()>>::call_once::{shim:vtable#0}
[INFO] [stdout]   25:     0x7a55aa935dff - <alloc[2e1b2a31b91974c5]::boxed::Box<dyn core[a373ad73a504971]::ops::function::FnOnce<(), Output = ()> + core[a373ad73a504971]::marker::Send> as core[a373ad73a504971]::ops::function::FnOnce<()>>::call_once
[INFO] [stdout]                                at /rustc/e3feeb59cd1bdd011a2bfcc0747b55125d9b8527/library/alloc/src/boxed.rs:2314:9
[INFO] [stdout]   26:     0x7a55aa935dff - <std[617be2ca0a6fd877]::sys::thread::unix::Thread>::new::thread_start
[INFO] [stdout]                                at /rustc/e3feeb59cd1bdd011a2bfcc0747b55125d9b8527/library/std/src/sys/thread/unix.rs:127:17
[INFO] [stdout]   27:     0x7a55aa692dfa - <unknown>
[INFO] [stdout]   28:     0x7a55aa7263d4 - clone
[INFO] [stdout]   29:                0x0 - <unknown>
[INFO] [stdout] 
[INFO] [stdout] 
[INFO] [stdout] failures:
[INFO] [stdout]     parse::tests::generic_type_variants_builds_combinations
[INFO] [stdout] 
[INFO] [stdout] test result: FAILED. 21 passed; 1 failed; 0 ignored; 0 measured; 0 filtered out; finished in 0.12s
[INFO] [stdout] 
[INFO] running `Command { std: "docker" "inspect" "84d9a955b874b5a6dc681e6d355d8447fff51a0c362a2ae47d69ae2efec6bf06", kill_on_drop: false }`
[INFO] running `Command { std: "docker" "rm" "-f" "84d9a955b874b5a6dc681e6d355d8447fff51a0c362a2ae47d69ae2efec6bf06", kill_on_drop: false }`
[INFO] [stdout] 84d9a955b874b5a6dc681e6d355d8447fff51a0c362a2ae47d69ae2efec6bf06
