[INFO] fetching crate prost-reflect-validate 0.2.9...
[INFO] testing prost-reflect-validate-0.2.9 against 1.100.0-beta.1+cargoflags=--release for beta-release-1.100-2
[INFO] extracting crate prost-reflect-validate 0.2.9 into /workspace/builds/worker-7-tc2/source
[INFO] started tweaking crates.io crate prost-reflect-validate 0.2.9
[INFO] finished tweaking crates.io crate prost-reflect-validate 0.2.9
[INFO] tweaked toml for crates.io crate prost-reflect-validate 0.2.9 written to /workspace/builds/worker-7-tc2/source/Cargo.toml
[INFO] validating manifest of crates.io crate prost-reflect-validate 0.2.9 on toolchain 1.100.0-beta.1
[INFO] running `Command { std: CARGO_HOME="/workspace/cargo-home" RUSTUP_HOME="/workspace/rustup-home" "/workspace/cargo-home/bin/cargo" "+1.100.0-beta.1" "metadata" "--manifest-path" "Cargo.toml" "--no-deps", kill_on_drop: false }`
[INFO] crate crates.io crate prost-reflect-validate 0.2.9 already has a lockfile, it will not be regenerated
[INFO] running `Command { std: CARGO_HOME="/workspace/cargo-home" RUSTUP_HOME="/workspace/rustup-home" "/workspace/cargo-home/bin/cargo" "+1.100.0-beta.1" "fetch" "--manifest-path" "Cargo.toml", kill_on_drop: false }`
[INFO] [stderr]     Blocking waiting for file lock on package cache
[INFO] running `Command { std: "docker" "create" "-v" "/var/lib/crater-agent-workspace/builds/worker-7-tc2/source:/opt/rustwide/workdir:ro,Z" "-v" "/var/lib/crater-agent-workspace/builds/worker-7-tc2/target:/opt/rustwide/target:rw,Z" "-v" "/var/lib/crater-agent-workspace/cargo-home:/opt/rustwide/cargo-home:ro,Z" "-v" "/var/lib/crater-agent-workspace/rustup-home:/opt/rustwide/rustup-home:ro,Z" "-m" "1610612736" "--network" "none" "ghcr.io/rust-lang/crates-build-env/linux@sha256:77db811e55d90add9212f6832c23229e3de5f1c1f9905e8cb07319ea15df73ac" "sleep" "infinity", kill_on_drop: false }`
[INFO] [stdout] f23997d65aa92af7c9121957563affcb025667bd69781e203514691194ba9405
[INFO] running `Command { std: "docker" "start" "f23997d65aa92af7c9121957563affcb025667bd69781e203514691194ba9405", kill_on_drop: false }`
[INFO] running `Command { std: "docker" "inspect" "f23997d65aa92af7c9121957563affcb025667bd69781e203514691194ba9405", kill_on_drop: false }`
[INFO] running `Command { std: "docker" "exec" "-e" "SOURCE_DIR=/opt/rustwide/workdir" "-e" "CARGO_HOME=/opt/rustwide/cargo-home" "-e" "RUSTUP_HOME=/opt/rustwide/rustup-home" "-e" "CARGO_TARGET_DIR=/opt/rustwide/target" "-w" "/opt/rustwide/workdir" "--user" "0:0" "f23997d65aa92af7c9121957563affcb025667bd69781e203514691194ba9405" "/opt/rustwide/cargo-home/bin/cargo" "+1.100.0-beta.1" "metadata" "--no-deps" "--format-version=1", kill_on_drop: false }`
[INFO] running `Command { std: "docker" "inspect" "f23997d65aa92af7c9121957563affcb025667bd69781e203514691194ba9405", kill_on_drop: false }`
[INFO] running `Command { std: "docker" "exec" "-e" "SOURCE_DIR=/opt/rustwide/workdir" "-e" "CARGO_HOME=/opt/rustwide/cargo-home" "-e" "RUSTUP_HOME=/opt/rustwide/rustup-home" "-e" "CARGO_TARGET_DIR=/opt/rustwide/target" "-e" "CARGO_INCREMENTAL=0" "-e" "RUST_BACKTRACE=full" "-e" "RUSTFLAGS=--cap-lints=warn" "-e" "RUSTDOCFLAGS=--cap-lints=warn" "-w" "/opt/rustwide/workdir" "--user" "0:0" "f23997d65aa92af7c9121957563affcb025667bd69781e203514691194ba9405" "/opt/rustwide/cargo-home/bin/cargo" "+1.100.0-beta.1" "build" "--frozen" "--message-format=json" "--release", kill_on_drop: false }`
[INFO] [stderr]    Compiling proc-macro2 v1.0.87
[INFO] [stderr]    Compiling anyhow v1.0.89
[INFO] [stderr]    Compiling rustix v0.38.37
[INFO] [stderr]    Compiling bytes v1.7.2
[INFO] [stderr]    Compiling linux-raw-sys v0.4.14
[INFO] [stderr]    Compiling prettyplease v0.2.22
[INFO] [stderr]    Compiling serde v1.0.228
[INFO] [stderr]    Compiling hashbrown v0.15.0
[INFO] [stderr]    Compiling itertools v0.13.0
[INFO] [stderr]    Compiling regex-syntax v0.8.5
[INFO] [stderr]    Compiling bitflags v2.6.0
[INFO] [stderr]    Compiling num-traits v0.2.19
[INFO] [stderr]    Compiling fixedbitset v0.4.2
[INFO] [stderr]    Compiling fastrand v2.1.1
[INFO] [stderr]    Compiling once_cell v1.20.2
[INFO] [stderr]    Compiling getrandom v0.1.16
[INFO] [stderr]    Compiling multimap v0.10.0
[INFO] [stderr]    Compiling rand_core v0.5.1
[INFO] [stderr]    Compiling gimli v0.31.1
[INFO] [stderr]    Compiling thiserror v1.0.64
[INFO] [stderr]    Compiling miniz_oxide v0.8.0
[INFO] [stderr]    Compiling regex-automata v0.4.8
[INFO] [stderr]    Compiling time v0.3.36
[INFO] [stderr]    Compiling object v0.36.5
[INFO] [stderr]    Compiling itoa v1.0.11
[INFO] [stderr]    Compiling rustc-demangle v0.1.24
[INFO] [stderr]    Compiling http v1.1.0
[INFO] [stderr]    Compiling indexmap v2.6.0
[INFO] [stderr]    Compiling quote v1.0.37
[INFO] [stderr]    Compiling email_address v0.2.9
[INFO] [stderr]    Compiling syn v2.0.87
[INFO] [stderr]    Compiling syn v1.0.109
[INFO] [stderr]    Compiling petgraph v0.6.5
[INFO] [stderr]    Compiling ordered-float v2.10.1
[INFO] [stderr]    Compiling serde-value v0.7.0
[INFO] [stderr]    Compiling tempfile v3.13.0
[INFO] [stderr]    Compiling regex v1.11.0
[INFO] [stderr]    Compiling addr2line v0.24.2
[INFO] [stderr]    Compiling backtrace v0.3.74
[INFO] [stderr]    Compiling contracts v0.4.0
[INFO] [stderr]    Compiling prost-derive v0.14.1
[INFO] [stderr]    Compiling zerocopy-derive v0.7.35
[INFO] [stderr]    Compiling prost-reflect-derive v0.16.0
[INFO] [stderr]    Compiling thiserror-impl v1.0.64
[INFO] [stderr]    Compiling zerocopy v0.7.35
[INFO] [stderr]    Compiling ppv-lite86 v0.2.20
[INFO] [stderr]    Compiling prost v0.14.1
[INFO] [stderr]    Compiling rand_chacha v0.2.2
[INFO] [stderr]    Compiling prost-types v0.14.1
[INFO] [stderr]    Compiling rand v0.7.3
[INFO] [stderr]    Compiling vector-map v1.0.1
[INFO] [stderr]    Compiling prost-build v0.14.1
[INFO] [stderr]    Compiling prost-reflect v0.16.2
[INFO] [stderr]    Compiling prost-validate v0.2.9
[INFO] [stderr]    Compiling no_deadlocks v1.3.2
[INFO] [stderr]    Compiling prost-reflect-build v0.16.0
[INFO] [stderr]    Compiling prost-validate-types v0.2.9
[INFO] [stderr]    Compiling prost-reflect-validate v0.2.9 (/opt/rustwide/workdir)
[INFO] [stderr]     Finished `release` profile [optimized] target(s) in 46.78s
[INFO] running `Command { std: "docker" "inspect" "f23997d65aa92af7c9121957563affcb025667bd69781e203514691194ba9405", kill_on_drop: false }`
[INFO] running `Command { std: "docker" "exec" "-e" "SOURCE_DIR=/opt/rustwide/workdir" "-e" "CARGO_HOME=/opt/rustwide/cargo-home" "-e" "RUSTUP_HOME=/opt/rustwide/rustup-home" "-e" "CARGO_TARGET_DIR=/opt/rustwide/target" "-e" "CARGO_INCREMENTAL=0" "-e" "RUST_BACKTRACE=full" "-e" "RUSTFLAGS=--cap-lints=warn" "-e" "RUSTDOCFLAGS=--cap-lints=warn" "-w" "/opt/rustwide/workdir" "--user" "0:0" "f23997d65aa92af7c9121957563affcb025667bd69781e203514691194ba9405" "/opt/rustwide/cargo-home/bin/cargo" "+1.100.0-beta.1" "test" "--frozen" "--no-run" "--message-format=json" "--release", kill_on_drop: false }`
[INFO] [stderr]    Compiling proc-macro2 v1.0.87
[INFO] [stderr]    Compiling unicode-ident v1.0.13
[INFO] [stderr]    Compiling rustix v0.38.37
[INFO] [stderr]    Compiling hashbrown v0.15.0
[INFO] [stderr]    Compiling prettyplease v0.2.22
[INFO] [stderr]    Compiling fixedbitset v0.4.2
[INFO] [stderr]    Compiling fastrand v2.1.1
[INFO] [stderr]    Compiling heck v0.5.0
[INFO] [stderr]    Compiling multimap v0.10.0
[INFO] [stderr]    Compiling log v0.4.22
[INFO] [stderr]    Compiling indexmap v2.6.0
[INFO] [stderr]    Compiling quote v1.0.37
[INFO] [stderr]    Compiling syn v2.0.87
[INFO] [stderr]    Compiling petgraph v0.6.5
[INFO] [stderr]    Compiling tempfile v3.13.0
[INFO] [stderr]    Compiling prost-build v0.14.1
[INFO] [stderr]    Compiling prost-reflect-build v0.16.0
[INFO] [stderr]    Compiling prost-reflect-validate v0.2.9 (/opt/rustwide/workdir)
[INFO] [stderr]     Finished `release` profile [optimized] target(s) in 29.82s
[INFO] running `Command { std: "docker" "inspect" "f23997d65aa92af7c9121957563affcb025667bd69781e203514691194ba9405", kill_on_drop: false }`
[INFO] running `Command { std: "docker" "exec" "-e" "SOURCE_DIR=/opt/rustwide/workdir" "-e" "CARGO_HOME=/opt/rustwide/cargo-home" "-e" "RUSTUP_HOME=/opt/rustwide/rustup-home" "-e" "CARGO_TARGET_DIR=/opt/rustwide/target" "-e" "CARGO_INCREMENTAL=0" "-e" "RUST_BACKTRACE=full" "-e" "RUSTFLAGS=--cap-lints=warn" "-e" "RUSTDOCFLAGS=--cap-lints=warn" "-w" "/opt/rustwide/workdir" "--user" "0:0" "f23997d65aa92af7c9121957563affcb025667bd69781e203514691194ba9405" "/opt/rustwide/cargo-home/bin/cargo" "+1.100.0-beta.1" "test" "--frozen" "--release", kill_on_drop: false }`
[INFO] [stderr]     Finished `release` profile [optimized] target(s) in 0.18s
[INFO] [stderr]      Running unittests src/lib.rs (/opt/rustwide/target/release/build/prost-reflect-validate/cb24fb78e47ba924/out/prost_reflect_validate-cb24fb78e47ba924)
[INFO] [stdout] 
[INFO] [stdout] running 0 tests
[INFO] [stdout] 
[INFO] [stdout] test result: ok. 0 passed; 0 failed; 0 ignored; 0 measured; 0 filtered out; finished in 0.00s
[INFO] [stdout] 
[INFO] [stderr]    Doc-tests prost_reflect_validate
[INFO] [stdout] 
[INFO] [stdout] running 3 tests
[INFO] [stdout] test src/lib.rs - (line 61) ... FAILED
[INFO] [stdout] test src/lib.rs - (line 46) - compile ... ok
[INFO] [stdout] test src/lib.rs - ValidatorExt (line 24) ... FAILED
[INFO] [stdout] 
[INFO] [stdout] failures:
[INFO] [stdout] 
[INFO] [stdout] ---- src/lib.rs - (line 61) stdout ----
[INFO] [stdout] error[E0432]: unresolved import `example_proto`
[INFO] [stdout]   --> src/lib.rs:63:5
[INFO] [stdout]    |
[INFO] [stdout] 63 | use example_proto::ExampleMessage;
[INFO] [stdout]    |     ^^^^^^^^^^^^^ use of unresolved module or unlinked crate `example_proto`
[INFO] [stdout]    |
[INFO] [stdout]    = help: if you wanted to use a crate named `example_proto`, use `cargo add example_proto` to add it to your `Cargo.toml`
[INFO] [stdout] 
[INFO] [stdout] error: aborting due to 1 previous error
[INFO] [stdout] 
[INFO] [stdout] For more information about this error, try `rustc --explain E0432`.
[INFO] [stdout] Couldn't compile the test.
[INFO] [stdout] ---- src/lib.rs - ValidatorExt (line 24) stdout ----
[INFO] [stdout] error[E0432]: unresolved import `example_proto`
[INFO] [stdout]   --> src/lib.rs:27:6
[INFO] [stdout]    |
[INFO] [stdout] 27 |  use example_proto::ExampleMessage;
[INFO] [stdout]    |      ^^^^^^^^^^^^^ use of unresolved module or unlinked crate `example_proto`
[INFO] [stdout]    |
[INFO] [stdout]    = help: if you wanted to use a crate named `example_proto`, use `cargo add example_proto` to add it to your `Cargo.toml`
[INFO] [stdout] 
[INFO] [stdout] error: aborting due to 1 previous error
[INFO] [stdout] 
[INFO] [stdout] For more information about this error, try `rustc --explain E0432`.
[INFO] [stdout] Couldn't compile the test.
[INFO] [stdout] 
[INFO] [stdout] failures:
[INFO] [stdout]     src/lib.rs - (line 61)
[INFO] [stdout]     src/lib.rs - ValidatorExt (line 24)
[INFO] [stdout] 
[INFO] [stdout] test result: FAILED. 1 passed; 2 failed; 0 ignored; 0 measured; 0 filtered out; finished in 0.14s
[INFO] [stdout] 
[INFO] [stderr] error: doctest failed, to rerun pass `--doc`
[INFO] running `Command { std: "docker" "inspect" "f23997d65aa92af7c9121957563affcb025667bd69781e203514691194ba9405", kill_on_drop: false }`
[INFO] running `Command { std: "docker" "rm" "-f" "f23997d65aa92af7c9121957563affcb025667bd69781e203514691194ba9405", kill_on_drop: false }`
[INFO] [stdout] f23997d65aa92af7c9121957563affcb025667bd69781e203514691194ba9405
