[INFO] fetching crate prost-reflect-derive 0.16.1...
[INFO] testing prost-reflect-derive-0.16.1 against 1.99.0-beta.8+cargoflags=--release for beta-release-1.100-2
[INFO] extracting crate prost-reflect-derive 0.16.1 into /workspace/builds/worker-2-tc1/source
[INFO] started tweaking crates.io crate prost-reflect-derive 0.16.1
[INFO] removed 0 missing tests
[INFO] finished tweaking crates.io crate prost-reflect-derive 0.16.1
[INFO] tweaked toml for crates.io crate prost-reflect-derive 0.16.1 written to /workspace/builds/worker-2-tc1/source/Cargo.toml
[INFO] validating manifest of crates.io crate prost-reflect-derive 0.16.1 on toolchain 1.99.0-beta.8
[INFO] running `Command { std: CARGO_HOME="/workspace/cargo-home" RUSTUP_HOME="/workspace/rustup-home" "/workspace/cargo-home/bin/cargo" "+1.99.0-beta.8" "metadata" "--manifest-path" "Cargo.toml" "--no-deps", kill_on_drop: false }`
[INFO] crate crates.io crate prost-reflect-derive 0.16.1 already has a lockfile, it will not be regenerated
[INFO] running `Command { std: CARGO_HOME="/workspace/cargo-home" RUSTUP_HOME="/workspace/rustup-home" "/workspace/cargo-home/bin/cargo" "+1.99.0-beta.8" "fetch" "--manifest-path" "Cargo.toml", kill_on_drop: false }`
[INFO] [stderr]  Downloading crates ...
[INFO] [stderr]   Downloaded prost-derive v0.14.2
[INFO] [stderr]   Downloaded prost v0.14.2
[INFO] [stderr]   Downloaded trybuild v1.0.114
[INFO] running `Command { std: "docker" "create" "-v" "/var/lib/crater-agent-workspace/builds/worker-2-tc1/source:/opt/rustwide/workdir:ro,Z" "-v" "/var/lib/crater-agent-workspace/builds/worker-2-tc1/target:/opt/rustwide/target:rw,Z" "-v" "/var/lib/crater-agent-workspace/cargo-home:/opt/rustwide/cargo-home:ro,Z" "-v" "/var/lib/crater-agent-workspace/rustup-home:/opt/rustwide/rustup-home:ro,Z" "-m" "1610612736" "--network" "none" "ghcr.io/rust-lang/crates-build-env/linux@sha256:77db811e55d90add9212f6832c23229e3de5f1c1f9905e8cb07319ea15df73ac" "sleep" "infinity", kill_on_drop: false }`
[INFO] [stdout] e0b626acb600b754c6eb2191215288c75b60bd0667ab0f4ce30c282fc55ec23a
[INFO] running `Command { std: "docker" "start" "e0b626acb600b754c6eb2191215288c75b60bd0667ab0f4ce30c282fc55ec23a", kill_on_drop: false }`
[INFO] running `Command { std: "docker" "inspect" "e0b626acb600b754c6eb2191215288c75b60bd0667ab0f4ce30c282fc55ec23a", kill_on_drop: false }`
[INFO] running `Command { std: "docker" "exec" "-e" "SOURCE_DIR=/opt/rustwide/workdir" "-e" "CARGO_HOME=/opt/rustwide/cargo-home" "-e" "RUSTUP_HOME=/opt/rustwide/rustup-home" "-e" "CARGO_TARGET_DIR=/opt/rustwide/target" "-w" "/opt/rustwide/workdir" "--user" "0:0" "e0b626acb600b754c6eb2191215288c75b60bd0667ab0f4ce30c282fc55ec23a" "/opt/rustwide/cargo-home/bin/cargo" "+1.99.0-beta.8" "metadata" "--no-deps" "--format-version=1", kill_on_drop: false }`
[INFO] running `Command { std: "docker" "inspect" "e0b626acb600b754c6eb2191215288c75b60bd0667ab0f4ce30c282fc55ec23a", kill_on_drop: false }`
[INFO] running `Command { std: "docker" "exec" "-e" "SOURCE_DIR=/opt/rustwide/workdir" "-e" "CARGO_HOME=/opt/rustwide/cargo-home" "-e" "RUSTUP_HOME=/opt/rustwide/rustup-home" "-e" "CARGO_TARGET_DIR=/opt/rustwide/target" "-e" "CARGO_INCREMENTAL=0" "-e" "RUST_BACKTRACE=full" "-e" "RUSTFLAGS=--cap-lints=warn" "-e" "RUSTDOCFLAGS=--cap-lints=warn" "-w" "/opt/rustwide/workdir" "--user" "0:0" "e0b626acb600b754c6eb2191215288c75b60bd0667ab0f4ce30c282fc55ec23a" "/opt/rustwide/cargo-home/bin/cargo" "+1.99.0-beta.8" "build" "--frozen" "--message-format=json" "--release", kill_on_drop: false }`
[INFO] [stderr]    Compiling prost-reflect-derive v0.16.1 (/opt/rustwide/workdir)
[INFO] [stderr]     Finished `release` profile [optimized] target(s) in 2.34s
[INFO] running `Command { std: "docker" "inspect" "e0b626acb600b754c6eb2191215288c75b60bd0667ab0f4ce30c282fc55ec23a", kill_on_drop: false }`
[INFO] running `Command { std: "docker" "exec" "-e" "SOURCE_DIR=/opt/rustwide/workdir" "-e" "CARGO_HOME=/opt/rustwide/cargo-home" "-e" "RUSTUP_HOME=/opt/rustwide/rustup-home" "-e" "CARGO_TARGET_DIR=/opt/rustwide/target" "-e" "CARGO_INCREMENTAL=0" "-e" "RUST_BACKTRACE=full" "-e" "RUSTFLAGS=--cap-lints=warn" "-e" "RUSTDOCFLAGS=--cap-lints=warn" "-w" "/opt/rustwide/workdir" "--user" "0:0" "e0b626acb600b754c6eb2191215288c75b60bd0667ab0f4ce30c282fc55ec23a" "/opt/rustwide/cargo-home/bin/cargo" "+1.99.0-beta.8" "test" "--frozen" "--no-run" "--message-format=json" "--release", kill_on_drop: false }`
[INFO] [stderr]    Compiling proc-macro2 v1.0.103
[INFO] [stderr]    Compiling target-triple v1.0.0
[INFO] [stderr]    Compiling serde v1.0.228
[INFO] [stderr]    Compiling anyhow v1.0.100
[INFO] [stderr]    Compiling unicode-ident v1.0.22
[INFO] [stderr]    Compiling syn v2.0.111
[INFO] [stderr]    Compiling winnow v0.7.14
[INFO] [stderr]    Compiling serde_spanned v1.0.3
[INFO] [stderr]    Compiling toml_datetime v0.7.3
[INFO] [stderr]    Compiling quote v1.0.42
[INFO] [stderr]    Compiling toml_writer v1.0.4
[INFO] [stderr]    Compiling serde_json v1.0.145
[INFO] [stderr]    Compiling bytes v1.11.0
[INFO] [stderr]    Compiling glob v0.3.3
[INFO] [stderr]    Compiling toml_parser v1.0.4
[INFO] [stderr]    Compiling toml v0.9.8
[INFO] [stderr]    Compiling prost-derive v0.14.2
[INFO] [stderr]    Compiling serde_derive v1.0.228
[INFO] [stderr]    Compiling prost-reflect-derive v0.16.1 (/opt/rustwide/workdir)
[INFO] [stderr]    Compiling prost v0.14.2
[INFO] [stderr]    Compiling trybuild v1.0.114
[INFO] [stderr]     Finished `release` profile [optimized] target(s) in 1m 01s
[INFO] running `Command { std: "docker" "inspect" "e0b626acb600b754c6eb2191215288c75b60bd0667ab0f4ce30c282fc55ec23a", kill_on_drop: false }`
[INFO] running `Command { std: "docker" "exec" "-e" "SOURCE_DIR=/opt/rustwide/workdir" "-e" "CARGO_HOME=/opt/rustwide/cargo-home" "-e" "RUSTUP_HOME=/opt/rustwide/rustup-home" "-e" "CARGO_TARGET_DIR=/opt/rustwide/target" "-e" "CARGO_INCREMENTAL=0" "-e" "RUST_BACKTRACE=full" "-e" "RUSTFLAGS=--cap-lints=warn" "-e" "RUSTDOCFLAGS=--cap-lints=warn" "-w" "/opt/rustwide/workdir" "--user" "0:0" "e0b626acb600b754c6eb2191215288c75b60bd0667ab0f4ce30c282fc55ec23a" "/opt/rustwide/cargo-home/bin/cargo" "+1.99.0-beta.8" "test" "--frozen" "--release", kill_on_drop: false }`
[INFO] [stderr]     Finished `release` profile [optimized] target(s) in 0.04s
[INFO] [stderr]      Running tests/tests.rs (/opt/rustwide/target/release/deps/tests-9a2e7168697133c8)
[INFO] [stdout] 
[INFO] [stdout] running 1 test
[INFO] [stderr]    Compiling proc-macro2 v1.0.103
[INFO] [stderr]    Compiling quote v1.0.42
[INFO] [stderr]    Compiling unicode-ident v1.0.22
[INFO] [stderr]    Compiling anyhow v1.0.100
[INFO] [stderr]    Compiling either v1.15.0
[INFO] [stderr]    Compiling bytes v1.11.0
[INFO] [stderr]    Compiling once_cell v1.21.3
[INFO] [stderr]    Compiling itertools v0.14.0
[INFO] [stderr]    Compiling syn v2.0.111
[INFO] [stderr]    Compiling prost-derive v0.14.2
[INFO] [stderr]    Compiling prost-reflect-derive v0.16.1 (/opt/rustwide/workdir)
[INFO] [stderr]    Compiling prost v0.14.2
[INFO] [stderr]    Compiling prost-reflect-derive-tests v0.0.0 (/opt/rustwide/target/tests/trybuild/prost-reflect-derive)
[INFO] [stderr]     Finished `dev` profile [unoptimized + debuginfo] target(s) in 17.36s
[INFO] [stderr] 
[INFO] [stderr] 
[INFO] [stderr] test tests/basic.rs [should pass] ... error
[INFO] [stderr] ┈┈┈┈┈┈┈┈┈┈┈┈┈┈┈┈┈┈┈┈┈┈┈┈┈┈┈┈┈┈┈┈┈┈┈┈┈┈┈┈┈┈┈┈┈┈┈┈┈┈┈┈┈┈┈┈┈┈┈┈
[INFO] [stderr] error[E0432]: unresolved import `prost_reflect`
[INFO] [stderr]  --> tests/basic.rs:3:5
[INFO] [stderr]   |
[INFO] [stderr] 3 | use prost_reflect::{DescriptorPool, ReflectMessage};
[INFO] [stderr]   |     ^^^^^^^^^^^^^ use of unresolved module or unlinked crate `prost_reflect`
[INFO] [stderr]   |
[INFO] [stderr]   = help: if you wanted to use a crate named `prost_reflect`, use `cargo add prost_reflect` to add it to your `Cargo.toml`
[INFO] [stderr] 
[INFO] [stderr] error: cannot find attribute `prost_reflect` in this scope
[INFO] [stderr]   --> tests/basic.rs:10:3
[INFO] [stderr]    |
[INFO] [stderr] 10 | #[prost_reflect(
[INFO] [stderr]    |   ^^^^^^^^^^^^^
[INFO] [stderr]    |
[INFO] [stderr] help: `prost_reflect` is an attribute that can be used by the derive macro `ReflectMessage`, you might be missing a `derive` attribute
[INFO] [stderr]    |
[INFO] [stderr] 14 + #[derive(ReflectMessage)]
[INFO] [stderr] 15 | pub struct MyMessage {}
[INFO] [stderr]    |
[INFO] [stderr] 
[INFO] [stderr] error[E0599]: no method named `descriptor` found for struct `MyMessage` in the current scope
[INFO] [stderr]   --> tests/basic.rs:17:29
[INFO] [stderr]    |
[INFO] [stderr] 14 | pub struct MyMessage {}
[INFO] [stderr]    | -------------------- method `descriptor` not found for this struct
[INFO] [stderr] ...
[INFO] [stderr] 17 |     assert_eq!(MyMessage {}.descriptor().full_name(), "package.MyMessage");
[INFO] [stderr]    |                             ^^^^^^^^^^ method not found in `MyMessage`
[INFO] [stderr] ┈┈┈┈┈┈┈┈┈┈┈┈┈┈┈┈┈┈┈┈┈┈┈┈┈┈┈┈┈┈┈┈┈┈┈┈┈┈┈┈┈┈┈┈┈┈┈┈┈┈┈┈┈┈┈┈┈┈┈┈
[INFO] [stderr] 
[INFO] [stderr] test tests/ignore_enum.rs [should pass] ... ok
[INFO] [stderr] test tests/multiple_attr.rs [should pass] ... error
[INFO] [stderr] ┈┈┈┈┈┈┈┈┈┈┈┈┈┈┈┈┈┈┈┈┈┈┈┈┈┈┈┈┈┈┈┈┈┈┈┈┈┈┈┈┈┈┈┈┈┈┈┈┈┈┈┈┈┈┈┈┈┈┈┈
[INFO] [stderr] error[E0432]: unresolved import `prost_reflect`
[INFO] [stderr]  --> tests/multiple_attr.rs:3:5
[INFO] [stderr]   |
[INFO] [stderr] 3 | use prost_reflect::{DescriptorPool, ReflectMessage};
[INFO] [stderr]   |     ^^^^^^^^^^^^^ use of unresolved module or unlinked crate `prost_reflect`
[INFO] [stderr]   |
[INFO] [stderr]   = help: if you wanted to use a crate named `prost_reflect`, use `cargo add prost_reflect` to add it to your `Cargo.toml`
[INFO] [stderr] 
[INFO] [stderr] error: cannot find attribute `prost_reflect` in this scope
[INFO] [stderr]   --> tests/multiple_attr.rs:10:3
[INFO] [stderr]    |
[INFO] [stderr] 10 | #[prost_reflect(descriptor_pool = "DESCRIPTOR_POOL")]
[INFO] [stderr]    |   ^^^^^^^^^^^^^
[INFO] [stderr]    |
[INFO] [stderr] help: `prost_reflect` is an attribute that can be used by the derive macro `ReflectMessage`, you might be missing a `derive` attribute
[INFO] [stderr]    |
[INFO] [stderr] 12 + #[derive(ReflectMessage)]
[INFO] [stderr] 13 | pub struct MyNestedMessage {}
[INFO] [stderr]    |
[INFO] [stderr] 
[INFO] [stderr] error: cannot find attribute `prost_reflect` in this scope
[INFO] [stderr]   --> tests/multiple_attr.rs:11:3
[INFO] [stderr]    |
[INFO] [stderr] 11 | #[prost_reflect(message_name = "package.MyMessage")]
[INFO] [stderr]    |   ^^^^^^^^^^^^^
[INFO] [stderr]    |
[INFO] [stderr] help: `prost_reflect` is an attribute that can be used by the derive macro `ReflectMessage`, you might be missing a `derive` attribute
[INFO] [stderr]    |
[INFO] [stderr] 12 + #[derive(ReflectMessage)]
[INFO] [stderr] 13 | pub struct MyNestedMessage {}
[INFO] [stderr]    |
[INFO] [stderr] 
[INFO] [stderr] error[E0599]: no method named `descriptor` found for struct `MyNestedMessage` in the current scope
[INFO] [stderr]   --> tests/multiple_attr.rs:16:28
[INFO] [stderr]    |
[INFO] [stderr] 12 | pub struct MyNestedMessage {}
[INFO] [stderr]    | -------------------------- method `descriptor` not found for this struct
[INFO] [stderr] ...
[INFO] [stderr] 16 |         MyNestedMessage {}.descriptor().full_name(),
[INFO] [stderr]    |                            ^^^^^^^^^^ method not found in `MyNestedMessage`
[INFO] [stderr] ┈┈┈┈┈┈┈┈┈┈┈┈┈┈┈┈┈┈┈┈┈┈┈┈┈┈┈┈┈┈┈┈┈┈┈┈┈┈┈┈┈┈┈┈┈┈┈┈┈┈┈┈┈┈┈┈┈┈┈┈
[INFO] [stderr] 
[INFO] [stderr] test tests/file_descriptor_set.rs [should pass] ... error
[INFO] [stderr] ┈┈┈┈┈┈┈┈┈┈┈┈┈┈┈┈┈┈┈┈┈┈┈┈┈┈┈┈┈┈┈┈┈┈┈┈┈┈┈┈┈┈┈┈┈┈┈┈┈┈┈┈┈┈┈┈┈┈┈┈
[INFO] [stderr] error[E0432]: unresolved import `prost_reflect`
[INFO] [stderr]  --> tests/file_descriptor_set.rs:2:5
[INFO] [stderr]   |
[INFO] [stderr] 2 | use prost_reflect::ReflectMessage;
[INFO] [stderr]   |     ^^^^^^^^^^^^^ use of unresolved module or unlinked crate `prost_reflect`
[INFO] [stderr]   |
[INFO] [stderr]   = help: if you wanted to use a crate named `prost_reflect`, use `cargo add prost_reflect` to add it to your `Cargo.toml`
[INFO] [stderr] 
[INFO] [stderr] error: cannot find attribute `prost_reflect` in this scope
[INFO] [stderr]   --> tests/file_descriptor_set.rs:7:3
[INFO] [stderr]    |
[INFO] [stderr]  7 | #[prost_reflect(file_descriptor_set_bytes = "FILE_DESCRIPTOR_SET_BYTES")]
[INFO] [stderr]    |   ^^^^^^^^^^^^^
[INFO] [stderr]    |
[INFO] [stderr] help: `prost_reflect` is an attribute that can be used by the derive macro `ReflectMessage`, you might be missing a `derive` attribute
[INFO] [stderr]    |
[INFO] [stderr]  9 + #[derive(ReflectMessage)]
[INFO] [stderr] 10 | pub struct MyNestedMessage {}
[INFO] [stderr]    |
[INFO] [stderr] 
[INFO] [stderr] error: cannot find attribute `prost_reflect` in this scope
[INFO] [stderr]   --> tests/file_descriptor_set.rs:8:3
[INFO] [stderr]    |
[INFO] [stderr]  8 | #[prost_reflect(message_name = "package.MyMessage")]
[INFO] [stderr]    |   ^^^^^^^^^^^^^
[INFO] [stderr]    |
[INFO] [stderr] help: `prost_reflect` is an attribute that can be used by the derive macro `ReflectMessage`, you might be missing a `derive` attribute
[INFO] [stderr]    |
[INFO] [stderr]  9 + #[derive(ReflectMessage)]
[INFO] [stderr] 10 | pub struct MyNestedMessage {}
[INFO] [stderr]    |
[INFO] [stderr] 
[INFO] [stderr] error[E0599]: no method named `descriptor` found for struct `MyNestedMessage` in the current scope
[INFO] [stderr]   --> tests/file_descriptor_set.rs:13:28
[INFO] [stderr]    |
[INFO] [stderr]  9 | pub struct MyNestedMessage {}
[INFO] [stderr]    | -------------------------- method `descriptor` not found for this struct
[INFO] [stderr] ...
[INFO] [stderr] 13 |         MyNestedMessage {}.descriptor().full_name(),
[INFO] [stderr]    |                            ^^^^^^^^^^ method not found in `MyNestedMessage`
[INFO] [stderr] ┈┈┈┈┈┈┈┈┈┈┈┈┈┈┈┈┈┈┈┈┈┈┈┈┈┈┈┈┈┈┈┈┈┈┈┈┈┈┈┈┈┈┈┈┈┈┈┈┈┈┈┈┈┈┈┈┈┈┈┈
[INFO] [stderr] 
[INFO] [stderr] test tests/attr_unknown_field.rs [should fail to compile] ... ok
[INFO] [stderr] test tests/missing_attr.rs [should fail to compile] ... ok
[INFO] [stderr] test tests/missing_name.rs [should fail to compile] ... ok
[INFO] [stderr] 
[INFO] [stderr] 
[INFO] [stdout] test tests ... FAILED
[INFO] [stdout] 
[INFO] [stdout] failures:
[INFO] [stdout] 
[INFO] [stdout] ---- tests stdout ----
[INFO] [stdout] 
[INFO] [stdout] thread 'tests' (603) panicked at /opt/rustwide/cargo-home/registry/src/index.crates.io-1949cf8c6b5b557f/trybuild-1.0.114/src/run.rs:102:13:
[INFO] [stdout] 3 of 7 tests failed
[INFO] [stdout] stack backtrace:
[INFO] [stdout]    0:     0x5fdfe5e2d0c1 - <<std[70759c8f55707aa4]::sys::backtrace::BacktraceLock>::print::DisplayBacktrace as core[df12db4294e9bfd3]::fmt::Display>::fmt
[INFO] [stdout]    1:     0x5fdfe5e4374a - core[df12db4294e9bfd3]::fmt::write
[INFO] [stdout]    2:     0x5fdfe5e31b8c - <alloc[2182bb758b4b3781]::vec::Vec<u8> as core[df12db4294e9bfd3]::io::write::Write>::write_fmt
[INFO] [stdout]    3:     0x5fdfe5e065a6 - std[70759c8f55707aa4]::panicking::default_hook::{closure#0}
[INFO] [stdout]    4:     0x5fdfe5e24739 - std[70759c8f55707aa4]::panicking::default_hook
[INFO] [stdout]    5:     0x5fdfe5dbda10 - test[9d35eded1c95d3be]::test_main_inner::<test[9d35eded1c95d3be]::test_main_static::{closure#0}>::{closure#0}
[INFO] [stdout]    6:     0x5fdfe5e248f2 - std[70759c8f55707aa4]::panicking::panic_with_hook
[INFO] [stdout]    7:     0x5fdfe5e06652 - std[70759c8f55707aa4]::panicking::panic_handler::{closure#0}
[INFO] [stdout]    8:     0x5fdfe5dfef19 - std[70759c8f55707aa4]::sys::backtrace::__rust_end_short_backtrace::<std[70759c8f55707aa4]::panicking::panic_handler::{closure#0}, !>
[INFO] [stdout]    9:     0x5fdfe5e0724d - __rustc[8fa7c3cbc660c2b3]::rust_begin_unwind
[INFO] [stdout]   10:     0x5fdfe5e43ebc - core[df12db4294e9bfd3]::panicking::panic_fmt
[INFO] [stdout]   11:     0x5fdfe5d0ee1b - <trybuild[10ed1e48f5a09448]::Runner>::run
[INFO] [stdout]   12:     0x5fdfe5d120b0 - <trybuild[10ed1e48f5a09448]::TestCases as core[df12db4294e9bfd3]::ops::drop::Drop>::drop
[INFO] [stdout]   13:     0x5fdfe5d088de - <tests[34feb101eb5ac9d1]::tests::{closure#0} as core[df12db4294e9bfd3]::ops::function::FnOnce<()>>::call_once
[INFO] [stdout]   14:     0x5fdfe5db0cfb - test[9d35eded1c95d3be]::__rust_begin_short_backtrace::<core[df12db4294e9bfd3]::result::Result<(), alloc[2182bb758b4b3781]::string::String>, fn() -> core[df12db4294e9bfd3]::result::Result<(), alloc[2182bb758b4b3781]::string::String>>
[INFO] [stdout]   15:     0x5fdfe5dbe365 - test[9d35eded1c95d3be]::run_test::{closure#0}
[INFO] [stdout]   16:     0x5fdfe5db7c24 - std[70759c8f55707aa4]::sys::backtrace::__rust_begin_short_backtrace::<test[9d35eded1c95d3be]::run_test::{closure#1}, ()>
[INFO] [stdout]   17:     0x5fdfe5dc14c2 - <std[70759c8f55707aa4]::thread::lifecycle::spawn_unchecked<test[9d35eded1c95d3be]::run_test::{closure#1}, ()>::{closure#1} as core[df12db4294e9bfd3]::ops::function::FnOnce<()>>::call_once::{shim:vtable#0}
[INFO] [stdout]   18:     0x5fdfe5e2c379 - <std[70759c8f55707aa4]::sys::thread::unix::Thread>::new::thread_start
[INFO] [stdout]   19:     0x77889c34fdfa - <unknown>
[INFO] [stdout]   20:     0x77889c3e33d4 - clone
[INFO] [stdout]   21:                0x0 - <unknown>
[INFO] [stdout] 
[INFO] [stdout] 
[INFO] [stdout] failures:
[INFO] [stdout]     tests
[INFO] [stdout] 
[INFO] [stdout] test result: FAILED. 0 passed; 1 failed; 0 ignored; 0 measured; 0 filtered out; finished in 18.99s
[INFO] [stdout] 
[INFO] [stderr] error: test failed, to rerun pass `--test tests`
[INFO] running `Command { std: "docker" "inspect" "e0b626acb600b754c6eb2191215288c75b60bd0667ab0f4ce30c282fc55ec23a", kill_on_drop: false }`
[INFO] running `Command { std: "docker" "rm" "-f" "e0b626acb600b754c6eb2191215288c75b60bd0667ab0f4ce30c282fc55ec23a", kill_on_drop: false }`
[INFO] [stdout] e0b626acb600b754c6eb2191215288c75b60bd0667ab0f4ce30c282fc55ec23a
