[INFO] fetching crate prosa 0.5.1...
[INFO] testing prosa-0.5.1 against 1.100.0-beta.1+cargoflags=--release for beta-release-1.100-2
[INFO] extracting crate prosa 0.5.1 into /workspace/builds/worker-6-tc2/source
[INFO] started tweaking crates.io crate prosa 0.5.1
[INFO] removed 0 missing examples
[INFO] finished tweaking crates.io crate prosa 0.5.1
[INFO] tweaked toml for crates.io crate prosa 0.5.1 written to /workspace/builds/worker-6-tc2/source/Cargo.toml
[INFO] validating manifest of crates.io crate prosa 0.5.1 on toolchain 1.100.0-beta.1
[INFO] running `Command { std: CARGO_HOME="/workspace/cargo-home" RUSTUP_HOME="/workspace/rustup-home" "/workspace/cargo-home/bin/cargo" "+1.100.0-beta.1" "metadata" "--manifest-path" "Cargo.toml" "--no-deps", kill_on_drop: false }`
[INFO] crate crates.io crate prosa 0.5.1 already has a lockfile, it will not be regenerated
[INFO] running `Command { std: CARGO_HOME="/workspace/cargo-home" RUSTUP_HOME="/workspace/rustup-home" "/workspace/cargo-home/bin/cargo" "+1.100.0-beta.1" "fetch" "--manifest-path" "Cargo.toml", kill_on_drop: false }`
[INFO] running `Command { std: "docker" "create" "-v" "/var/lib/crater-agent-workspace/builds/worker-6-tc2/source:/opt/rustwide/workdir:ro,Z" "-v" "/var/lib/crater-agent-workspace/builds/worker-6-tc2/target:/opt/rustwide/target:rw,Z" "-v" "/var/lib/crater-agent-workspace/cargo-home:/opt/rustwide/cargo-home:ro,Z" "-v" "/var/lib/crater-agent-workspace/rustup-home:/opt/rustwide/rustup-home:ro,Z" "-m" "1610612736" "--network" "none" "ghcr.io/rust-lang/crates-build-env/linux@sha256:77db811e55d90add9212f6832c23229e3de5f1c1f9905e8cb07319ea15df73ac" "sleep" "infinity", kill_on_drop: false }`
[INFO] [stdout] 905c319849cf3a992918b6ec037b36fd58a732e96e764dbb76fbb3d06719c972
[INFO] running `Command { std: "docker" "start" "905c319849cf3a992918b6ec037b36fd58a732e96e764dbb76fbb3d06719c972", kill_on_drop: false }`
[INFO] running `Command { std: "docker" "inspect" "905c319849cf3a992918b6ec037b36fd58a732e96e764dbb76fbb3d06719c972", kill_on_drop: false }`
[INFO] running `Command { std: "docker" "exec" "-e" "SOURCE_DIR=/opt/rustwide/workdir" "-e" "CARGO_HOME=/opt/rustwide/cargo-home" "-e" "RUSTUP_HOME=/opt/rustwide/rustup-home" "-e" "CARGO_TARGET_DIR=/opt/rustwide/target" "-w" "/opt/rustwide/workdir" "--user" "0:0" "905c319849cf3a992918b6ec037b36fd58a732e96e764dbb76fbb3d06719c972" "/opt/rustwide/cargo-home/bin/cargo" "+1.100.0-beta.1" "metadata" "--no-deps" "--format-version=1", kill_on_drop: false }`
[INFO] running `Command { std: "docker" "inspect" "905c319849cf3a992918b6ec037b36fd58a732e96e764dbb76fbb3d06719c972", kill_on_drop: false }`
[INFO] running `Command { std: "docker" "exec" "-e" "SOURCE_DIR=/opt/rustwide/workdir" "-e" "CARGO_HOME=/opt/rustwide/cargo-home" "-e" "RUSTUP_HOME=/opt/rustwide/rustup-home" "-e" "CARGO_TARGET_DIR=/opt/rustwide/target" "-e" "CARGO_INCREMENTAL=0" "-e" "RUST_BACKTRACE=full" "-e" "RUSTFLAGS=--cap-lints=warn" "-e" "RUSTDOCFLAGS=--cap-lints=warn" "-w" "/opt/rustwide/workdir" "--user" "0:0" "905c319849cf3a992918b6ec037b36fd58a732e96e764dbb76fbb3d06719c972" "/opt/rustwide/cargo-home/bin/cargo" "+1.100.0-beta.1" "build" "--frozen" "--message-format=json" "--release", kill_on_drop: false }`
[INFO] [stderr]    Compiling quote v1.0.45
[INFO] [stderr]    Compiling log v0.4.32
[INFO] [stderr]    Compiling futures-core v0.3.32
[INFO] [stderr]    Compiling futures-sink v0.3.32
[INFO] [stderr]    Compiling memchr v2.8.2
[INFO] [stderr]    Compiling serde_core v1.0.228
[INFO] [stderr]    Compiling libc v0.2.186
[INFO] [stderr]    Compiling http v1.4.2
[INFO] [stderr]    Compiling parking_lot_core v0.9.12
[INFO] [stderr]    Compiling errno v0.3.14
[INFO] [stderr]    Compiling socket2 v0.6.4
[INFO] [stderr]    Compiling aws-lc-rs v1.17.0
[INFO] [stderr]    Compiling zerocopy v0.8.52
[INFO] [stderr]    Compiling signal-hook-registry v1.4.8
[INFO] [stderr]    Compiling rustls-pki-types v1.14.1
[INFO] [stderr]    Compiling bitflags v2.13.0
[INFO] [stderr]    Compiling sync_wrapper v1.0.2
[INFO] [stderr]    Compiling futures-channel v0.3.32
[INFO] [stderr]    Compiling anyhow v1.0.102
[INFO] [stderr]    Compiling either v1.16.0
[INFO] [stderr]    Compiling rustls v0.23.40
[INFO] [stderr]    Compiling mio v1.2.1
[INFO] [stderr]    Compiling form_urlencoded v1.2.2
[INFO] [stderr]    Compiling parking_lot v0.12.5
[INFO] [stderr]    Compiling openssl-probe v0.2.1
[INFO] [stderr]    Compiling itertools v0.14.0
[INFO] [stderr]    Compiling regex-automata v0.4.14
[INFO] [stderr]    Compiling syn v2.0.117
[INFO] [stderr]    Compiling tracing-log v0.2.0
[INFO] [stderr]    Compiling winnow v1.0.3
[INFO] [stderr]    Compiling inotify-sys v0.1.8
[INFO] [stderr]    Compiling rustls-native-certs v0.8.4
[INFO] [stderr]    Compiling foreign-types-shared v0.1.1
[INFO] [stderr]    Compiling prometheus v0.14.0
[INFO] [stderr]    Compiling openssl v0.10.81
[INFO] [stderr]    Compiling getrandom v0.4.2
[INFO] [stderr]    Compiling const-hex v1.19.1
[INFO] [stderr]    Compiling foreign-types v0.3.2
[INFO] [stderr]    Compiling hashbrown v0.16.1
[INFO] [stderr]    Compiling num-traits v0.2.19
[INFO] [stderr]    Compiling bytemuck v1.25.0
[INFO] [stderr]    Compiling chrono v0.4.45
[INFO] [stderr]    Compiling jobserver v0.1.34
[INFO] [stderr]    Compiling http-body v1.0.1
[INFO] [stderr]    Compiling atomic v0.6.1
[INFO] [stderr]    Compiling http-body-util v0.1.3
[INFO] [stderr]    Compiling cc v1.2.64
[INFO] [stderr]    Compiling arraydeque v0.5.1
[INFO] [stderr]    Compiling unsafe-libyaml v0.2.11
[INFO] [stderr]    Compiling prosa-utils v0.5.1
[INFO] [stderr]    Compiling unicode-segmentation v1.13.3
[INFO] [stderr]    Compiling rlimit v0.11.0
[INFO] [stderr]    Compiling tokio-openssl v0.6.5
[INFO] [stderr]    Compiling toml_parser v1.1.2+spec-1.1.0
[INFO] [stderr]    Compiling uuid v1.23.3
[INFO] [stderr]    Compiling inotify v0.11.4
[INFO] [stderr]    Compiling syn v3.0.3
[INFO] [stderr]    Compiling hashlink v0.11.1
[INFO] [stderr]    Compiling convert_case v0.6.0
[INFO] [stderr]    Compiling notify-types v2.1.0
[INFO] [stderr]    Compiling yaml-rust2 v0.11.0
[INFO] [stderr]    Compiling glob v0.3.3
[INFO] [stderr]    Compiling toml_writer v1.1.1+spec-1.1.0
[INFO] [stderr]    Compiling winnow v0.7.15
[INFO] [stderr]    Compiling cmake v0.1.58
[INFO] [stderr]    Compiling hex v0.4.3
[INFO] [stderr]    Compiling base64 v0.13.1
[INFO] [stderr]    Compiling pathdiff v0.2.3
[INFO] [stderr]    Compiling notify v8.2.0
[INFO] [stderr]    Compiling aws-lc-sys v0.41.0
[INFO] [stderr]    Compiling openssl-sys v0.9.117
[INFO] [stderr]    Compiling serde_json v1.0.150
[INFO] [stderr]    Compiling serde_spanned v1.1.1
[INFO] [stderr]    Compiling matchers v0.2.0
[INFO] [stderr]    Compiling toml_datetime v1.1.1+spec-1.1.0
[INFO] [stderr]    Compiling toml_datetime v0.7.5+spec-1.1.0
[INFO] [stderr]    Compiling memory-stats v1.2.0
[INFO] [stderr]    Compiling toml v1.1.2+spec-1.1.0
[INFO] [stderr]    Compiling simple-mermaid v0.2.0
[INFO] [stderr]    Compiling ppv-lite86 v0.2.21
[INFO] [stderr]    Compiling rand_chacha v0.9.0
[INFO] [stderr]    Compiling toml v0.9.12+spec-1.1.0
[INFO] [stderr]    Compiling synstructure v0.13.2
[INFO] [stderr]    Compiling rand v0.9.4
[INFO] [stderr]    Compiling prosa-macros v0.5.0
[INFO] [stderr]    Compiling config v0.15.23
[INFO] [stderr]    Compiling tokio-macros v2.7.0
[INFO] [stderr]    Compiling tracing-attributes v0.1.31
[INFO] [stderr]    Compiling zerofrom-derive v0.1.7
[INFO] [stderr]    Compiling yoke-derive v0.8.2
[INFO] [stderr]    Compiling futures-macro v0.3.32
[INFO] [stderr]    Compiling zerovec-derive v0.11.3
[INFO] [stderr]    Compiling displaydoc v0.2.6
[INFO] [stderr]    Compiling thiserror-impl v2.0.18
[INFO] [stderr]    Compiling serde_derive v1.0.228
[INFO] [stderr]    Compiling prost-derive v0.14.4
[INFO] [stderr]    Compiling pin-project-internal v1.1.13
[INFO] [stderr]    Compiling tokio v1.52.3
[INFO] [stderr]    Compiling async-trait v0.1.89
[INFO] [stderr]    Compiling openssl-macros v0.1.1
[INFO] [stderr]    Compiling futures-util v0.3.32
[INFO] [stderr]    Compiling thiserror-impl v1.0.69
[INFO] [stderr]    Compiling zerofrom v0.1.8
[INFO] [stderr]    Compiling pin-project v1.1.13
[INFO] [stderr]    Compiling yoke v0.8.3
[INFO] [stderr]    Compiling tracing v0.1.44
[INFO] [stderr]    Compiling tracing-subscriber v0.3.23
[INFO] [stderr]    Compiling zerovec v0.11.6
[INFO] [stderr]    Compiling thiserror v2.0.18
[INFO] [stderr]    Compiling zerotrie v0.2.4
[INFO] [stderr]    Compiling prost v0.14.4
[INFO] [stderr]    Compiling opentelemetry v0.32.0
[INFO] [stderr]    Compiling thiserror v1.0.69
[INFO] [stderr]    Compiling tinystr v0.8.3
[INFO] [stderr]    Compiling potential_utf v0.1.5
[INFO] [stderr]    Compiling prost-types v0.14.4
[INFO] [stderr]    Compiling icu_collections v2.2.0
[INFO] [stderr]    Compiling icu_locale_core v2.2.0
[INFO] [stderr]    Compiling icu_provider v2.2.0
[INFO] [stderr]    Compiling serde v1.0.228
[INFO] [stderr]    Compiling icu_normalizer v2.2.0
[INFO] [stderr]    Compiling icu_properties v2.2.0
[INFO] [stderr]    Compiling tracing-opentelemetry v0.33.0
[INFO] [stderr]    Compiling opentelemetry-appender-tracing v0.32.0
[INFO] [stderr]    Compiling futures-executor v0.3.32
[INFO] [stderr]    Compiling serde_yaml v0.9.34+deprecated
[INFO] [stderr]    Compiling idna_adapter v1.2.2
[INFO] [stderr]    Compiling idna v1.1.0
[INFO] [stderr]    Compiling url v2.5.8
[INFO] [stderr]    Compiling tokio-util v0.7.18
[INFO] [stderr]    Compiling tokio-stream v0.1.18
[INFO] [stderr]    Compiling async-http-proxy v1.2.5
[INFO] [stderr]    Compiling opentelemetry_sdk v0.32.1
[INFO] [stderr]    Compiling h2 v0.4.15
[INFO] [stderr]    Compiling tower v0.5.3
[INFO] [stderr]    Compiling tower-http v0.6.11
[INFO] [stderr]    Compiling hyper v1.10.1
[INFO] [stderr]    Compiling opentelemetry-prometheus v0.32.0
[INFO] [stderr]    Compiling opentelemetry-stdout v0.32.0
[INFO] [stderr]    Compiling hyper-util v0.1.20
[INFO] [stderr]    Compiling hyper-timeout v0.5.2
[INFO] [stderr]    Compiling tonic v0.14.6
[INFO] [stderr]    Compiling tonic-prost v0.14.6
[INFO] [stderr]    Compiling tonic-types v0.14.6
[INFO] [stderr]    Compiling opentelemetry-proto v0.32.0
[INFO] [stderr]    Compiling rustls-webpki v0.103.13
[INFO] [stderr]    Compiling tokio-rustls v0.26.4
[INFO] [stderr]    Compiling rustls-platform-verifier v0.7.0
[INFO] [stderr]    Compiling hyper-rustls v0.27.9
[INFO] [stderr]    Compiling reqwest v0.13.4
[INFO] [stderr]    Compiling opentelemetry-http v0.32.0
[INFO] [stderr]    Compiling opentelemetry-otlp v0.32.0
[INFO] [stderr]    Compiling prosa v0.5.1 (/opt/rustwide/workdir)
[INFO] [stderr]     Finished `release` profile [optimized] target(s) in 3m 18s
[INFO] running `Command { std: "docker" "inspect" "905c319849cf3a992918b6ec037b36fd58a732e96e764dbb76fbb3d06719c972", kill_on_drop: false }`
[INFO] running `Command { std: "docker" "exec" "-e" "SOURCE_DIR=/opt/rustwide/workdir" "-e" "CARGO_HOME=/opt/rustwide/cargo-home" "-e" "RUSTUP_HOME=/opt/rustwide/rustup-home" "-e" "CARGO_TARGET_DIR=/opt/rustwide/target" "-e" "CARGO_INCREMENTAL=0" "-e" "RUST_BACKTRACE=full" "-e" "RUSTFLAGS=--cap-lints=warn" "-e" "RUSTDOCFLAGS=--cap-lints=warn" "-w" "/opt/rustwide/workdir" "--user" "0:0" "905c319849cf3a992918b6ec037b36fd58a732e96e764dbb76fbb3d06719c972" "/opt/rustwide/cargo-home/bin/cargo" "+1.100.0-beta.1" "test" "--frozen" "--no-run" "--message-format=json" "--release", kill_on_drop: false }`
[INFO] [stderr]    Compiling prosa v0.5.1 (/opt/rustwide/workdir)
[INFO] [stderr]     Finished `release` profile [optimized] target(s) in 22.61s
[INFO] running `Command { std: "docker" "inspect" "905c319849cf3a992918b6ec037b36fd58a732e96e764dbb76fbb3d06719c972", kill_on_drop: false }`
[INFO] running `Command { std: "docker" "exec" "-e" "SOURCE_DIR=/opt/rustwide/workdir" "-e" "CARGO_HOME=/opt/rustwide/cargo-home" "-e" "RUSTUP_HOME=/opt/rustwide/rustup-home" "-e" "CARGO_TARGET_DIR=/opt/rustwide/target" "-e" "CARGO_INCREMENTAL=0" "-e" "RUST_BACKTRACE=full" "-e" "RUSTFLAGS=--cap-lints=warn" "-e" "RUSTDOCFLAGS=--cap-lints=warn" "-w" "/opt/rustwide/workdir" "--user" "0:0" "905c319849cf3a992918b6ec037b36fd58a732e96e764dbb76fbb3d06719c972" "/opt/rustwide/cargo-home/bin/cargo" "+1.100.0-beta.1" "test" "--frozen" "--release", kill_on_drop: false }`
[INFO] [stderr]     Finished `release` profile [optimized] target(s) in 0.29s
[INFO] [stderr]      Running unittests src/lib.rs (/opt/rustwide/target/release/build/prosa/9ac1fddac8a2aad7/out/prosa-9ac1fddac8a2aad7)
[INFO] [stdout] 
[INFO] [stdout] running 35 tests
[INFO] [stdout] test core::settings::tests::test_proc_config_hash_change ... ok
[INFO] [stdout] test event::pending::tests::test_with_capacity ... ok
[INFO] [stdout] test core::apn::tests::apn_call_unreachable_service ... ok
[INFO] [stdout] test core::settings::tests::test_settings ... ok
[INFO] [stdout] test core::proc::tests::test_proc_settings ... ok
[INFO] [stdout] test core::settings::tests::test_config_folder_is_loaded_recursively ... ok
[INFO] [stdout] test core::settings::tests::test_adaptor_config_change_is_proc_change ... ok
[INFO] [stdout] test io::listener::tests::listener_setting_needs_rebind ... ok
[INFO] [stdout] test io::listener::tests::listener_setting_set_alpn ... ok
[INFO] [stdout] test io::listener::tests::listener_setting_display_redacts_url_secrets ... ok
[INFO] [stdout] test io::stream::tests::target_setting_partial_eq ... ok
[INFO] [stdout] test io::stream::tests::target_setting_set_alpn ... ok
[INFO] [stdout] test io::stream::tests::target_settings_test ... ok
[INFO] [stdout] test io::listener::tests::listener_setting_partial_eq ... ok
[INFO] [stdout] test core::apn::tests::apn_happy_path ... ok
[INFO] [stdout] test core::settings::tests::test_reload_proc ... ok
[INFO] [stdout] test core::adaptor::tests::test_maybe_async ... ok
[INFO] [stdout] test io::tests::unix_client_server ... ok
[INFO] [stdout] test stub::adaptor::tests::stub_async_parot_reload_config_updates_sleep ... ok
[INFO] [stdout] test io::tests::tcp_client_server ... ok
[INFO] [stdout] test core::apn::tests::apn_call_timeout ... ok
[INFO] [stdout] test io::listener::tests::listener_setting_build_handshaker ... ok
[INFO] [stdout] test io::listener::tests::listener_turns_ssl_on_and_off_on_the_same_socket ... ok
[INFO] [stdout] test io::listener::tests::listener_setting_bind_raw_leaves_the_ssl_parameters_out ... ok
[INFO] [stdout] test io::listener::tests::listener_rotate_certificate_keeps_the_socket ... ok
[INFO] [stdout] test io::tests::ssl_client_server_with_config ... ok
[INFO] [stdout] test io::tests::ssl_client_public_with_config ... FAILED
[INFO] [stdout] test io::tests::openssl_client_server ... ok
[INFO] [stdout] test io::tests::openssl_client_server_raw ... ok
[INFO] [stdout] test io::listener::tests::listener_bound_raw_rotates_through_its_own_handshaker ... ok
[INFO] [stdout] test event::speed::tests::speed_test ... FAILED
[INFO] [stdout] test event::pending::tests::test_pending ... ok
[INFO] [stdout] test io::listener::tests::listener_rotate_certificate_serves_the_new_one ... ok
[INFO] [stdout] test event::speed::tests::regulator_test ... ok
[INFO] [stdout] test tests::prosa ... ok
[INFO] [stdout] 
[INFO] [stdout] failures:
[INFO] [stdout] 
[INFO] [stdout] ---- io::tests::ssl_client_public_with_config stdout ----
[INFO] [stdout] Error: Custom { kind: Uncategorized, error: "failed to lookup address information: Temporary failure in name resolution" }
[INFO] [stdout] 
[INFO] [stdout] ---- event::speed::tests::speed_test stdout ----
[INFO] [stdout] 
[INFO] [stdout] thread 'event::speed::tests::speed_test' (4384) panicked at src/event/speed.rs:377:9:
[INFO] [stdout] Next duration: 25 <= 17 < 44
[INFO] [stdout] stack backtrace:
[INFO] [stdout]    0:     0x609586132f41 - <<std[617be2ca0a6fd877]::sys::backtrace::BacktraceLock>::print::DisplayBacktrace as core[a373ad73a504971]::fmt::Display>::fmt
[INFO] [stdout]    1:     0x60958614cd8a - core[a373ad73a504971]::fmt::write
[INFO] [stdout]    2:     0x6095861385fc - <alloc[2e1b2a31b91974c5]::vec::Vec<u8> as core[a373ad73a504971]::io::write::Write>::write_fmt
[INFO] [stdout]    3:     0x60958610a8d6 - std[617be2ca0a6fd877]::panicking::default_hook::{closure#0}
[INFO] [stdout]    4:     0x609586128bb9 - std[617be2ca0a6fd877]::panicking::default_hook
[INFO] [stdout]    5:     0x609585a837d0 - test[aada8e7e76ba119b]::test_main_inner::{closure#0}
[INFO] [stdout]    6:     0x609586128ee2 - std[617be2ca0a6fd877]::panicking::panic_with_hook
[INFO] [stdout]    7:     0x60958610a982 - std[617be2ca0a6fd877]::panicking::panic_handler::{closure#0}
[INFO] [stdout]    8:     0x609586103269 - std[617be2ca0a6fd877]::sys::backtrace::__rust_end_short_backtrace::<std[617be2ca0a6fd877]::panicking::panic_handler::{closure#0}, !>
[INFO] [stdout]    9:     0x60958610b77d - __rustc[ea4f61d10b84890b]::rust_begin_unwind
[INFO] [stdout]   10:     0x60958614d52c - core[a373ad73a504971]::panicking::panic_fmt
[INFO] [stdout]   11:     0x6095859ae16e - prosa[ed043046aa9bb561]::event::speed::tests::speed_test::{closure#0}
[INFO] [stdout]   12:     0x609585999333 - <tokio[1f34dced4614ab5f]::runtime::scheduler::current_thread::Context>::enter::<core[a373ad73a504971]::task::poll::Poll<()>, <tokio[1f34dced4614ab5f]::runtime::scheduler::current_thread::CoreGuard>::block_on<core[a373ad73a504971]::pin::Pin<&mut core[a373ad73a504971]::pin::Pin<&mut dyn core[a373ad73a504971]::future::future::Future<Output = ()>>>>::{closure#0}::{closure#0}>
[INFO] [stdout]   13:     0x6095859b182c - <tokio[1f34dced4614ab5f]::runtime::context::scoped::Scoped<tokio[1f34dced4614ab5f]::runtime::scheduler::Context>>::set::<<tokio[1f34dced4614ab5f]::runtime::scheduler::current_thread::CoreGuard>::enter<<tokio[1f34dced4614ab5f]::runtime::scheduler::current_thread::CoreGuard>::block_on<core[a373ad73a504971]::pin::Pin<&mut core[a373ad73a504971]::pin::Pin<&mut dyn core[a373ad73a504971]::future::future::Future<Output = ()>>>>::{closure#0}, core[a373ad73a504971]::option::Option<()>>::{closure#0}, (alloc[2e1b2a31b91974c5]::boxed::Box<tokio[1f34dced4614ab5f]::runtime::scheduler::current_thread::Core>, core[a373ad73a504971]::option::Option<()>)>
[INFO] [stdout]   14:     0x60958599a277 - <tokio[1f34dced4614ab5f]::runtime::scheduler::current_thread::CoreGuard>::block_on::<core[a373ad73a504971]::pin::Pin<&mut core[a373ad73a504971]::pin::Pin<&mut dyn core[a373ad73a504971]::future::future::Future<Output = ()>>>>
[INFO] [stdout]   15:     0x6095859bada7 - tokio[1f34dced4614ab5f]::runtime::context::runtime::enter_runtime::<<tokio[1f34dced4614ab5f]::runtime::scheduler::current_thread::CurrentThread>::block_on<core[a373ad73a504971]::pin::Pin<&mut dyn core[a373ad73a504971]::future::future::Future<Output = ()>>>::{closure#0}, ()>
[INFO] [stdout]   16:     0x6095859cce15 - <tokio[1f34dced4614ab5f]::runtime::runtime::Runtime>::block_on::<core[a373ad73a504971]::pin::Pin<&mut dyn core[a373ad73a504971]::future::future::Future<Output = ()>>>
[INFO] [stdout]   17:     0x6095859b116e - <prosa[ed043046aa9bb561]::event::speed::tests::speed_test::{closure#0} as core[a373ad73a504971]::ops::function::FnOnce<()>>::call_once
[INFO] [stdout]   18:     0x609585a76c1b - test[aada8e7e76ba119b]::__rust_begin_short_backtrace::<core[a373ad73a504971]::result::Result<(), alloc[2e1b2a31b91974c5]::string::String>, fn() -> core[a373ad73a504971]::result::Result<(), alloc[2e1b2a31b91974c5]::string::String>>
[INFO] [stdout]   19:     0x609585a83df5 - test[aada8e7e76ba119b]::run_test::{closure#0}
[INFO] [stdout]   20:     0x609585a7d6e4 - std[617be2ca0a6fd877]::sys::backtrace::__rust_begin_short_backtrace::<test[aada8e7e76ba119b]::run_test::{closure#1}, ()>
[INFO] [stdout]   21:     0x609585a86e82 - <std[617be2ca0a6fd877]::thread::lifecycle::spawn_unchecked<test[aada8e7e76ba119b]::run_test::{closure#1}, ()>::{closure#1} as core[a373ad73a504971]::ops::function::FnOnce<()>>::call_once::{shim:vtable#0}
[INFO] [stdout]   22:     0x6095861314ef - <std[617be2ca0a6fd877]::sys::thread::unix::Thread>::new::thread_start
[INFO] [stdout]   23:     0x7eb007d68dfa - <unknown>
[INFO] [stdout]   24:     0x7eb007dfc3d4 - clone
[INFO] [stdout]   25:                0x0 - <unknown>
[INFO] [stdout] 
[INFO] [stdout] 
[INFO] [stdout] failures:
[INFO] [stdout]     event::speed::tests::speed_test
[INFO] [stdout]     io::tests::ssl_client_public_with_config
[INFO] [stdout] 
[INFO] [stdout] test result: FAILED. 33 passed; 2 failed; 0 ignored; 0 measured; 0 filtered out; finished in 5.03s
[INFO] [stdout] 
[INFO] [stderr] error: test failed, to rerun pass `--lib`
[INFO] running `Command { std: "docker" "inspect" "905c319849cf3a992918b6ec037b36fd58a732e96e764dbb76fbb3d06719c972", kill_on_drop: false }`
[INFO] running `Command { std: "docker" "rm" "-f" "905c319849cf3a992918b6ec037b36fd58a732e96e764dbb76fbb3d06719c972", kill_on_drop: false }`
[INFO] [stdout] 905c319849cf3a992918b6ec037b36fd58a732e96e764dbb76fbb3d06719c972
