[INFO] fetching crate proplate-core 0.5.1...
[INFO] testing proplate-core-0.5.1 against 1.100.0-beta.1+cargoflags=--release for beta-release-1.100-2
[INFO] extracting crate proplate-core 0.5.1 into /workspace/builds/worker-0-tc2/source
[INFO] started tweaking crates.io crate proplate-core 0.5.1
[INFO] finished tweaking crates.io crate proplate-core 0.5.1
[INFO] tweaked toml for crates.io crate proplate-core 0.5.1 written to /workspace/builds/worker-0-tc2/source/Cargo.toml
[INFO] validating manifest of crates.io crate proplate-core 0.5.1 on toolchain 1.100.0-beta.1
[INFO] running `Command { std: CARGO_HOME="/workspace/cargo-home" RUSTUP_HOME="/workspace/rustup-home" "/workspace/cargo-home/bin/cargo" "+1.100.0-beta.1" "metadata" "--manifest-path" "Cargo.toml" "--no-deps", kill_on_drop: false }`
[INFO] running `Command { std: CARGO_HOME="/workspace/cargo-home" RUSTUP_HOME="/workspace/rustup-home" "/workspace/cargo-home/bin/cargo" "+1.100.0-beta.1" "generate-lockfile" "--manifest-path" "Cargo.toml", kill_on_drop: false }`
[INFO] [stderr]     Updating crates.io index
[INFO] [stderr]      Locking 82 packages to highest compatible versions
[INFO] [stderr]       Adding inquire v0.6.2 (available: v0.9.4)
[INFO] running `Command { std: CARGO_HOME="/workspace/cargo-home" RUSTUP_HOME="/workspace/rustup-home" "/workspace/cargo-home/bin/cargo" "+1.100.0-beta.1" "fetch" "--manifest-path" "Cargo.toml", kill_on_drop: false }`
[INFO] running `Command { std: "docker" "create" "-v" "/var/lib/crater-agent-workspace/builds/worker-0-tc2/source:/opt/rustwide/workdir:ro,Z" "-v" "/var/lib/crater-agent-workspace/builds/worker-0-tc2/target:/opt/rustwide/target:rw,Z" "-v" "/var/lib/crater-agent-workspace/cargo-home:/opt/rustwide/cargo-home:ro,Z" "-v" "/var/lib/crater-agent-workspace/rustup-home:/opt/rustwide/rustup-home:ro,Z" "-m" "1610612736" "--network" "none" "ghcr.io/rust-lang/crates-build-env/linux@sha256:77db811e55d90add9212f6832c23229e3de5f1c1f9905e8cb07319ea15df73ac" "sleep" "infinity", kill_on_drop: false }`
[INFO] [stdout] d4032b7affa038a8c07bd9919a6066e745af0b53ed0396f520454387a2094ce5
[INFO] running `Command { std: "docker" "start" "d4032b7affa038a8c07bd9919a6066e745af0b53ed0396f520454387a2094ce5", kill_on_drop: false }`
[INFO] running `Command { std: "docker" "inspect" "d4032b7affa038a8c07bd9919a6066e745af0b53ed0396f520454387a2094ce5", kill_on_drop: false }`
[INFO] running `Command { std: "docker" "exec" "-e" "SOURCE_DIR=/opt/rustwide/workdir" "-e" "CARGO_HOME=/opt/rustwide/cargo-home" "-e" "RUSTUP_HOME=/opt/rustwide/rustup-home" "-e" "CARGO_TARGET_DIR=/opt/rustwide/target" "-w" "/opt/rustwide/workdir" "--user" "0:0" "d4032b7affa038a8c07bd9919a6066e745af0b53ed0396f520454387a2094ce5" "/opt/rustwide/cargo-home/bin/cargo" "+1.100.0-beta.1" "metadata" "--no-deps" "--format-version=1", kill_on_drop: false }`
[INFO] running `Command { std: "docker" "inspect" "d4032b7affa038a8c07bd9919a6066e745af0b53ed0396f520454387a2094ce5", kill_on_drop: false }`
[INFO] running `Command { std: "docker" "exec" "-e" "SOURCE_DIR=/opt/rustwide/workdir" "-e" "CARGO_HOME=/opt/rustwide/cargo-home" "-e" "RUSTUP_HOME=/opt/rustwide/rustup-home" "-e" "CARGO_TARGET_DIR=/opt/rustwide/target" "-e" "CARGO_INCREMENTAL=0" "-e" "RUST_BACKTRACE=full" "-e" "RUSTFLAGS=--cap-lints=warn" "-e" "RUSTDOCFLAGS=--cap-lints=warn" "-w" "/opt/rustwide/workdir" "--user" "0:0" "d4032b7affa038a8c07bd9919a6066e745af0b53ed0396f520454387a2094ce5" "/opt/rustwide/cargo-home/bin/cargo" "+1.100.0-beta.1" "build" "--frozen" "--message-format=json" "--release", kill_on_drop: false }`
[INFO] [stderr]    Compiling signal-hook v0.3.18
[INFO] [stderr]    Compiling serde_core v1.0.229
[INFO] [stderr]    Compiling getrandom v0.4.3
[INFO] [stderr]    Compiling rand_core v0.10.1
[INFO] [stderr]    Compiling errno v0.3.14
[INFO] [stderr]    Compiling smallvec v1.16.3
[INFO] [stderr]    Compiling mio v0.8.11
[INFO] [stderr]    Compiling cpufeatures v0.3.1
[INFO] [stderr]    Compiling signal-hook-registry v1.4.8
[INFO] [stderr]    Compiling owo-colors v3.5.0
[INFO] [stderr]    Compiling syn v3.0.9
[INFO] [stderr]    Compiling owo-colors v4.4.0
[INFO] [stderr]    Compiling parking_lot_core v0.9.12
[INFO] [stderr]    Compiling chacha20 v0.10.2
[INFO] [stderr]    Compiling parking_lot v0.12.5
[INFO] [stderr]    Compiling signal-hook-mio v0.2.5
[INFO] [stderr]    Compiling serde_json v1.0.154
[INFO] [stderr]    Compiling unicode-segmentation v1.13.3
[INFO] [stderr]    Compiling proplate-tui v0.3.1
[INFO] [stderr]    Compiling bitflags v1.3.2
[INFO] [stderr]    Compiling crossterm v0.25.0
[INFO] [stderr]    Compiling rand v0.10.3
[INFO] [stderr]    Compiling unicode-width v0.1.14
[INFO] [stderr]    Compiling newline-converter v0.2.2
[INFO] [stderr]    Compiling proplate-errors v0.4.0
[INFO] [stderr]    Compiling dyn-clone v1.0.20
[INFO] [stderr]    Compiling proplate-integration v0.3.1
[INFO] [stderr]    Compiling inquire v0.6.2
[INFO] [stderr]    Compiling uuid v1.28.0
[INFO] [stderr]    Compiling serde_derive v1.0.229
[INFO] [stderr]    Compiling serde v1.0.229
[INFO] [stderr]    Compiling proplate-core v0.5.1 (/opt/rustwide/workdir)
[INFO] [stderr]     Finished `release` profile [optimized] target(s) in 30.42s
[INFO] running `Command { std: "docker" "inspect" "d4032b7affa038a8c07bd9919a6066e745af0b53ed0396f520454387a2094ce5", kill_on_drop: false }`
[INFO] running `Command { std: "docker" "exec" "-e" "SOURCE_DIR=/opt/rustwide/workdir" "-e" "CARGO_HOME=/opt/rustwide/cargo-home" "-e" "RUSTUP_HOME=/opt/rustwide/rustup-home" "-e" "CARGO_TARGET_DIR=/opt/rustwide/target" "-e" "CARGO_INCREMENTAL=0" "-e" "RUST_BACKTRACE=full" "-e" "RUSTFLAGS=--cap-lints=warn" "-e" "RUSTDOCFLAGS=--cap-lints=warn" "-w" "/opt/rustwide/workdir" "--user" "0:0" "d4032b7affa038a8c07bd9919a6066e745af0b53ed0396f520454387a2094ce5" "/opt/rustwide/cargo-home/bin/cargo" "+1.100.0-beta.1" "test" "--frozen" "--no-run" "--message-format=json" "--release", kill_on_drop: false }`
[INFO] [stderr]    Compiling proplate-core v0.5.1 (/opt/rustwide/workdir)
[INFO] [stderr]     Finished `release` profile [optimized] target(s) in 5.18s
[INFO] running `Command { std: "docker" "inspect" "d4032b7affa038a8c07bd9919a6066e745af0b53ed0396f520454387a2094ce5", kill_on_drop: false }`
[INFO] running `Command { std: "docker" "exec" "-e" "SOURCE_DIR=/opt/rustwide/workdir" "-e" "CARGO_HOME=/opt/rustwide/cargo-home" "-e" "RUSTUP_HOME=/opt/rustwide/rustup-home" "-e" "CARGO_TARGET_DIR=/opt/rustwide/target" "-e" "CARGO_INCREMENTAL=0" "-e" "RUST_BACKTRACE=full" "-e" "RUSTFLAGS=--cap-lints=warn" "-e" "RUSTDOCFLAGS=--cap-lints=warn" "-w" "/opt/rustwide/workdir" "--user" "0:0" "d4032b7affa038a8c07bd9919a6066e745af0b53ed0396f520454387a2094ce5" "/opt/rustwide/cargo-home/bin/cargo" "+1.100.0-beta.1" "test" "--frozen" "--release", kill_on_drop: false }`
[INFO] [stderr]     Finished `release` profile [optimized] target(s) in 0.10s
[INFO] [stderr]      Running unittests src/lib.rs (/opt/rustwide/target/release/build/proplate-core/b7e160dbf53b343f/out/proplate_core-b7e160dbf53b343f)
[INFO] [stdout] 
[INFO] [stdout] running 9 tests
[INFO] [stdout] test tests::gen_test::additional_ops::copy_dir ... FAILED
[INFO] [stdout] test tests::gen_test::additional_ops::unlicensed ... FAILED
[INFO] [stdout] test tests::gen_test::dynamic_files::recursive_dyn_file ... FAILED
[INFO] [stdout] test tests::gen_test::exclude_files::ban ... FAILED
[INFO] [stdout] test tests::gen_test::additional_ops::bsd_2_clause ... FAILED
[INFO] [stdout] test tests::gen_test::additional_ops::mit ... FAILED
[INFO] [stdout] test tests::gen_test::dynamic_files::empty_dyn_file ... FAILED
[INFO] [stdout] test tests::gen_test::dynamic_files::select_both ... FAILED
[INFO] [stdout] test tests::gen_test::dynamic_files::only_pkg ... FAILED
[INFO] [stdout] 
[INFO] [stdout] failures:
[INFO] [stdout] 
[INFO] [stdout] ---- tests::gen_test::additional_ops::copy_dir stdout ----
[INFO] [stdout] 
[INFO] [stdout] thread 'tests::gen_test::additional_ops::copy_dir' (629) panicked at src/tests.rs:63:7:
[INFO] [stdout] [31m
[INFO] [stdout] Error: `Template`
[INFO] [stdout] template '/opt/rustwide/workdir/fixtures/additional_ops/copy-dir' cannot be found
[INFO] [stdout] 
[INFO] [stdout] Ctx: [1mtemplate:clone[0m[31m
[INFO] [stdout] 
[INFO] [stdout] Cause:
[INFO] [stdout] The location is neither a local nor a git repo[39m[39m: 63:51
[INFO] [stdout] stack backtrace:
[INFO] [stdout]    0:     0x629402838c71 - <<std[617be2ca0a6fd877]::sys::backtrace::BacktraceLock>::print::DisplayBacktrace as core[a373ad73a504971]::fmt::Display>::fmt
[INFO] [stdout]    1:     0x62940284e73a - core[a373ad73a504971]::fmt::write
[INFO] [stdout]    2:     0x62940283d17c - <alloc[2e1b2a31b91974c5]::vec::Vec<u8> as core[a373ad73a504971]::io::write::Write>::write_fmt
[INFO] [stdout]    3:     0x629402812036 - std[617be2ca0a6fd877]::panicking::default_hook::{closure#0}
[INFO] [stdout]    4:     0x62940282f619 - std[617be2ca0a6fd877]::panicking::default_hook
[INFO] [stdout]    5:     0x6294026ffb30 - test[aada8e7e76ba119b]::test_main_inner::{closure#0}
[INFO] [stdout]    6:     0x62940282f7d2 - std[617be2ca0a6fd877]::panicking::panic_with_hook
[INFO] [stdout]    7:     0x6294028120e2 - std[617be2ca0a6fd877]::panicking::panic_handler::{closure#0}
[INFO] [stdout]    8:     0x62940280aaa9 - std[617be2ca0a6fd877]::sys::backtrace::__rust_end_short_backtrace::<std[617be2ca0a6fd877]::panicking::panic_handler::{closure#0}, !>
[INFO] [stdout]    9:     0x629402812ced - __rustc[ea4f61d10b84890b]::rust_begin_unwind
[INFO] [stdout]   10:     0x62940284ef1c - core[a373ad73a504971]::panicking::panic_fmt
[INFO] [stdout]   11:     0x6294026d9a89 - proplate_core[40a3e88ba8e5366d]::tests::run_isolated_test::<proplate_core[40a3e88ba8e5366d]::tests::gen_test::additional_ops::copy_dir::{closure#0}>
[INFO] [stdout]   12:     0x6294026decde - <proplate_core[40a3e88ba8e5366d]::tests::gen_test::additional_ops::copy_dir::{closure#0} as core[a373ad73a504971]::ops::function::FnOnce<()>>::call_once
[INFO] [stdout]   13:     0x6294026f2f7b - test[aada8e7e76ba119b]::__rust_begin_short_backtrace::<core[a373ad73a504971]::result::Result<(), alloc[2e1b2a31b91974c5]::string::String>, fn() -> core[a373ad73a504971]::result::Result<(), alloc[2e1b2a31b91974c5]::string::String>>
[INFO] [stdout]   14:     0x629402700155 - test[aada8e7e76ba119b]::run_test::{closure#0}
[INFO] [stdout]   15:     0x6294026f9a44 - std[617be2ca0a6fd877]::sys::backtrace::__rust_begin_short_backtrace::<test[aada8e7e76ba119b]::run_test::{closure#1}, ()>
[INFO] [stdout]   16:     0x6294027031e2 - <std[617be2ca0a6fd877]::thread::lifecycle::spawn_unchecked<test[aada8e7e76ba119b]::run_test::{closure#1}, ()>::{closure#1} as core[a373ad73a504971]::ops::function::FnOnce<()>>::call_once::{shim:vtable#0}
[INFO] [stdout]   17:     0x629402837ecf - <std[617be2ca0a6fd877]::sys::thread::unix::Thread>::new::thread_start
[INFO] [stdout]   18:     0x740a1cac7dfa - <unknown>
[INFO] [stdout]   19:     0x740a1cb5b3d4 - clone
[INFO] [stdout]   20:                0x0 - <unknown>
[INFO] [stdout] 
[INFO] [stdout] ---- tests::gen_test::additional_ops::unlicensed stdout ----
[INFO] [stdout] 
[INFO] [stdout] thread 'tests::gen_test::additional_ops::unlicensed' (631) panicked at src/tests.rs:63:7:
[INFO] [stdout] [31m
[INFO] [stdout] Error: `Template`
[INFO] [stdout] template '/opt/rustwide/workdir/fixtures/additional_ops/conditional-license' cannot be found
[INFO] [stdout] 
[INFO] [stdout] Ctx: [1mtemplate:clone[0m[31m
[INFO] [stdout] 
[INFO] [stdout] Cause:
[INFO] [stdout] The location is neither a local nor a git repo[39m[39m: 63:51
[INFO] [stdout] stack backtrace:
[INFO] [stdout]    0:     0x629402838c71 - <<std[617be2ca0a6fd877]::sys::backtrace::BacktraceLock>::print::DisplayBacktrace as core[a373ad73a504971]::fmt::Display>::fmt
[INFO] [stdout]    1:     0x62940284e73a - core[a373ad73a504971]::fmt::write
[INFO] [stdout]    2:     0x62940283d17c - <alloc[2e1b2a31b91974c5]::vec::Vec<u8> as core[a373ad73a504971]::io::write::Write>::write_fmt
[INFO] [stdout]    3:     0x629402812036 - std[617be2ca0a6fd877]::panicking::default_hook::{closure#0}
[INFO] [stdout]    4:     0x62940282f619 - std[617be2ca0a6fd877]::panicking::default_hook
[INFO] [stdout]    5:     0x6294026ffb30 - test[aada8e7e76ba119b]::test_main_inner::{closure#0}
[INFO] [stdout]    6:     0x62940282f7d2 - std[617be2ca0a6fd877]::panicking::panic_with_hook
[INFO] [stdout]    7:     0x6294028120e2 - std[617be2ca0a6fd877]::panicking::panic_handler::{closure#0}
[INFO] [stdout]    8:     0x62940280aaa9 - std[617be2ca0a6fd877]::sys::backtrace::__rust_end_short_backtrace::<std[617be2ca0a6fd877]::panicking::panic_handler::{closure#0}, !>
[INFO] [stdout]    9:     0x629402812ced - __rustc[ea4f61d10b84890b]::rust_begin_unwind
[INFO] [stdout]   10:     0x62940284ef1c - core[a373ad73a504971]::panicking::panic_fmt
[INFO] [stdout]   11:     0x6294026d6f0f - proplate_core[40a3e88ba8e5366d]::tests::run_isolated_test::<proplate_core[40a3e88ba8e5366d]::tests::gen_test::additional_ops::unlicensed::{closure#0}>
[INFO] [stdout]   12:     0x6294026dec7b - <proplate_core[40a3e88ba8e5366d]::tests::gen_test::additional_ops::unlicensed::{closure#0} as core[a373ad73a504971]::ops::function::FnOnce<()>>::call_once
[INFO] [stdout]   13:     0x6294026f2f7b - test[aada8e7e76ba119b]::__rust_begin_short_backtrace::<core[a373ad73a504971]::result::Result<(), alloc[2e1b2a31b91974c5]::string::String>, fn() -> core[a373ad73a504971]::result::Result<(), alloc[2e1b2a31b91974c5]::string::String>>
[INFO] [stdout]   14:     0x629402700155 - test[aada8e7e76ba119b]::run_test::{closure#0}
[INFO] [stdout]   15:     0x6294026f9a44 - std[617be2ca0a6fd877]::sys::backtrace::__rust_begin_short_backtrace::<test[aada8e7e76ba119b]::run_test::{closure#1}, ()>
[INFO] [stdout]   16:     0x6294027031e2 - <std[617be2ca0a6fd877]::thread::lifecycle::spawn_unchecked<test[aada8e7e76ba119b]::run_test::{closure#1}, ()>::{closure#1} as core[a373ad73a504971]::ops::function::FnOnce<()>>::call_once::{shim:vtable#0}
[INFO] [stdout]   17:     0x629402837ecf - <std[617be2ca0a6fd877]::sys::thread::unix::Thread>::new::thread_start
[INFO] [stdout]   18:     0x740a1cac7dfa - <unknown>
[INFO] [stdout]   19:     0x740a1cb5b3d4 - clone
[INFO] [stdout]   20:                0x0 - <unknown>
[INFO] [stdout] 
[INFO] [stdout] ---- tests::gen_test::dynamic_files::recursive_dyn_file stdout ----
[INFO] [stdout] 
[INFO] [stdout] thread 'tests::gen_test::dynamic_files::recursive_dyn_file' (640) panicked at src/tests.rs:63:7:
[INFO] [stdout] [31m
[INFO] [stdout] Error: `Template`
[INFO] [stdout] template '/opt/rustwide/workdir/fixtures/dynamic_files/recursive-dyn-file' cannot be found
[INFO] [stdout] 
[INFO] [stdout] Ctx: [1mtemplate:clone[0m[31m
[INFO] [stdout] 
[INFO] [stdout] Cause:
[INFO] [stdout] The location is neither a local nor a git repo[39m[39m: 63:51
[INFO] [stdout] stack backtrace:
[INFO] [stdout]    0:     0x629402838c71 - <<std[617be2ca0a6fd877]::sys::backtrace::BacktraceLock>::print::DisplayBacktrace as core[a373ad73a504971]::fmt::Display>::fmt
[INFO] [stdout]    1:     0x62940284e73a - core[a373ad73a504971]::fmt::write
[INFO] [stdout]    2:     0x62940283d17c - <alloc[2e1b2a31b91974c5]::vec::Vec<u8> as core[a373ad73a504971]::io::write::Write>::write_fmt
[INFO] [stdout]    3:     0x629402812036 - std[617be2ca0a6fd877]::panicking::default_hook::{closure#0}
[INFO] [stdout]    4:     0x62940282f619 - std[617be2ca0a6fd877]::panicking::default_hook
[INFO] [stdout]    5:     0x6294026ffb30 - test[aada8e7e76ba119b]::test_main_inner::{closure#0}
[INFO] [stdout]    6:     0x62940282f7d2 - std[617be2ca0a6fd877]::panicking::panic_with_hook
[INFO] [stdout]    7:     0x6294028120e2 - std[617be2ca0a6fd877]::panicking::panic_handler::{closure#0}
[INFO] [stdout]    8:     0x62940280aaa9 - std[617be2ca0a6fd877]::sys::backtrace::__rust_end_short_backtrace::<std[617be2ca0a6fd877]::panicking::panic_handler::{closure#0}, !>
[INFO] [stdout]    9:     0x629402812ced - __rustc[ea4f61d10b84890b]::rust_begin_unwind
[INFO] [stdout]   10:     0x62940284ef1c - core[a373ad73a504971]::panicking::panic_fmt
[INFO] [stdout]   11:     0x6294026d446d - proplate_core[40a3e88ba8e5366d]::tests::run_isolated_test::<proplate_core[40a3e88ba8e5366d]::tests::gen_test::dynamic_files::recursive_dyn_file::{closure#0}>
[INFO] [stdout]   12:     0x6294026dec1b - <proplate_core[40a3e88ba8e5366d]::tests::gen_test::dynamic_files::recursive_dyn_file::{closure#0} as core[a373ad73a504971]::ops::function::FnOnce<()>>::call_once
[INFO] [stdout]   13:     0x6294026f2f7b - test[aada8e7e76ba119b]::__rust_begin_short_backtrace::<core[a373ad73a504971]::result::Result<(), alloc[2e1b2a31b91974c5]::string::String>, fn() -> core[a373ad73a504971]::result::Result<(), alloc[2e1b2a31b91974c5]::string::String>>
[INFO] [stdout]   14:     0x629402700155 - test[aada8e7e76ba119b]::run_test::{closure#0}
[INFO] [stdout]   15:     0x6294026f9a44 - std[617be2ca0a6fd877]::sys::backtrace::__rust_begin_short_backtrace::<test[aada8e7e76ba119b]::run_test::{closure#1}, ()>
[INFO] [stdout]   16:     0x6294027031e2 - <std[617be2ca0a6fd877]::thread::lifecycle::spawn_unchecked<test[aada8e7e76ba119b]::run_test::{closure#1}, ()>::{closure#1} as core[a373ad73a504971]::ops::function::FnOnce<()>>::call_once::{shim:vtable#0}
[INFO] [stdout]   17:     0x629402837ecf - <std[617be2ca0a6fd877]::sys::thread::unix::Thread>::new::thread_start
[INFO] [stdout]   18:     0x740a1cac7dfa - <unknown>
[INFO] [stdout]   19:     0x740a1cb5b3d4 - clone
[INFO] [stdout]   20:                0x0 - <unknown>
[INFO] [stdout] 
[INFO] [stdout] ---- tests::gen_test::exclude_files::ban stdout ----
[INFO] [stdout] 
[INFO] [stdout] thread 'tests::gen_test::exclude_files::ban' (651) panicked at src/tests.rs:63:7:
[INFO] [stdout] [31m
[INFO] [stdout] Error: `Template`
[INFO] [stdout] template '/opt/rustwide/workdir/fixtures/exclude_files/ban-node-modules' cannot be found
[INFO] [stdout] 
[INFO] [stdout] Ctx: [1mtemplate:clone[0m[31m
[INFO] [stdout] 
[INFO] [stdout] Cause:
[INFO] [stdout] The location is neither a local nor a git repo[39m[39m: 63:51
[INFO] [stdout] stack backtrace:
[INFO] [stdout]    0:     0x629402838c71 - <<std[617be2ca0a6fd877]::sys::backtrace::BacktraceLock>::print::DisplayBacktrace as core[a373ad73a504971]::fmt::Display>::fmt
[INFO] [stdout]    1:     0x62940284e73a - core[a373ad73a504971]::fmt::write
[INFO] [stdout]    2:     0x62940283d17c - <alloc[2e1b2a31b91974c5]::vec::Vec<u8> as core[a373ad73a504971]::io::write::Write>::write_fmt
[INFO] [stdout]    3:     0x629402812036 - std[617be2ca0a6fd877]::panicking::default_hook::{closure#0}
[INFO] [stdout]    4:     0x62940282f619 - std[617be2ca0a6fd877]::panicking::default_hook
[INFO] [stdout]    5:     0x6294026ffb30 - test[aada8e7e76ba119b]::test_main_inner::{closure#0}
[INFO] [stdout]    6:     0x62940282f7d2 - std[617be2ca0a6fd877]::panicking::panic_with_hook
[INFO] [stdout]    7:     0x6294028120e2 - std[617be2ca0a6fd877]::panicking::panic_handler::{closure#0}
[INFO] [stdout]    8:     0x62940280aaa9 - std[617be2ca0a6fd877]::sys::backtrace::__rust_end_short_backtrace::<std[617be2ca0a6fd877]::panicking::panic_handler::{closure#0}, !>
[INFO] [stdout]    9:     0x629402812ced - __rustc[ea4f61d10b84890b]::rust_begin_unwind
[INFO] [stdout]   10:     0x62940284ef1c - core[a373ad73a504971]::panicking::panic_fmt
[INFO] [stdout]   11:     0x6294026d607a - proplate_core[40a3e88ba8e5366d]::tests::run_isolated_test::<proplate_core[40a3e88ba8e5366d]::tests::gen_test::exclude_files::ban::{closure#0}>
[INFO] [stdout]   12:     0x6294026dec5b - <proplate_core[40a3e88ba8e5366d]::tests::gen_test::exclude_files::ban::{closure#0} as core[a373ad73a504971]::ops::function::FnOnce<()>>::call_once
[INFO] [stdout]   13:     0x6294026f2f7b - test[aada8e7e76ba119b]::__rust_begin_short_backtrace::<core[a373ad73a504971]::result::Result<(), alloc[2e1b2a31b91974c5]::string::String>, fn() -> core[a373ad73a504971]::result::Result<(), alloc[2e1b2a31b91974c5]::string::String>>
[INFO] [stdout]   14:     0x629402700155 - test[aada8e7e76ba119b]::run_test::{closure#0}
[INFO] [stdout]   15:     0x6294026f9a44 - std[617be2ca0a6fd877]::sys::backtrace::__rust_begin_short_backtrace::<test[aada8e7e76ba119b]::run_test::{closure#1}, ()>
[INFO] [stdout]   16:     0x6294027031e2 - <std[617be2ca0a6fd877]::thread::lifecycle::spawn_unchecked<test[aada8e7e76ba119b]::run_test::{closure#1}, ()>::{closure#1} as core[a373ad73a504971]::ops::function::FnOnce<()>>::call_once::{shim:vtable#0}
[INFO] [stdout]   17:     0x629402837ecf - <std[617be2ca0a6fd877]::sys::thread::unix::Thread>::new::thread_start
[INFO] [stdout]   18:     0x740a1cac7dfa - <unknown>
[INFO] [stdout]   19:     0x740a1cb5b3d4 - clone
[INFO] [stdout]   20:                0x0 - <unknown>
[INFO] [stdout] 
[INFO] [stdout] ---- tests::gen_test::additional_ops::bsd_2_clause stdout ----
[INFO] [stdout] 
[INFO] [stdout] thread 'tests::gen_test::additional_ops::bsd_2_clause' (628) panicked at src/tests.rs:63:7:
[INFO] [stdout] [31m
[INFO] [stdout] Error: `Template`
[INFO] [stdout] template '/opt/rustwide/workdir/fixtures/additional_ops/conditional-license' cannot be found
[INFO] [stdout] 
[INFO] [stdout] Ctx: [1mtemplate:clone[0m[31m
[INFO] [stdout] 
[INFO] [stdout] Cause:
[INFO] [stdout] The location is neither a local nor a git repo[39m[39m: 63:51
[INFO] [stdout] stack backtrace:
[INFO] [stdout]    0:     0x629402838c71 - <<std[617be2ca0a6fd877]::sys::backtrace::BacktraceLock>::print::DisplayBacktrace as core[a373ad73a504971]::fmt::Display>::fmt
[INFO] [stdout]    1:     0x62940284e73a - core[a373ad73a504971]::fmt::write
[INFO] [stdout]    2:     0x62940283d17c - <alloc[2e1b2a31b91974c5]::vec::Vec<u8> as core[a373ad73a504971]::io::write::Write>::write_fmt
[INFO] [stdout]    3:     0x629402812036 - std[617be2ca0a6fd877]::panicking::default_hook::{closure#0}
[INFO] [stdout]    4:     0x62940282f619 - std[617be2ca0a6fd877]::panicking::default_hook
[INFO] [stdout]    5:     0x6294026ffb30 - test[aada8e7e76ba119b]::test_main_inner::{closure#0}
[INFO] [stdout]    6:     0x62940282f7d2 - std[617be2ca0a6fd877]::panicking::panic_with_hook
[INFO] [stdout]    7:     0x6294028120e2 - std[617be2ca0a6fd877]::panicking::panic_handler::{closure#0}
[INFO] [stdout]    8:     0x62940280aaa9 - std[617be2ca0a6fd877]::sys::backtrace::__rust_end_short_backtrace::<std[617be2ca0a6fd877]::panicking::panic_handler::{closure#0}, !>
[INFO] [stdout]    9:     0x629402812ced - __rustc[ea4f61d10b84890b]::rust_begin_unwind
[INFO] [stdout]   10:     0x62940284ef1c - core[a373ad73a504971]::panicking::panic_fmt
[INFO] [stdout]   11:     0x6294026d7e81 - proplate_core[40a3e88ba8e5366d]::tests::run_isolated_test::<proplate_core[40a3e88ba8e5366d]::tests::gen_test::additional_ops::bsd_2_clause::{closure#0}>
[INFO] [stdout]   12:     0x6294026dec9b - <proplate_core[40a3e88ba8e5366d]::tests::gen_test::additional_ops::bsd_2_clause::{closure#0} as core[a373ad73a504971]::ops::function::FnOnce<()>>::call_once
[INFO] [stdout]   13:     0x6294026f2f7b - test[aada8e7e76ba119b]::__rust_begin_short_backtrace::<core[a373ad73a504971]::result::Result<(), alloc[2e1b2a31b91974c5]::string::String>, fn() -> core[a373ad73a504971]::result::Result<(), alloc[2e1b2a31b91974c5]::string::String>>
[INFO] [stdout]   14:     0x629402700155 - test[aada8e7e76ba119b]::run_test::{closure#0}
[INFO] [stdout]   15:     0x6294026f9a44 - std[617be2ca0a6fd877]::sys::backtrace::__rust_begin_short_backtrace::<test[aada8e7e76ba119b]::run_test::{closure#1}, ()>
[INFO] [stdout]   16:     0x6294027031e2 - <std[617be2ca0a6fd877]::thread::lifecycle::spawn_unchecked<test[aada8e7e76ba119b]::run_test::{closure#1}, ()>::{closure#1} as core[a373ad73a504971]::ops::function::FnOnce<()>>::call_once::{shim:vtable#0}
[INFO] [stdout]   17:     0x629402837ecf - <std[617be2ca0a6fd877]::sys::thread::unix::Thread>::new::thread_start
[INFO] [stdout]   18:     0x740a1cac7dfa - <unknown>
[INFO] [stdout]   19:     0x740a1cb5b3d4 - clone
[INFO] [stdout]   20:                0x0 - <unknown>
[INFO] [stdout] 
[INFO] [stdout] ---- tests::gen_test::additional_ops::mit stdout ----
[INFO] [stdout] 
[INFO] [stdout] thread 'tests::gen_test::additional_ops::mit' (630) panicked at src/tests.rs:63:7:
[INFO] [stdout] [31m
[INFO] [stdout] Error: `Template`
[INFO] [stdout] template '/opt/rustwide/workdir/fixtures/additional_ops/conditional-license' cannot be found
[INFO] [stdout] 
[INFO] [stdout] Ctx: [1mtemplate:clone[0m[31m
[INFO] [stdout] 
[INFO] [stdout] Cause:
[INFO] [stdout] The location is neither a local nor a git repo[39m[39m: 63:51
[INFO] [stdout] stack backtrace:
[INFO] [stdout]    0:     0x629402838c71 - <<std[617be2ca0a6fd877]::sys::backtrace::BacktraceLock>::print::DisplayBacktrace as core[a373ad73a504971]::fmt::Display>::fmt
[INFO] [stdout]    1:     0x62940284e73a - core[a373ad73a504971]::fmt::write
[INFO] [stdout]    2:     0x62940283d17c - <alloc[2e1b2a31b91974c5]::vec::Vec<u8> as core[a373ad73a504971]::io::write::Write>::write_fmt
[INFO] [stdout]    3:     0x629402812036 - std[617be2ca0a6fd877]::panicking::default_hook::{closure#0}
[INFO] [stdout]    4:     0x62940282f619 - std[617be2ca0a6fd877]::panicking::default_hook
[INFO] [stdout]    5:     0x6294026ffb30 - test[aada8e7e76ba119b]::test_main_inner::{closure#0}
[INFO] [stdout]    6:     0x62940282f7d2 - std[617be2ca0a6fd877]::panicking::panic_with_hook
[INFO] [stdout]    7:     0x6294028120e2 - std[617be2ca0a6fd877]::panicking::panic_handler::{closure#0}
[INFO] [stdout]    8:     0x62940280aaa9 - std[617be2ca0a6fd877]::sys::backtrace::__rust_end_short_backtrace::<std[617be2ca0a6fd877]::panicking::panic_handler::{closure#0}, !>
[INFO] [stdout]    9:     0x629402812ced - __rustc[ea4f61d10b84890b]::rust_begin_unwind
[INFO] [stdout]   10:     0x62940284ef1c - core[a373ad73a504971]::panicking::panic_fmt
[INFO] [stdout]   11:     0x6294026d8ddb - proplate_core[40a3e88ba8e5366d]::tests::run_isolated_test::<proplate_core[40a3e88ba8e5366d]::tests::gen_test::additional_ops::mit::{closure#0}>
[INFO] [stdout]   12:     0x6294026decbe - <proplate_core[40a3e88ba8e5366d]::tests::gen_test::additional_ops::mit::{closure#0} as core[a373ad73a504971]::ops::function::FnOnce<()>>::call_once
[INFO] [stdout]   13:     0x6294026f2f7b - test[aada8e7e76ba119b]::__rust_begin_short_backtrace::<core[a373ad73a504971]::result::Result<(), alloc[2e1b2a31b91974c5]::string::String>, fn() -> core[a373ad73a504971]::result::Result<(), alloc[2e1b2a31b91974c5]::string::String>>
[INFO] [stdout]   14:     0x629402700155 - test[aada8e7e76ba119b]::run_test::{closure#0}
[INFO] [stdout]   15:     0x6294026f9a44 - std[617be2ca0a6fd877]::sys::backtrace::__rust_begin_short_backtrace::<test[aada8e7e76ba119b]::run_test::{closure#1}, ()>
[INFO] [stdout]   16:     0x6294027031e2 - <std[617be2ca0a6fd877]::thread::lifecycle::spawn_unchecked<test[aada8e7e76ba119b]::run_test::{closure#1}, ()>::{closure#1} as core[a373ad73a504971]::ops::function::FnOnce<()>>::call_once::{shim:vtable#0}
[INFO] [stdout]   17:     0x629402837ecf - <std[617be2ca0a6fd877]::sys::thread::unix::Thread>::new::thread_start
[INFO] [stdout]   18:     0x740a1cac7dfa - <unknown>
[INFO] [stdout]   19:     0x740a1cb5b3d4 - clone
[INFO] [stdout]   20:                0x0 - <unknown>
[INFO] [stdout] 
[INFO] [stdout] ---- tests::gen_test::dynamic_files::empty_dyn_file stdout ----
[INFO] [stdout] 
[INFO] [stdout] thread 'tests::gen_test::dynamic_files::empty_dyn_file' (632) panicked at src/tests.rs:63:7:
[INFO] [stdout] [31m
[INFO] [stdout] Error: `Template`
[INFO] [stdout] template '/opt/rustwide/workdir/fixtures/dynamic_files/empty-dyn-file' cannot be found
[INFO] [stdout] 
[INFO] [stdout] Ctx: [1mtemplate:clone[0m[31m
[INFO] [stdout] 
[INFO] [stdout] Cause:
[INFO] [stdout] The location is neither a local nor a git repo[39m[39m: 63:51
[INFO] [stdout] stack backtrace:
[INFO] [stdout]    0:     0x629402838c71 - <<std[617be2ca0a6fd877]::sys::backtrace::BacktraceLock>::print::DisplayBacktrace as core[a373ad73a504971]::fmt::Display>::fmt
[INFO] [stdout]    1:     0x62940284e73a - core[a373ad73a504971]::fmt::write
[INFO] [stdout]    2:     0x62940283d17c - <alloc[2e1b2a31b91974c5]::vec::Vec<u8> as core[a373ad73a504971]::io::write::Write>::write_fmt
[INFO] [stdout]    3:     0x629402812036 - std[617be2ca0a6fd877]::panicking::default_hook::{closure#0}
[INFO] [stdout]    4:     0x62940282f619 - std[617be2ca0a6fd877]::panicking::default_hook
[INFO] [stdout]    5:     0x6294026ffb30 - test[aada8e7e76ba119b]::test_main_inner::{closure#0}
[INFO] [stdout]    6:     0x62940282f7d2 - std[617be2ca0a6fd877]::panicking::panic_with_hook
[INFO] [stdout]    7:     0x6294028120e2 - std[617be2ca0a6fd877]::panicking::panic_handler::{closure#0}
[INFO] [stdout]    8:     0x62940280aaa9 - std[617be2ca0a6fd877]::sys::backtrace::__rust_end_short_backtrace::<std[617be2ca0a6fd877]::panicking::panic_handler::{closure#0}, !>
[INFO] [stdout]    9:     0x629402812ced - __rustc[ea4f61d10b84890b]::rust_begin_unwind
[INFO] [stdout]   10:     0x62940284ef1c - core[a373ad73a504971]::panicking::panic_fmt
[INFO] [stdout]   11:     0x6294026d34d3 - proplate_core[40a3e88ba8e5366d]::tests::run_isolated_test::<proplate_core[40a3e88ba8e5366d]::tests::gen_test::dynamic_files::empty_dyn_file::{closure#0}>
[INFO] [stdout]   12:     0x6294026debfb - <proplate_core[40a3e88ba8e5366d]::tests::gen_test::dynamic_files::empty_dyn_file::{closure#0} as core[a373ad73a504971]::ops::function::FnOnce<()>>::call_once
[INFO] [stdout]   13:     0x6294026f2f7b - test[aada8e7e76ba119b]::__rust_begin_short_backtrace::<core[a373ad73a504971]::result::Result<(), alloc[2e1b2a31b91974c5]::string::String>, fn() -> core[a373ad73a504971]::result::Result<(), alloc[2e1b2a31b91974c5]::string::String>>
[INFO] [stdout]   14:     0x629402700155 - test[aada8e7e76ba119b]::run_test::{closure#0}
[INFO] [stdout]   15:     0x6294026f9a44 - std[617be2ca0a6fd877]::sys::backtrace::__rust_begin_short_backtrace::<test[aada8e7e76ba119b]::run_test::{closure#1}, ()>
[INFO] [stdout]   16:     0x6294027031e2 - <std[617be2ca0a6fd877]::thread::lifecycle::spawn_unchecked<test[aada8e7e76ba119b]::run_test::{closure#1}, ()>::{closure#1} as core[a373ad73a504971]::ops::function::FnOnce<()>>::call_once::{shim:vtable#0}
[INFO] [stdout]   17:     0x629402837ecf - <std[617be2ca0a6fd877]::sys::thread::unix::Thread>::new::thread_start
[INFO] [stdout]   18:     0x740a1cac7dfa - <unknown>
[INFO] [stdout]   19:     0x740a1cb5b3d4 - clone
[INFO] [stdout]   20:                0x0 - <unknown>
[INFO] [stdout] 
[INFO] [stdout] ---- tests::gen_test::dynamic_files::select_both stdout ----
[INFO] [stdout] 
[INFO] [stdout] thread 'tests::gen_test::dynamic_files::select_both' (641) panicked at src/tests.rs:63:7:
[INFO] [stdout] [31m
[INFO] [stdout] Error: `Template`
[INFO] [stdout] template '/opt/rustwide/workdir/fixtures/dynamic_files/select-both' cannot be found
[INFO] [stdout] 
[INFO] [stdout] Ctx: [1mtemplate:clone[0m[31m
[INFO] [stdout] 
[INFO] [stdout] Cause:
[INFO] [stdout] The location is neither a local nor a git repo[39m[39m: 63:51
[INFO] [stdout] stack backtrace:
[INFO] [stdout]    0:     0x629402838c71 - <<std[617be2ca0a6fd877]::sys::backtrace::BacktraceLock>::print::DisplayBacktrace as core[a373ad73a504971]::fmt::Display>::fmt
[INFO] [stdout]    1:     0x62940284e73a - core[a373ad73a504971]::fmt::write
[INFO] [stdout]    2:     0x62940283d17c - <alloc[2e1b2a31b91974c5]::vec::Vec<u8> as core[a373ad73a504971]::io::write::Write>::write_fmt
[INFO] [stdout]    3:     0x629402812036 - std[617be2ca0a6fd877]::panicking::default_hook::{closure#0}
[INFO] [stdout]    4:     0x62940282f619 - std[617be2ca0a6fd877]::panicking::default_hook
[INFO] [stdout]    5:     0x6294026ffb30 - test[aada8e7e76ba119b]::test_main_inner::{closure#0}
[INFO] [stdout]    6:     0x62940282f7d2 - std[617be2ca0a6fd877]::panicking::panic_with_hook
[INFO] [stdout]    7:     0x6294028120e2 - std[617be2ca0a6fd877]::panicking::panic_handler::{closure#0}
[INFO] [stdout]    8:     0x62940280aaa9 - std[617be2ca0a6fd877]::sys::backtrace::__rust_end_short_backtrace::<std[617be2ca0a6fd877]::panicking::panic_handler::{closure#0}, !>
[INFO] [stdout]    9:     0x629402812ced - __rustc[ea4f61d10b84890b]::rust_begin_unwind
[INFO] [stdout]   10:     0x62940284ef1c - core[a373ad73a504971]::panicking::panic_fmt
[INFO] [stdout]   11:     0x6294026d25dd - proplate_core[40a3e88ba8e5366d]::tests::run_isolated_test::<proplate_core[40a3e88ba8e5366d]::tests::gen_test::dynamic_files::select_both::{closure#0}>
[INFO] [stdout]   12:     0x6294026debdb - <proplate_core[40a3e88ba8e5366d]::tests::gen_test::dynamic_files::select_both::{closure#0} as core[a373ad73a504971]::ops::function::FnOnce<()>>::call_once
[INFO] [stdout]   13:     0x6294026f2f7b - test[aada8e7e76ba119b]::__rust_begin_short_backtrace::<core[a373ad73a504971]::result::Result<(), alloc[2e1b2a31b91974c5]::string::String>, fn() -> core[a373ad73a504971]::result::Result<(), alloc[2e1b2a31b91974c5]::string::String>>
[INFO] [stdout]   14:     0x629402700155 - test[aada8e7e76ba119b]::run_test::{closure#0}
[INFO] [stdout]   15:     0x6294026f9a44 - std[617be2ca0a6fd877]::sys::backtrace::__rust_begin_short_backtrace::<test[aada8e7e76ba119b]::run_test::{closure#1}, ()>
[INFO] [stdout]   16:     0x6294027031e2 - <std[617be2ca0a6fd877]::thread::lifecycle::spawn_unchecked<test[aada8e7e76ba119b]::run_test::{closure#1}, ()>::{closure#1} as core[a373ad73a504971]::ops::function::FnOnce<()>>::call_once::{shim:vtable#0}
[INFO] [stdout]   17:     0x629402837ecf - <std[617be2ca0a6fd877]::sys::thread::unix::Thread>::new::thread_start
[INFO] [stdout]   18:     0x740a1cac7dfa - <unknown>
[INFO] [stdout]   19:     0x740a1cb5b3d4 - clone
[INFO] [stdout]   20:                0x0 - <unknown>
[INFO] [stdout] 
[INFO] [stdout] ---- tests::gen_test::dynamic_files::only_pkg stdout ----
[INFO] [stdout] 
[INFO] [stdout] thread 'tests::gen_test::dynamic_files::only_pkg' (633) panicked at src/tests.rs:63:7:
[INFO] [stdout] [31m
[INFO] [stdout] Error: `Template`
[INFO] [stdout] template '/opt/rustwide/workdir/fixtures/dynamic_files/only-pkg' cannot be found
[INFO] [stdout] 
[INFO] [stdout] Ctx: [1mtemplate:clone[0m[31m
[INFO] [stdout] 
[INFO] [stdout] Cause:
[INFO] [stdout] The location is neither a local nor a git repo[39m[39m: 63:51
[INFO] [stdout] stack backtrace:
[INFO] [stdout]    0:     0x629402838c71 - <<std[617be2ca0a6fd877]::sys::backtrace::BacktraceLock>::print::DisplayBacktrace as core[a373ad73a504971]::fmt::Display>::fmt
[INFO] [stdout]    1:     0x62940284e73a - core[a373ad73a504971]::fmt::write
[INFO] [stdout]    2:     0x62940283d17c - <alloc[2e1b2a31b91974c5]::vec::Vec<u8> as core[a373ad73a504971]::io::write::Write>::write_fmt
[INFO] [stdout]    3:     0x629402812036 - std[617be2ca0a6fd877]::panicking::default_hook::{closure#0}
[INFO] [stdout]    4:     0x62940282f619 - std[617be2ca0a6fd877]::panicking::default_hook
[INFO] [stdout]    5:     0x6294026ffb30 - test[aada8e7e76ba119b]::test_main_inner::{closure#0}
[INFO] [stdout]    6:     0x62940282f7d2 - std[617be2ca0a6fd877]::panicking::panic_with_hook
[INFO] [stdout]    7:     0x6294028120e2 - std[617be2ca0a6fd877]::panicking::panic_handler::{closure#0}
[INFO] [stdout]    8:     0x62940280aaa9 - std[617be2ca0a6fd877]::sys::backtrace::__rust_end_short_backtrace::<std[617be2ca0a6fd877]::panicking::panic_handler::{closure#0}, !>
[INFO] [stdout]    9:     0x629402812ced - __rustc[ea4f61d10b84890b]::rust_begin_unwind
[INFO] [stdout]   10:     0x62940284ef1c - core[a373ad73a504971]::panicking::panic_fmt
[INFO] [stdout]   11:     0x6294026d5395 - proplate_core[40a3e88ba8e5366d]::tests::run_isolated_test::<proplate_core[40a3e88ba8e5366d]::tests::gen_test::dynamic_files::only_pkg::{closure#0}>
[INFO] [stdout]   12:     0x6294026dec3b - <proplate_core[40a3e88ba8e5366d]::tests::gen_test::dynamic_files::only_pkg::{closure#0} as core[a373ad73a504971]::ops::function::FnOnce<()>>::call_once
[INFO] [stdout]   13:     0x6294026f2f7b - test[aada8e7e76ba119b]::__rust_begin_short_backtrace::<core[a373ad73a504971]::result::Result<(), alloc[2e1b2a31b91974c5]::string::String>, fn() -> core[a373ad73a504971]::result::Result<(), alloc[2e1b2a31b91974c5]::string::String>>
[INFO] [stdout]   14:     0x629402700155 - test[aada8e7e76ba119b]::run_test::{closure#0}
[INFO] [stdout]   15:     0x6294026f9a44 - std[617be2ca0a6fd877]::sys::backtrace::__rust_begin_short_backtrace::<test[aada8e7e76ba119b]::run_test::{closure#1}, ()>
[INFO] [stdout]   16:     0x6294027031e2 - <std[617be2ca0a6fd877]::thread::lifecycle::spawn_unchecked<test[aada8e7e76ba119b]::run_test::{closure#1}, ()>::{closure#1} as core[a373ad73a504971]::ops::function::FnOnce<()>>::call_once::{shim:vtable#0}
[INFO] [stdout]   17:     0x629402837ecf - <std[617be2ca0a6fd877]::sys::thread::unix::Thread>::new::thread_start
[INFO] [stdout]   18:     0x740a1cac7dfa - <unknown>
[INFO] [stdout]   19:     0x740a1cb5b3d4 - clone
[INFO] [stdout]   20:                0x0 - <unknown>
[INFO] [stdout] 
[INFO] [stdout] 
[INFO] [stderr] error: test failed, to rerun pass `--lib`
[INFO] [stdout] failures:
[INFO] [stdout]     tests::gen_test::additional_ops::bsd_2_clause
[INFO] [stdout]     tests::gen_test::additional_ops::copy_dir
[INFO] [stdout]     tests::gen_test::additional_ops::mit
[INFO] [stdout]     tests::gen_test::additional_ops::unlicensed
[INFO] [stdout]     tests::gen_test::dynamic_files::empty_dyn_file
[INFO] [stdout]     tests::gen_test::dynamic_files::only_pkg
[INFO] [stdout]     tests::gen_test::dynamic_files::recursive_dyn_file
[INFO] [stdout]     tests::gen_test::dynamic_files::select_both
[INFO] [stdout]     tests::gen_test::exclude_files::ban
[INFO] [stdout] 
[INFO] [stdout] test result: FAILED. 0 passed; 9 failed; 0 ignored; 0 measured; 0 filtered out; finished in 0.27s
[INFO] [stdout] 
[INFO] running `Command { std: "docker" "inspect" "d4032b7affa038a8c07bd9919a6066e745af0b53ed0396f520454387a2094ce5", kill_on_drop: false }`
[INFO] running `Command { std: "docker" "rm" "-f" "d4032b7affa038a8c07bd9919a6066e745af0b53ed0396f520454387a2094ce5", kill_on_drop: false }`
[INFO] [stdout] d4032b7affa038a8c07bd9919a6066e745af0b53ed0396f520454387a2094ce5
