[INFO] fetching crate prompto 0.0.3...
[INFO] testing prompto-0.0.3 against 1.100.0-beta.1+cargoflags=--release for beta-release-1.100-2
[INFO] extracting crate prompto 0.0.3 into /workspace/builds/worker-5-tc2/source
[INFO] started tweaking crates.io crate prompto 0.0.3
[INFO] finished tweaking crates.io crate prompto 0.0.3
[INFO] tweaked toml for crates.io crate prompto 0.0.3 written to /workspace/builds/worker-5-tc2/source/Cargo.toml
[INFO] validating manifest of crates.io crate prompto 0.0.3 on toolchain 1.100.0-beta.1
[INFO] running `Command { std: CARGO_HOME="/workspace/cargo-home" RUSTUP_HOME="/workspace/rustup-home" "/workspace/cargo-home/bin/cargo" "+1.100.0-beta.1" "metadata" "--manifest-path" "Cargo.toml" "--no-deps", kill_on_drop: false }`
[INFO] running `Command { std: CARGO_HOME="/workspace/cargo-home" RUSTUP_HOME="/workspace/rustup-home" "/workspace/cargo-home/bin/cargo" "+1.100.0-beta.1" "generate-lockfile" "--manifest-path" "Cargo.toml", kill_on_drop: false }`
[INFO] [stderr]     Updating crates.io index
[INFO] [stderr]      Locking 46 packages to highest compatible versions
[INFO] [stderr]       Adding image v0.10.4 (available: v0.25.10)
[INFO] [stderr]       Adding lazy_static v0.2.11 (available: v1.5.1)
[INFO] [stderr]       Adding tempfile v2.1.6 (available: v2.2.0)
[INFO] running `Command { std: CARGO_HOME="/workspace/cargo-home" RUSTUP_HOME="/workspace/rustup-home" "/workspace/cargo-home/bin/cargo" "+1.100.0-beta.1" "fetch" "--manifest-path" "Cargo.toml", kill_on_drop: false }`
[INFO] [stderr] warning: Cargo.toml: `package.edition` is unspecified, defaulting to `2015` while the latest is `2024`
[INFO] [stderr] warning: `prompto` (manifest) generated 1 warning
[INFO] running `Command { std: "docker" "create" "-v" "/var/lib/crater-agent-workspace/builds/worker-5-tc2/source:/opt/rustwide/workdir:ro,Z" "-v" "/var/lib/crater-agent-workspace/builds/worker-5-tc2/target:/opt/rustwide/target:rw,Z" "-v" "/var/lib/crater-agent-workspace/cargo-home:/opt/rustwide/cargo-home:ro,Z" "-v" "/var/lib/crater-agent-workspace/rustup-home:/opt/rustwide/rustup-home:ro,Z" "-m" "1610612736" "--network" "none" "ghcr.io/rust-lang/crates-build-env/linux@sha256:77db811e55d90add9212f6832c23229e3de5f1c1f9905e8cb07319ea15df73ac" "sleep" "infinity", kill_on_drop: false }`
[INFO] [stdout] 73fb785b3dba789524bed3f184800f18679f19b28f64419defe1c83fd005314f
[INFO] running `Command { std: "docker" "start" "73fb785b3dba789524bed3f184800f18679f19b28f64419defe1c83fd005314f", kill_on_drop: false }`
[INFO] running `Command { std: "docker" "inspect" "73fb785b3dba789524bed3f184800f18679f19b28f64419defe1c83fd005314f", kill_on_drop: false }`
[INFO] running `Command { std: "docker" "exec" "-e" "SOURCE_DIR=/opt/rustwide/workdir" "-e" "CARGO_HOME=/opt/rustwide/cargo-home" "-e" "RUSTUP_HOME=/opt/rustwide/rustup-home" "-e" "CARGO_TARGET_DIR=/opt/rustwide/target" "-w" "/opt/rustwide/workdir" "--user" "0:0" "73fb785b3dba789524bed3f184800f18679f19b28f64419defe1c83fd005314f" "/opt/rustwide/cargo-home/bin/cargo" "+1.100.0-beta.1" "metadata" "--no-deps" "--format-version=1", kill_on_drop: false }`
[INFO] running `Command { std: "docker" "inspect" "73fb785b3dba789524bed3f184800f18679f19b28f64419defe1c83fd005314f", kill_on_drop: false }`
[INFO] running `Command { std: "docker" "exec" "-e" "SOURCE_DIR=/opt/rustwide/workdir" "-e" "CARGO_HOME=/opt/rustwide/cargo-home" "-e" "RUSTUP_HOME=/opt/rustwide/rustup-home" "-e" "CARGO_TARGET_DIR=/opt/rustwide/target" "-e" "CARGO_INCREMENTAL=0" "-e" "RUST_BACKTRACE=full" "-e" "RUSTFLAGS=--cap-lints=warn" "-e" "RUSTDOCFLAGS=--cap-lints=warn" "-w" "/opt/rustwide/workdir" "--user" "0:0" "73fb785b3dba789524bed3f184800f18679f19b28f64419defe1c83fd005314f" "/opt/rustwide/cargo-home/bin/cargo" "+1.100.0-beta.1" "build" "--frozen" "--message-format=json" "--release", kill_on_drop: false }`
[INFO] [stderr] warning: Cargo.toml: `package.edition` is unspecified, defaulting to `2015` while the latest is `2024`
[INFO] [stderr] warning: `prompto` (manifest) generated 1 warning
[INFO] [stderr]    Compiling libc v0.2.191
[INFO] [stderr]    Compiling cc v1.8.0
[INFO] [stderr]    Compiling num-bigint v0.1.45
[INFO] [stderr]    Compiling num-rational v0.1.43
[INFO] [stderr]    Compiling rustc-serialize v0.3.25
[INFO] [stderr]    Compiling either v1.19.0
[INFO] [stderr]    Compiling num-iter v0.1.46
[INFO] [stderr]    Compiling num-traits v0.1.43
[INFO] [stderr]    Compiling bitflags v0.7.0
[INFO] [stderr]    Compiling color_quant v1.1.0
[INFO] [stderr]    Compiling lzw v0.10.0
[INFO] [stderr]    Compiling inflate v0.1.1
[INFO] [stderr]    Compiling enum_primitive v0.1.1
[INFO] [stderr]    Compiling scoped_threadpool v0.1.9
[INFO] [stderr]    Compiling rayon v1.12.0
[INFO] [stderr]    Compiling gif v0.9.2
[INFO] [stderr]    Compiling glob v0.2.11
[INFO] [stderr]    Compiling byteorder v0.5.3
[INFO] [stderr]    Compiling lazy_static v0.2.11
[INFO] [stderr]    Compiling miniz-sys v0.1.12
[INFO] [stderr]    Compiling rand v0.4.6
[INFO] [stderr]    Compiling jpeg-decoder v0.1.22
[INFO] [stderr]    Compiling flate2 v0.2.20
[INFO] [stderr]    Compiling png v0.5.2
[INFO] [stderr]    Compiling image v0.10.4
[INFO] [stderr]    Compiling prompto v0.0.3 (/opt/rustwide/workdir)
[INFO] [stdout] warning: use of deprecated constant `std::sync::ONCE_INIT`: the `Once::new()` function is now preferred
[INFO] [stdout]   --> src/asset.rs:11:1
[INFO] [stdout]    |
[INFO] [stdout] 11 | / lazy_static! {
[INFO] [stdout] ...  |
[INFO] [stdout] 49 | |     .unwrap();
[INFO] [stdout] 50 | | }
[INFO] [stdout]    | |_^
[INFO] [stdout]    |
[INFO] [stdout]    = note: `#[warn(deprecated)]` on by default
[INFO] [stdout]    = note: this warning originates in the macro `__lazy_static_create` which comes from the expansion of the macro `lazy_static` (in Nightly builds, run with -Z macro-backtrace for more info)
[INFO] [stdout] 
[INFO] [stdout] 
[INFO] [stdout] warning: use of deprecated constant `std::sync::ONCE_INIT`: the `Once::new()` function is now preferred
[INFO] [stdout]   --> src/asset.rs:11:1
[INFO] [stdout]    |
[INFO] [stdout] 11 | / lazy_static! {
[INFO] [stdout] ...  |
[INFO] [stdout] 49 | |     .unwrap();
[INFO] [stdout] 50 | | }
[INFO] [stdout]    | |_^
[INFO] [stdout]    |
[INFO] [stdout]    = note: this warning originates in the macro `__lazy_static_create` which comes from the expansion of the macro `lazy_static` (in Nightly builds, run with -Z macro-backtrace for more info)
[INFO] [stdout] 
[INFO] [stdout] 
[INFO] [stdout] warning: use of deprecated constant `std::sync::ONCE_INIT`: the `Once::new()` function is now preferred
[INFO] [stdout]   --> src/asset.rs:11:1
[INFO] [stdout]    |
[INFO] [stdout] 11 | / lazy_static! {
[INFO] [stdout] ...  |
[INFO] [stdout] 49 | |     .unwrap();
[INFO] [stdout] 50 | | }
[INFO] [stdout]    | |_^
[INFO] [stdout]    |
[INFO] [stdout]    = note: this warning originates in the macro `__lazy_static_create` which comes from the expansion of the macro `lazy_static` (in Nightly builds, run with -Z macro-backtrace for more info)
[INFO] [stdout] 
[INFO] [stdout] 
[INFO] [stdout] warning: use of deprecated constant `std::sync::ONCE_INIT`: the `Once::new()` function is now preferred
[INFO] [stdout]   --> src/asset.rs:11:1
[INFO] [stdout]    |
[INFO] [stdout] 11 | / lazy_static! {
[INFO] [stdout] ...  |
[INFO] [stdout] 49 | |     .unwrap();
[INFO] [stdout] 50 | | }
[INFO] [stdout]    | |_^
[INFO] [stdout]    |
[INFO] [stdout]    = note: this warning originates in the macro `__lazy_static_create` which comes from the expansion of the macro `lazy_static` (in Nightly builds, run with -Z macro-backtrace for more info)
[INFO] [stdout] 
[INFO] [stdout] 
[INFO] [stdout] warning: use of deprecated constant `std::sync::ONCE_INIT`: the `Once::new()` function is now preferred
[INFO] [stdout]   --> src/asset.rs:11:1
[INFO] [stdout]    |
[INFO] [stdout] 11 | / lazy_static! {
[INFO] [stdout] ...  |
[INFO] [stdout] 49 | |     .unwrap();
[INFO] [stdout] 50 | | }
[INFO] [stdout]    | |_^
[INFO] [stdout]    |
[INFO] [stdout]    = note: this warning originates in the macro `__lazy_static_create` which comes from the expansion of the macro `lazy_static` (in Nightly builds, run with -Z macro-backtrace for more info)
[INFO] [stdout] 
[INFO] [stdout] 
[INFO] [stdout] warning: use of deprecated constant `std::sync::ONCE_INIT`: the `Once::new()` function is now preferred
[INFO] [stdout]   --> src/asset.rs:11:1
[INFO] [stdout]    |
[INFO] [stdout] 11 | / lazy_static! {
[INFO] [stdout] ...  |
[INFO] [stdout] 49 | |     .unwrap();
[INFO] [stdout] 50 | | }
[INFO] [stdout]    | |_^
[INFO] [stdout]    |
[INFO] [stdout]    = note: this warning originates in the macro `__lazy_static_create` which comes from the expansion of the macro `lazy_static` (in Nightly builds, run with -Z macro-backtrace for more info)
[INFO] [stdout] 
[INFO] [stdout] 
[INFO] [stderr]     Finished `release` profile [optimized] target(s) in 49.26s
[INFO] [stderr] warning: the following packages contain code that will be rejected by a future version of Rust: bitflags v0.7.0
[INFO] [stderr] note: to see what the problems were, use the option `--future-incompat-report`, or run `cargo report future-incompatibilities --id 3`
[INFO] running `Command { std: "docker" "inspect" "73fb785b3dba789524bed3f184800f18679f19b28f64419defe1c83fd005314f", kill_on_drop: false }`
[INFO] running `Command { std: "docker" "exec" "-e" "SOURCE_DIR=/opt/rustwide/workdir" "-e" "CARGO_HOME=/opt/rustwide/cargo-home" "-e" "RUSTUP_HOME=/opt/rustwide/rustup-home" "-e" "CARGO_TARGET_DIR=/opt/rustwide/target" "-e" "CARGO_INCREMENTAL=0" "-e" "RUST_BACKTRACE=full" "-e" "RUSTFLAGS=--cap-lints=warn" "-e" "RUSTDOCFLAGS=--cap-lints=warn" "-w" "/opt/rustwide/workdir" "--user" "0:0" "73fb785b3dba789524bed3f184800f18679f19b28f64419defe1c83fd005314f" "/opt/rustwide/cargo-home/bin/cargo" "+1.100.0-beta.1" "test" "--frozen" "--no-run" "--message-format=json" "--release", kill_on_drop: false }`
[INFO] [stderr] warning: Cargo.toml: `package.edition` is unspecified, defaulting to `2015` while the latest is `2024`
[INFO] [stderr] warning: `prompto` (manifest) generated 1 warning
[INFO] [stderr]    Compiling rand v0.3.23
[INFO] [stdout] warning: use of deprecated constant `std::sync::ONCE_INIT`: the `Once::new()` function is now preferred
[INFO] [stdout]   --> src/asset.rs:11:1
[INFO] [stdout]    |
[INFO] [stdout] 11 | / lazy_static! {
[INFO] [stdout] ...  |
[INFO] [stdout] 49 | |     .unwrap();
[INFO] [stdout] 50 | | }
[INFO] [stdout]    | |_^
[INFO] [stdout]    |
[INFO] [stdout]    = note: `#[warn(deprecated)]` on by default
[INFO] [stdout]    = note: this warning originates in the macro `__lazy_static_create` which comes from the expansion of the macro `lazy_static` (in Nightly builds, run with -Z macro-backtrace for more info)
[INFO] [stdout] 
[INFO] [stdout] 
[INFO] [stdout] warning: use of deprecated constant `std::sync::ONCE_INIT`: the `Once::new()` function is now preferred
[INFO] [stdout]   --> src/asset.rs:11:1
[INFO] [stdout]    |
[INFO] [stdout] 11 | / lazy_static! {
[INFO] [stdout] ...  |
[INFO] [stdout] 49 | |     .unwrap();
[INFO] [stdout] 50 | | }
[INFO] [stdout]    | |_^
[INFO] [stdout]    |
[INFO] [stdout]    = note: this warning originates in the macro `__lazy_static_create` which comes from the expansion of the macro `lazy_static` (in Nightly builds, run with -Z macro-backtrace for more info)
[INFO] [stdout] 
[INFO] [stdout] 
[INFO] [stdout] warning: use of deprecated constant `std::sync::ONCE_INIT`: the `Once::new()` function is now preferred
[INFO] [stdout]   --> src/asset.rs:11:1
[INFO] [stdout]    |
[INFO] [stdout] 11 | / lazy_static! {
[INFO] [stdout] ...  |
[INFO] [stdout] 49 | |     .unwrap();
[INFO] [stdout] 50 | | }
[INFO] [stdout]    | |_^
[INFO] [stdout]    |
[INFO] [stdout]    = note: this warning originates in the macro `__lazy_static_create` which comes from the expansion of the macro `lazy_static` (in Nightly builds, run with -Z macro-backtrace for more info)
[INFO] [stdout] 
[INFO] [stdout] 
[INFO] [stdout] warning: use of deprecated constant `std::sync::ONCE_INIT`: the `Once::new()` function is now preferred
[INFO] [stdout]   --> src/asset.rs:11:1
[INFO] [stdout]    |
[INFO] [stdout] 11 | / lazy_static! {
[INFO] [stdout] ...  |
[INFO] [stdout] 49 | |     .unwrap();
[INFO] [stdout] 50 | | }
[INFO] [stdout]    | |_^
[INFO] [stdout]    |
[INFO] [stdout]    = note: this warning originates in the macro `__lazy_static_create` which comes from the expansion of the macro `lazy_static` (in Nightly builds, run with -Z macro-backtrace for more info)
[INFO] [stdout] 
[INFO] [stdout] 
[INFO] [stdout] warning: use of deprecated constant `std::sync::ONCE_INIT`: the `Once::new()` function is now preferred
[INFO] [stdout]   --> src/asset.rs:11:1
[INFO] [stdout]    |
[INFO] [stdout] 11 | / lazy_static! {
[INFO] [stdout] ...  |
[INFO] [stdout] 49 | |     .unwrap();
[INFO] [stdout] 50 | | }
[INFO] [stdout]    | |_^
[INFO] [stdout]    |
[INFO] [stdout]    = note: this warning originates in the macro `__lazy_static_create` which comes from the expansion of the macro `lazy_static` (in Nightly builds, run with -Z macro-backtrace for more info)
[INFO] [stdout] 
[INFO] [stdout] 
[INFO] [stdout] warning: use of deprecated constant `std::sync::ONCE_INIT`: the `Once::new()` function is now preferred
[INFO] [stdout]   --> src/asset.rs:11:1
[INFO] [stdout]    |
[INFO] [stdout] 11 | / lazy_static! {
[INFO] [stdout] ...  |
[INFO] [stdout] 49 | |     .unwrap();
[INFO] [stdout] 50 | | }
[INFO] [stdout]    | |_^
[INFO] [stdout]    |
[INFO] [stdout]    = note: this warning originates in the macro `__lazy_static_create` which comes from the expansion of the macro `lazy_static` (in Nightly builds, run with -Z macro-backtrace for more info)
[INFO] [stdout] 
[INFO] [stdout] 
[INFO] [stderr]    Compiling tempfile v2.1.6
[INFO] [stderr]    Compiling prompto v0.0.3 (/opt/rustwide/workdir)
[INFO] [stdout] warning: use of deprecated constant `std::sync::ONCE_INIT`: the `Once::new()` function is now preferred
[INFO] [stdout]   --> src/asset.rs:11:1
[INFO] [stdout]    |
[INFO] [stdout] 11 | / lazy_static! {
[INFO] [stdout] ...  |
[INFO] [stdout] 49 | |     .unwrap();
[INFO] [stdout] 50 | | }
[INFO] [stdout]    | |_^
[INFO] [stdout]    |
[INFO] [stdout]    = note: `#[warn(deprecated)]` on by default
[INFO] [stdout]    = note: this warning originates in the macro `__lazy_static_create` which comes from the expansion of the macro `lazy_static` (in Nightly builds, run with -Z macro-backtrace for more info)
[INFO] [stdout] 
[INFO] [stdout] 
[INFO] [stdout] warning: use of deprecated constant `std::sync::ONCE_INIT`: the `Once::new()` function is now preferred
[INFO] [stdout]   --> src/asset.rs:11:1
[INFO] [stdout]    |
[INFO] [stdout] 11 | / lazy_static! {
[INFO] [stdout] ...  |
[INFO] [stdout] 49 | |     .unwrap();
[INFO] [stdout] 50 | | }
[INFO] [stdout]    | |_^
[INFO] [stdout]    |
[INFO] [stdout]    = note: this warning originates in the macro `__lazy_static_create` which comes from the expansion of the macro `lazy_static` (in Nightly builds, run with -Z macro-backtrace for more info)
[INFO] [stdout] 
[INFO] [stdout] 
[INFO] [stdout] warning: use of deprecated constant `std::sync::ONCE_INIT`: the `Once::new()` function is now preferred
[INFO] [stdout]   --> src/asset.rs:11:1
[INFO] [stdout]    |
[INFO] [stdout] 11 | / lazy_static! {
[INFO] [stdout] ...  |
[INFO] [stdout] 49 | |     .unwrap();
[INFO] [stdout] 50 | | }
[INFO] [stdout]    | |_^
[INFO] [stdout]    |
[INFO] [stdout]    = note: this warning originates in the macro `__lazy_static_create` which comes from the expansion of the macro `lazy_static` (in Nightly builds, run with -Z macro-backtrace for more info)
[INFO] [stdout] 
[INFO] [stdout] 
[INFO] [stdout] warning: use of deprecated constant `std::sync::ONCE_INIT`: the `Once::new()` function is now preferred
[INFO] [stdout]   --> src/asset.rs:11:1
[INFO] [stdout]    |
[INFO] [stdout] 11 | / lazy_static! {
[INFO] [stdout] ...  |
[INFO] [stdout] 49 | |     .unwrap();
[INFO] [stdout] 50 | | }
[INFO] [stdout]    | |_^
[INFO] [stdout]    |
[INFO] [stdout]    = note: this warning originates in the macro `__lazy_static_create` which comes from the expansion of the macro `lazy_static` (in Nightly builds, run with -Z macro-backtrace for more info)
[INFO] [stdout] 
[INFO] [stdout] 
[INFO] [stdout] warning: use of deprecated constant `std::sync::ONCE_INIT`: the `Once::new()` function is now preferred
[INFO] [stdout]   --> src/asset.rs:11:1
[INFO] [stdout]    |
[INFO] [stdout] 11 | / lazy_static! {
[INFO] [stdout] ...  |
[INFO] [stdout] 49 | |     .unwrap();
[INFO] [stdout] 50 | | }
[INFO] [stdout]    | |_^
[INFO] [stdout]    |
[INFO] [stdout]    = note: this warning originates in the macro `__lazy_static_create` which comes from the expansion of the macro `lazy_static` (in Nightly builds, run with -Z macro-backtrace for more info)
[INFO] [stdout] 
[INFO] [stdout] 
[INFO] [stdout] warning: use of deprecated constant `std::sync::ONCE_INIT`: the `Once::new()` function is now preferred
[INFO] [stdout]   --> src/asset.rs:11:1
[INFO] [stdout]    |
[INFO] [stdout] 11 | / lazy_static! {
[INFO] [stdout] ...  |
[INFO] [stdout] 49 | |     .unwrap();
[INFO] [stdout] 50 | | }
[INFO] [stdout]    | |_^
[INFO] [stdout]    |
[INFO] [stdout]    = note: this warning originates in the macro `__lazy_static_create` which comes from the expansion of the macro `lazy_static` (in Nightly builds, run with -Z macro-backtrace for more info)
[INFO] [stdout] 
[INFO] [stdout] 
[INFO] [stderr]     Finished `release` profile [optimized] target(s) in 9.40s
[INFO] [stderr] warning: the following packages contain code that will be rejected by a future version of Rust: bitflags v0.7.0
[INFO] [stderr] note: to see what the problems were, use the option `--future-incompat-report`, or run `cargo report future-incompatibilities --id 3`
[INFO] running `Command { std: "docker" "inspect" "73fb785b3dba789524bed3f184800f18679f19b28f64419defe1c83fd005314f", kill_on_drop: false }`
[INFO] running `Command { std: "docker" "exec" "-e" "SOURCE_DIR=/opt/rustwide/workdir" "-e" "CARGO_HOME=/opt/rustwide/cargo-home" "-e" "RUSTUP_HOME=/opt/rustwide/rustup-home" "-e" "CARGO_TARGET_DIR=/opt/rustwide/target" "-e" "CARGO_INCREMENTAL=0" "-e" "RUST_BACKTRACE=full" "-e" "RUSTFLAGS=--cap-lints=warn" "-e" "RUSTDOCFLAGS=--cap-lints=warn" "-w" "/opt/rustwide/workdir" "--user" "0:0" "73fb785b3dba789524bed3f184800f18679f19b28f64419defe1c83fd005314f" "/opt/rustwide/cargo-home/bin/cargo" "+1.100.0-beta.1" "test" "--frozen" "--release", kill_on_drop: false }`
[INFO] [stderr] warning: Cargo.toml: `package.edition` is unspecified, defaulting to `2015` while the latest is `2024`
[INFO] [stderr] warning: `prompto` (manifest) generated 1 warning
[INFO] [stderr] warning: use of deprecated constant `std::sync::ONCE_INIT`: the `Once::new()` function is now preferred
[INFO] [stderr]   --> src/asset.rs:11:1
[INFO] [stderr]    |
[INFO] [stderr] 11 | / lazy_static! {
[INFO] [stderr] ...  |
[INFO] [stderr] 49 | |     .unwrap();
[INFO] [stderr] 50 | | }
[INFO] [stderr]    | |_^
[INFO] [stderr]    |
[INFO] [stderr]    = note: `#[warn(deprecated)]` on by default
[INFO] [stderr]    = note: this warning originates in the macro `__lazy_static_create` which comes from the expansion of the macro `lazy_static` (in Nightly builds, run with -Z macro-backtrace for more info)
[INFO] [stderr] 
[INFO] [stderr] warning: use of deprecated constant `std::sync::ONCE_INIT`: the `Once::new()` function is now preferred
[INFO] [stderr]   --> src/asset.rs:11:1
[INFO] [stderr]    |
[INFO] [stderr] 11 | / lazy_static! {
[INFO] [stderr] ...  |
[INFO] [stderr] 49 | |     .unwrap();
[INFO] [stderr] 50 | | }
[INFO] [stderr]    | |_^
[INFO] [stderr]    |
[INFO] [stderr]    = note: this warning originates in the macro `__lazy_static_create` which comes from the expansion of the macro `lazy_static` (in Nightly builds, run with -Z macro-backtrace for more info)
[INFO] [stderr] 
[INFO] [stderr] warning: `prompto` (lib) generated 6 warnings (4 duplicates)
[INFO] [stderr] warning: `prompto` (lib test) generated 6 warnings (6 duplicates)
[INFO] [stderr]     Finished `release` profile [optimized] target(s) in 0.09s
[INFO] [stderr] warning: the following packages contain code that will be rejected by a future version of Rust: bitflags v0.7.0
[INFO] [stderr] note: to see what the problems were, use the option `--future-incompat-report`, or run `cargo report future-incompatibilities --id 3`
[INFO] [stderr]      Running unittests src/lib.rs (/opt/rustwide/target/release/build/prompto/639bb9b4e3c8392b/out/prompto-639bb9b4e3c8392b)
[INFO] [stdout] 
[INFO] [stdout] running 9 tests
[INFO] [stdout] test selfie::tests::test_selfie_from_memory_png ... ok
[INFO] [stdout] test selfie::tests::test_selfie_from_tall_image ... ok
[INFO] [stdout] test selfie::tests::test_selfie_from_memory_jpeg ... ok
[INFO] [stdout] test selfie::tests::test_bounding_size ... ok
[INFO] [stdout] test selfie::tests::test_selfie_from_memory_gif ... ok
[INFO] [stdout] test selfie::tests::test_add_selfie_to_image ... FAILED
[INFO] [stdout] test selfie::tests::test_selfie_from_png_file ... ok
[INFO] [stdout] test selfie::tests::test_selfie_from_wide_image ... ok
[INFO] [stdout] test selfie::tests::test_selfie_from_jpeg_file ... ok
[INFO] [stdout] 
[INFO] [stdout] failures:
[INFO] [stdout] 
[INFO] [stdout] ---- selfie::tests::test_add_selfie_to_image stdout ----
[INFO] [stdout] 
[INFO] [stdout] thread 'selfie::tests::test_add_selfie_to_image' (680) panicked at /opt/rustwide/cargo-home/registry/src/index.crates.io-1949cf8c6b5b557f/image-0.10.4/src/color.rs:430:42:
[INFO] [stdout] called `Option::unwrap()` on a `None` value
[INFO] [stdout] stack backtrace:
[INFO] [stdout]    0:     0x627858674381 - <<std[617be2ca0a6fd877]::sys::backtrace::BacktraceLock>::print::DisplayBacktrace as core[a373ad73a504971]::fmt::Display>::fmt
[INFO] [stdout]    1:     0x627858688b6a - core[a373ad73a504971]::fmt::write
[INFO] [stdout]    2:     0x62785867871c - <alloc[2e1b2a31b91974c5]::vec::Vec<u8> as core[a373ad73a504971]::io::write::Write>::write_fmt
[INFO] [stdout]    3:     0x627858650106 - std[617be2ca0a6fd877]::panicking::default_hook::{closure#0}
[INFO] [stdout]    4:     0x62785866c7b9 - std[617be2ca0a6fd877]::panicking::default_hook
[INFO] [stdout]    5:     0x6278585627a0 - test[aada8e7e76ba119b]::test_main_inner::{closure#0}
[INFO] [stdout]    6:     0x62785866cae2 - std[617be2ca0a6fd877]::panicking::panic_with_hook
[INFO] [stdout]    7:     0x6278586501e4 - std[617be2ca0a6fd877]::panicking::panic_handler::{closure#0}
[INFO] [stdout]    8:     0x627858648de9 - std[617be2ca0a6fd877]::sys::backtrace::__rust_end_short_backtrace::<std[617be2ca0a6fd877]::panicking::panic_handler::{closure#0}, !>
[INFO] [stdout]    9:     0x627858650dbd - __rustc[ea4f61d10b84890b]::rust_begin_unwind
[INFO] [stdout]   10:     0x62785868929c - core[a373ad73a504971]::panicking::panic_fmt
[INFO] [stdout]   11:     0x627858689262 - core[a373ad73a504971]::panicking::panic
[INFO] [stdout]   12:     0x627858689019 - core[a373ad73a504971]::option::unwrap_failed
[INFO] [stdout]   13:     0x6278585cbb82 - <image[b91123e953053e37]::color::Rgba<u8> as image[b91123e953053e37]::color::Blend>::blend
[INFO] [stdout]   14:     0x6278585d3909 - <image[b91123e953053e37]::dynimage::DynamicImage as image[b91123e953053e37]::image::GenericImage>::blend_pixel
[INFO] [stdout]   15:     0x6278585459f2 - prompto[8a2214d8a211c831]::selfie::add_selfie_to_image
[INFO] [stdout]   16:     0x627858520225 - <prompto[8a2214d8a211c831]::selfie::tests::test_add_selfie_to_image::{closure#0} as core[a373ad73a504971]::ops::function::FnOnce<()>>::call_once
[INFO] [stdout]   17:     0x627858555beb - test[aada8e7e76ba119b]::__rust_begin_short_backtrace::<core[a373ad73a504971]::result::Result<(), alloc[2e1b2a31b91974c5]::string::String>, fn() -> core[a373ad73a504971]::result::Result<(), alloc[2e1b2a31b91974c5]::string::String>>
[INFO] [stdout]   18:     0x627858562dc5 - test[aada8e7e76ba119b]::run_test::{closure#0}
[INFO] [stdout]   19:     0x62785855c6b4 - std[617be2ca0a6fd877]::sys::backtrace::__rust_begin_short_backtrace::<test[aada8e7e76ba119b]::run_test::{closure#1}, ()>
[INFO] [stdout]   20:     0x627858565e52 - <std[617be2ca0a6fd877]::thread::lifecycle::spawn_unchecked<test[aada8e7e76ba119b]::run_test::{closure#1}, ()>::{closure#1} as core[a373ad73a504971]::ops::function::FnOnce<()>>::call_once::{shim:vtable#0}
[INFO] [stdout]   21:     0x627858673bcf - <std[617be2ca0a6fd877]::sys::thread::unix::Thread>::new::thread_start
[INFO] [stdout]   22:     0x7fd42e227dfa - <unknown>
[INFO] [stdout]   23:     0x7fd42e2bb3d4 - clone
[INFO] [stdout]   24:                0x0 - <unknown>
[INFO] [stdout] 
[INFO] [stdout] 
[INFO] [stdout] failures:
[INFO] [stdout]     selfie::tests::test_add_selfie_to_image
[INFO] [stdout] 
[INFO] [stdout] test result: FAILED. 8 passed; 1 failed; 0 ignored; 0 measured; 0 filtered out; finished in 0.61s
[INFO] [stdout] 
[INFO] [stderr] error: test failed, to rerun pass `--lib`
[INFO] running `Command { std: "docker" "inspect" "73fb785b3dba789524bed3f184800f18679f19b28f64419defe1c83fd005314f", kill_on_drop: false }`
[INFO] running `Command { std: "docker" "rm" "-f" "73fb785b3dba789524bed3f184800f18679f19b28f64419defe1c83fd005314f", kill_on_drop: false }`
[INFO] [stdout] 73fb785b3dba789524bed3f184800f18679f19b28f64419defe1c83fd005314f
