[INFO] fetching crate promisqs 1.2.0...
[INFO] testing promisqs-1.2.0 against 1.99.0-beta.8+cargoflags=--release for beta-release-1.100-2
[INFO] extracting crate promisqs 1.2.0 into /workspace/builds/worker-7-tc1/source
[INFO] started tweaking crates.io crate promisqs 1.2.0
[INFO] finished tweaking crates.io crate promisqs 1.2.0
[INFO] tweaked toml for crates.io crate promisqs 1.2.0 written to /workspace/builds/worker-7-tc1/source/Cargo.toml
[INFO] validating manifest of crates.io crate promisqs 1.2.0 on toolchain 1.99.0-beta.8
[INFO] running `Command { std: CARGO_HOME="/workspace/cargo-home" RUSTUP_HOME="/workspace/rustup-home" "/workspace/cargo-home/bin/cargo" "+1.99.0-beta.8" "metadata" "--manifest-path" "Cargo.toml" "--no-deps", kill_on_drop: false }`
[INFO] running `Command { std: CARGO_HOME="/workspace/cargo-home" RUSTUP_HOME="/workspace/rustup-home" "/workspace/cargo-home/bin/cargo" "+1.99.0-beta.8" "generate-lockfile" "--manifest-path" "Cargo.toml", kill_on_drop: false }`
[INFO] [stderr]     Updating crates.io index
[INFO] [stderr]      Locking 74 packages to highest compatible versions
[INFO] [stderr]       Adding rand v0.8.8 (available: v0.10.3)
[INFO] [stderr]       Adding thiserror v1.0.69 (available: v2.0.21)
[INFO] running `Command { std: CARGO_HOME="/workspace/cargo-home" RUSTUP_HOME="/workspace/rustup-home" "/workspace/cargo-home/bin/cargo" "+1.99.0-beta.8" "fetch" "--manifest-path" "Cargo.toml", kill_on_drop: false }`
[INFO] [stderr]  Downloading crates ...
[INFO] [stderr]   Downloaded raw_sync v0.1.5
[INFO] [stderr]   Downloaded shared_memory v0.12.4
[INFO] [stderr]   Downloaded win-sys v0.3.1
[INFO] [stderr]   Downloaded windows v0.34.0
[INFO] running `Command { std: "docker" "create" "-v" "/var/lib/crater-agent-workspace/builds/worker-7-tc1/source:/opt/rustwide/workdir:ro,Z" "-v" "/var/lib/crater-agent-workspace/builds/worker-7-tc1/target:/opt/rustwide/target:rw,Z" "-v" "/var/lib/crater-agent-workspace/cargo-home:/opt/rustwide/cargo-home:ro,Z" "-v" "/var/lib/crater-agent-workspace/rustup-home:/opt/rustwide/rustup-home:ro,Z" "-m" "1610612736" "--network" "none" "ghcr.io/rust-lang/crates-build-env/linux@sha256:77db811e55d90add9212f6832c23229e3de5f1c1f9905e8cb07319ea15df73ac" "sleep" "infinity", kill_on_drop: false }`
[INFO] [stdout] 10a741f54cfc3c3853ada073de417a21e456575e4879aeb109c6aa79030d04f2
[INFO] running `Command { std: "docker" "start" "10a741f54cfc3c3853ada073de417a21e456575e4879aeb109c6aa79030d04f2", kill_on_drop: false }`
[INFO] running `Command { std: "docker" "inspect" "10a741f54cfc3c3853ada073de417a21e456575e4879aeb109c6aa79030d04f2", kill_on_drop: false }`
[INFO] running `Command { std: "docker" "exec" "-e" "SOURCE_DIR=/opt/rustwide/workdir" "-e" "CARGO_HOME=/opt/rustwide/cargo-home" "-e" "RUSTUP_HOME=/opt/rustwide/rustup-home" "-e" "CARGO_TARGET_DIR=/opt/rustwide/target" "-w" "/opt/rustwide/workdir" "--user" "0:0" "10a741f54cfc3c3853ada073de417a21e456575e4879aeb109c6aa79030d04f2" "/opt/rustwide/cargo-home/bin/cargo" "+1.99.0-beta.8" "metadata" "--no-deps" "--format-version=1", kill_on_drop: false }`
[INFO] running `Command { std: "docker" "inspect" "10a741f54cfc3c3853ada073de417a21e456575e4879aeb109c6aa79030d04f2", kill_on_drop: false }`
[INFO] running `Command { std: "docker" "exec" "-e" "SOURCE_DIR=/opt/rustwide/workdir" "-e" "CARGO_HOME=/opt/rustwide/cargo-home" "-e" "RUSTUP_HOME=/opt/rustwide/rustup-home" "-e" "CARGO_TARGET_DIR=/opt/rustwide/target" "-e" "CARGO_INCREMENTAL=0" "-e" "RUST_BACKTRACE=full" "-e" "RUSTFLAGS=--cap-lints=warn" "-e" "RUSTDOCFLAGS=--cap-lints=warn" "-w" "/opt/rustwide/workdir" "--user" "0:0" "10a741f54cfc3c3853ada073de417a21e456575e4879aeb109c6aa79030d04f2" "/opt/rustwide/cargo-home/bin/cargo" "+1.99.0-beta.8" "build" "--frozen" "--message-format=json" "--release", kill_on_drop: false }`
[INFO] [stderr]    Compiling libc v0.2.191
[INFO] [stderr]    Compiling zerocopy v0.8.63
[INFO] [stderr]    Compiling cfg_aliases v0.2.2
[INFO] [stderr]    Compiling bitflags v2.13.2
[INFO] [stderr]    Compiling memoffset v0.6.5
[INFO] [stderr]    Compiling syn v2.0.119
[INFO] [stderr]    Compiling nix v0.31.3
[INFO] [stderr]    Compiling getrandom v0.2.17
[INFO] [stderr]    Compiling nix v0.23.2
[INFO] [stderr]    Compiling raw_sync v0.1.5
[INFO] [stderr]    Compiling rand_core v0.6.4
[INFO] [stderr]    Compiling zerocopy-derive v0.8.63
[INFO] [stderr]    Compiling thiserror-impl v1.0.69
[INFO] [stderr]    Compiling thiserror v1.0.69
[INFO] [stderr]    Compiling ppv-lite86 v0.2.21
[INFO] [stderr]    Compiling rand_chacha v0.3.1
[INFO] [stderr]    Compiling rand v0.8.8
[INFO] [stderr]    Compiling shared_memory v0.12.4
[INFO] [stderr]    Compiling promisqs v1.2.0 (/opt/rustwide/workdir)
[INFO] [stderr]     Finished `release` profile [optimized] target(s) in 15.00s
[INFO] running `Command { std: "docker" "inspect" "10a741f54cfc3c3853ada073de417a21e456575e4879aeb109c6aa79030d04f2", kill_on_drop: false }`
[INFO] running `Command { std: "docker" "exec" "-e" "SOURCE_DIR=/opt/rustwide/workdir" "-e" "CARGO_HOME=/opt/rustwide/cargo-home" "-e" "RUSTUP_HOME=/opt/rustwide/rustup-home" "-e" "CARGO_TARGET_DIR=/opt/rustwide/target" "-e" "CARGO_INCREMENTAL=0" "-e" "RUST_BACKTRACE=full" "-e" "RUSTFLAGS=--cap-lints=warn" "-e" "RUSTDOCFLAGS=--cap-lints=warn" "-w" "/opt/rustwide/workdir" "--user" "0:0" "10a741f54cfc3c3853ada073de417a21e456575e4879aeb109c6aa79030d04f2" "/opt/rustwide/cargo-home/bin/cargo" "+1.99.0-beta.8" "test" "--frozen" "--no-run" "--message-format=json" "--release", kill_on_drop: false }`
[INFO] [stderr]    Compiling crossbeam-utils v0.8.23
[INFO] [stderr]    Compiling chrono v0.4.45
[INFO] [stderr]    Compiling crossbeam-channel v0.5.17
[INFO] [stderr]    Compiling promisqs v1.2.0 (/opt/rustwide/workdir)
[INFO] [stderr]     Finished `release` profile [optimized] target(s) in 4.08s
[INFO] running `Command { std: "docker" "inspect" "10a741f54cfc3c3853ada073de417a21e456575e4879aeb109c6aa79030d04f2", kill_on_drop: false }`
[INFO] running `Command { std: "docker" "exec" "-e" "SOURCE_DIR=/opt/rustwide/workdir" "-e" "CARGO_HOME=/opt/rustwide/cargo-home" "-e" "RUSTUP_HOME=/opt/rustwide/rustup-home" "-e" "CARGO_TARGET_DIR=/opt/rustwide/target" "-e" "CARGO_INCREMENTAL=0" "-e" "RUST_BACKTRACE=full" "-e" "RUSTFLAGS=--cap-lints=warn" "-e" "RUSTDOCFLAGS=--cap-lints=warn" "-w" "/opt/rustwide/workdir" "--user" "0:0" "10a741f54cfc3c3853ada073de417a21e456575e4879aeb109c6aa79030d04f2" "/opt/rustwide/cargo-home/bin/cargo" "+1.99.0-beta.8" "test" "--frozen" "--release", kill_on_drop: false }`
[INFO] [stderr]     Finished `release` profile [optimized] target(s) in 0.05s
[INFO] [stderr]      Running unittests src/lib.rs (/opt/rustwide/target/release/deps/promisqs-4f902842efcf46c7)
[INFO] [stdout] 
[INFO] [stdout] running 8 tests
[INFO] [stdout] test queue::test::test_buffer_wrapping ... FAILED
[INFO] [stdout] test queue::test::test_create_drop_queue ... FAILED
[INFO] [stdout] test queue::test::test_peek ... FAILED
[INFO] [stdout] test queue::test::test_push_and_pop ... FAILED
[INFO] [stdout] test queue::test::test_pop_emtpy ... FAILED
[INFO] [stdout] test queue::test::test_smoke_simultaneous_read_write ... FAILED
[INFO] [stdout] test queue::test::test_smoke_threaded_writes ... FAILED
[INFO] [stdout] test queue::test::test_push_full ... FAILED
[INFO] [stdout] 
[INFO] [stdout] failures:
[INFO] [stdout] 
[INFO] [stdout] ---- queue::test::test_buffer_wrapping stdout ----
[INFO] [stdout] 
[INFO] [stdout] thread 'queue::test::test_buffer_wrapping' (613) panicked at src/queue.rs:605:67:
[INFO] [stdout] called `Result::unwrap()` on an `Err` value: ShmemError(LinkCreateFailed(Os { code: 30, kind: ReadOnlyFilesystem, message: "Read-only file system" }))
[INFO] [stdout] stack backtrace:
[INFO] [stdout]    0:     0x60365d794651 - <<std[70759c8f55707aa4]::sys::backtrace::BacktraceLock>::print::DisplayBacktrace as core[df12db4294e9bfd3]::fmt::Display>::fmt
[INFO] [stdout]    1:     0x60365d7a8fda - core[df12db4294e9bfd3]::fmt::write
[INFO] [stdout]    2:     0x60365d798b0c - <alloc[2182bb758b4b3781]::vec::Vec<u8> as core[df12db4294e9bfd3]::io::write::Write>::write_fmt
[INFO] [stdout]    3:     0x60365d770876 - std[70759c8f55707aa4]::panicking::default_hook::{closure#0}
[INFO] [stdout]    4:     0x60365d78cc29 - std[70759c8f55707aa4]::panicking::default_hook
[INFO] [stdout]    5:     0x60365d724980 - test[9d35eded1c95d3be]::test_main_inner::<test[9d35eded1c95d3be]::test_main_static::{closure#0}>::{closure#0}
[INFO] [stdout]    6:     0x60365d78cde2 - std[70759c8f55707aa4]::panicking::panic_with_hook
[INFO] [stdout]    7:     0x60365d770922 - std[70759c8f55707aa4]::panicking::panic_handler::{closure#0}
[INFO] [stdout]    8:     0x60365d7695f9 - std[70759c8f55707aa4]::sys::backtrace::__rust_end_short_backtrace::<std[70759c8f55707aa4]::panicking::panic_handler::{closure#0}, !>
[INFO] [stdout]    9:     0x60365d77151d - __rustc[8fa7c3cbc660c2b3]::rust_begin_unwind
[INFO] [stdout]   10:     0x60365d7a970c - core[df12db4294e9bfd3]::panicking::panic_fmt
[INFO] [stdout]   11:     0x60365d7a94e2 - core[df12db4294e9bfd3]::result::unwrap_failed
[INFO] [stdout]   12:     0x60365d71325b - promisqs[37383ab33699c58f]::queue::test::test_buffer_wrapping
[INFO] [stdout]   13:     0x60365d716b79 - <promisqs[37383ab33699c58f]::queue::test::test_buffer_wrapping::{closure#0} as core[df12db4294e9bfd3]::ops::function::FnOnce<()>>::call_once
[INFO] [stdout]   14:     0x60365d717c6b - test[9d35eded1c95d3be]::__rust_begin_short_backtrace::<core[df12db4294e9bfd3]::result::Result<(), alloc[2182bb758b4b3781]::string::String>, fn() -> core[df12db4294e9bfd3]::result::Result<(), alloc[2182bb758b4b3781]::string::String>>
[INFO] [stdout]   15:     0x60365d7252d5 - test[9d35eded1c95d3be]::run_test::{closure#0}
[INFO] [stdout]   16:     0x60365d71eb94 - std[70759c8f55707aa4]::sys::backtrace::__rust_begin_short_backtrace::<test[9d35eded1c95d3be]::run_test::{closure#1}, ()>
[INFO] [stdout]   17:     0x60365d728432 - <std[70759c8f55707aa4]::thread::lifecycle::spawn_unchecked<test[9d35eded1c95d3be]::run_test::{closure#1}, ()>::{closure#1} as core[df12db4294e9bfd3]::ops::function::FnOnce<()>>::call_once::{shim:vtable#0}
[INFO] [stdout]   18:     0x60365d793f29 - <std[70759c8f55707aa4]::sys::thread::unix::Thread>::new::thread_start
[INFO] [stdout]   19:     0x7c6047e9edfa - <unknown>
[INFO] [stdout]   20:     0x7c6047f323d4 - clone
[INFO] [stdout]   21:                0x0 - <unknown>
[INFO] [stdout] 
[INFO] [stdout] ---- queue::test::test_create_drop_queue stdout ----
[INFO] [stdout] 
[INFO] [stdout] thread 'queue::test::test_create_drop_queue' (614) panicked at src/queue.rs:530:71:
[INFO] [stdout] called `Result::unwrap()` on an `Err` value: ShmemError(LinkCreateFailed(Os { code: 30, kind: ReadOnlyFilesystem, message: "Read-only file system" }))
[INFO] [stdout] stack backtrace:
[INFO] [stdout]    0:     0x60365d794651 - <<std[70759c8f55707aa4]::sys::backtrace::BacktraceLock>::print::DisplayBacktrace as core[df12db4294e9bfd3]::fmt::Display>::fmt
[INFO] [stdout]    1:     0x60365d7a8fda - core[df12db4294e9bfd3]::fmt::write
[INFO] [stdout]    2:     0x60365d798b0c - <alloc[2182bb758b4b3781]::vec::Vec<u8> as core[df12db4294e9bfd3]::io::write::Write>::write_fmt
[INFO] [stdout]    3:     0x60365d770876 - std[70759c8f55707aa4]::panicking::default_hook::{closure#0}
[INFO] [stdout]    4:     0x60365d78cc29 - std[70759c8f55707aa4]::panicking::default_hook
[INFO] [stdout]    5:     0x60365d724980 - test[9d35eded1c95d3be]::test_main_inner::<test[9d35eded1c95d3be]::test_main_static::{closure#0}>::{closure#0}
[INFO] [stdout]    6:     0x60365d78cde2 - std[70759c8f55707aa4]::panicking::panic_with_hook
[INFO] [stdout]    7:     0x60365d770922 - std[70759c8f55707aa4]::panicking::panic_handler::{closure#0}
[INFO] [stdout]    8:     0x60365d7695f9 - std[70759c8f55707aa4]::sys::backtrace::__rust_end_short_backtrace::<std[70759c8f55707aa4]::panicking::panic_handler::{closure#0}, !>
[INFO] [stdout]    9:     0x60365d77151d - __rustc[8fa7c3cbc660c2b3]::rust_begin_unwind
[INFO] [stdout]   10:     0x60365d7a970c - core[df12db4294e9bfd3]::panicking::panic_fmt
[INFO] [stdout]   11:     0x60365d7a94e2 - core[df12db4294e9bfd3]::result::unwrap_failed
[INFO] [stdout]   12:     0x60365d7136df - promisqs[37383ab33699c58f]::queue::test::test_create_drop_queue
[INFO] [stdout]   13:     0x60365d716b99 - <promisqs[37383ab33699c58f]::queue::test::test_create_drop_queue::{closure#0} as core[df12db4294e9bfd3]::ops::function::FnOnce<()>>::call_once
[INFO] [stdout]   14:     0x60365d717c6b - test[9d35eded1c95d3be]::__rust_begin_short_backtrace::<core[df12db4294e9bfd3]::result::Result<(), alloc[2182bb758b4b3781]::string::String>, fn() -> core[df12db4294e9bfd3]::result::Result<(), alloc[2182bb758b4b3781]::string::String>>
[INFO] [stdout]   15:     0x60365d7252d5 - test[9d35eded1c95d3be]::run_test::{closure#0}
[INFO] [stdout]   16:     0x60365d71eb94 - std[70759c8f55707aa4]::sys::backtrace::__rust_begin_short_backtrace::<test[9d35eded1c95d3be]::run_test::{closure#1}, ()>
[INFO] [stdout]   17:     0x60365d728432 - <std[70759c8f55707aa4]::thread::lifecycle::spawn_unchecked<test[9d35eded1c95d3be]::run_test::{closure#1}, ()>::{closure#1} as core[df12db4294e9bfd3]::ops::function::FnOnce<()>>::call_once::{shim:vtable#0}
[INFO] [stdout]   18:     0x60365d793f29 - <std[70759c8f55707aa4]::sys::thread::unix::Thread>::new::thread_start
[INFO] [stdout]   19:     0x7c6047e9edfa - <unknown>
[INFO] [stdout]   20:     0x7c6047f323d4 - clone
[INFO] [stdout]   21:                0x0 - <unknown>
[INFO] [stdout] 
[INFO] [stdout] ---- queue::test::test_peek stdout ----
[INFO] [stdout] 
[INFO] [stdout] thread 'queue::test::test_peek' (615) panicked at src/queue.rs:624:67:
[INFO] [stdout] called `Result::unwrap()` on an `Err` value: ShmemError(LinkCreateFailed(Os { code: 30, kind: ReadOnlyFilesystem, message: "Read-only file system" }))
[INFO] [stdout] stack backtrace:
[INFO] [stdout]    0:     0x60365d794651 - <<std[70759c8f55707aa4]::sys::backtrace::BacktraceLock>::print::DisplayBacktrace as core[df12db4294e9bfd3]::fmt::Display>::fmt
[INFO] [stdout]    1:     0x60365d7a8fda - core[df12db4294e9bfd3]::fmt::write
[INFO] [stdout]    2:     0x60365d798b0c - <alloc[2182bb758b4b3781]::vec::Vec<u8> as core[df12db4294e9bfd3]::io::write::Write>::write_fmt
[INFO] [stdout]    3:     0x60365d770876 - std[70759c8f55707aa4]::panicking::default_hook::{closure#0}
[INFO] [stdout]    4:     0x60365d78cc29 - std[70759c8f55707aa4]::panicking::default_hook
[INFO] [stdout]    5:     0x60365d724980 - test[9d35eded1c95d3be]::test_main_inner::<test[9d35eded1c95d3be]::test_main_static::{closure#0}>::{closure#0}
[INFO] [stdout]    6:     0x60365d78cde2 - std[70759c8f55707aa4]::panicking::panic_with_hook
[INFO] [stdout]    7:     0x60365d770922 - std[70759c8f55707aa4]::panicking::panic_handler::{closure#0}
[INFO] [stdout]    8:     0x60365d7695f9 - std[70759c8f55707aa4]::sys::backtrace::__rust_end_short_backtrace::<std[70759c8f55707aa4]::panicking::panic_handler::{closure#0}, !>
[INFO] [stdout]    9:     0x60365d77151d - __rustc[8fa7c3cbc660c2b3]::rust_begin_unwind
[INFO] [stdout]   10:     0x60365d7a970c - core[df12db4294e9bfd3]::panicking::panic_fmt
[INFO] [stdout]   11:     0x60365d7a94e2 - core[df12db4294e9bfd3]::result::unwrap_failed
[INFO] [stdout]   12:     0x60365d7150ed - promisqs[37383ab33699c58f]::queue::test::test_peek
[INFO] [stdout]   13:     0x60365d716bf9 - <promisqs[37383ab33699c58f]::queue::test::test_peek::{closure#0} as core[df12db4294e9bfd3]::ops::function::FnOnce<()>>::call_once
[INFO] [stdout]   14:     0x60365d717c6b - test[9d35eded1c95d3be]::__rust_begin_short_backtrace::<core[df12db4294e9bfd3]::result::Result<(), alloc[2182bb758b4b3781]::string::String>, fn() -> core[df12db4294e9bfd3]::result::Result<(), alloc[2182bb758b4b3781]::string::String>>
[INFO] [stdout]   15:     0x60365d7252d5 - test[9d35eded1c95d3be]::run_test::{closure#0}
[INFO] [stdout]   16:     0x60365d71eb94 - std[70759c8f55707aa4]::sys::backtrace::__rust_begin_short_backtrace::<test[9d35eded1c95d3be]::run_test::{closure#1}, ()>
[INFO] [stdout]   17:     0x60365d728432 - <std[70759c8f55707aa4]::thread::lifecycle::spawn_unchecked<test[9d35eded1c95d3be]::run_test::{closure#1}, ()>::{closure#1} as core[df12db4294e9bfd3]::ops::function::FnOnce<()>>::call_once::{shim:vtable#0}
[INFO] [stdout]   18:     0x60365d793f29 - <std[70759c8f55707aa4]::sys::thread::unix::Thread>::new::thread_start
[INFO] [stdout]   19:     0x7c6047e9edfa - <unknown>
[INFO] [stdout]   20:     0x7c6047f323d4 - clone
[INFO] [stdout]   21:                0x0 - <unknown>
[INFO] [stdout] 
[INFO] [stdout] ---- queue::test::test_push_and_pop stdout ----
[INFO] [stdout] 
[INFO] [stdout] thread 'queue::test::test_push_and_pop' (617) panicked at src/queue.rs:560:85:
[INFO] [stdout] called `Result::unwrap()` on an `Err` value: ShmemError(LinkCreateFailed(Os { code: 30, kind: ReadOnlyFilesystem, message: "Read-only file system" }))
[INFO] [stdout] stack backtrace:
[INFO] [stdout]    0:     0x60365d794651 - <<std[70759c8f55707aa4]::sys::backtrace::BacktraceLock>::print::DisplayBacktrace as core[df12db4294e9bfd3]::fmt::Display>::fmt
[INFO] [stdout]    1:     0x60365d7a8fda - core[df12db4294e9bfd3]::fmt::write
[INFO] [stdout]    2:     0x60365d798b0c - <alloc[2182bb758b4b3781]::vec::Vec<u8> as core[df12db4294e9bfd3]::io::write::Write>::write_fmt
[INFO] [stdout]    3:     0x60365d770876 - std[70759c8f55707aa4]::panicking::default_hook::{closure#0}
[INFO] [stdout]    4:     0x60365d78cc29 - std[70759c8f55707aa4]::panicking::default_hook
[INFO] [stdout]    5:     0x60365d724980 - test[9d35eded1c95d3be]::test_main_inner::<test[9d35eded1c95d3be]::test_main_static::{closure#0}>::{closure#0}
[INFO] [stdout]    6:     0x60365d78cde2 - std[70759c8f55707aa4]::panicking::panic_with_hook
[INFO] [stdout]    7:     0x60365d770922 - std[70759c8f55707aa4]::panicking::panic_handler::{closure#0}
[INFO] [stdout]    8:     0x60365d7695f9 - std[70759c8f55707aa4]::sys::backtrace::__rust_end_short_backtrace::<std[70759c8f55707aa4]::panicking::panic_handler::{closure#0}, !>
[INFO] [stdout]    9:     0x60365d77151d - __rustc[8fa7c3cbc660c2b3]::rust_begin_unwind
[INFO] [stdout]   10:     0x60365d7a970c - core[df12db4294e9bfd3]::panicking::panic_fmt
[INFO] [stdout]   11:     0x60365d7a94e2 - core[df12db4294e9bfd3]::result::unwrap_failed
[INFO] [stdout]   12:     0x60365d7126e7 - promisqs[37383ab33699c58f]::queue::test::test_push_and_pop
[INFO] [stdout]   13:     0x60365d716b59 - <promisqs[37383ab33699c58f]::queue::test::test_push_and_pop::{closure#0} as core[df12db4294e9bfd3]::ops::function::FnOnce<()>>::call_once
[INFO] [stdout]   14:     0x60365d717c6b - test[9d35eded1c95d3be]::__rust_begin_short_backtrace::<core[df12db4294e9bfd3]::result::Result<(), alloc[2182bb758b4b3781]::string::String>, fn() -> core[df12db4294e9bfd3]::result::Result<(), alloc[2182bb758b4b3781]::string::String>>
[INFO] [stdout]   15:     0x60365d7252d5 - test[9d35eded1c95d3be]::run_test::{closure#0}
[INFO] [stdout]   16:     0x60365d71eb94 - std[70759c8f55707aa4]::sys::backtrace::__rust_begin_short_backtrace::<test[9d35eded1c95d3be]::run_test::{closure#1}, ()>
[INFO] [stdout]   17:     0x60365d728432 - <std[70759c8f55707aa4]::thread::lifecycle::spawn_unchecked<test[9d35eded1c95d3be]::run_test::{closure#1}, ()>::{closure#1} as core[df12db4294e9bfd3]::ops::function::FnOnce<()>>::call_once::{shim:vtable#0}
[INFO] [stdout]   18:     0x60365d793f29 - <std[70759c8f55707aa4]::sys::thread::unix::Thread>::new::thread_start
[INFO] [stdout]   19:     0x7c6047e9edfa - <unknown>
[INFO] [stdout]   20:     0x7c6047f323d4 - clone
[INFO] [stdout]   21:                0x0 - <unknown>
[INFO] [stdout] 
[INFO] [stdout] ---- queue::test::test_pop_emtpy stdout ----
[INFO] [stdout] 
[INFO] [stdout] thread 'queue::test::test_pop_emtpy' (616) panicked at src/queue.rs:582:78:
[INFO] [stdout] called `Result::unwrap()` on an `Err` value: ShmemError(LinkCreateFailed(Os { code: 30, kind: ReadOnlyFilesystem, message: "Read-only file system" }))
[INFO] [stdout] stack backtrace:
[INFO] [stdout]    0:     0x60365d794651 - <<std[70759c8f55707aa4]::sys::backtrace::BacktraceLock>::print::DisplayBacktrace as core[df12db4294e9bfd3]::fmt::Display>::fmt
[INFO] [stdout]    1:     0x60365d7a8fda - core[df12db4294e9bfd3]::fmt::write
[INFO] [stdout]    2:     0x60365d798b0c - <alloc[2182bb758b4b3781]::vec::Vec<u8> as core[df12db4294e9bfd3]::io::write::Write>::write_fmt
[INFO] [stdout]    3:     0x60365d770876 - std[70759c8f55707aa4]::panicking::default_hook::{closure#0}
[INFO] [stdout]    4:     0x60365d78cc29 - std[70759c8f55707aa4]::panicking::default_hook
[INFO] [stdout]    5:     0x60365d724980 - test[9d35eded1c95d3be]::test_main_inner::<test[9d35eded1c95d3be]::test_main_static::{closure#0}>::{closure#0}
[INFO] [stdout]    6:     0x60365d78cde2 - std[70759c8f55707aa4]::panicking::panic_with_hook
[INFO] [stdout]    7:     0x60365d770922 - std[70759c8f55707aa4]::panicking::panic_handler::{closure#0}
[INFO] [stdout]    8:     0x60365d7695f9 - std[70759c8f55707aa4]::sys::backtrace::__rust_end_short_backtrace::<std[70759c8f55707aa4]::panicking::panic_handler::{closure#0}, !>
[INFO] [stdout]    9:     0x60365d77151d - __rustc[8fa7c3cbc660c2b3]::rust_begin_unwind
[INFO] [stdout]   10:     0x60365d7a970c - core[df12db4294e9bfd3]::panicking::panic_fmt
[INFO] [stdout]   11:     0x60365d7a94e2 - core[df12db4294e9bfd3]::result::unwrap_failed
[INFO] [stdout]   12:     0x60365d7114cf - promisqs[37383ab33699c58f]::queue::test::test_pop_emtpy
[INFO] [stdout]   13:     0x60365d716b19 - <promisqs[37383ab33699c58f]::queue::test::test_pop_emtpy::{closure#0} as core[df12db4294e9bfd3]::ops::function::FnOnce<()>>::call_once
[INFO] [stdout]   14:     0x60365d717c6b - test[9d35eded1c95d3be]::__rust_begin_short_backtrace::<core[df12db4294e9bfd3]::result::Result<(), alloc[2182bb758b4b3781]::string::String>, fn() -> core[df12db4294e9bfd3]::result::Result<(), alloc[2182bb758b4b3781]::string::String>>
[INFO] [stdout]   15:     0x60365d7252d5 - test[9d35eded1c95d3be]::run_test::{closure#0}
[INFO] [stdout]   16:     0x60365d71eb94 - std[70759c8f55707aa4]::sys::backtrace::__rust_begin_short_backtrace::<test[9d35eded1c95d3be]::run_test::{closure#1}, ()>
[INFO] [stdout]   17:     0x60365d728432 - <std[70759c8f55707aa4]::thread::lifecycle::spawn_unchecked<test[9d35eded1c95d3be]::run_test::{closure#1}, ()>::{closure#1} as core[df12db4294e9bfd3]::ops::function::FnOnce<()>>::call_once::{shim:vtable#0}
[INFO] [stdout]   18:     0x60365d793f29 - <std[70759c8f55707aa4]::sys::thread::unix::Thread>::new::thread_start
[INFO] [stdout]   19:     0x7c6047e9edfa - <unknown>
[INFO] [stdout]   20:     0x7c6047f323d4 - clone
[INFO] [stdout]   21:                0x0 - <unknown>
[INFO] [stdout] 
[INFO] [stdout] ---- queue::test::test_smoke_simultaneous_read_write stdout ----
[INFO] [stdout] 
[INFO] [stdout] thread 'queue::test::test_smoke_simultaneous_read_write' (619) panicked at src/queue.rs:677:74:
[INFO] [stdout] called `Result::unwrap()` on an `Err` value: ShmemError(LinkCreateFailed(Os { code: 30, kind: ReadOnlyFilesystem, message: "Read-only file system" }))
[INFO] [stdout] stack backtrace:
[INFO] [stdout]    0:     0x60365d794651 - <<std[70759c8f55707aa4]::sys::backtrace::BacktraceLock>::print::DisplayBacktrace as core[df12db4294e9bfd3]::fmt::Display>::fmt
[INFO] [stdout]    1:     0x60365d7a8fda - core[df12db4294e9bfd3]::fmt::write
[INFO] [stdout]    2:     0x60365d798b0c - <alloc[2182bb758b4b3781]::vec::Vec<u8> as core[df12db4294e9bfd3]::io::write::Write>::write_fmt
[INFO] [stdout]    3:     0x60365d770876 - std[70759c8f55707aa4]::panicking::default_hook::{closure#0}
[INFO] [stdout]    4:     0x60365d78cc29 - std[70759c8f55707aa4]::panicking::default_hook
[INFO] [stdout]    5:     0x60365d724980 - test[9d35eded1c95d3be]::test_main_inner::<test[9d35eded1c95d3be]::test_main_static::{closure#0}>::{closure#0}
[INFO] [stdout]    6:     0x60365d78cde2 - std[70759c8f55707aa4]::panicking::panic_with_hook
[INFO] [stdout]    7:     0x60365d770922 - std[70759c8f55707aa4]::panicking::panic_handler::{closure#0}
[INFO] [stdout]    8:     0x60365d7695f9 - std[70759c8f55707aa4]::sys::backtrace::__rust_end_short_backtrace::<std[70759c8f55707aa4]::panicking::panic_handler::{closure#0}, !>
[INFO] [stdout]    9:     0x60365d77151d - __rustc[8fa7c3cbc660c2b3]::rust_begin_unwind
[INFO] [stdout]   10:     0x60365d7a970c - core[df12db4294e9bfd3]::panicking::panic_fmt
[INFO] [stdout]   11:     0x60365d7a94e2 - core[df12db4294e9bfd3]::result::unwrap_failed
[INFO] [stdout]   12:     0x60365d714a4b - promisqs[37383ab33699c58f]::queue::test::test_smoke_simultaneous_read_write
[INFO] [stdout]   13:     0x60365d716bd9 - <promisqs[37383ab33699c58f]::queue::test::test_smoke_simultaneous_read_write::{closure#0} as core[df12db4294e9bfd3]::ops::function::FnOnce<()>>::call_once
[INFO] [stdout]   14:     0x60365d717c6b - test[9d35eded1c95d3be]::__rust_begin_short_backtrace::<core[df12db4294e9bfd3]::result::Result<(), alloc[2182bb758b4b3781]::string::String>, fn() -> core[df12db4294e9bfd3]::result::Result<(), alloc[2182bb758b4b3781]::string::String>>
[INFO] [stdout]   15:     0x60365d7252d5 - test[9d35eded1c95d3be]::run_test::{closure#0}
[INFO] [stdout]   16:     0x60365d71eb94 - std[70759c8f55707aa4]::sys::backtrace::__rust_begin_short_backtrace::<test[9d35eded1c95d3be]::run_test::{closure#1}, ()>
[INFO] [stdout]   17:     0x60365d728432 - <std[70759c8f55707aa4]::thread::lifecycle::spawn_unchecked<test[9d35eded1c95d3be]::run_test::{closure#1}, ()>::{closure#1} as core[df12db4294e9bfd3]::ops::function::FnOnce<()>>::call_once::{shim:vtable#0}
[INFO] [stdout]   18:     0x60365d793f29 - <std[70759c8f55707aa4]::sys::thread::unix::Thread>::new::thread_start
[INFO] [stdout]   19:     0x7c6047e9edfa - <unknown>
[INFO] [stdout]   20:     0x7c6047f323d4 - clone
[INFO] [stdout]   21:                0x0 - <unknown>
[INFO] [stdout] 
[INFO] [stdout] ---- queue::test::test_smoke_threaded_writes stdout ----
[INFO] [stdout] 
[INFO] [stdout] thread 'queue::test::test_smoke_threaded_writes' (620) panicked at src/queue.rs:640:82:
[INFO] [stdout] called `Result::unwrap()` on an `Err` value: ShmemError(LinkCreateFailed(Os { code: 30, kind: ReadOnlyFilesystem, message: "Read-only file system" }))
[INFO] [stdout] stack backtrace:
[INFO] [stdout]    0:     0x60365d794651 - <<std[70759c8f55707aa4]::sys::backtrace::BacktraceLock>::print::DisplayBacktrace as core[df12db4294e9bfd3]::fmt::Display>::fmt
[INFO] [stdout]    1:     0x60365d7a8fda - core[df12db4294e9bfd3]::fmt::write
[INFO] [stdout]    2:     0x60365d798b0c - <alloc[2182bb758b4b3781]::vec::Vec<u8> as core[df12db4294e9bfd3]::io::write::Write>::write_fmt
[INFO] [stdout]    3:     0x60365d770876 - std[70759c8f55707aa4]::panicking::default_hook::{closure#0}
[INFO] [stdout]    4:     0x60365d78cc29 - std[70759c8f55707aa4]::panicking::default_hook
[INFO] [stdout]    5:     0x60365d724980 - test[9d35eded1c95d3be]::test_main_inner::<test[9d35eded1c95d3be]::test_main_static::{closure#0}>::{closure#0}
[INFO] [stdout]    6:     0x60365d78cde2 - std[70759c8f55707aa4]::panicking::panic_with_hook
[INFO] [stdout]    7:     0x60365d770922 - std[70759c8f55707aa4]::panicking::panic_handler::{closure#0}
[INFO] [stdout]    8:     0x60365d7695f9 - std[70759c8f55707aa4]::sys::backtrace::__rust_end_short_backtrace::<std[70759c8f55707aa4]::panicking::panic_handler::{closure#0}, !>
[INFO] [stdout]    9:     0x60365d77151d - __rustc[8fa7c3cbc660c2b3]::rust_begin_unwind
[INFO] [stdout]   10:     0x60365d7a970c - core[df12db4294e9bfd3]::panicking::panic_fmt
[INFO] [stdout]   11:     0x60365d7a94e2 - core[df12db4294e9bfd3]::result::unwrap_failed
[INFO] [stdout]   12:     0x60365d71400d - promisqs[37383ab33699c58f]::queue::test::test_smoke_threaded_writes
[INFO] [stdout]   13:     0x60365d716bb9 - <promisqs[37383ab33699c58f]::queue::test::test_smoke_threaded_writes::{closure#0} as core[df12db4294e9bfd3]::ops::function::FnOnce<()>>::call_once
[INFO] [stdout]   14:     0x60365d717c6b - test[9d35eded1c95d3be]::__rust_begin_short_backtrace::<core[df12db4294e9bfd3]::result::Result<(), alloc[2182bb758b4b3781]::string::String>, fn() -> core[df12db4294e9bfd3]::result::Result<(), alloc[2182bb758b4b3781]::string::String>>
[INFO] [stdout]   15:     0x60365d7252d5 - test[9d35eded1c95d3be]::run_test::{closure#0}
[INFO] [stdout]   16:     0x60365d71eb94 - std[70759c8f55707aa4]::sys::backtrace::__rust_begin_short_backtrace::<test[9d35eded1c95d3be]::run_test::{closure#1}, ()>
[INFO] [stdout]   17:     0x60365d728432 - <std[70759c8f55707aa4]::thread::lifecycle::spawn_unchecked<test[9d35eded1c95d3be]::run_test::{closure#1}, ()>::{closure#1} as core[df12db4294e9bfd3]::ops::function::FnOnce<()>>::call_once::{shim:vtable#0}
[INFO] [stdout]   18:     0x60365d793f29 - <std[70759c8f55707aa4]::sys::thread::unix::Thread>::new::thread_start
[INFO] [stdout]   19:     0x7c6047e9edfa - <unknown>
[INFO] [stdout]   20:     0x7c6047f323d4 - clone
[INFO] [stdout]   21:                0x0 - <unknown>
[INFO] [stdout] 
[INFO] [stdout] ---- queue::test::test_push_full stdout ----
[INFO] [stdout] 
[INFO] [stdout] thread 'queue::test::test_push_full' (618) panicked at src/queue.rs:593:78:
[INFO] [stdout] called `Result::unwrap()` on an `Err` value: ShmemError(LinkCreateFailed(Os { code: 30, kind: ReadOnlyFilesystem, message: "Read-only file system" }))
[INFO] [stdout] stack backtrace:
[INFO] [stdout]    0:     0x60365d794651 - <<std[70759c8f55707aa4]::sys::backtrace::BacktraceLock>::print::DisplayBacktrace as core[df12db4294e9bfd3]::fmt::Display>::fmt
[INFO] [stdout]    1:     0x60365d7a8fda - core[df12db4294e9bfd3]::fmt::write
[INFO] [stdout]    2:     0x60365d798b0c - <alloc[2182bb758b4b3781]::vec::Vec<u8> as core[df12db4294e9bfd3]::io::write::Write>::write_fmt
[INFO] [stdout]    3:     0x60365d770876 - std[70759c8f55707aa4]::panicking::default_hook::{closure#0}
[INFO] [stdout]    4:     0x60365d78cc29 - std[70759c8f55707aa4]::panicking::default_hook
[INFO] [stdout]    5:     0x60365d724980 - test[9d35eded1c95d3be]::test_main_inner::<test[9d35eded1c95d3be]::test_main_static::{closure#0}>::{closure#0}
[INFO] [stdout]    6:     0x60365d78cde2 - std[70759c8f55707aa4]::panicking::panic_with_hook
[INFO] [stdout]    7:     0x60365d770922 - std[70759c8f55707aa4]::panicking::panic_handler::{closure#0}
[INFO] [stdout]    8:     0x60365d7695f9 - std[70759c8f55707aa4]::sys::backtrace::__rust_end_short_backtrace::<std[70759c8f55707aa4]::panicking::panic_handler::{closure#0}, !>
[INFO] [stdout]    9:     0x60365d77151d - __rustc[8fa7c3cbc660c2b3]::rust_begin_unwind
[INFO] [stdout]   10:     0x60365d7a970c - core[df12db4294e9bfd3]::panicking::panic_fmt
[INFO] [stdout]   11:     0x60365d7a94e2 - core[df12db4294e9bfd3]::result::unwrap_failed
[INFO] [stdout]   12:     0x60365d711b3f - promisqs[37383ab33699c58f]::queue::test::test_push_full
[INFO] [stdout]   13:     0x60365d716b39 - <promisqs[37383ab33699c58f]::queue::test::test_push_full::{closure#0} as core[df12db4294e9bfd3]::ops::function::FnOnce<()>>::call_once
[INFO] [stdout]   14:     0x60365d717c6b - test[9d35eded1c95d3be]::__rust_begin_short_backtrace::<core[df12db4294e9bfd3]::result::Result<(), alloc[2182bb758b4b3781]::string::String>, fn() -> core[df12db4294e9bfd3]::result::Result<(), alloc[2182bb758b4b3781]::string::String>>
[INFO] [stdout]   15:     0x60365d7252d5 - test[9d35eded1c95d3be]::run_test::{closure#0}
[INFO] [stdout]   16:     0x60365d71eb94 - std[70759c8f55707aa4]::sys::backtrace::__rust_begin_short_backtrace::<test[9d35eded1c95d3be]::run_test::{closure#1}, ()>
[INFO] [stdout]   17:     0x60365d728432 - <std[70759c8f55707aa4]::thread::lifecycle::spawn_unchecked<test[9d35eded1c95d3be]::run_test::{closure#1}, ()>::{closure#1} as core[df12db4294e9bfd3]::ops::function::FnOnce<()>>::call_once::{shim:vtable#0}
[INFO] [stdout]   18:     0x60365d793f29 - <std[70759c8f55707aa4]::sys::thread::unix::Thread>::new::thread_start
[INFO] [stdout]   19:     0x7c6047e9edfa - <unknown>
[INFO] [stdout]   20:     0x7c6047f323d4 - clone
[INFO] [stdout]   21:                0x0 - <unknown>
[INFO] [stdout] 
[INFO] [stdout] 
[INFO] [stdout] failures:
[INFO] [stdout]     queue::test::test_buffer_wrapping
[INFO] [stdout]     queue::test::test_create_drop_queue
[INFO] [stdout]     queue::test::test_peek
[INFO] [stdout]     queue::test::test_pop_emtpy
[INFO] [stdout]     queue::test::test_push_and_pop
[INFO] [stdout]     queue::test::test_push_full
[INFO] [stdout]     queue::test::test_smoke_simultaneous_read_write
[INFO] [stdout]     queue::test::test_smoke_threaded_writes
[INFO] [stdout] 
[INFO] [stdout] test result: FAILED. 0 passed; 8 failed; 0 ignored; 0 measured; 0 filtered out; finished in 0.00s
[INFO] [stdout] 
[INFO] [stderr] error: test failed, to rerun pass `--lib`
[INFO] running `Command { std: "docker" "inspect" "10a741f54cfc3c3853ada073de417a21e456575e4879aeb109c6aa79030d04f2", kill_on_drop: false }`
[INFO] running `Command { std: "docker" "rm" "-f" "10a741f54cfc3c3853ada073de417a21e456575e4879aeb109c6aa79030d04f2", kill_on_drop: false }`
[INFO] [stdout] 10a741f54cfc3c3853ada073de417a21e456575e4879aeb109c6aa79030d04f2
