[INFO] fetching crate prolink-cxx 0.5.0...
[INFO] testing prolink-cxx-0.5.0 against 1.100.0-beta.1+cargoflags=--release for beta-release-1.100-2
[INFO] extracting crate prolink-cxx 0.5.0 into /workspace/builds/worker-6-tc2/source
[INFO] started tweaking crates.io crate prolink-cxx 0.5.0
[INFO] removed 0 missing tests
[INFO] finished tweaking crates.io crate prolink-cxx 0.5.0
[INFO] tweaked toml for crates.io crate prolink-cxx 0.5.0 written to /workspace/builds/worker-6-tc2/source/Cargo.toml
[INFO] validating manifest of crates.io crate prolink-cxx 0.5.0 on toolchain 1.100.0-beta.1
[INFO] running `Command { std: CARGO_HOME="/workspace/cargo-home" RUSTUP_HOME="/workspace/rustup-home" "/workspace/cargo-home/bin/cargo" "+1.100.0-beta.1" "metadata" "--manifest-path" "Cargo.toml" "--no-deps", kill_on_drop: false }`
[INFO] crate crates.io crate prolink-cxx 0.5.0 already has a lockfile, it will not be regenerated
[INFO] running `Command { std: CARGO_HOME="/workspace/cargo-home" RUSTUP_HOME="/workspace/rustup-home" "/workspace/cargo-home/bin/cargo" "+1.100.0-beta.1" "fetch" "--manifest-path" "Cargo.toml", kill_on_drop: false }`
[INFO] [stderr] warning: `package.homepage` is redundant with `package.repository`
[INFO] [stderr]   --> Cargo.toml:69:12
[INFO] [stderr]    |
[INFO] [stderr] 69 | homepage = "https://github.com/usr-ein/prolink"
[INFO] [stderr]    |            ^^^^^^^^^^^^^^^^^^^^^^^^^^^^^^^^^^^^
[INFO] [stderr] ...
[INFO] [stderr] 74 | repository = "https://github.com/usr-ein/prolink"
[INFO] [stderr]    |              ------------------------------------
[INFO] [stderr]    |
[INFO] [stderr]    = note: `cargo::redundant_homepage` is set to `warn` by default
[INFO] [stderr] help: consider removing `package.homepage`
[INFO] [stderr] warning: `prolink-cxx` (manifest) generated 1 warning
[INFO] running `Command { std: "docker" "create" "-v" "/var/lib/crater-agent-workspace/builds/worker-6-tc2/source:/opt/rustwide/workdir:ro,Z" "-v" "/var/lib/crater-agent-workspace/builds/worker-6-tc2/target:/opt/rustwide/target:rw,Z" "-v" "/var/lib/crater-agent-workspace/cargo-home:/opt/rustwide/cargo-home:ro,Z" "-v" "/var/lib/crater-agent-workspace/rustup-home:/opt/rustwide/rustup-home:ro,Z" "-m" "1610612736" "--network" "none" "ghcr.io/rust-lang/crates-build-env/linux@sha256:77db811e55d90add9212f6832c23229e3de5f1c1f9905e8cb07319ea15df73ac" "sleep" "infinity", kill_on_drop: false }`
[INFO] [stdout] 54b8c157116356160540829d58e16d03c9001dc53918df468a68d3080beb5571
[INFO] running `Command { std: "docker" "start" "54b8c157116356160540829d58e16d03c9001dc53918df468a68d3080beb5571", kill_on_drop: false }`
[INFO] running `Command { std: "docker" "inspect" "54b8c157116356160540829d58e16d03c9001dc53918df468a68d3080beb5571", kill_on_drop: false }`
[INFO] running `Command { std: "docker" "exec" "-e" "SOURCE_DIR=/opt/rustwide/workdir" "-e" "CARGO_HOME=/opt/rustwide/cargo-home" "-e" "RUSTUP_HOME=/opt/rustwide/rustup-home" "-e" "CARGO_TARGET_DIR=/opt/rustwide/target" "-w" "/opt/rustwide/workdir" "--user" "0:0" "54b8c157116356160540829d58e16d03c9001dc53918df468a68d3080beb5571" "/opt/rustwide/cargo-home/bin/cargo" "+1.100.0-beta.1" "metadata" "--no-deps" "--format-version=1", kill_on_drop: false }`
[INFO] running `Command { std: "docker" "inspect" "54b8c157116356160540829d58e16d03c9001dc53918df468a68d3080beb5571", kill_on_drop: false }`
[INFO] running `Command { std: "docker" "exec" "-e" "SOURCE_DIR=/opt/rustwide/workdir" "-e" "CARGO_HOME=/opt/rustwide/cargo-home" "-e" "RUSTUP_HOME=/opt/rustwide/rustup-home" "-e" "CARGO_TARGET_DIR=/opt/rustwide/target" "-e" "CARGO_INCREMENTAL=0" "-e" "RUST_BACKTRACE=full" "-e" "RUSTFLAGS=--cap-lints=warn" "-e" "RUSTDOCFLAGS=--cap-lints=warn" "-w" "/opt/rustwide/workdir" "--user" "0:0" "54b8c157116356160540829d58e16d03c9001dc53918df468a68d3080beb5571" "/opt/rustwide/cargo-home/bin/cargo" "+1.100.0-beta.1" "build" "--frozen" "--message-format=json" "--release", kill_on_drop: false }`
[INFO] [stderr] warning: `package.homepage` is redundant with `package.repository`
[INFO] [stderr]   --> Cargo.toml:69:12
[INFO] [stderr]    |
[INFO] [stderr] 69 | homepage = "https://github.com/usr-ein/prolink"
[INFO] [stderr]    |            ^^^^^^^^^^^^^^^^^^^^^^^^^^^^^^^^^^^^
[INFO] [stderr] ...
[INFO] [stderr] 74 | repository = "https://github.com/usr-ein/prolink"
[INFO] [stderr]    |              ------------------------------------
[INFO] [stderr]    |
[INFO] [stderr]    = note: `cargo::redundant_homepage` is set to `warn` by default
[INFO] [stderr] help: consider removing `package.homepage`
[INFO] [stderr] warning: `prolink-cxx` (manifest) generated 1 warning
[INFO] [stderr]    Compiling proc-macro2 v1.0.107
[INFO] [stderr]    Compiling owo-colors v4.3.0
[INFO] [stderr]    Compiling binrw_derive v0.15.2
[INFO] [stderr]    Compiling typenum v1.20.1
[INFO] [stderr]    Compiling hashbrown v0.17.1
[INFO] [stderr]    Compiling thiserror v2.0.19
[INFO] [stderr]    Compiling scratch v1.0.9
[INFO] [stderr]    Compiling either v1.17.0
[INFO] [stderr]    Compiling cc v1.4.0
[INFO] [stderr]    Compiling binrw v0.15.2
[INFO] [stderr]    Compiling array-init v2.1.0
[INFO] [stderr]    Compiling unicode-width v0.2.2
[INFO] [stderr]    Compiling log v0.4.33
[INFO] [stderr]    Compiling bytemuck v1.25.2
[INFO] [stderr]    Compiling cxxbridge-flags v1.0.198
[INFO] [stderr]    Compiling regex-syntax v0.8.11
[INFO] [stderr]    Compiling rustix v1.1.5
[INFO] [stderr]    Compiling ogg_pager v0.7.1
[INFO] [stderr]    Compiling tinyvec v1.12.0
[INFO] [stderr]    Compiling mio v1.2.2
[INFO] [stderr]    Compiling socket2 v0.6.5
[INFO] [stderr]    Compiling data-encoding v2.11.1
[INFO] [stderr]    Compiling tracing-log v0.2.0
[INFO] [stderr]    Compiling thread_local v1.1.10
[INFO] [stderr]    Compiling smallvec v1.15.2
[INFO] [stderr]    Compiling codespan-reporting v0.13.1
[INFO] [stderr]    Compiling foldhash v0.2.0
[INFO] [stderr]    Compiling indexmap v2.14.0
[INFO] [stderr]    Compiling unicode-normalization v0.1.25
[INFO] [stderr]    Compiling quote v1.0.47
[INFO] [stderr]    Compiling generic-array v0.14.7
[INFO] [stderr]    Compiling syn v3.0.3
[INFO] [stderr]    Compiling syn v2.0.119
[INFO] [stderr]    Compiling crypto-common v0.1.7
[INFO] [stderr]    Compiling block-buffer v0.10.4
[INFO] [stderr]    Compiling digest v0.10.7
[INFO] [stderr]    Compiling link-cplusplus v1.0.12
[INFO] [stderr]    Compiling cxx v1.0.198
[INFO] [stderr]    Compiling network-interface v2.0.5
[INFO] [stderr]    Compiling sha2 v0.10.9
[INFO] [stderr]    Compiling regex-automata v0.4.16
[INFO] [stderr]    Compiling cxx-build v1.0.198
[INFO] [stderr]    Compiling thiserror-impl v2.0.19
[INFO] [stderr]    Compiling tokio-macros v2.7.2
[INFO] [stderr]    Compiling cxxbridge-macro v1.0.198
[INFO] [stderr]    Compiling tokio v1.53.1
[INFO] [stderr]    Compiling matchers v0.2.0
[INFO] [stderr]    Compiling tracing-attributes v0.1.31
[INFO] [stderr]    Compiling lofty_attr v0.12.0
[INFO] [stderr]    Compiling lofty v0.24.0
[INFO] [stderr]    Compiling prolink-cxx v0.5.0 (/opt/rustwide/workdir)
[INFO] [stderr]    Compiling tracing v0.1.44
[INFO] [stderr]    Compiling tracing-subscriber v0.3.23
[INFO] [stderr]    Compiling prolink-proto v0.5.0
[INFO] [stderr]    Compiling prolink-rekordbox v0.5.0
[INFO] [stderr]    Compiling prolink v0.5.0
[INFO] [stderr]     Finished `release` profile [optimized] target(s) in 1m 50s
[INFO] running `Command { std: "docker" "inspect" "54b8c157116356160540829d58e16d03c9001dc53918df468a68d3080beb5571", kill_on_drop: false }`
[INFO] running `Command { std: "docker" "exec" "-e" "SOURCE_DIR=/opt/rustwide/workdir" "-e" "CARGO_HOME=/opt/rustwide/cargo-home" "-e" "RUSTUP_HOME=/opt/rustwide/rustup-home" "-e" "CARGO_TARGET_DIR=/opt/rustwide/target" "-e" "CARGO_INCREMENTAL=0" "-e" "RUST_BACKTRACE=full" "-e" "RUSTFLAGS=--cap-lints=warn" "-e" "RUSTDOCFLAGS=--cap-lints=warn" "-w" "/opt/rustwide/workdir" "--user" "0:0" "54b8c157116356160540829d58e16d03c9001dc53918df468a68d3080beb5571" "/opt/rustwide/cargo-home/bin/cargo" "+1.100.0-beta.1" "test" "--frozen" "--no-run" "--message-format=json" "--release", kill_on_drop: false }`
[INFO] [stderr] warning: `package.homepage` is redundant with `package.repository`
[INFO] [stderr]   --> Cargo.toml:69:12
[INFO] [stderr]    |
[INFO] [stderr] 69 | homepage = "https://github.com/usr-ein/prolink"
[INFO] [stderr]    |            ^^^^^^^^^^^^^^^^^^^^^^^^^^^^^^^^^^^^
[INFO] [stderr] ...
[INFO] [stderr] 74 | repository = "https://github.com/usr-ein/prolink"
[INFO] [stderr]    |              ------------------------------------
[INFO] [stderr]    |
[INFO] [stderr]    = note: `cargo::redundant_homepage` is set to `warn` by default
[INFO] [stderr] help: consider removing `package.homepage`
[INFO] [stderr] warning: `prolink-cxx` (manifest) generated 1 warning
[INFO] [stderr]    Compiling prolink-cxx v0.5.0 (/opt/rustwide/workdir)
[INFO] [stderr]     Finished `release` profile [optimized] target(s) in 24.00s
[INFO] running `Command { std: "docker" "inspect" "54b8c157116356160540829d58e16d03c9001dc53918df468a68d3080beb5571", kill_on_drop: false }`
[INFO] running `Command { std: "docker" "exec" "-e" "SOURCE_DIR=/opt/rustwide/workdir" "-e" "CARGO_HOME=/opt/rustwide/cargo-home" "-e" "RUSTUP_HOME=/opt/rustwide/rustup-home" "-e" "CARGO_TARGET_DIR=/opt/rustwide/target" "-e" "CARGO_INCREMENTAL=0" "-e" "RUST_BACKTRACE=full" "-e" "RUSTFLAGS=--cap-lints=warn" "-e" "RUSTDOCFLAGS=--cap-lints=warn" "-w" "/opt/rustwide/workdir" "--user" "0:0" "54b8c157116356160540829d58e16d03c9001dc53918df468a68d3080beb5571" "/opt/rustwide/cargo-home/bin/cargo" "+1.100.0-beta.1" "test" "--frozen" "--release", kill_on_drop: false }`
[INFO] [stderr] warning: `package.homepage` is redundant with `package.repository`
[INFO] [stderr]   --> Cargo.toml:69:12
[INFO] [stderr]    |
[INFO] [stderr] 69 | homepage = "https://github.com/usr-ein/prolink"
[INFO] [stderr]    |            ^^^^^^^^^^^^^^^^^^^^^^^^^^^^^^^^^^^^
[INFO] [stderr] ...
[INFO] [stderr] 74 | repository = "https://github.com/usr-ein/prolink"
[INFO] [stderr]    |              ------------------------------------
[INFO] [stderr]    |
[INFO] [stderr]    = note: `cargo::redundant_homepage` is set to `warn` by default
[INFO] [stderr] help: consider removing `package.homepage`
[INFO] [stderr] warning: `prolink-cxx` (manifest) generated 1 warning
[INFO] [stderr]     Finished `release` profile [optimized] target(s) in 0.12s
[INFO] [stderr]      Running unittests src/lib.rs (/opt/rustwide/target/release/build/prolink-cxx/df8a86f6ace3da39/out/prolink_cxx-df8a86f6ace3da39)
[INFO] [stdout] 
[INFO] [stdout] running 26 tests
[INFO] [stdout] test anlz::tests::a_colour_preview_of_the_wrong_width_is_refused ... ok
[INFO] [stdout] test anlz::tests::beats_carry_their_bar_position_and_their_tempo ... ok
[INFO] [stdout] test anlz::tests::the_seeking_reader_finds_both_previews ... ok
[INFO] [stdout] test anlz::tests::a_missing_preview_file_is_a_value_and_not_a_panic ... ok
[INFO] [stdout] test session::media_asker_tests::a_swapped_medium_is_asked_about_afresh ... ok
[INFO] [stdout] test anlz::tests::the_preview_comes_over_packed ... ok
[INFO] [stdout] test anlz::tests::both_cue_lists_survive_and_say_which_they_are ... ok
[INFO] [stdout] test anlz::tests::the_colour_waveform_keeps_bands_and_colours_apart ... ok
[INFO] [stdout] test anlz::tests::a_loop_time_is_dropped_for_a_point ... ok
[INFO] [stdout] test session::event_tests::a_full_queue_with_nothing_to_spare_grows ... ok
[INFO] [stdout] test convert::tests::playing_is_the_status_flag_and_not_the_play_state ... ok
[INFO] [stdout] test session::event_tests::a_full_queue_discards_the_oldest_and_says_so ... ok
[INFO] [stdout] test session::event_tests::a_full_queue_keeps_what_no_table_repeats ... ok
[INFO] [stdout] test session::media_asker_tests::a_description_arriving_changing_or_going_is_news_to_the_host ... ok
[INFO] [stdout] test session::media_asker_tests::an_empty_slot_is_never_asked_about ... ok
[INFO] [stdout] test session::take_tests::a_hand_over_waits_for_news_no_longer_than_its_next_deadline ... ok
[INFO] [stdout] test session::take_tests::a_holder_naming_another_deck_gave_it_to_that_deck ... ok
[INFO] [stdout] test session::media_asker_tests::the_asker_lets_a_torn_down_player_go ... ok
[INFO] [stdout] test anlz::tests::a_missing_file_is_a_value_and_not_a_panic ... ok
[INFO] [stdout] test session::take_tests::a_holder_letting_go_with_nobody_claiming_leaves_it_vacant ... ok
[INFO] [stdout] test session::take_tests::a_take_resends_once_and_gives_up_after_two_seconds_whatever_the_events ... ok
[INFO] [stdout] test session::take_tests::only_a_holder_naming_us_is_a_grant ... ok
[INFO] [stdout] test session::take_tests::a_holder_letting_go_is_not_a_grant_when_someone_else_claims ... ok
[INFO] [stdout] test session::take_tests::a_holder_that_has_gone_leaves_it_vacant ... ok
[INFO] [stdout] test session::media_asker_tests::a_loaded_slot_is_asked_about_every_5_s_until_answered_then_never ... ok
[INFO] [stdout] test browse::tests::a_walk_finds_every_folder_and_file_of_a_plain_stick ... ok
[INFO] [stdout] 
[INFO] [stdout] test result: ok. 26 passed; 0 failed; 0 ignored; 0 measured; 0 filtered out; finished in 0.10s
[INFO] [stdout] 
[INFO] [stderr]      Running tests/bridge.rs (/opt/rustwide/target/release/build/prolink-cxx/2301aa405a4c7b32/out/bridge-2301aa405a4c7b32)
[INFO] [stdout] 
[INFO] [stdout] running 14 tests
[INFO] [stdout] test the_media_slot_conversion_round_trips ... ok
[INFO] [stdout] test a_database_that_does_not_parse_is_a_value_and_not_an_exception ... ok
[INFO] [stdout] test serving_nothing_is_refused_rather_than_started_empty ... ok
[INFO] [stdout] test a_row_reports_the_two_live_marks_a_server_puts_on_it ... ok
[INFO] [stdout] test a_real_export_pdb_reads_through_the_bridge ... ok
[INFO] [stdout] test naming_an_interface_that_is_not_there_fails_with_a_reason ... ok
[INFO] [stdout] test every_interface_offered_describes_itself_completely ... ok
[INFO] [stdout] test a_stale_filehandle_is_the_one_nfs_error_with_a_remedy ... ok
[INFO] [stdout] test a_transfer_done_event_carries_the_path_it_wrote ... ok
[INFO] [stdout] test the_default_config_chooses_an_interface_and_announces ... ok
[INFO] [stdout] test a_player_with_no_status_reports_absent_rather_than_zero ... ok
[INFO] [stdout] test a_medium_that_is_not_a_rekordbox_export_is_refused_by_path ... FAILED
[INFO] [stdout] test a_transfer_creates_the_directories_its_destination_needs ... ok
[INFO] [stdout] test opening_a_session_does_not_panic_on_the_caller_s_thread ... ok
[INFO] [stdout] 
[INFO] [stdout] failures:
[INFO] [stdout] 
[INFO] [stdout] ---- a_medium_that_is_not_a_rekordbox_export_is_refused_by_path stdout ----
[INFO] [stdout] 
[INFO] [stdout] thread 'a_medium_that_is_not_a_rekordbox_export_is_refused_by_path' (1568) panicked at tests/bridge.rs:99:5:
[INFO] [stdout] the message should name the medium: no usable interface: no usable network interface
[INFO] [stdout] stack backtrace:
[INFO] [stdout]    0:     0x63ddca88a261 - <<std[617be2ca0a6fd877]::sys::backtrace::BacktraceLock>::print::DisplayBacktrace as core[a373ad73a504971]::fmt::Display>::fmt
[INFO] [stdout]    1:     0x63ddca8a201a - core[a373ad73a504971]::fmt::write
[INFO] [stdout]    2:     0x63ddca88ea5c - <alloc[2e1b2a31b91974c5]::vec::Vec<u8> as core[a373ad73a504971]::io::write::Write>::write_fmt
[INFO] [stdout]    3:     0x63ddca862056 - std[617be2ca0a6fd877]::panicking::default_hook::{closure#0}
[INFO] [stdout]    4:     0x63ddca880379 - std[617be2ca0a6fd877]::panicking::default_hook
[INFO] [stdout]    5:     0x63ddca5bc940 - test[aada8e7e76ba119b]::test_main_inner::{closure#0}
[INFO] [stdout]    6:     0x63ddca8806a2 - std[617be2ca0a6fd877]::panicking::panic_with_hook
[INFO] [stdout]    7:     0x63ddca862102 - std[617be2ca0a6fd877]::panicking::panic_handler::{closure#0}
[INFO] [stdout]    8:     0x63ddca85aa69 - std[617be2ca0a6fd877]::sys::backtrace::__rust_end_short_backtrace::<std[617be2ca0a6fd877]::panicking::panic_handler::{closure#0}, !>
[INFO] [stdout]    9:     0x63ddca862dfd - __rustc[ea4f61d10b84890b]::rust_begin_unwind
[INFO] [stdout]   10:     0x63ddca8a277c - core[a373ad73a504971]::panicking::panic_fmt
[INFO] [stdout]   11:     0x63ddca5ae079 - <bridge[834161a3ef69086c]::a_medium_that_is_not_a_rekordbox_export_is_refused_by_path::{closure#0} as core[a373ad73a504971]::ops::function::FnOnce<()>>::call_once
[INFO] [stdout]   12:     0x63ddca5afd8b - test[aada8e7e76ba119b]::__rust_begin_short_backtrace::<core[a373ad73a504971]::result::Result<(), alloc[2e1b2a31b91974c5]::string::String>, fn() -> core[a373ad73a504971]::result::Result<(), alloc[2e1b2a31b91974c5]::string::String>>
[INFO] [stdout]   13:     0x63ddca5bcf65 - test[aada8e7e76ba119b]::run_test::{closure#0}
[INFO] [stdout]   14:     0x63ddca5b6854 - std[617be2ca0a6fd877]::sys::backtrace::__rust_begin_short_backtrace::<test[aada8e7e76ba119b]::run_test::{closure#1}, ()>
[INFO] [stdout]   15:     0x63ddca5bfff2 - <std[617be2ca0a6fd877]::thread::lifecycle::spawn_unchecked<test[aada8e7e76ba119b]::run_test::{closure#1}, ()>::{closure#1} as core[a373ad73a504971]::ops::function::FnOnce<()>>::call_once::{shim:vtable#0}
[INFO] [stdout]   16:     0x63ddca88916f - <std[617be2ca0a6fd877]::sys::thread::unix::Thread>::new::thread_start
[INFO] [stdout]   17:     0x73178c417dfa - <unknown>
[INFO] [stdout]   18:     0x73178c4ab3d4 - clone
[INFO] [stdout]   19:                0x0 - <unknown>
[INFO] [stdout] 
[INFO] [stdout] 
[INFO] [stdout] failures:
[INFO] [stdout]     a_medium_that_is_not_a_rekordbox_export_is_refused_by_path
[INFO] [stdout] 
[INFO] [stdout] test result: FAILED. 13 passed; 1 failed; 0 ignored; 0 measured; 0 filtered out; finished in 0.03s
[INFO] [stdout] 
[INFO] [stderr] error: test failed, to rerun pass `--test bridge`
[INFO] running `Command { std: "docker" "inspect" "54b8c157116356160540829d58e16d03c9001dc53918df468a68d3080beb5571", kill_on_drop: false }`
[INFO] running `Command { std: "docker" "rm" "-f" "54b8c157116356160540829d58e16d03c9001dc53918df468a68d3080beb5571", kill_on_drop: false }`
[INFO] [stdout] 54b8c157116356160540829d58e16d03c9001dc53918df468a68d3080beb5571
