[INFO] fetching crate prolink-capture 0.5.0...
[INFO] testing prolink-capture-0.5.0 against 1.99.0-beta.8+cargoflags=--release for beta-release-1.100-2
[INFO] extracting crate prolink-capture 0.5.0 into /workspace/builds/worker-2-tc1/source
[INFO] started tweaking crates.io crate prolink-capture 0.5.0
[INFO] removed 0 missing tests
[INFO] finished tweaking crates.io crate prolink-capture 0.5.0
[INFO] tweaked toml for crates.io crate prolink-capture 0.5.0 written to /workspace/builds/worker-2-tc1/source/Cargo.toml
[INFO] validating manifest of crates.io crate prolink-capture 0.5.0 on toolchain 1.99.0-beta.8
[INFO] running `Command { std: CARGO_HOME="/workspace/cargo-home" RUSTUP_HOME="/workspace/rustup-home" "/workspace/cargo-home/bin/cargo" "+1.99.0-beta.8" "metadata" "--manifest-path" "Cargo.toml" "--no-deps", kill_on_drop: false }`
[INFO] crate crates.io crate prolink-capture 0.5.0 already has a lockfile, it will not be regenerated
[INFO] running `Command { std: CARGO_HOME="/workspace/cargo-home" RUSTUP_HOME="/workspace/rustup-home" "/workspace/cargo-home/bin/cargo" "+1.99.0-beta.8" "fetch" "--manifest-path" "Cargo.toml", kill_on_drop: false }`
[INFO] [stderr]     Updating crates.io index
[INFO] [stderr]     Blocking waiting for file lock on package cache
[INFO] [stderr]  Downloading crates ...
[INFO] [stderr]   Downloaded pcap-file v2.0.0
[INFO] [stderr]   Downloaded byteorder_slice v3.0.0
[INFO] [stderr]   Downloaded etherparse v0.19.0
[INFO] running `Command { std: "docker" "create" "-v" "/var/lib/crater-agent-workspace/builds/worker-2-tc1/source:/opt/rustwide/workdir:ro,Z" "-v" "/var/lib/crater-agent-workspace/builds/worker-2-tc1/target:/opt/rustwide/target:rw,Z" "-v" "/var/lib/crater-agent-workspace/cargo-home:/opt/rustwide/cargo-home:ro,Z" "-v" "/var/lib/crater-agent-workspace/rustup-home:/opt/rustwide/rustup-home:ro,Z" "-m" "1610612736" "--network" "none" "ghcr.io/rust-lang/crates-build-env/linux@sha256:77db811e55d90add9212f6832c23229e3de5f1c1f9905e8cb07319ea15df73ac" "sleep" "infinity", kill_on_drop: false }`
[INFO] [stdout] 91ddffb79546d41098a650a60fb63742fcde17a6b249a34c31454bddade12010
[INFO] running `Command { std: "docker" "start" "91ddffb79546d41098a650a60fb63742fcde17a6b249a34c31454bddade12010", kill_on_drop: false }`
[INFO] running `Command { std: "docker" "inspect" "91ddffb79546d41098a650a60fb63742fcde17a6b249a34c31454bddade12010", kill_on_drop: false }`
[INFO] running `Command { std: "docker" "exec" "-e" "SOURCE_DIR=/opt/rustwide/workdir" "-e" "CARGO_HOME=/opt/rustwide/cargo-home" "-e" "RUSTUP_HOME=/opt/rustwide/rustup-home" "-e" "CARGO_TARGET_DIR=/opt/rustwide/target" "-w" "/opt/rustwide/workdir" "--user" "0:0" "91ddffb79546d41098a650a60fb63742fcde17a6b249a34c31454bddade12010" "/opt/rustwide/cargo-home/bin/cargo" "+1.99.0-beta.8" "metadata" "--no-deps" "--format-version=1", kill_on_drop: false }`
[INFO] running `Command { std: "docker" "inspect" "91ddffb79546d41098a650a60fb63742fcde17a6b249a34c31454bddade12010", kill_on_drop: false }`
[INFO] running `Command { std: "docker" "exec" "-e" "SOURCE_DIR=/opt/rustwide/workdir" "-e" "CARGO_HOME=/opt/rustwide/cargo-home" "-e" "RUSTUP_HOME=/opt/rustwide/rustup-home" "-e" "CARGO_TARGET_DIR=/opt/rustwide/target" "-e" "CARGO_INCREMENTAL=0" "-e" "RUST_BACKTRACE=full" "-e" "RUSTFLAGS=--cap-lints=warn" "-e" "RUSTDOCFLAGS=--cap-lints=warn" "-w" "/opt/rustwide/workdir" "--user" "0:0" "91ddffb79546d41098a650a60fb63742fcde17a6b249a34c31454bddade12010" "/opt/rustwide/cargo-home/bin/cargo" "+1.99.0-beta.8" "build" "--frozen" "--message-format=json" "--release", kill_on_drop: false }`
[INFO] [stderr]    Compiling syn v1.0.109
[INFO] [stderr]    Compiling thiserror v2.0.19
[INFO] [stderr]    Compiling arrayvec v0.7.8
[INFO] [stderr]    Compiling byteorder_slice v3.0.0
[INFO] [stderr]    Compiling syn v2.0.119
[INFO] [stderr]    Compiling syn v3.0.3
[INFO] [stderr]    Compiling etherparse v0.19.0
[INFO] [stderr]    Compiling thiserror-impl v2.0.19
[INFO] [stderr]    Compiling derive-into-owned v0.2.0
[INFO] [stderr]    Compiling thiserror-impl v1.0.69
[INFO] [stderr]    Compiling thiserror v1.0.69
[INFO] [stderr]    Compiling pcap-file v2.0.0
[INFO] [stderr]    Compiling prolink-capture v0.5.0 (/opt/rustwide/workdir)
[INFO] [stderr]     Finished `release` profile [optimized] target(s) in 12.03s
[INFO] running `Command { std: "docker" "inspect" "91ddffb79546d41098a650a60fb63742fcde17a6b249a34c31454bddade12010", kill_on_drop: false }`
[INFO] running `Command { std: "docker" "exec" "-e" "SOURCE_DIR=/opt/rustwide/workdir" "-e" "CARGO_HOME=/opt/rustwide/cargo-home" "-e" "RUSTUP_HOME=/opt/rustwide/rustup-home" "-e" "CARGO_TARGET_DIR=/opt/rustwide/target" "-e" "CARGO_INCREMENTAL=0" "-e" "RUST_BACKTRACE=full" "-e" "RUSTFLAGS=--cap-lints=warn" "-e" "RUSTDOCFLAGS=--cap-lints=warn" "-w" "/opt/rustwide/workdir" "--user" "0:0" "91ddffb79546d41098a650a60fb63742fcde17a6b249a34c31454bddade12010" "/opt/rustwide/cargo-home/bin/cargo" "+1.99.0-beta.8" "test" "--frozen" "--no-run" "--message-format=json" "--release", kill_on_drop: false }`
[INFO] [stderr]    Compiling prolink-capture v0.5.0 (/opt/rustwide/workdir)
[INFO] [stderr]     Finished `release` profile [optimized] target(s) in 2.46s
[INFO] running `Command { std: "docker" "inspect" "91ddffb79546d41098a650a60fb63742fcde17a6b249a34c31454bddade12010", kill_on_drop: false }`
[INFO] running `Command { std: "docker" "exec" "-e" "SOURCE_DIR=/opt/rustwide/workdir" "-e" "CARGO_HOME=/opt/rustwide/cargo-home" "-e" "RUSTUP_HOME=/opt/rustwide/rustup-home" "-e" "CARGO_TARGET_DIR=/opt/rustwide/target" "-e" "CARGO_INCREMENTAL=0" "-e" "RUST_BACKTRACE=full" "-e" "RUSTFLAGS=--cap-lints=warn" "-e" "RUSTDOCFLAGS=--cap-lints=warn" "-w" "/opt/rustwide/workdir" "--user" "0:0" "91ddffb79546d41098a650a60fb63742fcde17a6b249a34c31454bddade12010" "/opt/rustwide/cargo-home/bin/cargo" "+1.99.0-beta.8" "test" "--frozen" "--release", kill_on_drop: false }`
[INFO] [stderr]     Finished `release` profile [optimized] target(s) in 0.06s
[INFO] [stderr]      Running unittests src/lib.rs (/opt/rustwide/target/release/deps/prolink_capture-9ca01cb65c4fc4d3)
[INFO] [stdout] 
[INFO] [stdout] running 26 tests
[INFO] [stdout] test sparse::tests::an_overlapping_segment_contributes_only_its_new_bytes ... ok
[INFO] [stdout] test sparse::tests::pieces_arriving_backwards_still_become_one_run ... ok
[INFO] [stdout] test sparse::tests::shifting_moves_every_run ... ok
[INFO] [stdout] test sparse::tests::pieces_arriving_in_order_become_one_run ... ok
[INFO] [stdout] test sparse::tests::a_retransmission_does_not_disturb_bytes_already_held ... ok
[INFO] [stdout] test tcp::tests::a_retransmission_leaves_the_stream_unchanged ... ok
[INFO] [stdout] test sparse::tests::a_segment_between_two_runs_does_not_merge_them_when_it_reaches_neither ... ok
[INFO] [stdout] test sparse::tests::an_empty_insert_is_not_a_run ... ok
[INFO] [stdout] test tcp::tests::a_capture_that_starts_mid_connection_says_so ... ok
[INFO] [stdout] test tcp::tests::a_sequence_number_wrapping_past_zero_is_not_a_hole ... ok
[INFO] [stdout] test sparse::tests::duplicate_inserts_cost_nothing ... ok
[INFO] [stdout] test tcp::tests::a_handshake_that_carried_nothing_is_not_a_stream ... ok
[INFO] [stdout] test tcp::tests::a_port_filter_matches_either_endpoint ... ok
[INFO] [stderr] error: test failed, to rerun pass `--lib`
[INFO] [stdout] test tcp::tests::out_of_order_segments_are_put_back_in_order ... ok
[INFO] [stdout] test tcp::tests::segments_in_order_become_one_stream ... ok
[INFO] [stdout] test sparse::tests::a_hole_closes_when_the_missing_piece_arrives ... ok
[INFO] [stdout] test tcp::tests::a_missing_segment_is_reported_not_concatenated_over ... ok
[INFO] [stdout] test corpus::tests::a_directory_that_is_not_there_is_not_a_corpus ... ok
[INFO] [stdout] test tcp::tests::a_udp_packet_is_not_offered_to_a_stream ... ok
[INFO] [stdout] test sparse::tests::a_hole_is_reported_rather_than_closed_up ... ok
[INFO] [stdout] test sparse::tests::a_missing_prefix_is_a_hole_too ... ok
[INFO] [stdout] test tcp::tests::the_same_segment_seen_on_two_interfaces_is_one_copy_of_the_bytes ... ok
[INFO] [stdout] test tcp::tests::the_syn_does_not_consume_a_payload_byte ... ok
[INFO] [stdout] test tcp::tests::the_two_directions_are_separate_streams ... ok
[INFO] [stdout] test sparse::tests::a_segment_spanning_several_runs_fills_only_the_holes ... ok
[INFO] [stdout] test corpus::tests::the_workspace_root_is_two_levels_above_this_crate ... FAILED
[INFO] [stdout] 
[INFO] [stdout] failures:
[INFO] [stdout] 
[INFO] [stdout] ---- corpus::tests::the_workspace_root_is_two_levels_above_this_crate stdout ----
[INFO] [stdout] 
[INFO] [stdout] thread 'corpus::tests::the_workspace_root_is_two_levels_above_this_crate' (527) panicked at src/corpus.rs:112:9:
[INFO] [stdout] expected the workspace manifest at "/opt"
[INFO] [stdout] stack backtrace:
[INFO] [stdout]    0:     0x6517d4d6ac21 - <<std[70759c8f55707aa4]::sys::backtrace::BacktraceLock>::print::DisplayBacktrace as core[df12db4294e9bfd3]::fmt::Display>::fmt
[INFO] [stdout]    1:     0x6517d4d7f10a - core[df12db4294e9bfd3]::fmt::write
[INFO] [stdout]    2:     0x6517d4d6f0bc - <alloc[2182bb758b4b3781]::vec::Vec<u8> as core[df12db4294e9bfd3]::io::write::Write>::write_fmt
[INFO] [stdout]    3:     0x6517d4d46e66 - std[70759c8f55707aa4]::panicking::default_hook::{closure#0}
[INFO] [stdout]    4:     0x6517d4d63389 - std[70759c8f55707aa4]::panicking::default_hook
[INFO] [stdout]    5:     0x6517d4cff460 - test[9d35eded1c95d3be]::test_main_inner::<test[9d35eded1c95d3be]::test_main_static::{closure#0}>::{closure#0}
[INFO] [stdout]    6:     0x6517d4d63542 - std[70759c8f55707aa4]::panicking::panic_with_hook
[INFO] [stdout]    7:     0x6517d4d46f12 - std[70759c8f55707aa4]::panicking::panic_handler::{closure#0}
[INFO] [stdout]    8:     0x6517d4d3fc99 - std[70759c8f55707aa4]::sys::backtrace::__rust_end_short_backtrace::<std[70759c8f55707aa4]::panicking::panic_handler::{closure#0}, !>
[INFO] [stdout]    9:     0x6517d4d47b0d - __rustc[8fa7c3cbc660c2b3]::rust_begin_unwind
[INFO] [stdout]   10:     0x6517d4d7f83c - core[df12db4294e9bfd3]::panicking::panic_fmt
[INFO] [stdout]   11:     0x6517d4cef55e - prolink_capture[2185409abc83b90d]::corpus::tests::the_workspace_root_is_two_levels_above_this_crate
[INFO] [stdout]   12:     0x6517d4cedc19 - <prolink_capture[2185409abc83b90d]::corpus::tests::the_workspace_root_is_two_levels_above_this_crate::{closure#0} as core[df12db4294e9bfd3]::ops::function::FnOnce<()>>::call_once
[INFO] [stdout]   13:     0x6517d4cf274b - test[9d35eded1c95d3be]::__rust_begin_short_backtrace::<core[df12db4294e9bfd3]::result::Result<(), alloc[2182bb758b4b3781]::string::String>, fn() -> core[df12db4294e9bfd3]::result::Result<(), alloc[2182bb758b4b3781]::string::String>>
[INFO] [stdout]   14:     0x6517d4cffdb5 - test[9d35eded1c95d3be]::run_test::{closure#0}
[INFO] [stdout]   15:     0x6517d4cf9674 - std[70759c8f55707aa4]::sys::backtrace::__rust_begin_short_backtrace::<test[9d35eded1c95d3be]::run_test::{closure#1}, ()>
[INFO] [stdout]   16:     0x6517d4d02f12 - <std[70759c8f55707aa4]::thread::lifecycle::spawn_unchecked<test[9d35eded1c95d3be]::run_test::{closure#1}, ()>::{closure#1} as core[df12db4294e9bfd3]::ops::function::FnOnce<()>>::call_once::{shim:vtable#0}
[INFO] [stdout]   17:     0x6517d4d6a4f9 - <std[70759c8f55707aa4]::sys::thread::unix::Thread>::new::thread_start
[INFO] [stdout]   18:     0x73f39d25fdfa - <unknown>
[INFO] [stdout]   19:     0x73f39d2f33d4 - clone
[INFO] [stdout]   20:                0x0 - <unknown>
[INFO] [stdout] 
[INFO] [stdout] 
[INFO] [stdout] failures:
[INFO] [stdout]     corpus::tests::the_workspace_root_is_two_levels_above_this_crate
[INFO] [stdout] 
[INFO] [stdout] test result: FAILED. 25 passed; 1 failed; 0 ignored; 0 measured; 0 filtered out; finished in 0.01s
[INFO] [stdout] 
[INFO] running `Command { std: "docker" "inspect" "91ddffb79546d41098a650a60fb63742fcde17a6b249a34c31454bddade12010", kill_on_drop: false }`
[INFO] running `Command { std: "docker" "rm" "-f" "91ddffb79546d41098a650a60fb63742fcde17a6b249a34c31454bddade12010", kill_on_drop: false }`
[INFO] [stdout] 91ddffb79546d41098a650a60fb63742fcde17a6b249a34c31454bddade12010
