[INFO] fetching crate project_cd 0.2.0...
[INFO] testing project_cd-0.2.0 against 1.100.0-beta.1+cargoflags=--release for beta-release-1.100-2
[INFO] extracting crate project_cd 0.2.0 into /workspace/builds/worker-0-tc2/source
[INFO] started tweaking crates.io crate project_cd 0.2.0
[INFO] finished tweaking crates.io crate project_cd 0.2.0
[INFO] tweaked toml for crates.io crate project_cd 0.2.0 written to /workspace/builds/worker-0-tc2/source/Cargo.toml
[INFO] validating manifest of crates.io crate project_cd 0.2.0 on toolchain 1.100.0-beta.1
[INFO] running `Command { std: CARGO_HOME="/workspace/cargo-home" RUSTUP_HOME="/workspace/rustup-home" "/workspace/cargo-home/bin/cargo" "+1.100.0-beta.1" "metadata" "--manifest-path" "Cargo.toml" "--no-deps", kill_on_drop: false }`
[INFO] crate crates.io crate project_cd 0.2.0 already has a lockfile, it will not be regenerated
[INFO] running `Command { std: CARGO_HOME="/workspace/cargo-home" RUSTUP_HOME="/workspace/rustup-home" "/workspace/cargo-home/bin/cargo" "+1.100.0-beta.1" "fetch" "--manifest-path" "Cargo.toml", kill_on_drop: false }`
[INFO] running `Command { std: "docker" "create" "-v" "/var/lib/crater-agent-workspace/builds/worker-0-tc2/source:/opt/rustwide/workdir:ro,Z" "-v" "/var/lib/crater-agent-workspace/builds/worker-0-tc2/target:/opt/rustwide/target:rw,Z" "-v" "/var/lib/crater-agent-workspace/cargo-home:/opt/rustwide/cargo-home:ro,Z" "-v" "/var/lib/crater-agent-workspace/rustup-home:/opt/rustwide/rustup-home:ro,Z" "-m" "1610612736" "--network" "none" "ghcr.io/rust-lang/crates-build-env/linux@sha256:77db811e55d90add9212f6832c23229e3de5f1c1f9905e8cb07319ea15df73ac" "sleep" "infinity", kill_on_drop: false }`
[INFO] [stdout] c7873a420c7cdd3ca3316df01fc02c3e6cbd7078b4a9ece5717370709042a691
[INFO] running `Command { std: "docker" "start" "c7873a420c7cdd3ca3316df01fc02c3e6cbd7078b4a9ece5717370709042a691", kill_on_drop: false }`
[INFO] running `Command { std: "docker" "inspect" "c7873a420c7cdd3ca3316df01fc02c3e6cbd7078b4a9ece5717370709042a691", kill_on_drop: false }`
[INFO] running `Command { std: "docker" "exec" "-e" "SOURCE_DIR=/opt/rustwide/workdir" "-e" "CARGO_HOME=/opt/rustwide/cargo-home" "-e" "RUSTUP_HOME=/opt/rustwide/rustup-home" "-e" "CARGO_TARGET_DIR=/opt/rustwide/target" "-w" "/opt/rustwide/workdir" "--user" "0:0" "c7873a420c7cdd3ca3316df01fc02c3e6cbd7078b4a9ece5717370709042a691" "/opt/rustwide/cargo-home/bin/cargo" "+1.100.0-beta.1" "metadata" "--no-deps" "--format-version=1", kill_on_drop: false }`
[INFO] running `Command { std: "docker" "inspect" "c7873a420c7cdd3ca3316df01fc02c3e6cbd7078b4a9ece5717370709042a691", kill_on_drop: false }`
[INFO] running `Command { std: "docker" "exec" "-e" "SOURCE_DIR=/opt/rustwide/workdir" "-e" "CARGO_HOME=/opt/rustwide/cargo-home" "-e" "RUSTUP_HOME=/opt/rustwide/rustup-home" "-e" "CARGO_TARGET_DIR=/opt/rustwide/target" "-e" "CARGO_INCREMENTAL=0" "-e" "RUST_BACKTRACE=full" "-e" "RUSTFLAGS=--cap-lints=warn" "-e" "RUSTDOCFLAGS=--cap-lints=warn" "-w" "/opt/rustwide/workdir" "--user" "0:0" "c7873a420c7cdd3ca3316df01fc02c3e6cbd7078b4a9ece5717370709042a691" "/opt/rustwide/cargo-home/bin/cargo" "+1.100.0-beta.1" "build" "--frozen" "--message-format=json" "--release", kill_on_drop: false }`
[INFO] [stderr]    Compiling proc-macro2 v1.0.95
[INFO] [stderr]    Compiling libc v0.2.172
[INFO] [stderr]    Compiling signal-hook v0.3.17
[INFO] [stderr]    Compiling log v0.4.27
[INFO] [stderr]    Compiling smallvec v1.15.0
[INFO] [stderr]    Compiling unicode-segmentation v1.12.0
[INFO] [stderr]    Compiling toml_write v0.1.0
[INFO] [stderr]    Compiling winnow v0.7.7
[INFO] [stderr]    Compiling indexmap v2.9.0
[INFO] [stderr]    Compiling fuzzy-matcher v0.3.7
[INFO] [stderr]    Compiling clap_builder v4.5.37
[INFO] [stderr]    Compiling bitflags v2.9.0
[INFO] [stderr]    Compiling dyn-clone v1.0.19
[INFO] [stderr]    Compiling newline-converter v0.3.0
[INFO] [stderr]    Compiling quote v1.0.40
[INFO] [stderr]    Compiling signal-hook-registry v1.4.5
[INFO] [stderr]    Compiling parking_lot_core v0.9.10
[INFO] [stderr]    Compiling mio v0.8.11
[INFO] [stderr]    Compiling syn v2.0.101
[INFO] [stderr]    Compiling parking_lot v0.12.3
[INFO] [stderr]    Compiling signal-hook-mio v0.2.4
[INFO] [stderr]    Compiling crossterm v0.25.0
[INFO] [stderr]    Compiling inquire v0.7.5
[INFO] [stderr]    Compiling serde_derive v1.0.219
[INFO] [stderr]    Compiling clap_derive v4.5.32
[INFO] [stderr]    Compiling thiserror-impl v2.0.12
[INFO] [stderr]    Compiling thiserror v2.0.12
[INFO] [stderr]    Compiling clap v4.5.37
[INFO] [stderr]    Compiling serde v1.0.219
[INFO] [stderr]    Compiling serde_spanned v0.6.8
[INFO] [stderr]    Compiling toml_datetime v0.6.9
[INFO] [stderr]    Compiling toml_edit v0.22.25
[INFO] [stderr]    Compiling toml v0.8.21
[INFO] [stderr]    Compiling project_cd v0.2.0 (/opt/rustwide/workdir)
[INFO] [stdout] warning: value assigned to `project_name` is never read
[INFO] [stdout]   --> src/core/add.rs:22:29
[INFO] [stdout]    |
[INFO] [stdout] 22 |         let mut project_name = String::new();
[INFO] [stdout]    |                                ^^^^^^^^^^^^^ this value is reassigned later and never used
[INFO] [stdout] ...
[INFO] [stdout] 26 |         project_name = name;
[INFO] [stdout]    |         ------------ `project_name` is overwritten here before the previous value is read
[INFO] [stdout]    |
[INFO] [stdout]    = note: `#[warn(unused_assignments)]` (part of `#[warn(unused)]`) on by default
[INFO] [stdout] 
[INFO] [stdout] 
[INFO] [stderr]     Finished `release` profile [optimized] target(s) in 37.09s
[INFO] running `Command { std: "docker" "inspect" "c7873a420c7cdd3ca3316df01fc02c3e6cbd7078b4a9ece5717370709042a691", kill_on_drop: false }`
[INFO] running `Command { std: "docker" "exec" "-e" "SOURCE_DIR=/opt/rustwide/workdir" "-e" "CARGO_HOME=/opt/rustwide/cargo-home" "-e" "RUSTUP_HOME=/opt/rustwide/rustup-home" "-e" "CARGO_TARGET_DIR=/opt/rustwide/target" "-e" "CARGO_INCREMENTAL=0" "-e" "RUST_BACKTRACE=full" "-e" "RUSTFLAGS=--cap-lints=warn" "-e" "RUSTDOCFLAGS=--cap-lints=warn" "-w" "/opt/rustwide/workdir" "--user" "0:0" "c7873a420c7cdd3ca3316df01fc02c3e6cbd7078b4a9ece5717370709042a691" "/opt/rustwide/cargo-home/bin/cargo" "+1.100.0-beta.1" "test" "--frozen" "--no-run" "--message-format=json" "--release", kill_on_drop: false }`
[INFO] [stdout] warning: value assigned to `project_name` is never read
[INFO] [stdout]   --> src/core/add.rs:22:29
[INFO] [stdout]    |
[INFO] [stdout] 22 |         let mut project_name = String::new();
[INFO] [stdout]    |                                ^^^^^^^^^^^^^ this value is reassigned later and never used
[INFO] [stdout] ...
[INFO] [stdout] 26 |         project_name = name;
[INFO] [stdout]    |         ------------ `project_name` is overwritten here before the previous value is read
[INFO] [stdout]    |
[INFO] [stdout]    = note: `#[warn(unused_assignments)]` (part of `#[warn(unused)]`) on by default
[INFO] [stdout] 
[INFO] [stdout] 
[INFO] [stderr]    Compiling project_cd v0.2.0 (/opt/rustwide/workdir)
[INFO] [stdout] warning: value assigned to `project_name` is never read
[INFO] [stdout]   --> src/core/add.rs:22:29
[INFO] [stdout]    |
[INFO] [stdout] 22 |         let mut project_name = String::new();
[INFO] [stdout]    |                                ^^^^^^^^^^^^^ this value is reassigned later and never used
[INFO] [stdout] ...
[INFO] [stdout] 26 |         project_name = name;
[INFO] [stdout]    |         ------------ `project_name` is overwritten here before the previous value is read
[INFO] [stdout]    |
[INFO] [stdout]    = note: `#[warn(unused_assignments)]` (part of `#[warn(unused)]`) on by default
[INFO] [stdout] 
[INFO] [stdout] 
[INFO] [stderr]     Finished `release` profile [optimized] target(s) in 1.59s
[INFO] running `Command { std: "docker" "inspect" "c7873a420c7cdd3ca3316df01fc02c3e6cbd7078b4a9ece5717370709042a691", kill_on_drop: false }`
[INFO] running `Command { std: "docker" "exec" "-e" "SOURCE_DIR=/opt/rustwide/workdir" "-e" "CARGO_HOME=/opt/rustwide/cargo-home" "-e" "RUSTUP_HOME=/opt/rustwide/rustup-home" "-e" "CARGO_TARGET_DIR=/opt/rustwide/target" "-e" "CARGO_INCREMENTAL=0" "-e" "RUST_BACKTRACE=full" "-e" "RUSTFLAGS=--cap-lints=warn" "-e" "RUSTDOCFLAGS=--cap-lints=warn" "-w" "/opt/rustwide/workdir" "--user" "0:0" "c7873a420c7cdd3ca3316df01fc02c3e6cbd7078b4a9ece5717370709042a691" "/opt/rustwide/cargo-home/bin/cargo" "+1.100.0-beta.1" "test" "--frozen" "--release", kill_on_drop: false }`
[INFO] [stderr] warning: value assigned to `project_name` is never read
[INFO] [stderr]   --> src/core/add.rs:22:29
[INFO] [stderr]    |
[INFO] [stderr] 22 |         let mut project_name = String::new();
[INFO] [stderr]    |                                ^^^^^^^^^^^^^ this value is reassigned later and never used
[INFO] [stderr] ...
[INFO] [stderr] 26 |         project_name = name;
[INFO] [stderr]    |         ------------ `project_name` is overwritten here before the previous value is read
[INFO] [stderr]    |
[INFO] [stderr]    = note: `#[warn(unused_assignments)]` (part of `#[warn(unused)]`) on by default
[INFO] [stderr] 
[INFO] [stderr] warning: `project_cd` (lib) generated 1 warning
[INFO] [stderr] warning: `project_cd` (lib test) generated 1 warning (1 duplicate)
[INFO] [stderr]     Finished `release` profile [optimized] target(s) in 0.08s
[INFO] [stderr]      Running unittests src/lib.rs (/opt/rustwide/target/release/build/project_cd/fd6b2d3a572bc3c8/out/project_cd-fd6b2d3a572bc3c8)
[INFO] [stdout] 
[INFO] [stdout] running 5 tests
[INFO] [stdout] test clap_cli::add::tests::test_file ... ok
[INFO] [stdout] test clap_cli::add::tests::test_add ... ok
[INFO] [stdout] test storage::toml::validator::tests::valid_config ... ok
[INFO] [stdout] test storage::toml::validator::tests::invalid_config ... ok
[INFO] [stdout] test clap_cli::add::tests::test_relative_path ... FAILED
[INFO] [stdout] 
[INFO] [stdout] failures:
[INFO] [stdout] 
[INFO] [stdout] ---- clap_cli::add::tests::test_relative_path stdout ----
[INFO] [stdout] 
[INFO] [stdout] thread 'clap_cli::add::tests::test_relative_path' (857) panicked at src/clap_cli/add.rs:59:5:
[INFO] [stdout] assertion failed: res.is_ok()
[INFO] [stdout] stack backtrace:
[INFO] [stdout]    0:     0x5d775e5f9741 - <<std[617be2ca0a6fd877]::sys::backtrace::BacktraceLock>::print::DisplayBacktrace as core[a373ad73a504971]::fmt::Display>::fmt
[INFO] [stdout]    1:     0x5d775e60e06a - core[a373ad73a504971]::fmt::write
[INFO] [stdout]    2:     0x5d775e5fd95c - <alloc[2e1b2a31b91974c5]::vec::Vec<u8> as core[a373ad73a504971]::io::write::Write>::write_fmt
[INFO] [stdout]    3:     0x5d775e5d4e06 - std[617be2ca0a6fd877]::panicking::default_hook::{closure#0}
[INFO] [stdout]    4:     0x5d775e5f1909 - std[617be2ca0a6fd877]::panicking::default_hook
[INFO] [stdout]    5:     0x5d775e58d160 - test[aada8e7e76ba119b]::test_main_inner::{closure#0}
[INFO] [stdout]    6:     0x5d775e5f1ac2 - std[617be2ca0a6fd877]::panicking::panic_with_hook
[INFO] [stdout]    7:     0x5d775e5d4ee4 - std[617be2ca0a6fd877]::panicking::panic_handler::{closure#0}
[INFO] [stdout]    8:     0x5d775e5cdaa9 - std[617be2ca0a6fd877]::sys::backtrace::__rust_end_short_backtrace::<std[617be2ca0a6fd877]::panicking::panic_handler::{closure#0}, !>
[INFO] [stdout]    9:     0x5d775e5d5abd - __rustc[ea4f61d10b84890b]::rust_begin_unwind
[INFO] [stdout]   10:     0x5d775e60e79c - core[a373ad73a504971]::panicking::panic_fmt
[INFO] [stdout]   11:     0x5d775e60e762 - core[a373ad73a504971]::panicking::panic
[INFO] [stdout]   12:     0x5d775e558725 - <project_cd[de05e3986d0ad259]::clap_cli::add::tests::test_relative_path::{closure#0} as core[a373ad73a504971]::ops::function::FnOnce<()>>::call_once
[INFO] [stdout]   13:     0x5d775e5805ab - test[aada8e7e76ba119b]::__rust_begin_short_backtrace::<core[a373ad73a504971]::result::Result<(), alloc[2e1b2a31b91974c5]::string::String>, fn() -> core[a373ad73a504971]::result::Result<(), alloc[2e1b2a31b91974c5]::string::String>>
[INFO] [stdout]   14:     0x5d775e58d785 - test[aada8e7e76ba119b]::run_test::{closure#0}
[INFO] [stdout]   15:     0x5d775e587074 - std[617be2ca0a6fd877]::sys::backtrace::__rust_begin_short_backtrace::<test[aada8e7e76ba119b]::run_test::{closure#1}, ()>
[INFO] [stdout]   16:     0x5d775e590812 - <std[617be2ca0a6fd877]::thread::lifecycle::spawn_unchecked<test[aada8e7e76ba119b]::run_test::{closure#1}, ()>::{closure#1} as core[a373ad73a504971]::ops::function::FnOnce<()>>::call_once::{shim:vtable#0}
[INFO] [stdout]   17:     0x5d775e5f8f9f - <std[617be2ca0a6fd877]::sys::thread::unix::Thread>::new::thread_start
[INFO] [stdout]   18:     0x75b0a0603dfa - <unknown>
[INFO] [stdout]   19:     0x75b0a06973d4 - clone
[INFO] [stdout]   20:                0x0 - <unknown>
[INFO] [stdout] 
[INFO] [stdout] 
[INFO] [stdout] failures:
[INFO] [stdout]     clap_cli::add::tests::test_relative_path
[INFO] [stdout] 
[INFO] [stdout] test result: FAILED. 4 passed; 1 failed; 0 ignored; 0 measured; 0 filtered out; finished in 0.00s
[INFO] [stdout] 
[INFO] [stderr] error: test failed, to rerun pass `--lib`
[INFO] running `Command { std: "docker" "inspect" "c7873a420c7cdd3ca3316df01fc02c3e6cbd7078b4a9ece5717370709042a691", kill_on_drop: false }`
[INFO] running `Command { std: "docker" "rm" "-f" "c7873a420c7cdd3ca3316df01fc02c3e6cbd7078b4a9ece5717370709042a691", kill_on_drop: false }`
[INFO] [stdout] c7873a420c7cdd3ca3316df01fc02c3e6cbd7078b4a9ece5717370709042a691
