[INFO] fetching crate project-wormhole-nif 0.1.0...
[INFO] testing project-wormhole-nif-0.1.0 against 1.99.0-beta.8+cargoflags=--release for beta-release-1.100-2
[INFO] extracting crate project-wormhole-nif 0.1.0 into /workspace/builds/worker-6-tc1/source
[INFO] started tweaking crates.io crate project-wormhole-nif 0.1.0
[INFO] finished tweaking crates.io crate project-wormhole-nif 0.1.0
[INFO] tweaked toml for crates.io crate project-wormhole-nif 0.1.0 written to /workspace/builds/worker-6-tc1/source/Cargo.toml
[INFO] validating manifest of crates.io crate project-wormhole-nif 0.1.0 on toolchain 1.99.0-beta.8
[INFO] running `Command { std: CARGO_HOME="/workspace/cargo-home" RUSTUP_HOME="/workspace/rustup-home" "/workspace/cargo-home/bin/cargo" "+1.99.0-beta.8" "metadata" "--manifest-path" "Cargo.toml" "--no-deps", kill_on_drop: false }`
[INFO] crate crates.io crate project-wormhole-nif 0.1.0 already has a lockfile, it will not be regenerated
[INFO] running `Command { std: CARGO_HOME="/workspace/cargo-home" RUSTUP_HOME="/workspace/rustup-home" "/workspace/cargo-home/bin/cargo" "+1.99.0-beta.8" "fetch" "--manifest-path" "Cargo.toml", kill_on_drop: false }`
[INFO] [stderr]     Blocking waiting for file lock on package cache
[INFO] [stderr]     Updating crates.io index
[INFO] [stderr]  Downloading crates ...
[INFO] [stderr]   Downloaded project-wormhole-ba2 v0.1.0
[INFO] [stderr]   Downloaded enum-primitive-derive v0.2.2
[INFO] [stderr]   Downloaded ispc_rt v2.0.4
[INFO] [stderr]   Downloaded ddsfile v0.5.2
[INFO] [stderr]   Downloaded bcndecode-sys v0.1.2
[INFO] [stderr]   Downloaded simplelog v0.12.2
[INFO] [stderr]   Downloaded image_dds v0.4.0
[INFO] [stderr]   Downloaded fbxcel v0.9.0
[INFO] [stderr]   Downloaded project-wormhole-esm v0.1.0
[INFO] [stderr]   Downloaded intel_tex_2 v0.2.2
[INFO] running `Command { std: "docker" "create" "-v" "/var/lib/crater-agent-workspace/builds/worker-6-tc1/source:/opt/rustwide/workdir:ro,Z" "-v" "/var/lib/crater-agent-workspace/builds/worker-6-tc1/target:/opt/rustwide/target:rw,Z" "-v" "/var/lib/crater-agent-workspace/cargo-home:/opt/rustwide/cargo-home:ro,Z" "-v" "/var/lib/crater-agent-workspace/rustup-home:/opt/rustwide/rustup-home:ro,Z" "-m" "1610612736" "--network" "none" "ghcr.io/rust-lang/crates-build-env/linux@sha256:77db811e55d90add9212f6832c23229e3de5f1c1f9905e8cb07319ea15df73ac" "sleep" "infinity", kill_on_drop: false }`
[INFO] [stdout] 94bbf3d16a70ab84dfd2c23249d71a0ee4f8b4f103e473a68ece311d443f4b7f
[INFO] running `Command { std: "docker" "start" "94bbf3d16a70ab84dfd2c23249d71a0ee4f8b4f103e473a68ece311d443f4b7f", kill_on_drop: false }`
[INFO] running `Command { std: "docker" "inspect" "94bbf3d16a70ab84dfd2c23249d71a0ee4f8b4f103e473a68ece311d443f4b7f", kill_on_drop: false }`
[INFO] running `Command { std: "docker" "exec" "-e" "SOURCE_DIR=/opt/rustwide/workdir" "-e" "CARGO_HOME=/opt/rustwide/cargo-home" "-e" "RUSTUP_HOME=/opt/rustwide/rustup-home" "-e" "CARGO_TARGET_DIR=/opt/rustwide/target" "-w" "/opt/rustwide/workdir" "--user" "0:0" "94bbf3d16a70ab84dfd2c23249d71a0ee4f8b4f103e473a68ece311d443f4b7f" "/opt/rustwide/cargo-home/bin/cargo" "+1.99.0-beta.8" "metadata" "--no-deps" "--format-version=1", kill_on_drop: false }`
[INFO] running `Command { std: "docker" "inspect" "94bbf3d16a70ab84dfd2c23249d71a0ee4f8b4f103e473a68ece311d443f4b7f", kill_on_drop: false }`
[INFO] running `Command { std: "docker" "exec" "-e" "SOURCE_DIR=/opt/rustwide/workdir" "-e" "CARGO_HOME=/opt/rustwide/cargo-home" "-e" "RUSTUP_HOME=/opt/rustwide/rustup-home" "-e" "CARGO_TARGET_DIR=/opt/rustwide/target" "-e" "CARGO_INCREMENTAL=0" "-e" "RUST_BACKTRACE=full" "-e" "RUSTFLAGS=--cap-lints=warn" "-e" "RUSTDOCFLAGS=--cap-lints=warn" "-w" "/opt/rustwide/workdir" "--user" "0:0" "94bbf3d16a70ab84dfd2c23249d71a0ee4f8b4f103e473a68ece311d443f4b7f" "/opt/rustwide/cargo-home/bin/cargo" "+1.99.0-beta.8" "build" "--frozen" "--message-format=json" "--release", kill_on_drop: false }`
[INFO] [stderr]    Compiling proc-macro2 v1.0.105
[INFO] [stderr]    Compiling quote v1.0.43
[INFO] [stderr]    Compiling find-msvc-tools v0.1.7
[INFO] [stderr]    Compiling libc v0.2.180
[INFO] [stderr]    Compiling simd-adler32 v0.3.8
[INFO] [stderr]    Compiling zerocopy v0.8.33
[INFO] [stderr]    Compiling zmij v1.0.14
[INFO] [stderr]    Compiling bitflags v2.10.0
[INFO] [stderr]    Compiling weezl v0.1.12
[INFO] [stderr]    Compiling pxfm v0.1.27
[INFO] [stderr]    Compiling nom v7.1.3
[INFO] [stderr]    Compiling bit_field v0.10.3
[INFO] [stderr]    Compiling zune-core v0.5.0
[INFO] [stderr]    Compiling inflections v1.1.1
[INFO] [stderr]    Compiling color_quant v1.1.0
[INFO] [stderr]    Compiling jpeg-decoder v0.3.2
[INFO] [stderr]    Compiling lebe v0.5.3
[INFO] [stderr]    Compiling zune-jpeg v0.5.8
[INFO] [stderr]    Compiling cc v1.2.52
[INFO] [stderr]    Compiling miniz_oxide v0.8.9
[INFO] [stderr]    Compiling fdeflate v0.3.7
[INFO] [stderr]    Compiling zune-inflate v0.2.54
[INFO] [stderr]    Compiling rle-decode-fast v1.0.3
[INFO] [stderr]    Compiling time-core v0.1.7
[INFO] [stderr]    Compiling libflate_lz77 v1.2.0
[INFO] [stderr]    Compiling serde_json v1.0.149
[INFO] [stderr]    Compiling time-macros v0.2.25
[INFO] [stderr]    Compiling adler32 v1.2.0
[INFO] [stderr]    Compiling gif v0.13.3
[INFO] [stderr]    Compiling syn v2.0.114
[INFO] [stderr]    Compiling syn v1.0.109
[INFO] [stderr]    Compiling proc-macro-error-attr2 v2.0.0
[INFO] [stderr]    Compiling proc-macro-error2 v2.0.1
[INFO] [stderr]    Compiling num_cpus v1.17.0
[INFO] [stderr]    Compiling urlencoding v2.1.3
[INFO] [stderr]    Compiling libflate v1.4.0
[INFO] [stderr]    Compiling cloudflare-zlib-sys v0.3.6
[INFO] [stderr]    Compiling ispc_rt v2.0.4
[INFO] [stderr]    Compiling bcndecode-sys v0.1.2
[INFO] [stderr]    Compiling intel_tex_2 v0.2.2
[INFO] [stderr]    Compiling time v0.3.45
[INFO] [stderr]    Compiling fbxcel v0.9.0
[INFO] [stderr]    Compiling simplelog v0.12.2
[INFO] [stderr]    Compiling moxcms v0.7.11
[INFO] [stderr]    Compiling bytemuck_derive v1.10.2
[INFO] [stderr]    Compiling serde_derive v1.0.228
[INFO] [stderr]    Compiling zerocopy-derive v0.8.33
[INFO] [stderr]    Compiling nom-derive-impl v0.10.1
[INFO] [stderr]    Compiling enum-primitive-derive v0.2.2
[INFO] [stderr]    Compiling bytemuck v1.24.0
[INFO] [stderr]    Compiling qoi v0.4.1
[INFO] [stderr]    Compiling strum_macros v0.24.3
[INFO] [stderr]    Compiling thiserror-impl v1.0.69
[INFO] [stderr]    Compiling gltf-derive v1.4.1
[INFO] [stderr]    Compiling ddsfile v0.5.2
[INFO] [stderr]    Compiling nom-derive v0.10.1
[INFO] [stderr]    Compiling syn_derive v0.2.0
[INFO] [stderr]    Compiling project-wormhole-proc v0.1.0
[INFO] [stderr]    Compiling thiserror v1.0.69
[INFO] [stderr]    Compiling strum v0.24.1
[INFO] [stderr]    Compiling serde v1.0.228
[INFO] [stderr]    Compiling gltf-json v1.4.1
[INFO] [stderr]    Compiling flate2 v1.1.8
[INFO] [stderr]    Compiling tiff v0.9.1
[INFO] [stderr]    Compiling png v0.18.0
[INFO] [stderr]    Compiling png v0.17.16
[INFO] [stderr]    Compiling half v2.7.1
[INFO] [stderr]    Compiling glam v0.30.10
[INFO] [stderr]    Compiling exr v1.74.0
[INFO] [stderr]    Compiling image v0.25.9
[INFO] [stderr]    Compiling gltf v1.4.1
[INFO] [stderr]    Compiling image v0.24.9
[INFO] [stderr]    Compiling image_dds v0.4.0
[INFO] [stderr]    Compiling project-wormhole-shared v0.1.0
[INFO] [stderr]    Compiling project-wormhole-esm v0.1.0
[INFO] [stderr]    Compiling project-wormhole-ba2 v0.1.0
[INFO] [stderr]    Compiling project-wormhole-nif v0.1.0 (/opt/rustwide/workdir)
[INFO] [stderr]     Finished `release` profile [optimized] target(s) in 2m 26s
[INFO] [stderr] warning: the following packages contain code that will be rejected by a future version of Rust: proc-macro-error2 v2.0.1
[INFO] [stderr] note: to see what the problems were, use the option `--future-incompat-report`, or run `cargo report future-incompatibilities --id 2`
[INFO] running `Command { std: "docker" "inspect" "94bbf3d16a70ab84dfd2c23249d71a0ee4f8b4f103e473a68ece311d443f4b7f", kill_on_drop: false }`
[INFO] running `Command { std: "docker" "exec" "-e" "SOURCE_DIR=/opt/rustwide/workdir" "-e" "CARGO_HOME=/opt/rustwide/cargo-home" "-e" "RUSTUP_HOME=/opt/rustwide/rustup-home" "-e" "CARGO_TARGET_DIR=/opt/rustwide/target" "-e" "CARGO_INCREMENTAL=0" "-e" "RUST_BACKTRACE=full" "-e" "RUSTFLAGS=--cap-lints=warn" "-e" "RUSTDOCFLAGS=--cap-lints=warn" "-w" "/opt/rustwide/workdir" "--user" "0:0" "94bbf3d16a70ab84dfd2c23249d71a0ee4f8b4f103e473a68ece311d443f4b7f" "/opt/rustwide/cargo-home/bin/cargo" "+1.99.0-beta.8" "test" "--frozen" "--no-run" "--message-format=json" "--release", kill_on_drop: false }`
[INFO] [stderr]    Compiling project-wormhole-nif v0.1.0 (/opt/rustwide/workdir)
[INFO] [stderr]     Finished `release` profile [optimized] target(s) in 5.92s
[INFO] [stderr] warning: the following packages contain code that will be rejected by a future version of Rust: proc-macro-error2 v2.0.1
[INFO] [stderr] note: to see what the problems were, use the option `--future-incompat-report`, or run `cargo report future-incompatibilities --id 2`
[INFO] running `Command { std: "docker" "inspect" "94bbf3d16a70ab84dfd2c23249d71a0ee4f8b4f103e473a68ece311d443f4b7f", kill_on_drop: false }`
[INFO] running `Command { std: "docker" "exec" "-e" "SOURCE_DIR=/opt/rustwide/workdir" "-e" "CARGO_HOME=/opt/rustwide/cargo-home" "-e" "RUSTUP_HOME=/opt/rustwide/rustup-home" "-e" "CARGO_TARGET_DIR=/opt/rustwide/target" "-e" "CARGO_INCREMENTAL=0" "-e" "RUST_BACKTRACE=full" "-e" "RUSTFLAGS=--cap-lints=warn" "-e" "RUSTDOCFLAGS=--cap-lints=warn" "-w" "/opt/rustwide/workdir" "--user" "0:0" "94bbf3d16a70ab84dfd2c23249d71a0ee4f8b4f103e473a68ece311d443f4b7f" "/opt/rustwide/cargo-home/bin/cargo" "+1.99.0-beta.8" "test" "--frozen" "--release", kill_on_drop: false }`
[INFO] [stderr]     Finished `release` profile [optimized] target(s) in 0.10s
[INFO] [stderr] warning: the following packages contain code that will be rejected by a future version of Rust: proc-macro-error2 v2.0.1
[INFO] [stderr] note: to see what the problems were, use the option `--future-incompat-report`, or run `cargo report future-incompatibilities --id 2`
[INFO] [stderr]      Running unittests src/lib.rs (/opt/rustwide/target/release/deps/project_wormhole_nif-86e3d024b2594e43)
[INFO] [stdout] 
[INFO] [stdout] running 1 test
[INFO] [stderr] error: test failed, to rerun pass `--lib`
[INFO] [stdout] test tests::dev_test ... FAILED
[INFO] [stdout] 
[INFO] [stdout] failures:
[INFO] [stdout] 
[INFO] [stdout] ---- tests::dev_test stdout ----
[INFO] [stdout] 
[INFO] [stdout] thread 'tests::dev_test' (1932) panicked at src/tests.rs:19:95:
[INFO] [stdout] called `Result::unwrap()` on an `Err` value: Os { code: 30, kind: ReadOnlyFilesystem, message: "Read-only file system" }
[INFO] [stdout] stack backtrace:
[INFO] [stdout]    0:     0x5958225638b1 - <<std[70759c8f55707aa4]::sys::backtrace::BacktraceLock>::print::DisplayBacktrace as core[df12db4294e9bfd3]::fmt::Display>::fmt
[INFO] [stdout]    1:     0x5958225793ca - core[df12db4294e9bfd3]::fmt::write
[INFO] [stdout]    2:     0x5958225680ac - <alloc[2182bb758b4b3781]::vec::Vec<u8> as core[df12db4294e9bfd3]::io::write::Write>::write_fmt
[INFO] [stdout]    3:     0x59582253faa6 - std[70759c8f55707aa4]::panicking::default_hook::{closure#0}
[INFO] [stdout]    4:     0x59582255bfd9 - std[70759c8f55707aa4]::panicking::default_hook
[INFO] [stdout]    5:     0x5958224d5970 - test[9d35eded1c95d3be]::test_main_inner::<test[9d35eded1c95d3be]::test_main_static::{closure#0}>::{closure#0}
[INFO] [stdout]    6:     0x59582255c192 - std[70759c8f55707aa4]::panicking::panic_with_hook
[INFO] [stdout]    7:     0x59582253fb52 - std[70759c8f55707aa4]::panicking::panic_handler::{closure#0}
[INFO] [stdout]    8:     0x5958225388d9 - std[70759c8f55707aa4]::sys::backtrace::__rust_end_short_backtrace::<std[70759c8f55707aa4]::panicking::panic_handler::{closure#0}, !>
[INFO] [stdout]    9:     0x59582254074d - __rustc[8fa7c3cbc660c2b3]::rust_begin_unwind
[INFO] [stdout]   10:     0x595822579afc - core[df12db4294e9bfd3]::panicking::panic_fmt
[INFO] [stdout]   11:     0x5958225798d2 - core[df12db4294e9bfd3]::result::unwrap_failed
[INFO] [stdout]   12:     0x5958224b553d - project_wormhole_nif[197443041680f5fc]::tests::dev_test
[INFO] [stdout]   13:     0x5958224bf5e9 - <project_wormhole_nif[197443041680f5fc]::tests::dev_test::{closure#0} as core[df12db4294e9bfd3]::ops::function::FnOnce<()>>::call_once
[INFO] [stdout]   14:     0x5958224c8c5b - test[9d35eded1c95d3be]::__rust_begin_short_backtrace::<core[df12db4294e9bfd3]::result::Result<(), alloc[2182bb758b4b3781]::string::String>, fn() -> core[df12db4294e9bfd3]::result::Result<(), alloc[2182bb758b4b3781]::string::String>>
[INFO] [stdout]   15:     0x5958224d62c5 - test[9d35eded1c95d3be]::run_test::{closure#0}
[INFO] [stdout]   16:     0x5958224cfb84 - std[70759c8f55707aa4]::sys::backtrace::__rust_begin_short_backtrace::<test[9d35eded1c95d3be]::run_test::{closure#1}, ()>
[INFO] [stdout]   17:     0x5958224d9422 - <std[70759c8f55707aa4]::thread::lifecycle::spawn_unchecked<test[9d35eded1c95d3be]::run_test::{closure#1}, ()>::{closure#1} as core[df12db4294e9bfd3]::ops::function::FnOnce<()>>::call_once::{shim:vtable#0}
[INFO] [stdout]   18:     0x595822563189 - <std[70759c8f55707aa4]::sys::thread::unix::Thread>::new::thread_start
[INFO] [stdout]   19:     0x72c9e5e90dfa - <unknown>
[INFO] [stdout]   20:     0x72c9e5f243d4 - clone
[INFO] [stdout]   21:                0x0 - <unknown>
[INFO] [stdout] 
[INFO] [stdout] 
[INFO] [stdout] failures:
[INFO] [stdout]     tests::dev_test
[INFO] [stdout] 
[INFO] [stdout] test result: FAILED. 0 passed; 1 failed; 0 ignored; 0 measured; 0 filtered out; finished in 0.00s
[INFO] [stdout] 
[INFO] running `Command { std: "docker" "inspect" "94bbf3d16a70ab84dfd2c23249d71a0ee4f8b4f103e473a68ece311d443f4b7f", kill_on_drop: false }`
[INFO] running `Command { std: "docker" "rm" "-f" "94bbf3d16a70ab84dfd2c23249d71a0ee4f8b4f103e473a68ece311d443f4b7f", kill_on_drop: false }`
[INFO] [stdout] 94bbf3d16a70ab84dfd2c23249d71a0ee4f8b4f103e473a68ece311d443f4b7f
