[INFO] fetching crate project-wormhole-esm 0.1.0...
[INFO] testing project-wormhole-esm-0.1.0 against 1.99.0-beta.8+cargoflags=--release for beta-release-1.100-2
[INFO] extracting crate project-wormhole-esm 0.1.0 into /workspace/builds/worker-7-tc1/source
[INFO] started tweaking crates.io crate project-wormhole-esm 0.1.0
[INFO] finished tweaking crates.io crate project-wormhole-esm 0.1.0
[INFO] tweaked toml for crates.io crate project-wormhole-esm 0.1.0 written to /workspace/builds/worker-7-tc1/source/Cargo.toml
[INFO] validating manifest of crates.io crate project-wormhole-esm 0.1.0 on toolchain 1.99.0-beta.8
[INFO] running `Command { std: CARGO_HOME="/workspace/cargo-home" RUSTUP_HOME="/workspace/rustup-home" "/workspace/cargo-home/bin/cargo" "+1.99.0-beta.8" "metadata" "--manifest-path" "Cargo.toml" "--no-deps", kill_on_drop: false }`
[INFO] crate crates.io crate project-wormhole-esm 0.1.0 already has a lockfile, it will not be regenerated
[INFO] running `Command { std: CARGO_HOME="/workspace/cargo-home" RUSTUP_HOME="/workspace/rustup-home" "/workspace/cargo-home/bin/cargo" "+1.99.0-beta.8" "fetch" "--manifest-path" "Cargo.toml", kill_on_drop: false }`
[INFO] [stderr]     Updating crates.io index
[INFO] [stderr]  Downloading crates ...
[INFO] [stderr]   Downloaded nom-derive v0.10.1
[INFO] [stderr]   Downloaded nom-derive-impl v0.10.1
[INFO] [stderr]   Downloaded project-wormhole-proc v0.1.0
[INFO] [stderr]   Downloaded project-wormhole-shared v0.1.0
[INFO] [stderr]   Downloaded syn_derive v0.2.0
[INFO] [stderr]   Downloaded cloudflare-zlib-sys v0.3.6
[INFO] running `Command { std: "docker" "create" "-v" "/var/lib/crater-agent-workspace/builds/worker-7-tc1/source:/opt/rustwide/workdir:ro,Z" "-v" "/var/lib/crater-agent-workspace/builds/worker-7-tc1/target:/opt/rustwide/target:rw,Z" "-v" "/var/lib/crater-agent-workspace/cargo-home:/opt/rustwide/cargo-home:ro,Z" "-v" "/var/lib/crater-agent-workspace/rustup-home:/opt/rustwide/rustup-home:ro,Z" "-m" "1610612736" "--network" "none" "ghcr.io/rust-lang/crates-build-env/linux@sha256:77db811e55d90add9212f6832c23229e3de5f1c1f9905e8cb07319ea15df73ac" "sleep" "infinity", kill_on_drop: false }`
[INFO] [stdout] c103f01d44a7a8771649e0c9d4b373f631bb8e9125114f0d7bf9b9391805963c
[INFO] running `Command { std: "docker" "start" "c103f01d44a7a8771649e0c9d4b373f631bb8e9125114f0d7bf9b9391805963c", kill_on_drop: false }`
[INFO] running `Command { std: "docker" "inspect" "c103f01d44a7a8771649e0c9d4b373f631bb8e9125114f0d7bf9b9391805963c", kill_on_drop: false }`
[INFO] running `Command { std: "docker" "exec" "-e" "SOURCE_DIR=/opt/rustwide/workdir" "-e" "CARGO_HOME=/opt/rustwide/cargo-home" "-e" "RUSTUP_HOME=/opt/rustwide/rustup-home" "-e" "CARGO_TARGET_DIR=/opt/rustwide/target" "-w" "/opt/rustwide/workdir" "--user" "0:0" "c103f01d44a7a8771649e0c9d4b373f631bb8e9125114f0d7bf9b9391805963c" "/opt/rustwide/cargo-home/bin/cargo" "+1.99.0-beta.8" "metadata" "--no-deps" "--format-version=1", kill_on_drop: false }`
[INFO] running `Command { std: "docker" "inspect" "c103f01d44a7a8771649e0c9d4b373f631bb8e9125114f0d7bf9b9391805963c", kill_on_drop: false }`
[INFO] running `Command { std: "docker" "exec" "-e" "SOURCE_DIR=/opt/rustwide/workdir" "-e" "CARGO_HOME=/opt/rustwide/cargo-home" "-e" "RUSTUP_HOME=/opt/rustwide/rustup-home" "-e" "CARGO_TARGET_DIR=/opt/rustwide/target" "-e" "CARGO_INCREMENTAL=0" "-e" "RUST_BACKTRACE=full" "-e" "RUSTFLAGS=--cap-lints=warn" "-e" "RUSTDOCFLAGS=--cap-lints=warn" "-w" "/opt/rustwide/workdir" "--user" "0:0" "c103f01d44a7a8771649e0c9d4b373f631bb8e9125114f0d7bf9b9391805963c" "/opt/rustwide/cargo-home/bin/cargo" "+1.99.0-beta.8" "build" "--frozen" "--message-format=json" "--release", kill_on_drop: false }`
[INFO] [stderr]    Compiling proc-macro2 v1.0.105
[INFO] [stderr]    Compiling quote v1.0.43
[INFO] [stderr]    Compiling simd-adler32 v0.3.8
[INFO] [stderr]    Compiling syn v1.0.109
[INFO] [stderr]    Compiling cc v1.2.52
[INFO] [stderr]    Compiling num-traits v0.2.19
[INFO] [stderr]    Compiling zerocopy v0.8.33
[INFO] [stderr]    Compiling serde_json v1.0.149
[INFO] [stderr]    Compiling zune-core v0.5.0
[INFO] [stderr]    Compiling inflections v1.1.1
[INFO] [stderr]    Compiling nom v7.1.3
[INFO] [stderr]    Compiling byteorder-lite v0.1.0
[INFO] [stderr]    Compiling rayon v1.11.0
[INFO] [stderr]    Compiling miniz_oxide v0.8.9
[INFO] [stderr]    Compiling fdeflate v0.3.7
[INFO] [stderr]    Compiling zune-jpeg v0.5.8
[INFO] [stderr]    Compiling pxfm v0.1.27
[INFO] [stderr]    Compiling syn v2.0.114
[INFO] [stderr]    Compiling proc-macro-error-attr2 v2.0.0
[INFO] [stderr]    Compiling cloudflare-zlib-sys v0.3.6
[INFO] [stderr]    Compiling proc-macro-error2 v2.0.1
[INFO] [stderr]    Compiling bytemuck_derive v1.10.2
[INFO] [stderr]    Compiling serde_derive v1.0.228
[INFO] [stderr]    Compiling zerocopy-derive v0.8.33
[INFO] [stderr]    Compiling gltf-derive v1.4.1
[INFO] [stderr]    Compiling syn_derive v0.2.0
[INFO] [stderr]    Compiling project-wormhole-proc v0.1.0
[INFO] [stderr]    Compiling moxcms v0.7.11
[INFO] [stderr]    Compiling bytemuck v1.24.0
[INFO] [stderr]    Compiling serde v1.0.228
[INFO] [stderr]    Compiling nom-derive-impl v0.10.1
[INFO] [stderr]    Compiling gltf-json v1.4.1
[INFO] [stderr]    Compiling flate2 v1.1.8
[INFO] [stderr]    Compiling glam v0.30.10
[INFO] [stderr]    Compiling nom-derive v0.10.1
[INFO] [stderr]    Compiling png v0.18.0
[INFO] [stderr]    Compiling image v0.25.9
[INFO] [stderr]    Compiling gltf v1.4.1
[INFO] [stderr]    Compiling project-wormhole-shared v0.1.0
[INFO] [stderr]    Compiling project-wormhole-esm v0.1.0 (/opt/rustwide/workdir)
[INFO] [stdout] warning: unused import: `VersionedParse`
[INFO] [stdout]   --> src/lib.rs:17:53
[INFO] [stdout]    |
[INFO] [stdout] 17 |     pub use project_wormhole_proc::{define_record2, VersionedParse};
[INFO] [stdout]    |                                                     ^^^^^^^^^^^^^^
[INFO] [stdout]    |
[INFO] [stdout]    = note: `#[warn(unused_imports)]` (part of `#[warn(unused)]`) on by default
[INFO] [stdout] 
[INFO] [stdout] 
[INFO] [stdout] warning: unreachable expression
[INFO] [stdout]    --> src/structs/virtual_machine_adapter.rs:218:17
[INFO] [stdout]     |
[INFO] [stdout] 217 |                 panic!("VarArray parsing not implemented yet!");
[INFO] [stdout]     |                 ----------------------------------------------- any code following this expression is unreachable
[INFO] [stdout] 218 |                 Ok((i, VMADPropertyEntry { name, type_, flags, value: VMADPropertyValue::VarArray}))
[INFO] [stdout]     |                 ^^^^^^^^^^^^^^^^^^^^^^^^^^^^^^^^^^^^^^^^^^^^^^^^^^^^^^^^^^^^^^^^^^^^^^^^^^^^^^^^^^^^ unreachable expression
[INFO] [stdout]     |
[INFO] [stdout]     = note: `#[warn(unreachable_code)]` (part of `#[warn(unused)]`) on by default
[INFO] [stdout] 
[INFO] [stdout] 
[INFO] [stdout] warning: unreachable expression
[INFO] [stdout]    --> src/structs/virtual_machine_adapter.rs:357:21
[INFO] [stdout]     |
[INFO] [stdout] 356 |                     panic!("{}Failed to parse struct array items!", depth_to_space(depth));
[INFO] [stdout]     |                     ---------------------------------------------------------------------- any code following this expression is unreachable
[INFO] [stdout] 357 |                     Ok((i, VMADPropertyEntry { name, type_, flags, value: VMADPropertyValue::StructArray(Vec::new())}))
[INFO] [stdout]     |                     ^^^^^^^^^^^^^^^^^^^^^^^^^^^^^^^^^^^^^^^^^^^^^^^^^^^^^^^^^^^^^^^^^^^^^^^^^^^^^^^^^^^^^^^^^^^^^^^^^^^ unreachable expression
[INFO] [stdout] 
[INFO] [stdout] 
[INFO] [stdout] warning: unused variable: `raw`
[INFO] [stdout]   --> src/structs/cell.rs:89:22
[INFO] [stdout]    |
[INFO] [stdout] 89 |                 let (raw, tc) = CellTemporaryChildren::parse(raw)?;
[INFO] [stdout]    |                      ^^^ help: if this is intentional, prefix it with an underscore: `_raw`
[INFO] [stdout]    |
[INFO] [stdout]    = note: `#[warn(unused_variables)]` (part of `#[warn(unused)]`) on by default
[INFO] [stdout] 
[INFO] [stdout] 
[INFO] [stdout] warning: unused variable: `raw`
[INFO] [stdout]   --> src/structs/world.rs:36:14
[INFO] [stdout]    |
[INFO] [stdout] 36 |         let (raw, blocks) = many0(ExteriorCellBlock::parse)(raw)?;
[INFO] [stdout]    |              ^^^ help: if this is intentional, prefix it with an underscore: `_raw`
[INFO] [stdout] 
[INFO] [stdout] 
[INFO] [stdout] warning: unused variable: `raw`
[INFO] [stdout]   --> src/structs/world.rs:65:22
[INFO] [stdout]    |
[INFO] [stdout] 65 |                 let (raw, sub_blocks) = many0(ExteriorCellSubBlock::parse)(raw)?;
[INFO] [stdout]    |                      ^^^ help: if this is intentional, prefix it with an underscore: `_raw`
[INFO] [stdout] 
[INFO] [stdout] 
[INFO] [stdout] warning: unused variable: `raw`
[INFO] [stdout]   --> src/structs/world.rs:98:22
[INFO] [stdout]    |
[INFO] [stdout] 98 |                 let (raw, cells) = many0(CellEntry::parse)(raw)?;
[INFO] [stdout]    |                      ^^^ help: if this is intentional, prefix it with an underscore: `_raw`
[INFO] [stdout] 
[INFO] [stdout] 
[INFO] [stdout] warning: variable `depth` is assigned to, but never used
[INFO] [stdout]   --> src/structs/virtual_machine_adapter.rs:32:13
[INFO] [stdout]    |
[INFO] [stdout] 32 |         let mut depth = 0;
[INFO] [stdout]    |             ^^^^^^^^^
[INFO] [stdout]    |
[INFO] [stdout]    = note: consider using `_depth` instead
[INFO] [stdout] 
[INFO] [stdout] 
[INFO] [stdout] warning: value assigned to `depth` is never read
[INFO] [stdout]   --> src/structs/virtual_machine_adapter.rs:39:9
[INFO] [stdout]    |
[INFO] [stdout] 39 |         depth += 1;
[INFO] [stdout]    |         ^^^^^^^^^^
[INFO] [stdout]    |
[INFO] [stdout]    = help: maybe it is overwritten before being read?
[INFO] [stdout]    = note: `#[warn(unused_assignments)]` (part of `#[warn(unused)]`) on by default
[INFO] [stdout] 
[INFO] [stdout] 
[INFO] [stdout] warning: value assigned to `depth` is never read
[INFO] [stdout]   --> src/structs/virtual_machine_adapter.rs:94:9
[INFO] [stdout]    |
[INFO] [stdout] 94 |         depth += 1;
[INFO] [stdout]    |         ^^^^^^^^^^
[INFO] [stdout]    |
[INFO] [stdout]    = help: maybe it is overwritten before being read?
[INFO] [stdout] 
[INFO] [stdout] 
[INFO] [stdout] warning: unused variable: `i`
[INFO] [stdout]    --> src/structs/virtual_machine_adapter.rs:243:24
[INFO] [stdout]     |
[INFO] [stdout] 243 |     fn parse_versioned(i: &[u8], version: i16) -> IResult<&[u8], Self, nom::error::Error<&[u8]>> {
[INFO] [stdout]     |                        ^ help: if this is intentional, prefix it with an underscore: `_i`
[INFO] [stdout] 
[INFO] [stdout] 
[INFO] [stdout] warning: unused variable: `version`
[INFO] [stdout]    --> src/structs/virtual_machine_adapter.rs:243:34
[INFO] [stdout]     |
[INFO] [stdout] 243 |     fn parse_versioned(i: &[u8], version: i16) -> IResult<&[u8], Self, nom::error::Error<&[u8]>> {
[INFO] [stdout]     |                                  ^^^^^^^ help: if this is intentional, prefix it with an underscore: `_version`
[INFO] [stdout] 
[INFO] [stdout] 
[INFO] [stdout] warning: unused variable: `version`
[INFO] [stdout]    --> src/structs/virtual_machine_adapter.rs:247:40
[INFO] [stdout]     |
[INFO] [stdout] 247 |     fn parse_versioned_depth(i: &[u8], version: i16, mut depth: u8) -> IResult<&[u8], Self, nom::error::Error<&[u8]>> {
[INFO] [stdout]     |                                        ^^^^^^^ help: if this is intentional, prefix it with an underscore: `_version`
[INFO] [stdout] 
[INFO] [stdout] 
[INFO] [stdout] warning: unused variable: `start`
[INFO] [stdout]    --> src/esm.rs:189:21
[INFO] [stdout]     |
[INFO] [stdout] 189 |                 let start = std::time::Instant::now();
[INFO] [stdout]     |                     ^^^^^ help: if this is intentional, prefix it with an underscore: `_start`
[INFO] [stdout] 
[INFO] [stdout] 
[INFO] [stdout] warning: unused variable: `start`
[INFO] [stdout]    --> src/esm.rs:180:21
[INFO] [stdout]     |
[INFO] [stdout] 180 |                 let start = std::time::Instant::now();
[INFO] [stdout]     |                     ^^^^^ help: if this is intentional, prefix it with an underscore: `_start`
[INFO] [stdout] 
[INFO] [stdout] 
[INFO] [stdout] warning: unused variable: `leftover`
[INFO] [stdout]    --> src/esm.rs:160:14
[INFO] [stdout]     |
[INFO] [stdout] 160 |         let (leftover, (chunks, rchunks)) = get_file_chunks2(i)?;
[INFO] [stdout]     |              ^^^^^^^^ help: if this is intentional, prefix it with an underscore: `_leftover`
[INFO] [stdout] 
[INFO] [stdout] 
[INFO] [stderr]     Finished `release` profile [optimized] target(s) in 1m 48s
[INFO] [stderr] warning: the following packages contain code that will be rejected by a future version of Rust: proc-macro-error2 v2.0.1
[INFO] [stderr] note: to see what the problems were, use the option `--future-incompat-report`, or run `cargo report future-incompatibilities --id 1`
[INFO] running `Command { std: "docker" "inspect" "c103f01d44a7a8771649e0c9d4b373f631bb8e9125114f0d7bf9b9391805963c", kill_on_drop: false }`
[INFO] running `Command { std: "docker" "exec" "-e" "SOURCE_DIR=/opt/rustwide/workdir" "-e" "CARGO_HOME=/opt/rustwide/cargo-home" "-e" "RUSTUP_HOME=/opt/rustwide/rustup-home" "-e" "CARGO_TARGET_DIR=/opt/rustwide/target" "-e" "CARGO_INCREMENTAL=0" "-e" "RUST_BACKTRACE=full" "-e" "RUSTFLAGS=--cap-lints=warn" "-e" "RUSTDOCFLAGS=--cap-lints=warn" "-w" "/opt/rustwide/workdir" "--user" "0:0" "c103f01d44a7a8771649e0c9d4b373f631bb8e9125114f0d7bf9b9391805963c" "/opt/rustwide/cargo-home/bin/cargo" "+1.99.0-beta.8" "test" "--frozen" "--no-run" "--message-format=json" "--release", kill_on_drop: false }`
[INFO] [stdout] warning: unused import: `VersionedParse`
[INFO] [stdout]   --> src/lib.rs:17:53
[INFO] [stdout]    |
[INFO] [stdout] 17 |     pub use project_wormhole_proc::{define_record2, VersionedParse};
[INFO] [stdout]    |                                                     ^^^^^^^^^^^^^^
[INFO] [stdout]    |
[INFO] [stdout]    = note: `#[warn(unused_imports)]` (part of `#[warn(unused)]`) on by default
[INFO] [stdout] 
[INFO] [stdout] 
[INFO] [stdout] warning: unreachable expression
[INFO] [stdout]    --> src/structs/virtual_machine_adapter.rs:218:17
[INFO] [stdout]     |
[INFO] [stdout] 217 |                 panic!("VarArray parsing not implemented yet!");
[INFO] [stdout]     |                 ----------------------------------------------- any code following this expression is unreachable
[INFO] [stdout] 218 |                 Ok((i, VMADPropertyEntry { name, type_, flags, value: VMADPropertyValue::VarArray}))
[INFO] [stdout]     |                 ^^^^^^^^^^^^^^^^^^^^^^^^^^^^^^^^^^^^^^^^^^^^^^^^^^^^^^^^^^^^^^^^^^^^^^^^^^^^^^^^^^^^ unreachable expression
[INFO] [stdout]     |
[INFO] [stdout]     = note: `#[warn(unreachable_code)]` (part of `#[warn(unused)]`) on by default
[INFO] [stdout] 
[INFO] [stdout] 
[INFO] [stdout] warning: unreachable expression
[INFO] [stdout]    --> src/structs/virtual_machine_adapter.rs:357:21
[INFO] [stdout]     |
[INFO] [stdout] 356 |                     panic!("{}Failed to parse struct array items!", depth_to_space(depth));
[INFO] [stdout]     |                     ---------------------------------------------------------------------- any code following this expression is unreachable
[INFO] [stdout] 357 |                     Ok((i, VMADPropertyEntry { name, type_, flags, value: VMADPropertyValue::StructArray(Vec::new())}))
[INFO] [stdout]     |                     ^^^^^^^^^^^^^^^^^^^^^^^^^^^^^^^^^^^^^^^^^^^^^^^^^^^^^^^^^^^^^^^^^^^^^^^^^^^^^^^^^^^^^^^^^^^^^^^^^^^ unreachable expression
[INFO] [stdout] 
[INFO] [stdout] 
[INFO] [stdout] warning: unused variable: `raw`
[INFO] [stdout]   --> src/structs/cell.rs:89:22
[INFO] [stdout]    |
[INFO] [stdout] 89 |                 let (raw, tc) = CellTemporaryChildren::parse(raw)?;
[INFO] [stdout]    |                      ^^^ help: if this is intentional, prefix it with an underscore: `_raw`
[INFO] [stdout]    |
[INFO] [stdout]    = note: `#[warn(unused_variables)]` (part of `#[warn(unused)]`) on by default
[INFO] [stdout] 
[INFO] [stdout] 
[INFO] [stdout] warning: unused variable: `raw`
[INFO] [stdout]   --> src/structs/world.rs:36:14
[INFO] [stdout]    |
[INFO] [stdout] 36 |         let (raw, blocks) = many0(ExteriorCellBlock::parse)(raw)?;
[INFO] [stdout]    |              ^^^ help: if this is intentional, prefix it with an underscore: `_raw`
[INFO] [stdout] 
[INFO] [stdout] 
[INFO] [stdout] warning: unused variable: `raw`
[INFO] [stdout]   --> src/structs/world.rs:65:22
[INFO] [stdout]    |
[INFO] [stdout] 65 |                 let (raw, sub_blocks) = many0(ExteriorCellSubBlock::parse)(raw)?;
[INFO] [stdout]    |                      ^^^ help: if this is intentional, prefix it with an underscore: `_raw`
[INFO] [stdout] 
[INFO] [stdout] 
[INFO] [stdout] warning: unused variable: `raw`
[INFO] [stdout]   --> src/structs/world.rs:98:22
[INFO] [stdout]    |
[INFO] [stdout] 98 |                 let (raw, cells) = many0(CellEntry::parse)(raw)?;
[INFO] [stdout]    |                      ^^^ help: if this is intentional, prefix it with an underscore: `_raw`
[INFO] [stdout] 
[INFO] [stdout] 
[INFO] [stdout] warning: variable `depth` is assigned to, but never used
[INFO] [stdout]   --> src/structs/virtual_machine_adapter.rs:32:13
[INFO] [stdout]    |
[INFO] [stdout] 32 |         let mut depth = 0;
[INFO] [stdout]    |             ^^^^^^^^^
[INFO] [stdout]    |
[INFO] [stdout]    = note: consider using `_depth` instead
[INFO] [stdout] 
[INFO] [stdout] 
[INFO] [stdout] warning: value assigned to `depth` is never read
[INFO] [stdout]   --> src/structs/virtual_machine_adapter.rs:39:9
[INFO] [stdout]    |
[INFO] [stdout] 39 |         depth += 1;
[INFO] [stdout]    |         ^^^^^^^^^^
[INFO] [stdout]    |
[INFO] [stdout]    = help: maybe it is overwritten before being read?
[INFO] [stdout]    = note: `#[warn(unused_assignments)]` (part of `#[warn(unused)]`) on by default
[INFO] [stdout] 
[INFO] [stdout] 
[INFO] [stdout] warning: value assigned to `depth` is never read
[INFO] [stdout]   --> src/structs/virtual_machine_adapter.rs:94:9
[INFO] [stdout]    |
[INFO] [stdout] 94 |         depth += 1;
[INFO] [stdout]    |         ^^^^^^^^^^
[INFO] [stdout]    |
[INFO] [stdout]    = help: maybe it is overwritten before being read?
[INFO] [stdout] 
[INFO] [stdout] 
[INFO] [stdout] warning: unused variable: `i`
[INFO] [stdout]    --> src/structs/virtual_machine_adapter.rs:243:24
[INFO] [stdout]     |
[INFO] [stdout] 243 |     fn parse_versioned(i: &[u8], version: i16) -> IResult<&[u8], Self, nom::error::Error<&[u8]>> {
[INFO] [stdout]     |                        ^ help: if this is intentional, prefix it with an underscore: `_i`
[INFO] [stdout] 
[INFO] [stdout] 
[INFO] [stdout] warning: unused variable: `version`
[INFO] [stdout]    --> src/structs/virtual_machine_adapter.rs:243:34
[INFO] [stdout]     |
[INFO] [stdout] 243 |     fn parse_versioned(i: &[u8], version: i16) -> IResult<&[u8], Self, nom::error::Error<&[u8]>> {
[INFO] [stdout]     |                                  ^^^^^^^ help: if this is intentional, prefix it with an underscore: `_version`
[INFO] [stdout] 
[INFO] [stdout] 
[INFO] [stdout] warning: unused variable: `version`
[INFO] [stdout]    --> src/structs/virtual_machine_adapter.rs:247:40
[INFO] [stdout]     |
[INFO] [stdout] 247 |     fn parse_versioned_depth(i: &[u8], version: i16, mut depth: u8) -> IResult<&[u8], Self, nom::error::Error<&[u8]>> {
[INFO] [stdout]     |                                        ^^^^^^^ help: if this is intentional, prefix it with an underscore: `_version`
[INFO] [stdout] 
[INFO] [stdout] 
[INFO] [stdout] warning: unused variable: `start`
[INFO] [stdout]    --> src/esm.rs:189:21
[INFO] [stdout]     |
[INFO] [stdout] 189 |                 let start = std::time::Instant::now();
[INFO] [stdout]     |                     ^^^^^ help: if this is intentional, prefix it with an underscore: `_start`
[INFO] [stdout] 
[INFO] [stdout] 
[INFO] [stdout] warning: unused variable: `start`
[INFO] [stdout]    --> src/esm.rs:180:21
[INFO] [stdout]     |
[INFO] [stdout] 180 |                 let start = std::time::Instant::now();
[INFO] [stdout]     |                     ^^^^^ help: if this is intentional, prefix it with an underscore: `_start`
[INFO] [stdout] 
[INFO] [stdout] 
[INFO] [stdout] warning: unused variable: `leftover`
[INFO] [stdout]    --> src/esm.rs:160:14
[INFO] [stdout]     |
[INFO] [stdout] 160 |         let (leftover, (chunks, rchunks)) = get_file_chunks2(i)?;
[INFO] [stdout]     |              ^^^^^^^^ help: if this is intentional, prefix it with an underscore: `_leftover`
[INFO] [stdout] 
[INFO] [stdout] 
[INFO] [stderr]    Compiling project-wormhole-esm v0.1.0 (/opt/rustwide/workdir)
[INFO] [stdout] warning: unused import: `VersionedParse`
[INFO] [stdout]   --> src/lib.rs:17:53
[INFO] [stdout]    |
[INFO] [stdout] 17 |     pub use project_wormhole_proc::{define_record2, VersionedParse};
[INFO] [stdout]    |                                                     ^^^^^^^^^^^^^^
[INFO] [stdout]    |
[INFO] [stdout]    = note: `#[warn(unused_imports)]` (part of `#[warn(unused)]`) on by default
[INFO] [stdout] 
[INFO] [stdout] 
[INFO] [stdout] warning: unreachable expression
[INFO] [stdout]    --> src/structs/virtual_machine_adapter.rs:218:17
[INFO] [stdout]     |
[INFO] [stdout] 217 |                 panic!("VarArray parsing not implemented yet!");
[INFO] [stdout]     |                 ----------------------------------------------- any code following this expression is unreachable
[INFO] [stdout] 218 |                 Ok((i, VMADPropertyEntry { name, type_, flags, value: VMADPropertyValue::VarArray}))
[INFO] [stdout]     |                 ^^^^^^^^^^^^^^^^^^^^^^^^^^^^^^^^^^^^^^^^^^^^^^^^^^^^^^^^^^^^^^^^^^^^^^^^^^^^^^^^^^^^ unreachable expression
[INFO] [stdout]     |
[INFO] [stdout]     = note: `#[warn(unreachable_code)]` (part of `#[warn(unused)]`) on by default
[INFO] [stdout] 
[INFO] [stdout] 
[INFO] [stdout] warning: unreachable expression
[INFO] [stdout]    --> src/structs/virtual_machine_adapter.rs:357:21
[INFO] [stdout]     |
[INFO] [stdout] 356 |                     panic!("{}Failed to parse struct array items!", depth_to_space(depth));
[INFO] [stdout]     |                     ---------------------------------------------------------------------- any code following this expression is unreachable
[INFO] [stdout] 357 |                     Ok((i, VMADPropertyEntry { name, type_, flags, value: VMADPropertyValue::StructArray(Vec::new())}))
[INFO] [stdout]     |                     ^^^^^^^^^^^^^^^^^^^^^^^^^^^^^^^^^^^^^^^^^^^^^^^^^^^^^^^^^^^^^^^^^^^^^^^^^^^^^^^^^^^^^^^^^^^^^^^^^^^ unreachable expression
[INFO] [stdout] 
[INFO] [stdout] 
[INFO] [stdout] warning: unused variable: `raw`
[INFO] [stdout]   --> src/structs/cell.rs:89:22
[INFO] [stdout]    |
[INFO] [stdout] 89 |                 let (raw, tc) = CellTemporaryChildren::parse(raw)?;
[INFO] [stdout]    |                      ^^^ help: if this is intentional, prefix it with an underscore: `_raw`
[INFO] [stdout]    |
[INFO] [stdout]    = note: `#[warn(unused_variables)]` (part of `#[warn(unused)]`) on by default
[INFO] [stdout] 
[INFO] [stdout] 
[INFO] [stdout] warning: unused variable: `raw`
[INFO] [stdout]   --> src/structs/world.rs:36:14
[INFO] [stdout]    |
[INFO] [stdout] 36 |         let (raw, blocks) = many0(ExteriorCellBlock::parse)(raw)?;
[INFO] [stdout]    |              ^^^ help: if this is intentional, prefix it with an underscore: `_raw`
[INFO] [stdout] 
[INFO] [stdout] 
[INFO] [stdout] warning: unused variable: `raw`
[INFO] [stdout]   --> src/structs/world.rs:65:22
[INFO] [stdout]    |
[INFO] [stdout] 65 |                 let (raw, sub_blocks) = many0(ExteriorCellSubBlock::parse)(raw)?;
[INFO] [stdout]    |                      ^^^ help: if this is intentional, prefix it with an underscore: `_raw`
[INFO] [stdout] 
[INFO] [stdout] 
[INFO] [stdout] warning: unused variable: `raw`
[INFO] [stdout]   --> src/structs/world.rs:98:22
[INFO] [stdout]    |
[INFO] [stdout] 98 |                 let (raw, cells) = many0(CellEntry::parse)(raw)?;
[INFO] [stdout]    |                      ^^^ help: if this is intentional, prefix it with an underscore: `_raw`
[INFO] [stdout] 
[INFO] [stdout] 
[INFO] [stdout] warning: variable `depth` is assigned to, but never used
[INFO] [stdout]   --> src/structs/virtual_machine_adapter.rs:32:13
[INFO] [stdout]    |
[INFO] [stdout] 32 |         let mut depth = 0;
[INFO] [stdout]    |             ^^^^^^^^^
[INFO] [stdout]    |
[INFO] [stdout]    = note: consider using `_depth` instead
[INFO] [stdout] 
[INFO] [stdout] 
[INFO] [stdout] warning: value assigned to `depth` is never read
[INFO] [stdout]   --> src/structs/virtual_machine_adapter.rs:39:9
[INFO] [stdout]    |
[INFO] [stdout] 39 |         depth += 1;
[INFO] [stdout]    |         ^^^^^^^^^^
[INFO] [stdout]    |
[INFO] [stdout]    = help: maybe it is overwritten before being read?
[INFO] [stdout]    = note: `#[warn(unused_assignments)]` (part of `#[warn(unused)]`) on by default
[INFO] [stdout] 
[INFO] [stdout] 
[INFO] [stdout] warning: value assigned to `depth` is never read
[INFO] [stdout]   --> src/structs/virtual_machine_adapter.rs:94:9
[INFO] [stdout]    |
[INFO] [stdout] 94 |         depth += 1;
[INFO] [stdout]    |         ^^^^^^^^^^
[INFO] [stdout]    |
[INFO] [stdout]    = help: maybe it is overwritten before being read?
[INFO] [stdout] 
[INFO] [stdout] 
[INFO] [stdout] warning: unused variable: `i`
[INFO] [stdout]    --> src/structs/virtual_machine_adapter.rs:243:24
[INFO] [stdout]     |
[INFO] [stdout] 243 |     fn parse_versioned(i: &[u8], version: i16) -> IResult<&[u8], Self, nom::error::Error<&[u8]>> {
[INFO] [stdout]     |                        ^ help: if this is intentional, prefix it with an underscore: `_i`
[INFO] [stdout] 
[INFO] [stdout] 
[INFO] [stdout] warning: unused variable: `version`
[INFO] [stdout]    --> src/structs/virtual_machine_adapter.rs:243:34
[INFO] [stdout]     |
[INFO] [stdout] 243 |     fn parse_versioned(i: &[u8], version: i16) -> IResult<&[u8], Self, nom::error::Error<&[u8]>> {
[INFO] [stdout]     |                                  ^^^^^^^ help: if this is intentional, prefix it with an underscore: `_version`
[INFO] [stdout] 
[INFO] [stdout] 
[INFO] [stdout] warning: unused variable: `version`
[INFO] [stdout]    --> src/structs/virtual_machine_adapter.rs:247:40
[INFO] [stdout]     |
[INFO] [stdout] 247 |     fn parse_versioned_depth(i: &[u8], version: i16, mut depth: u8) -> IResult<&[u8], Self, nom::error::Error<&[u8]>> {
[INFO] [stdout]     |                                        ^^^^^^^ help: if this is intentional, prefix it with an underscore: `_version`
[INFO] [stdout] 
[INFO] [stdout] 
[INFO] [stdout] warning: unused variable: `start`
[INFO] [stdout]    --> src/esm.rs:189:21
[INFO] [stdout]     |
[INFO] [stdout] 189 |                 let start = std::time::Instant::now();
[INFO] [stdout]     |                     ^^^^^ help: if this is intentional, prefix it with an underscore: `_start`
[INFO] [stdout] 
[INFO] [stdout] 
[INFO] [stdout] warning: unused variable: `start`
[INFO] [stdout]    --> src/esm.rs:180:21
[INFO] [stdout]     |
[INFO] [stdout] 180 |                 let start = std::time::Instant::now();
[INFO] [stdout]     |                     ^^^^^ help: if this is intentional, prefix it with an underscore: `_start`
[INFO] [stdout] 
[INFO] [stdout] 
[INFO] [stdout] warning: unused variable: `leftover`
[INFO] [stdout]    --> src/esm.rs:160:14
[INFO] [stdout]     |
[INFO] [stdout] 160 |         let (leftover, (chunks, rchunks)) = get_file_chunks2(i)?;
[INFO] [stdout]     |              ^^^^^^^^ help: if this is intentional, prefix it with an underscore: `_leftover`
[INFO] [stdout] 
[INFO] [stdout] 
[INFO] [stderr]     Finished `release` profile [optimized] target(s) in 15.74s
[INFO] [stderr] warning: the following packages contain code that will be rejected by a future version of Rust: proc-macro-error2 v2.0.1
[INFO] [stderr] note: to see what the problems were, use the option `--future-incompat-report`, or run `cargo report future-incompatibilities --id 1`
[INFO] running `Command { std: "docker" "inspect" "c103f01d44a7a8771649e0c9d4b373f631bb8e9125114f0d7bf9b9391805963c", kill_on_drop: false }`
[INFO] running `Command { std: "docker" "exec" "-e" "SOURCE_DIR=/opt/rustwide/workdir" "-e" "CARGO_HOME=/opt/rustwide/cargo-home" "-e" "RUSTUP_HOME=/opt/rustwide/rustup-home" "-e" "CARGO_TARGET_DIR=/opt/rustwide/target" "-e" "CARGO_INCREMENTAL=0" "-e" "RUST_BACKTRACE=full" "-e" "RUSTFLAGS=--cap-lints=warn" "-e" "RUSTDOCFLAGS=--cap-lints=warn" "-w" "/opt/rustwide/workdir" "--user" "0:0" "c103f01d44a7a8771649e0c9d4b373f631bb8e9125114f0d7bf9b9391805963c" "/opt/rustwide/cargo-home/bin/cargo" "+1.99.0-beta.8" "test" "--frozen" "--release", kill_on_drop: false }`
[INFO] [stderr] warning: unused import: `VersionedParse`
[INFO] [stderr]   --> src/lib.rs:17:53
[INFO] [stderr]    |
[INFO] [stderr] 17 |     pub use project_wormhole_proc::{define_record2, VersionedParse};
[INFO] [stderr]    |                                                     ^^^^^^^^^^^^^^
[INFO] [stderr]    |
[INFO] [stderr]    = note: `#[warn(unused_imports)]` (part of `#[warn(unused)]`) on by default
[INFO] [stderr] 
[INFO] [stderr] warning: unreachable expression
[INFO] [stderr]    --> src/structs/virtual_machine_adapter.rs:218:17
[INFO] [stderr]     |
[INFO] [stderr] 217 |                 panic!("VarArray parsing not implemented yet!");
[INFO] [stderr]     |                 ----------------------------------------------- any code following this expression is unreachable
[INFO] [stderr] 218 |                 Ok((i, VMADPropertyEntry { name, type_, flags, value: VMADPropertyValue::VarArray}))
[INFO] [stderr]     |                 ^^^^^^^^^^^^^^^^^^^^^^^^^^^^^^^^^^^^^^^^^^^^^^^^^^^^^^^^^^^^^^^^^^^^^^^^^^^^^^^^^^^^ unreachable expression
[INFO] [stderr]     |
[INFO] [stderr]     = note: `#[warn(unreachable_code)]` (part of `#[warn(unused)]`) on by default
[INFO] [stderr] 
[INFO] [stderr] warning: unreachable expression
[INFO] [stderr]    --> src/structs/virtual_machine_adapter.rs:357:21
[INFO] [stderr]     |
[INFO] [stderr] 356 |                     panic!("{}Failed to parse struct array items!", depth_to_space(depth));
[INFO] [stderr]     |                     ---------------------------------------------------------------------- any code following this expression is unreachable
[INFO] [stderr] 357 |                     Ok((i, VMADPropertyEntry { name, type_, flags, value: VMADPropertyValue::StructArray(Vec::new())}))
[INFO] [stderr]     |                     ^^^^^^^^^^^^^^^^^^^^^^^^^^^^^^^^^^^^^^^^^^^^^^^^^^^^^^^^^^^^^^^^^^^^^^^^^^^^^^^^^^^^^^^^^^^^^^^^^^^ unreachable expression
[INFO] [stderr] 
[INFO] [stderr] warning: unused variable: `raw`
[INFO] [stderr]   --> src/structs/cell.rs:89:22
[INFO] [stderr]    |
[INFO] [stderr] 89 |                 let (raw, tc) = CellTemporaryChildren::parse(raw)?;
[INFO] [stderr]    |                      ^^^ help: if this is intentional, prefix it with an underscore: `_raw`
[INFO] [stderr]    |
[INFO] [stderr]    = note: `#[warn(unused_variables)]` (part of `#[warn(unused)]`) on by default
[INFO] [stderr] 
[INFO] [stderr] warning: unused variable: `raw`
[INFO] [stderr]   --> src/structs/world.rs:36:14
[INFO] [stderr]    |
[INFO] [stderr] 36 |         let (raw, blocks) = many0(ExteriorCellBlock::parse)(raw)?;
[INFO] [stderr]    |              ^^^ help: if this is intentional, prefix it with an underscore: `_raw`
[INFO] [stderr] 
[INFO] [stderr] warning: unused variable: `raw`
[INFO] [stderr]   --> src/structs/world.rs:65:22
[INFO] [stderr]    |
[INFO] [stderr] 65 |                 let (raw, sub_blocks) = many0(ExteriorCellSubBlock::parse)(raw)?;
[INFO] [stderr]    |                      ^^^ help: if this is intentional, prefix it with an underscore: `_raw`
[INFO] [stderr] 
[INFO] [stderr] warning: unused variable: `raw`
[INFO] [stderr]   --> src/structs/world.rs:98:22
[INFO] [stderr]    |
[INFO] [stderr] 98 |                 let (raw, cells) = many0(CellEntry::parse)(raw)?;
[INFO] [stderr]    |                      ^^^ help: if this is intentional, prefix it with an underscore: `_raw`
[INFO] [stderr] 
[INFO] [stderr] warning: variable `depth` is assigned to, but never used
[INFO] [stderr]   --> src/structs/virtual_machine_adapter.rs:32:13
[INFO] [stderr]    |
[INFO] [stderr] 32 |         let mut depth = 0;
[INFO] [stderr]    |             ^^^^^^^^^
[INFO] [stderr]    |
[INFO] [stderr]    = note: consider using `_depth` instead
[INFO] [stderr] 
[INFO] [stderr] warning: value assigned to `depth` is never read
[INFO] [stderr]   --> src/structs/virtual_machine_adapter.rs:39:9
[INFO] [stderr]    |
[INFO] [stderr] 39 |         depth += 1;
[INFO] [stderr]    |         ^^^^^^^^^^
[INFO] [stderr]    |
[INFO] [stderr]    = help: maybe it is overwritten before being read?
[INFO] [stderr]    = note: `#[warn(unused_assignments)]` (part of `#[warn(unused)]`) on by default
[INFO] [stderr] 
[INFO] [stderr] warning: value assigned to `depth` is never read
[INFO] [stderr]   --> src/structs/virtual_machine_adapter.rs:94:9
[INFO] [stderr]    |
[INFO] [stderr] 94 |         depth += 1;
[INFO] [stderr]    |         ^^^^^^^^^^
[INFO] [stderr]    |
[INFO] [stderr]    = help: maybe it is overwritten before being read?
[INFO] [stderr] 
[INFO] [stderr] warning: unused variable: `i`
[INFO] [stderr]    --> src/structs/virtual_machine_adapter.rs:243:24
[INFO] [stderr]     |
[INFO] [stderr] 243 |     fn parse_versioned(i: &[u8], version: i16) -> IResult<&[u8], Self, nom::error::Error<&[u8]>> {
[INFO] [stderr]     |                        ^ help: if this is intentional, prefix it with an underscore: `_i`
[INFO] [stderr] 
[INFO] [stderr] warning: unused variable: `version`
[INFO] [stderr]    --> src/structs/virtual_machine_adapter.rs:243:34
[INFO] [stderr]     |
[INFO] [stderr] 243 |     fn parse_versioned(i: &[u8], version: i16) -> IResult<&[u8], Self, nom::error::Error<&[u8]>> {
[INFO] [stderr]     |                                  ^^^^^^^ help: if this is intentional, prefix it with an underscore: `_version`
[INFO] [stderr] 
[INFO] [stderr] warning: unused variable: `version`
[INFO] [stderr]    --> src/structs/virtual_machine_adapter.rs:247:40
[INFO] [stderr]     |
[INFO] [stderr] 247 |     fn parse_versioned_depth(i: &[u8], version: i16, mut depth: u8) -> IResult<&[u8], Self, nom::error::Error<&[u8]>> {
[INFO] [stderr]     |                                        ^^^^^^^ help: if this is intentional, prefix it with an underscore: `_version`
[INFO] [stderr] 
[INFO] [stderr] warning: unused variable: `start`
[INFO] [stderr]    --> src/esm.rs:189:21
[INFO] [stderr]     |
[INFO] [stderr] 189 |                 let start = std::time::Instant::now();
[INFO] [stderr]     |                     ^^^^^ help: if this is intentional, prefix it with an underscore: `_start`
[INFO] [stderr] 
[INFO] [stderr] warning: unused variable: `start`
[INFO] [stderr]    --> src/esm.rs:180:21
[INFO] [stderr]     |
[INFO] [stderr] 180 |                 let start = std::time::Instant::now();
[INFO] [stderr]     |                     ^^^^^ help: if this is intentional, prefix it with an underscore: `_start`
[INFO] [stderr] 
[INFO] [stderr] warning: unused variable: `leftover`
[INFO] [stderr]    --> src/esm.rs:160:14
[INFO] [stderr]     |
[INFO] [stderr] 160 |         let (leftover, (chunks, rchunks)) = get_file_chunks2(i)?;
[INFO] [stderr]     |              ^^^^^^^^ help: if this is intentional, prefix it with an underscore: `_leftover`
[INFO] [stderr] 
[INFO] [stderr] warning: `project-wormhole-esm` (lib) generated 16 warnings (run `cargo fix --lib -p project-wormhole-esm` to apply 11 suggestions)
[INFO] [stderr] warning: `project-wormhole-esm` (lib test) generated 16 warnings (16 duplicates)
[INFO] [stderr]     Finished `release` profile [optimized] target(s) in 0.08s
[INFO] [stderr] warning: the following packages contain code that will be rejected by a future version of Rust: proc-macro-error2 v2.0.1
[INFO] [stderr] note: to see what the problems were, use the option `--future-incompat-report`, or run `cargo report future-incompatibilities --id 1`
[INFO] [stderr]      Running unittests src/lib.rs (/opt/rustwide/target/release/deps/project_wormhole_esm-e82d1ed6570b7c8f)
[INFO] [stdout] 
[INFO] [stdout] running 2 tests
[INFO] [stdout] test tests::test1 ... ignored, disabled
[INFO] [stdout] test tests::esm_benchmarks ... FAILED
[INFO] [stdout] 
[INFO] [stdout] failures:
[INFO] [stdout] 
[INFO] [stdout] ---- tests::esm_benchmarks stdout ----
[INFO] [stdout] 
[INFO] [stdout] 
[INFO] [stdout] thread 'tests::esm_benchmarks' (1259) panicked at src/tests.rs:42:50:
[INFO] [stdout] called `Result::unwrap()` on an `Err` value: Os { code: 2, kind: NotFound, message: "No such file or directory" }
[INFO] [stdout] stack backtrace:
[INFO] [stdout]    0:     0x5fd3aecd1041 - <<std[70759c8f55707aa4]::sys::backtrace::BacktraceLock>::print::DisplayBacktrace as core[df12db4294e9bfd3]::fmt::Display>::fmt
[INFO] [stdout]    1:     0x5fd3aece625a - core[df12db4294e9bfd3]::fmt::write
[INFO] [stdout]    2:     0x5fd3aecd552c - <alloc[2182bb758b4b3781]::vec::Vec<u8> as core[df12db4294e9bfd3]::io::write::Write>::write_fmt
[INFO] [stdout]    3:     0x5fd3aecad386 - std[70759c8f55707aa4]::panicking::default_hook::{closure#0}
[INFO] [stdout]    4:     0x5fd3aecc9629 - std[70759c8f55707aa4]::panicking::default_hook
[INFO] [stdout]    5:     0x5fd3aec5c9a0 - test[9d35eded1c95d3be]::test_main_inner::<test[9d35eded1c95d3be]::test_main_static::{closure#0}>::{closure#0}
[INFO] [stdout]    6:     0x5fd3aecc9952 - std[70759c8f55707aa4]::panicking::panic_with_hook
[INFO] [stdout]    7:     0x5fd3aecad432 - std[70759c8f55707aa4]::panicking::panic_handler::{closure#0}
[INFO] [stdout]    8:     0x5fd3aeca61b9 - std[70759c8f55707aa4]::sys::backtrace::__rust_end_short_backtrace::<std[70759c8f55707aa4]::panicking::panic_handler::{closure#0}, !>
[INFO] [stdout]    9:     0x5fd3aecae02d - __rustc[8fa7c3cbc660c2b3]::rust_begin_unwind
[INFO] [stdout]   10:     0x5fd3aece698c - core[df12db4294e9bfd3]::panicking::panic_fmt
[INFO] [stdout]   11:     0x5fd3aece6762 - core[df12db4294e9bfd3]::result::unwrap_failed
[INFO] [stdout]   12:     0x5fd3aebdb574 - project_wormhole_esm[31e05f9a43a34769]::tests::esm_benchmarks
[INFO] [stdout]   13:     0x5fd3aec1b389 - <project_wormhole_esm[31e05f9a43a34769]::tests::esm_benchmarks::{closure#0} as core[df12db4294e9bfd3]::ops::function::FnOnce<()>>::call_once
[INFO] [stdout]   14:     0x5fd3aec4fc8b - test[9d35eded1c95d3be]::__rust_begin_short_backtrace::<core[df12db4294e9bfd3]::result::Result<(), alloc[2182bb758b4b3781]::string::String>, fn() -> core[df12db4294e9bfd3]::result::Result<(), alloc[2182bb758b4b3781]::string::String>>
[INFO] [stdout]   15:     0x5fd3aec5d2f5 - test[9d35eded1c95d3be]::run_test::{closure#0}
[INFO] [stdout]   16:     0x5fd3aec56bb4 - std[70759c8f55707aa4]::sys::backtrace::__rust_begin_short_backtrace::<test[9d35eded1c95d3be]::run_test::{closure#1}, ()>
[INFO] [stdout]   17:     0x5fd3aec60452 - <std[70759c8f55707aa4]::thread::lifecycle::spawn_unchecked<test[9d35eded1c95d3be]::run_test::{closure#1}, ()>::{closure#1} as core[df12db4294e9bfd3]::ops::function::FnOnce<()>>::call_once::{shim:vtable#0}
[INFO] [stdout]   18:     0x5fd3aecd0909 - <std[70759c8f55707aa4]::sys::thread::unix::Thread>::new::thread_start
[INFO] [stdout]   19:     0x79ae9df5edfa - <unknown>
[INFO] [stdout]   20:     0x79ae9dff23d4 - clone
[INFO] [stdout]   21:                0x0 - <unknown>
[INFO] [stdout] 
[INFO] [stdout] 
[INFO] [stdout] failures:
[INFO] [stdout]     tests::esm_benchmarks
[INFO] [stdout] 
[INFO] [stdout] test result: FAILED. 0 passed; 1 failed; 1 ignored; 0 measured; 0 filtered out; finished in 0.00s
[INFO] [stdout] 
[INFO] [stderr] error: test failed, to rerun pass `--lib`
[INFO] running `Command { std: "docker" "inspect" "c103f01d44a7a8771649e0c9d4b373f631bb8e9125114f0d7bf9b9391805963c", kill_on_drop: false }`
[INFO] running `Command { std: "docker" "rm" "-f" "c103f01d44a7a8771649e0c9d4b373f631bb8e9125114f0d7bf9b9391805963c", kill_on_drop: false }`
[INFO] [stdout] c103f01d44a7a8771649e0c9d4b373f631bb8e9125114f0d7bf9b9391805963c
