[INFO] fetching crate proj4wkt 0.1.1...
[INFO] testing proj4wkt-0.1.1 against 1.99.0-beta.8+cargoflags=--release for beta-release-1.100-2
[INFO] extracting crate proj4wkt 0.1.1 into /workspace/builds/worker-1-tc1/source
[INFO] started tweaking crates.io crate proj4wkt 0.1.1
[INFO] finished tweaking crates.io crate proj4wkt 0.1.1
[INFO] tweaked toml for crates.io crate proj4wkt 0.1.1 written to /workspace/builds/worker-1-tc1/source/Cargo.toml
[INFO] validating manifest of crates.io crate proj4wkt 0.1.1 on toolchain 1.99.0-beta.8
[INFO] running `Command { std: CARGO_HOME="/workspace/cargo-home" RUSTUP_HOME="/workspace/rustup-home" "/workspace/cargo-home/bin/cargo" "+1.99.0-beta.8" "metadata" "--manifest-path" "Cargo.toml" "--no-deps", kill_on_drop: false }`
[INFO] crate crates.io crate proj4wkt 0.1.1 already has a lockfile, it will not be regenerated
[INFO] running `Command { std: CARGO_HOME="/workspace/cargo-home" RUSTUP_HOME="/workspace/rustup-home" "/workspace/cargo-home/bin/cargo" "+1.99.0-beta.8" "fetch" "--manifest-path" "Cargo.toml", kill_on_drop: false }`
[INFO] [stderr]  Downloading crates ...
[INFO] [stderr]   Downloaded winapi-util v0.1.10
[INFO] [stderr]   Downloaded clap_derive v4.5.45
[INFO] [stderr]   Downloaded console_log v1.0.0
[INFO] [stderr]   Downloaded clap v4.5.45
[INFO] [stderr]   Downloaded anstream v0.6.20
[INFO] [stderr]   Downloaded clap_builder v4.5.44
[INFO] running `Command { std: "docker" "create" "-v" "/var/lib/crater-agent-workspace/builds/worker-1-tc1/source:/opt/rustwide/workdir:ro,Z" "-v" "/var/lib/crater-agent-workspace/builds/worker-1-tc1/target:/opt/rustwide/target:rw,Z" "-v" "/var/lib/crater-agent-workspace/cargo-home:/opt/rustwide/cargo-home:ro,Z" "-v" "/var/lib/crater-agent-workspace/rustup-home:/opt/rustwide/rustup-home:ro,Z" "-m" "1610612736" "--network" "none" "ghcr.io/rust-lang/crates-build-env/linux@sha256:77db811e55d90add9212f6832c23229e3de5f1c1f9905e8cb07319ea15df73ac" "sleep" "infinity", kill_on_drop: false }`
[INFO] [stdout] 326010350cb8571016f8d7166f132132023f2e5767a0273f75464f2693f9e262
[INFO] running `Command { std: "docker" "start" "326010350cb8571016f8d7166f132132023f2e5767a0273f75464f2693f9e262", kill_on_drop: false }`
[INFO] running `Command { std: "docker" "inspect" "326010350cb8571016f8d7166f132132023f2e5767a0273f75464f2693f9e262", kill_on_drop: false }`
[INFO] running `Command { std: "docker" "exec" "-e" "SOURCE_DIR=/opt/rustwide/workdir" "-e" "CARGO_HOME=/opt/rustwide/cargo-home" "-e" "RUSTUP_HOME=/opt/rustwide/rustup-home" "-e" "CARGO_TARGET_DIR=/opt/rustwide/target" "-w" "/opt/rustwide/workdir" "--user" "0:0" "326010350cb8571016f8d7166f132132023f2e5767a0273f75464f2693f9e262" "/opt/rustwide/cargo-home/bin/cargo" "+1.99.0-beta.8" "metadata" "--no-deps" "--format-version=1", kill_on_drop: false }`
[INFO] running `Command { std: "docker" "inspect" "326010350cb8571016f8d7166f132132023f2e5767a0273f75464f2693f9e262", kill_on_drop: false }`
[INFO] running `Command { std: "docker" "exec" "-e" "SOURCE_DIR=/opt/rustwide/workdir" "-e" "CARGO_HOME=/opt/rustwide/cargo-home" "-e" "RUSTUP_HOME=/opt/rustwide/rustup-home" "-e" "CARGO_TARGET_DIR=/opt/rustwide/target" "-e" "CARGO_INCREMENTAL=0" "-e" "RUST_BACKTRACE=full" "-e" "RUSTFLAGS=--cap-lints=warn" "-e" "RUSTDOCFLAGS=--cap-lints=warn" "-w" "/opt/rustwide/workdir" "--user" "0:0" "326010350cb8571016f8d7166f132132023f2e5767a0273f75464f2693f9e262" "/opt/rustwide/cargo-home/bin/cargo" "+1.99.0-beta.8" "build" "--frozen" "--message-format=json" "--release", kill_on_drop: false }`
[INFO] [stderr]    Compiling unicode-ident v1.0.18
[INFO] [stderr]    Compiling thiserror v1.0.69
[INFO] [stderr]    Compiling memchr v2.7.5
[INFO] [stderr]    Compiling proc-macro2 v1.0.101
[INFO] [stderr]    Compiling quote v1.0.40
[INFO] [stderr]    Compiling nom v8.0.0
[INFO] [stderr]    Compiling syn v2.0.106
[INFO] [stderr]    Compiling thiserror-impl v1.0.69
[INFO] [stderr]    Compiling proj4wkt v0.1.1 (/opt/rustwide/workdir)
[INFO] [stderr]     Finished `release` profile [optimized] target(s) in 8.77s
[INFO] running `Command { std: "docker" "inspect" "326010350cb8571016f8d7166f132132023f2e5767a0273f75464f2693f9e262", kill_on_drop: false }`
[INFO] running `Command { std: "docker" "exec" "-e" "SOURCE_DIR=/opt/rustwide/workdir" "-e" "CARGO_HOME=/opt/rustwide/cargo-home" "-e" "RUSTUP_HOME=/opt/rustwide/rustup-home" "-e" "CARGO_TARGET_DIR=/opt/rustwide/target" "-e" "CARGO_INCREMENTAL=0" "-e" "RUST_BACKTRACE=full" "-e" "RUSTFLAGS=--cap-lints=warn" "-e" "RUSTDOCFLAGS=--cap-lints=warn" "-w" "/opt/rustwide/workdir" "--user" "0:0" "326010350cb8571016f8d7166f132132023f2e5767a0273f75464f2693f9e262" "/opt/rustwide/cargo-home/bin/cargo" "+1.99.0-beta.8" "test" "--frozen" "--no-run" "--message-format=json" "--release", kill_on_drop: false }`
[INFO] [stderr]    Compiling utf8parse v0.2.2
[INFO] [stderr]    Compiling libc v0.2.175
[INFO] [stderr]    Compiling anstyle-query v1.1.4
[INFO] [stderr]    Compiling regex-syntax v0.8.5
[INFO] [stderr]    Compiling is_terminal_polyfill v1.70.1
[INFO] [stderr]    Compiling colorchoice v1.0.4
[INFO] [stderr]    Compiling heck v0.5.0
[INFO] [stderr]    Compiling strsim v0.11.1
[INFO] [stderr]    Compiling humantime v2.2.0
[INFO] [stderr]    Compiling termcolor v1.4.1
[INFO] [stderr]    Compiling syn v2.0.106
[INFO] [stderr]    Compiling num-traits v0.2.19
[INFO] [stderr]    Compiling aho-corasick v1.1.3
[INFO] [stderr]    Compiling log v0.4.27
[INFO] [stderr]    Compiling anstyle-parse v0.2.7
[INFO] [stderr]    Compiling anstream v0.6.20
[INFO] [stderr]    Compiling clap_builder v4.5.44
[INFO] [stderr]    Compiling is-terminal v0.4.16
[INFO] [stderr]    Compiling approx v0.5.1
[INFO] [stderr]    Compiling regex-automata v0.4.9
[INFO] [stderr]    Compiling thiserror-impl v1.0.69
[INFO] [stderr]    Compiling clap_derive v4.5.45
[INFO] [stderr]    Compiling thiserror v1.0.69
[INFO] [stderr]    Compiling proj4wkt v0.1.1 (/opt/rustwide/workdir)
[INFO] [stderr]    Compiling clap v4.5.45
[INFO] [stderr]    Compiling regex v1.11.1
[INFO] [stderr]    Compiling env_logger v0.10.2
[INFO] [stderr]     Finished `release` profile [optimized] target(s) in 41.76s
[INFO] running `Command { std: "docker" "inspect" "326010350cb8571016f8d7166f132132023f2e5767a0273f75464f2693f9e262", kill_on_drop: false }`
[INFO] running `Command { std: "docker" "exec" "-e" "SOURCE_DIR=/opt/rustwide/workdir" "-e" "CARGO_HOME=/opt/rustwide/cargo-home" "-e" "RUSTUP_HOME=/opt/rustwide/rustup-home" "-e" "CARGO_TARGET_DIR=/opt/rustwide/target" "-e" "CARGO_INCREMENTAL=0" "-e" "RUST_BACKTRACE=full" "-e" "RUSTFLAGS=--cap-lints=warn" "-e" "RUSTDOCFLAGS=--cap-lints=warn" "-w" "/opt/rustwide/workdir" "--user" "0:0" "326010350cb8571016f8d7166f132132023f2e5767a0273f75464f2693f9e262" "/opt/rustwide/cargo-home/bin/cargo" "+1.99.0-beta.8" "test" "--frozen" "--release", kill_on_drop: false }`
[INFO] [stderr]     Finished `release` profile [optimized] target(s) in 0.07s
[INFO] [stderr]      Running unittests src/lib.rs (/opt/rustwide/target/release/deps/proj4wkt-f6ad42a25a7e1ef2)
[INFO] [stdout] 
[INFO] [stdout] running 14 tests
[INFO] [stdout] test tests::build_wgs84 ... ok
[INFO] [stdout] test tests::parse_wgs84_wkt ... ok
[INFO] [stdout] test projstr::tests::convert_projcs_nad83 ... ok
[INFO] [stdout] test parser::tests::parse_wkt ... ok
[INFO] [stdout] test tests::build_authority ... ok
[INFO] [stdout] test tests::build_datum ... ok
[INFO] [stdout] test parser::tests::parse_number ... ok
[INFO] [stdout] test parser::tests::parse_quoted_str ... ok
[INFO] [stdout] test parser::tests::parse_failure ... ok
[INFO] [stdout] test tests::build_ellipsoid ... ok
[INFO] [stdout] test parser::tests::parse_keyword ... ok
[INFO] [stdout] test tests::build_unit ... ok
[INFO] [stdout] test tests::build_nad83 ... FAILED
[INFO] [stderr] error: test failed, to rerun pass `--lib`
[INFO] [stdout] test tests::build_parameter ... ok
[INFO] [stdout] 
[INFO] [stdout] failures:
[INFO] [stdout] 
[INFO] [stdout] ---- tests::build_nad83 stdout ----
[INFO] [stdout] PROJCRS(
[INFO] [stdout]     Projcs {
[INFO] [stdout]         name: "NAD83 / Massachusetts Mainland",
[INFO] [stdout]         geogcs: Geogcs {
[INFO] [stdout]             name: "NAD83",
[INFO] [stdout]             datum: Datum {
[INFO] [stdout]                 name: "North_American_Datum_1983",
[INFO] [stdout]                 ellipsoid: Ellipsoid {
[INFO] [stdout]                     name: "GRS 1980",
[INFO] [stdout]                     a: "6378137",
[INFO] [stdout]                     rf: "298.257222101",
[INFO] [stdout]                     unit: None,
[INFO] [stdout]                 },
[INFO] [stdout]                 to_wgs84: [],
[INFO] [stdout]             },
[INFO] [stdout]             unit: Some(
[INFO] [stdout]                 Unit {
[INFO] [stdout]                     name: "degree",
[INFO] [stdout]                     factor: 0.01745329251994328,
[INFO] [stdout]                     unit_type: Angular,
[INFO] [stdout]                 },
[INFO] [stdout]             ),
[INFO] [stdout]             authority: Some(
[INFO] [stdout]                 Authority {
[INFO] [stdout]                     name: "EPSG",
[INFO] [stdout]                     code: "4269",
[INFO] [stdout]                 },
[INFO] [stdout]             ),
[INFO] [stdout]         },
[INFO] [stdout]         projection: Projection {
[INFO] [stdout]             name: "Unknown",
[INFO] [stdout]             method: Method {
[INFO] [stdout]                 name: "Lambert_Conformal_Conic_2SP",
[INFO] [stdout]                 authority: None,
[INFO] [stdout]             },
[INFO] [stdout]             parameters: [
[INFO] [stdout]                 Parameter {
[INFO] [stdout]                     name: "standard_parallel_1",
[INFO] [stdout]                     value: "42.68333333333333",
[INFO] [stdout]                     unit: None,
[INFO] [stdout]                     authority: None,
[INFO] [stdout]                 },
[INFO] [stdout]                 Parameter {
[INFO] [stdout]                     name: "standard_parallel_2",
[INFO] [stdout]                     value: "41.71666666666667",
[INFO] [stdout]                     unit: None,
[INFO] [stdout]                     authority: None,
[INFO] [stdout]                 },
[INFO] [stdout]                 Parameter {
[INFO] [stdout]                     name: "latitude_of_origin",
[INFO] [stdout]                     value: "-41",
[INFO] [stdout]                     unit: None,
[INFO] [stdout]                     authority: None,
[INFO] [stdout]                 },
[INFO] [stdout]                 Parameter {
[INFO] [stdout]                     name: "central_meridian",
[INFO] [stdout]                     value: "-71.5",
[INFO] [stdout]                     unit: None,
[INFO] [stdout]                     authority: None,
[INFO] [stdout]                 },
[INFO] [stdout]                 Parameter {
[INFO] [stdout]                     name: "false_easting",
[INFO] [stdout]                     value: "200000",
[INFO] [stdout]                     unit: None,
[INFO] [stdout]                     authority: None,
[INFO] [stdout]                 },
[INFO] [stdout]                 Parameter {
[INFO] [stdout]                     name: "false_northing",
[INFO] [stdout]                     value: "750000",
[INFO] [stdout]                     unit: None,
[INFO] [stdout]                     authority: None,
[INFO] [stdout]                 },
[INFO] [stdout]             ],
[INFO] [stdout]             authority: Some(
[INFO] [stdout]                 Authority {
[INFO] [stdout]                     name: "EPSG",
[INFO] [stdout]                     code: "26986",
[INFO] [stdout]                 },
[INFO] [stdout]             ),
[INFO] [stdout]         },
[INFO] [stdout]         unit: Some(
[INFO] [stdout]             Unit {
[INFO] [stdout]                 name: "metre",
[INFO] [stdout]                 factor: 1.0,
[INFO] [stdout]                 unit_type: Linear,
[INFO] [stdout]             },
[INFO] [stdout]         ),
[INFO] [stdout]     },
[INFO] [stdout] )
[INFO] [stdout] 
[INFO] [stdout] thread 'tests::build_nad83' (656) panicked at src/tests.rs:169:5:
[INFO] [stdout] assertion `left == right` failed
[INFO] [stdout]   left: PROJCRS(Projcs { name: "NAD83 / Massachusetts Mainland", geogcs: Geogcs { name: "NAD83", datum: Datum { name: "North_American_Datum_1983", ellipsoid: Ellipsoid { name: "GRS 1980", a: "6378137", rf: "298.257222101", unit: None }, to_wgs84: [] }, unit: Some(Unit { name: "degree", factor: 0.01745329251994328, unit_type: Angular }), authority: Some(Authority { name: "EPSG", code: "4269" }) }, projection: Projection { name: "Unknown", method: Method { name: "Lambert_Conformal_Conic_2SP", authority: None }, parameters: [Parameter { name: "standard_parallel_1", value: "42.68333333333333", unit: None, authority: None }, Parameter { name: "standard_parallel_2", value: "41.71666666666667", unit: None, authority: None }, Parameter { name: "latitude_of_origin", value: "-41", unit: None, authority: None }, Parameter { name: "central_meridian", value: "-71.5", unit: None, authority: None }, Parameter { name: "false_easting", value: "200000", unit: None, authority: None }, Parameter { name: "false_northing", value: "750000", unit: None, authority: None }], authority: Some(Authority { name: "EPSG", code: "26986" }) }, unit: Some(Unit { name: "metre", factor: 1.0, unit_type: Linear }) })
[INFO] [stdout]  right: PROJCRS(Projcs { name: "NAD83 / Massachusetts Mainland", geogcs: Geogcs { name: "NAD83", datum: Datum { name: "North_American_Datum_1983", ellipsoid: Ellipsoid { name: "GRS 1980", a: "6378137", rf: "298.257222101", unit: None }, to_wgs84: [] }, unit: Some(Unit { name: "degree", factor: 0.01745329251994328, unit_type: Angular }), authority: None }, projection: Projection { name: "Unknown", method: Method { name: "Lambert_Conformal_Conic_2SP", authority: None }, parameters: [Parameter { name: "standard_parallel_1", value: "42.68333333333333", unit: None, authority: None }, Parameter { name: "standard_parallel_2", value: "41.71666666666667", unit: None, authority: None }, Parameter { name: "latitude_of_origin", value: "-41", unit: None, authority: None }, Parameter { name: "central_meridian", value: "-71.5", unit: None, authority: None }, Parameter { name: "false_easting", value: "200000", unit: None, authority: None }, Parameter { name: "false_northing", value: "750000", unit: None, authority: None }], authority: Some(Authority { name: "EPSG", code: "26986" }) }, unit: Some(Unit { name: "metre", factor: 1.0, unit_type: Linear }) })
[INFO] [stdout] stack backtrace:
[INFO] [stdout]    0:     0x5c3624e0d5a7 - <<std[70759c8f55707aa4]::sys::backtrace::BacktraceLock>::print::DisplayBacktrace as core[df12db4294e9bfd3]::fmt::Display>::fmt
[INFO] [stdout]    1:     0x5c3624d64c6a - core[df12db4294e9bfd3]::fmt::write
[INFO] [stdout]    2:     0x5c3624e0cb5b - <alloc[2182bb758b4b3781]::vec::Vec<u8> as core[df12db4294e9bfd3]::io::write::Write>::write_fmt
[INFO] [stdout]    3:     0x5c3624e0c63f - std[70759c8f55707aa4]::panicking::default_hook::{closure#0}
[INFO] [stdout]    4:     0x5c3624e0c26a - std[70759c8f55707aa4]::panicking::default_hook
[INFO] [stdout]    5:     0x5c3624e0bda2 - std[70759c8f55707aa4]::panicking::panic_with_hook
[INFO] [stdout]    6:     0x5c3624e33111 - std[70759c8f55707aa4]::panicking::panic_handler::{closure#0}
[INFO] [stdout]    7:     0x5c3624e330c9 - std[70759c8f55707aa4]::sys::backtrace::__rust_end_short_backtrace::<std[70759c8f55707aa4]::panicking::panic_handler::{closure#0}, !>
[INFO] [stdout]    8:     0x5c3624e335dc - __rustc[8fa7c3cbc660c2b3]::rust_begin_unwind
[INFO] [stdout]    9:     0x5c3624d64afb - core[df12db4294e9bfd3]::panicking::panic_fmt
[INFO] [stdout]   10:     0x5c3624d64a1e - core[df12db4294e9bfd3]::panicking::assert_failed_inner
[INFO] [stdout]   11:     0x5c3624d2c283 - core[df12db4294e9bfd3]::panicking::assert_failed::<proj4wkt[db8248a86ea026e2]::builder::Node, proj4wkt[db8248a86ea026e2]::builder::Node>
[INFO] [stdout]   12:     0x5c3624d35cfd - <proj4wkt[db8248a86ea026e2]::tests::build_nad83::{closure#0} as core[df12db4294e9bfd3]::ops::function::FnOnce<()>>::call_once
[INFO] [stdout]   13:     0x5c3624e4ba0b - test[9d35eded1c95d3be]::__rust_begin_short_backtrace::<core[df12db4294e9bfd3]::result::Result<(), alloc[2182bb758b4b3781]::string::String>, fn() -> core[df12db4294e9bfd3]::result::Result<(), alloc[2182bb758b4b3781]::string::String>>
[INFO] [stdout]   14:     0x5c3624e4701f - test[9d35eded1c95d3be]::run_test::{closure#0}
[INFO] [stdout]   15:     0x5c3624e46a9c - std[70759c8f55707aa4]::sys::backtrace::__rust_begin_short_backtrace::<test[9d35eded1c95d3be]::run_test::{closure#1}, ()>
[INFO] [stdout]   16:     0x5c3624e6398c - <std[70759c8f55707aa4]::thread::lifecycle::spawn_unchecked<test[9d35eded1c95d3be]::run_test::{closure#1}, ()>::{closure#1} as core[df12db4294e9bfd3]::ops::function::FnOnce<()>>::call_once::{shim:vtable#0}
[INFO] [stdout]   17:     0x5c3624e34822 - <std[70759c8f55707aa4]::sys::thread::unix::Thread>::new::thread_start
[INFO] [stdout]   18:     0x70fc2552bdfa - <unknown>
[INFO] [stdout]   19:     0x70fc255bf3d4 - clone
[INFO] [stdout]   20:                0x0 - <unknown>
[INFO] [stdout] 
[INFO] [stdout] 
[INFO] [stdout] failures:
[INFO] [stdout]     tests::build_nad83
[INFO] [stdout] 
[INFO] [stdout] test result: FAILED. 13 passed; 1 failed; 0 ignored; 0 measured; 0 filtered out; finished in 0.01s
[INFO] [stdout] 
[INFO] running `Command { std: "docker" "inspect" "326010350cb8571016f8d7166f132132023f2e5767a0273f75464f2693f9e262", kill_on_drop: false }`
[INFO] running `Command { std: "docker" "rm" "-f" "326010350cb8571016f8d7166f132132023f2e5767a0273f75464f2693f9e262", kill_on_drop: false }`
[INFO] [stdout] 326010350cb8571016f8d7166f132132023f2e5767a0273f75464f2693f9e262
