[INFO] fetching crate proj4rs 0.2.1...
[INFO] testing proj4rs-0.2.1 against 1.100.0-beta.1+cargoflags=--release for beta-release-1.100-2
[INFO] extracting crate proj4rs 0.2.1 into /workspace/builds/worker-5-tc2/source
[INFO] started tweaking crates.io crate proj4rs 0.2.1
[INFO] removed 0 missing examples
[INFO] removed 0 missing tests
[INFO] finished tweaking crates.io crate proj4rs 0.2.1
[INFO] tweaked toml for crates.io crate proj4rs 0.2.1 written to /workspace/builds/worker-5-tc2/source/Cargo.toml
[INFO] validating manifest of crates.io crate proj4rs 0.2.1 on toolchain 1.100.0-beta.1
[INFO] running `Command { std: CARGO_HOME="/workspace/cargo-home" RUSTUP_HOME="/workspace/rustup-home" "/workspace/cargo-home/bin/cargo" "+1.100.0-beta.1" "metadata" "--manifest-path" "Cargo.toml" "--no-deps", kill_on_drop: false }`
[INFO] crate crates.io crate proj4rs 0.2.1 already has a lockfile, it will not be regenerated
[INFO] running `Command { std: CARGO_HOME="/workspace/cargo-home" RUSTUP_HOME="/workspace/rustup-home" "/workspace/cargo-home/bin/cargo" "+1.100.0-beta.1" "fetch" "--manifest-path" "Cargo.toml", kill_on_drop: false }`
[INFO] [stderr] warning: `package.homepage` is redundant with `package.repository`
[INFO] [stderr]   --> Cargo.toml:89:12
[INFO] [stderr]    |
[INFO] [stderr] 89 | homepage = "https://github.com/3liz/proj4rs/"
[INFO] [stderr]    |            ^^^^^^^^^^^^^^^^^^^^^^^^^^^^^^^^^^
[INFO] [stderr] ...
[INFO] [stderr] 94 | repository = "https://github.com/3liz/proj4rs/"
[INFO] [stderr]    |              ----------------------------------
[INFO] [stderr]    |
[INFO] [stderr]    = note: `cargo::redundant_homepage` is set to `warn` by default
[INFO] [stderr] help: consider removing `package.homepage`
[INFO] [stderr] warning: `proj4rs` (manifest) generated 1 warning
[INFO] running `Command { std: "docker" "create" "-v" "/var/lib/crater-agent-workspace/builds/worker-5-tc2/source:/opt/rustwide/workdir:ro,Z" "-v" "/var/lib/crater-agent-workspace/builds/worker-5-tc2/target:/opt/rustwide/target:rw,Z" "-v" "/var/lib/crater-agent-workspace/cargo-home:/opt/rustwide/cargo-home:ro,Z" "-v" "/var/lib/crater-agent-workspace/rustup-home:/opt/rustwide/rustup-home:ro,Z" "-m" "1610612736" "--network" "none" "ghcr.io/rust-lang/crates-build-env/linux@sha256:77db811e55d90add9212f6832c23229e3de5f1c1f9905e8cb07319ea15df73ac" "sleep" "infinity", kill_on_drop: false }`
[INFO] [stdout] d3581361bce5aeb62501366551410a4886d0a1a9bfa5c870c5114cbc7b19c191
[INFO] running `Command { std: "docker" "start" "d3581361bce5aeb62501366551410a4886d0a1a9bfa5c870c5114cbc7b19c191", kill_on_drop: false }`
[INFO] running `Command { std: "docker" "inspect" "d3581361bce5aeb62501366551410a4886d0a1a9bfa5c870c5114cbc7b19c191", kill_on_drop: false }`
[INFO] running `Command { std: "docker" "exec" "-e" "SOURCE_DIR=/opt/rustwide/workdir" "-e" "CARGO_HOME=/opt/rustwide/cargo-home" "-e" "RUSTUP_HOME=/opt/rustwide/rustup-home" "-e" "CARGO_TARGET_DIR=/opt/rustwide/target" "-w" "/opt/rustwide/workdir" "--user" "0:0" "d3581361bce5aeb62501366551410a4886d0a1a9bfa5c870c5114cbc7b19c191" "/opt/rustwide/cargo-home/bin/cargo" "+1.100.0-beta.1" "metadata" "--no-deps" "--format-version=1", kill_on_drop: false }`
[INFO] running `Command { std: "docker" "inspect" "d3581361bce5aeb62501366551410a4886d0a1a9bfa5c870c5114cbc7b19c191", kill_on_drop: false }`
[INFO] running `Command { std: "docker" "exec" "-e" "SOURCE_DIR=/opt/rustwide/workdir" "-e" "CARGO_HOME=/opt/rustwide/cargo-home" "-e" "RUSTUP_HOME=/opt/rustwide/rustup-home" "-e" "CARGO_TARGET_DIR=/opt/rustwide/target" "-e" "CARGO_INCREMENTAL=0" "-e" "RUST_BACKTRACE=full" "-e" "RUSTFLAGS=--cap-lints=warn" "-e" "RUSTDOCFLAGS=--cap-lints=warn" "-w" "/opt/rustwide/workdir" "--user" "0:0" "d3581361bce5aeb62501366551410a4886d0a1a9bfa5c870c5114cbc7b19c191" "/opt/rustwide/cargo-home/bin/cargo" "+1.100.0-beta.1" "build" "--frozen" "--message-format=json" "--release", kill_on_drop: false }`
[INFO] [stderr] warning: `package.homepage` is redundant with `package.repository`
[INFO] [stderr]   --> Cargo.toml:89:12
[INFO] [stderr]    |
[INFO] [stderr] 89 | homepage = "https://github.com/3liz/proj4rs/"
[INFO] [stderr]    |            ^^^^^^^^^^^^^^^^^^^^^^^^^^^^^^^^^^
[INFO] [stderr] ...
[INFO] [stderr] 94 | repository = "https://github.com/3liz/proj4rs/"
[INFO] [stderr]    |              ----------------------------------
[INFO] [stderr]    |
[INFO] [stderr]    = note: `cargo::redundant_homepage` is set to `warn` by default
[INFO] [stderr] help: consider removing `package.homepage`
[INFO] [stderr] warning: `proj4rs` (manifest) generated 1 warning
[INFO] [stderr]    Compiling proj4rs-geodesic v0.1.1
[INFO] [stderr]    Compiling syn v3.0.6
[INFO] [stderr]    Compiling thiserror-impl v2.0.21
[INFO] [stderr]    Compiling thiserror v2.0.21
[INFO] [stderr]    Compiling proj4rs v0.2.1 (/opt/rustwide/workdir)
[INFO] [stderr]     Finished `release` profile [optimized] target(s) in 8.48s
[INFO] running `Command { std: "docker" "inspect" "d3581361bce5aeb62501366551410a4886d0a1a9bfa5c870c5114cbc7b19c191", kill_on_drop: false }`
[INFO] running `Command { std: "docker" "exec" "-e" "SOURCE_DIR=/opt/rustwide/workdir" "-e" "CARGO_HOME=/opt/rustwide/cargo-home" "-e" "RUSTUP_HOME=/opt/rustwide/rustup-home" "-e" "CARGO_TARGET_DIR=/opt/rustwide/target" "-e" "CARGO_INCREMENTAL=0" "-e" "RUST_BACKTRACE=full" "-e" "RUSTFLAGS=--cap-lints=warn" "-e" "RUSTDOCFLAGS=--cap-lints=warn" "-w" "/opt/rustwide/workdir" "--user" "0:0" "d3581361bce5aeb62501366551410a4886d0a1a9bfa5c870c5114cbc7b19c191" "/opt/rustwide/cargo-home/bin/cargo" "+1.100.0-beta.1" "test" "--frozen" "--no-run" "--message-format=json" "--release", kill_on_drop: false }`
[INFO] [stderr] warning: `package.homepage` is redundant with `package.repository`
[INFO] [stderr]   --> Cargo.toml:89:12
[INFO] [stderr]    |
[INFO] [stderr] 89 | homepage = "https://github.com/3liz/proj4rs/"
[INFO] [stderr]    |            ^^^^^^^^^^^^^^^^^^^^^^^^^^^^^^^^^^
[INFO] [stderr] ...
[INFO] [stderr] 94 | repository = "https://github.com/3liz/proj4rs/"
[INFO] [stderr]    |              ----------------------------------
[INFO] [stderr]    |
[INFO] [stderr]    = note: `cargo::redundant_homepage` is set to `warn` by default
[INFO] [stderr] help: consider removing `package.homepage`
[INFO] [stderr] warning: `proj4rs` (manifest) generated 1 warning
[INFO] [stderr]    Compiling colorchoice v1.0.5
[INFO] [stderr]    Compiling anstyle-parse v1.0.0
[INFO] [stderr]    Compiling aho-corasick v1.1.5
[INFO] [stderr]    Compiling num-traits v0.2.19
[INFO] [stderr]    Compiling libc v0.2.190
[INFO] [stderr]    Compiling log v0.4.34
[INFO] [stderr]    Compiling jiff-core v0.1.1
[INFO] [stderr]    Compiling clap_derive v4.6.7
[INFO] [stderr]    Compiling proj4rs v0.2.1 (/opt/rustwide/workdir)
[INFO] [stderr]    Compiling anstream v1.0.0
[INFO] [stderr]    Compiling clap_builder v4.6.7
[INFO] [stderr]    Compiling approx v0.5.1
[INFO] [stderr]    Compiling getrandom v0.4.3
[INFO] [stderr]    Compiling jiff v0.2.38
[INFO] [stderr]    Compiling regex-automata v0.4.18
[INFO] [stderr]    Compiling rand v0.10.3
[INFO] [stderr]    Compiling clap v4.6.7
[INFO] [stderr]    Compiling regex v1.13.1
[INFO] [stderr]    Compiling env_filter v2.0.0
[INFO] [stderr]    Compiling env_logger v0.11.11
[INFO] [stderr]     Finished `release` profile [optimized] target(s) in 1m 07s
[INFO] running `Command { std: "docker" "inspect" "d3581361bce5aeb62501366551410a4886d0a1a9bfa5c870c5114cbc7b19c191", kill_on_drop: false }`
[INFO] running `Command { std: "docker" "exec" "-e" "SOURCE_DIR=/opt/rustwide/workdir" "-e" "CARGO_HOME=/opt/rustwide/cargo-home" "-e" "RUSTUP_HOME=/opt/rustwide/rustup-home" "-e" "CARGO_TARGET_DIR=/opt/rustwide/target" "-e" "CARGO_INCREMENTAL=0" "-e" "RUST_BACKTRACE=full" "-e" "RUSTFLAGS=--cap-lints=warn" "-e" "RUSTDOCFLAGS=--cap-lints=warn" "-w" "/opt/rustwide/workdir" "--user" "0:0" "d3581361bce5aeb62501366551410a4886d0a1a9bfa5c870c5114cbc7b19c191" "/opt/rustwide/cargo-home/bin/cargo" "+1.100.0-beta.1" "test" "--frozen" "--release", kill_on_drop: false }`
[INFO] [stderr] warning: `package.homepage` is redundant with `package.repository`
[INFO] [stderr]   --> Cargo.toml:89:12
[INFO] [stderr]    |
[INFO] [stderr] 89 | homepage = "https://github.com/3liz/proj4rs/"
[INFO] [stderr]    |            ^^^^^^^^^^^^^^^^^^^^^^^^^^^^^^^^^^
[INFO] [stderr] ...
[INFO] [stderr] 94 | repository = "https://github.com/3liz/proj4rs/"
[INFO] [stderr]    |              ----------------------------------
[INFO] [stderr]    |
[INFO] [stderr]    = note: `cargo::redundant_homepage` is set to `warn` by default
[INFO] [stderr] help: consider removing `package.homepage`
[INFO] [stderr] warning: `proj4rs` (manifest) generated 1 warning
[INFO] [stderr]     Finished `release` profile [optimized] target(s) in 0.15s
[INFO] [stderr]      Running unittests src/lib.rs (/opt/rustwide/target/release/build/proj4rs/b9614b321e899d4f/out/proj4rs-b9614b321e899d4f)
[INFO] [stdout] 
[INFO] [stdout] running 94 tests
[INFO] [stdout] test ellps::tests::ellps_sphere ... ok
[INFO] [stdout] test ellps::tests::ellps_from_defn_and_es_zero ... ok
[INFO] [stdout] test ellps::tests::ellps_invalid_params ... ok
[INFO] [stdout] test ellps::tests::ellps_inverse_flattening_semi_minor ... ok
[INFO] [stdout] test ellps::tests::ellps_spherification_r_a ... ok
[INFO] [stdout] test ellps::tests::ellps_from_defn_and_params ... ok
[INFO] [stdout] test ellps::tests::ellps_spherification_r_g ... ok
[INFO] [stdout] test ellps::tests::ellps_spherification_r_v ... ok
[INFO] [stdout] test ellps::tests::ellps_spherification_radius_bounds ... ok
[INFO] [stdout] test parameters::tests::param_try_angular_value ... ok
[INFO] [stdout] test parameters::tests::param_dms_parsing ... ok
[INFO] [stdout] test parameters::tests::param_int_as_float ... ok
[INFO] [stdout] test parameters::tests::param_try_value ... ok
[INFO] [stdout] test proj::tests::proj_invalid_ellps_param ... ok
[INFO] [stdout] test proj::tests::proj_test_k_0 ... ok
[INFO] [stdout] test projections::aea::tests::proj_aea_aea_ellipsoidal ... ok
[INFO] [stdout] test projections::aea::tests::proj_aea_aea_spherical ... ok
[INFO] [stdout] test projections::aea::tests::proj_aea_leac_spherical ... ok
[INFO] [stdout] test nadgrids::formats::ntv2::tests::ntv2_100800401_gsb ... FAILED
[INFO] [stdout] test ellps::tests::ellps_from_defn ... ok
[INFO] [stdout] test ellps::tests::ellps_spherification ... ok
[INFO] [stdout] test projections::aeqd::tests::proj_aeqd_ellipsoidal_oblique ... ok
[INFO] [stdout] test projections::aeqd::tests::proj_aeqd_ellipsoidal_guam ... ok
[INFO] [stdout] test projections::aeqd::tests::proj_aeqd_ellipsoidal_polar ... ok
[INFO] [stdout] test projections::aea::tests::proj_aea_leac_ellipsoidal ... ok
[INFO] [stdout] test projections::aeqd::tests::proj_aeqd_ellipsoidal_equidistant ... ok
[INFO] [stdout] test parameters::tests::param_check_options ... ok
[INFO] [stdout] test projections::cea::tests::proj_cea_lat_ts_0_s ... ok
[INFO] [stdout] test projections::aeqd::tests::proj_aeqd_spherical_polar ... ok
[INFO] [stdout] test projections::cea::tests::proj_cea_lat_ts_0_e ... ok
[INFO] [stdout] test projections::cea::tests::proj_cea_lat_ts_30_e ... ok
[INFO] [stdout] test projections::eqc::tests::proj_eqc_lat_ts ... ok
[INFO] [stdout] test projections::aeqd::tests::proj_aeqd_spherical_equidistant ... ok
[INFO] [stdout] test projections::aeqd::tests::proj_aeqd_spherical_oblique ... ok
[INFO] [stdout] test projections::eqc::tests::proj_eqc_wgs84 ... ok
[INFO] [stdout] test projections::etmerc::tests::proj_etmerc_etmerc ... ok
[INFO] [stdout] test projections::geos::tests::proj_geos_sp ... ok
[INFO] [stdout] test projections::laea::tests::proj_laea_el ... ok
[INFO] [stdout] test projections::cea::tests::proj_cea_lat_ts_30_s ... ok
[INFO] [stdout] test projections::geocent::tests::proj_geocent ... ok
[INFO] [stdout] test projections::geos::tests::proj_geos_el ... ok
[INFO] [stdout] test projections::krovak::tests::proj_krovak ... ok
[INFO] [stdout] test projections::krovak::tests::proj_krovak_x_0 ... ok
[INFO] [stdout] test projections::etmerc::tests::proj_etmerc_utm ... ok
[INFO] [stdout] test projections::etmerc::tests::proj_utm_zone_from_lon_0 ... ok
[INFO] [stdout] test projections::laea::tests::proj_laea_el_south_pole ... ok
[INFO] [stdout] test projections::laea::tests::proj_laea_ob ... ok
[INFO] [stdout] test projections::laea::tests::proj_laea_sp ... ok
[INFO] [stdout] test projections::latlong::tests::proj_latlon_init ... ok
[INFO] [stdout] test projections::latlong::tests::proj_latlon_to_latlon ... ok
[INFO] [stdout] test projections::lcc::tests::proj_lcc ... ok
[INFO] [stdout] test projections::merc::tests::proj_merc_merc_ellps ... ok
[INFO] [stdout] test projections::lcc::tests::proj_lcc_latlon_to_lcc ... ok
[INFO] [stdout] test projections::merc::tests::proj_merc_merc_sph ... ok
[INFO] [stdout] test projections::mill::tests::proj_mill ... ok
[INFO] [stdout] test projections::merc::tests::proj_merc_negative_lat_ts ... ok
[INFO] [stdout] test projections::lcc::tests::proj_lcc_invalid_parallels ... ok
[INFO] [stdout] test projections::merc::tests::proj_merc_webmerc_ellps ... ok
[INFO] [stdout] test projections::moll::tests::proj_wag4 ... ok
[INFO] [stdout] test projections::moll::tests::proj_moll ... ok
[INFO] [stdout] test projections::merc::tests::proj_merc_webmerc_sph ... ok
[INFO] [stdout] test projections::lcc::tests::proj_lcc_parallels ... ok
[INFO] [stdout] test projections::moll::tests::proj_wag5 ... ok
[INFO] [stdout] test projections::merc::tests::proj_merc_invalid_lat_ts ... ok
[INFO] [stdout] test projections::stere::tests::proj_stere_stere_ellipsoidal ... ok
[INFO] [stdout] test projections::stere::tests::proj_stere_stere_spherical ... ok
[INFO] [stdout] test projections::sterea::tests::proj_sterea ... ok
[INFO] [stdout] test projections::somerc::tests::proj_somerc_el ... ok
[INFO] [stdout] test projections::somerc::tests::proj_somerc_sp ... ok
[INFO] [stdout] test projections::tmerc::tests::proj_estmerc_ell ... ok
[INFO] [stdout] test projections::stere::tests::proj_stere_ups_ellipsoidal ... ok
[INFO] [stdout] test projections::stere::tests::proj_stere_lat_ts ... ok
[INFO] [stdout] test projections::stere::tests::proj_stere_polar_antipode ... ok
[INFO] [stdout] test projections::laea::tests::test_epsg3035 ... ok
[INFO] [stdout] test projstring::tests::projstring_invalid_parameter_name ... ok
[INFO] [stdout] test projstring::tests::projstring_collect_tokens ... ok
[INFO] [stdout] test tests::test_geocent_units_scaling ... ok
[INFO] [stdout] test projections::tmerc::tests::proj_estmerc_sph ... ok
[INFO] [stdout] test tests::test_axis_denormalize ... ok
[INFO] [stdout] test tests::test_nadgrids_null_keeps_other_side_towgs84 ... ok
[INFO] [stdout] test tests::test_clark_1866 ... ok
[INFO] [stdout] test tests::test_longlat_alias ... ok
[INFO] [stdout] test projstring::tests::projstring_token ... ok
[INFO] [stdout] test projstring::tests::projstring_unquote ... ok
[INFO] [stdout] test tests::test_prime_meridian_for_latlong_geocent ... ok
[INFO] [stdout] test tests::test_transform_array ... ok
[INFO] [stdout] test tests::test_transform_null_datum ... ok
[INFO] [stdout] test tests::test_transform_with_datum ... ok
[INFO] [stdout] test tests::test_utm33_grs80 ... ok
[INFO] [stdout] test tests::test_prime_meridian_parameter_by_name ... ok
[INFO] [stdout] test tests::test_prime_meridian_parameter_dms ... ok
[INFO] [stdout] test tests::test_wgs84_bng_conversion ... ok
[INFO] [stdout] test tests::test_transform_epsg3044 ... ok
[INFO] [stdout] test tests::test_transform_epsg3844 ... ok
[INFO] [stdout] 
[INFO] [stdout] failures:
[INFO] [stdout] 
[INFO] [stdout] ---- nadgrids::formats::ntv2::tests::ntv2_100800401_gsb stdout ----
[INFO] [stdout] 
[INFO] [stdout] thread 'nadgrids::formats::ntv2::tests::ntv2_100800401_gsb' (858) panicked at src/nadgrids/formats/ntv2.rs:176:9:
[INFO] [stdout] called `Result::unwrap()` on an `Err` value: Os { code: 2, kind: NotFound, message: "No such file or directory" }
[INFO] [stdout] stack backtrace:
[INFO] [stdout]    0:     0x61699d32e191 - <<std[617be2ca0a6fd877]::sys::backtrace::BacktraceLock>::print::DisplayBacktrace as core[a373ad73a504971]::fmt::Display>::fmt
[INFO] [stdout]    1:     0x61699d3459ea - core[a373ad73a504971]::fmt::write
[INFO] [stdout]    2:     0x61699d333adc - <alloc[2e1b2a31b91974c5]::vec::Vec<u8> as core[a373ad73a504971]::io::write::Write>::write_fmt
[INFO] [stdout]    3:     0x61699d30a466 - std[617be2ca0a6fd877]::panicking::default_hook::{closure#0}
[INFO] [stdout]    4:     0x61699d326829 - std[617be2ca0a6fd877]::panicking::default_hook
[INFO] [stdout]    5:     0x61699d1ec590 - test[aada8e7e76ba119b]::test_main_inner::{closure#0}
[INFO] [stdout]    6:     0x61699d3269e2 - std[617be2ca0a6fd877]::panicking::panic_with_hook
[INFO] [stdout]    7:     0x61699d30a512 - std[617be2ca0a6fd877]::panicking::panic_handler::{closure#0}
[INFO] [stdout]    8:     0x61699d303229 - std[617be2ca0a6fd877]::sys::backtrace::__rust_end_short_backtrace::<std[617be2ca0a6fd877]::panicking::panic_handler::{closure#0}, !>
[INFO] [stdout]    9:     0x61699d30b11d - __rustc[ea4f61d10b84890b]::rust_begin_unwind
[INFO] [stdout]   10:     0x61699d3461cc - core[a373ad73a504971]::panicking::panic_fmt
[INFO] [stdout]   11:     0x61699d345fa2 - core[a373ad73a504971]::result::unwrap_failed
[INFO] [stdout]   12:     0x61699d1ba8fb - <proj4rs[4a94ff24c1646f09]::nadgrids::formats::ntv2::tests::ntv2_100800401_gsb::{closure#0} as core[a373ad73a504971]::ops::function::FnOnce<()>>::call_once
[INFO] [stdout]   13:     0x61699d1df9db - test[aada8e7e76ba119b]::__rust_begin_short_backtrace::<core[a373ad73a504971]::result::Result<(), alloc[2e1b2a31b91974c5]::string::String>, fn() -> core[a373ad73a504971]::result::Result<(), alloc[2e1b2a31b91974c5]::string::String>>
[INFO] [stdout]   14:     0x61699d1ecbb5 - test[aada8e7e76ba119b]::run_test::{closure#0}
[INFO] [stdout]   15:     0x61699d1e64a4 - std[617be2ca0a6fd877]::sys::backtrace::__rust_begin_short_backtrace::<test[aada8e7e76ba119b]::run_test::{closure#1}, ()>
[INFO] [stdout]   16:     0x61699d1efc42 - <std[617be2ca0a6fd877]::thread::lifecycle::spawn_unchecked<test[aada8e7e76ba119b]::run_test::{closure#1}, ()>::{closure#1} as core[a373ad73a504971]::ops::function::FnOnce<()>>::call_once::{shim:vtable#0}
[INFO] [stdout]   17:     0x61699d32d9ef - <std[617be2ca0a6fd877]::sys::thread::unix::Thread>::new::thread_start
[INFO] [stdout]   18:     0x75f46c663dfa - <unknown>
[INFO] [stdout]   19:     0x75f46c6f73d4 - clone
[INFO] [stdout]   20:                0x0 - <unknown>
[INFO] [stdout] 
[INFO] [stdout] 
[INFO] [stdout] failures:
[INFO] [stdout]     nadgrids::formats::ntv2::tests::ntv2_100800401_gsb
[INFO] [stdout] 
[INFO] [stdout] test result: FAILED. 93 passed; 1 failed; 0 ignored; 0 measured; 0 filtered out; finished in 0.04s
[INFO] [stdout] 
[INFO] [stderr] error: test failed, to rerun pass `--lib`
[INFO] running `Command { std: "docker" "inspect" "d3581361bce5aeb62501366551410a4886d0a1a9bfa5c870c5114cbc7b19c191", kill_on_drop: false }`
[INFO] running `Command { std: "docker" "rm" "-f" "d3581361bce5aeb62501366551410a4886d0a1a9bfa5c870c5114cbc7b19c191", kill_on_drop: false }`
[INFO] [stdout] d3581361bce5aeb62501366551410a4886d0a1a9bfa5c870c5114cbc7b19c191
