[INFO] fetching crate procsys 0.7.0...
[INFO] testing procsys-0.7.0 against 1.99.0-beta.8+cargoflags=--release for beta-release-1.100-2
[INFO] extracting crate procsys 0.7.0 into /workspace/builds/worker-6-tc1/source
[INFO] started tweaking crates.io crate procsys 0.7.0
[INFO] removed 0 missing examples
[INFO] finished tweaking crates.io crate procsys 0.7.0
[INFO] tweaked toml for crates.io crate procsys 0.7.0 written to /workspace/builds/worker-6-tc1/source/Cargo.toml
[INFO] validating manifest of crates.io crate procsys 0.7.0 on toolchain 1.99.0-beta.8
[INFO] running `Command { std: CARGO_HOME="/workspace/cargo-home" RUSTUP_HOME="/workspace/rustup-home" "/workspace/cargo-home/bin/cargo" "+1.99.0-beta.8" "metadata" "--manifest-path" "Cargo.toml" "--no-deps", kill_on_drop: false }`
[INFO] crate crates.io crate procsys 0.7.0 already has a lockfile, it will not be regenerated
[INFO] running `Command { std: CARGO_HOME="/workspace/cargo-home" RUSTUP_HOME="/workspace/rustup-home" "/workspace/cargo-home/bin/cargo" "+1.99.0-beta.8" "fetch" "--manifest-path" "Cargo.toml", kill_on_drop: false }`
[INFO] running `Command { std: "docker" "create" "-v" "/var/lib/crater-agent-workspace/builds/worker-6-tc1/source:/opt/rustwide/workdir:ro,Z" "-v" "/var/lib/crater-agent-workspace/builds/worker-6-tc1/target:/opt/rustwide/target:rw,Z" "-v" "/var/lib/crater-agent-workspace/cargo-home:/opt/rustwide/cargo-home:ro,Z" "-v" "/var/lib/crater-agent-workspace/rustup-home:/opt/rustwide/rustup-home:ro,Z" "-m" "1610612736" "--network" "none" "ghcr.io/rust-lang/crates-build-env/linux@sha256:77db811e55d90add9212f6832c23229e3de5f1c1f9905e8cb07319ea15df73ac" "sleep" "infinity", kill_on_drop: false }`
[INFO] [stdout] 4762677e530d4e50755cf0c11633e24cd4b8ccdad02ff5f6258433b909510792
[INFO] running `Command { std: "docker" "start" "4762677e530d4e50755cf0c11633e24cd4b8ccdad02ff5f6258433b909510792", kill_on_drop: false }`
[INFO] running `Command { std: "docker" "inspect" "4762677e530d4e50755cf0c11633e24cd4b8ccdad02ff5f6258433b909510792", kill_on_drop: false }`
[INFO] running `Command { std: "docker" "exec" "-e" "SOURCE_DIR=/opt/rustwide/workdir" "-e" "CARGO_HOME=/opt/rustwide/cargo-home" "-e" "RUSTUP_HOME=/opt/rustwide/rustup-home" "-e" "CARGO_TARGET_DIR=/opt/rustwide/target" "-w" "/opt/rustwide/workdir" "--user" "0:0" "4762677e530d4e50755cf0c11633e24cd4b8ccdad02ff5f6258433b909510792" "/opt/rustwide/cargo-home/bin/cargo" "+1.99.0-beta.8" "metadata" "--no-deps" "--format-version=1", kill_on_drop: false }`
[INFO] running `Command { std: "docker" "inspect" "4762677e530d4e50755cf0c11633e24cd4b8ccdad02ff5f6258433b909510792", kill_on_drop: false }`
[INFO] running `Command { std: "docker" "exec" "-e" "SOURCE_DIR=/opt/rustwide/workdir" "-e" "CARGO_HOME=/opt/rustwide/cargo-home" "-e" "RUSTUP_HOME=/opt/rustwide/rustup-home" "-e" "CARGO_TARGET_DIR=/opt/rustwide/target" "-e" "CARGO_INCREMENTAL=0" "-e" "RUST_BACKTRACE=full" "-e" "RUSTFLAGS=--cap-lints=warn" "-e" "RUSTDOCFLAGS=--cap-lints=warn" "-w" "/opt/rustwide/workdir" "--user" "0:0" "4762677e530d4e50755cf0c11633e24cd4b8ccdad02ff5f6258433b909510792" "/opt/rustwide/cargo-home/bin/cargo" "+1.99.0-beta.8" "build" "--frozen" "--message-format=json" "--release", kill_on_drop: false }`
[INFO] [stderr]    Compiling memchr v2.7.4
[INFO] [stderr]    Compiling libc v0.2.172
[INFO] [stderr]    Compiling cfg_aliases v0.2.1
[INFO] [stderr]    Compiling serde_json v1.0.140
[INFO] [stderr]    Compiling bitflags v2.9.1
[INFO] [stderr]    Compiling colorchoice v1.0.4
[INFO] [stderr]    Compiling anstyle-query v1.1.3
[INFO] [stderr]    Compiling memoffset v0.9.1
[INFO] [stderr]    Compiling anstyle-parse v0.2.7
[INFO] [stderr]    Compiling jiff v0.2.14
[INFO] [stderr]    Compiling nix v0.29.0
[INFO] [stderr]    Compiling anstream v0.6.19
[INFO] [stderr]    Compiling aho-corasick v1.1.3
[INFO] [stderr]    Compiling regex-automata v0.4.9
[INFO] [stderr]    Compiling mac_address v1.1.8
[INFO] [stderr]    Compiling regex v1.11.1
[INFO] [stderr]    Compiling env_filter v0.1.3
[INFO] [stderr]    Compiling env_logger v0.11.8
[INFO] [stderr]    Compiling procsys v0.7.0 (/opt/rustwide/workdir)
[INFO] [stderr]     Finished `release` profile [optimized] target(s) in 32.86s
[INFO] running `Command { std: "docker" "inspect" "4762677e530d4e50755cf0c11633e24cd4b8ccdad02ff5f6258433b909510792", kill_on_drop: false }`
[INFO] running `Command { std: "docker" "exec" "-e" "SOURCE_DIR=/opt/rustwide/workdir" "-e" "CARGO_HOME=/opt/rustwide/cargo-home" "-e" "RUSTUP_HOME=/opt/rustwide/rustup-home" "-e" "CARGO_TARGET_DIR=/opt/rustwide/target" "-e" "CARGO_INCREMENTAL=0" "-e" "RUST_BACKTRACE=full" "-e" "RUSTFLAGS=--cap-lints=warn" "-e" "RUSTDOCFLAGS=--cap-lints=warn" "-w" "/opt/rustwide/workdir" "--user" "0:0" "4762677e530d4e50755cf0c11633e24cd4b8ccdad02ff5f6258433b909510792" "/opt/rustwide/cargo-home/bin/cargo" "+1.99.0-beta.8" "test" "--frozen" "--no-run" "--message-format=json" "--release", kill_on_drop: false }`
[INFO] [stderr]    Compiling procsys v0.7.0 (/opt/rustwide/workdir)
[INFO] [stderr]     Finished `release` profile [optimized] target(s) in 18.98s
[INFO] running `Command { std: "docker" "inspect" "4762677e530d4e50755cf0c11633e24cd4b8ccdad02ff5f6258433b909510792", kill_on_drop: false }`
[INFO] running `Command { std: "docker" "exec" "-e" "SOURCE_DIR=/opt/rustwide/workdir" "-e" "CARGO_HOME=/opt/rustwide/cargo-home" "-e" "RUSTUP_HOME=/opt/rustwide/rustup-home" "-e" "CARGO_TARGET_DIR=/opt/rustwide/target" "-e" "CARGO_INCREMENTAL=0" "-e" "RUST_BACKTRACE=full" "-e" "RUSTFLAGS=--cap-lints=warn" "-e" "RUSTDOCFLAGS=--cap-lints=warn" "-w" "/opt/rustwide/workdir" "--user" "0:0" "4762677e530d4e50755cf0c11633e24cd4b8ccdad02ff5f6258433b909510792" "/opt/rustwide/cargo-home/bin/cargo" "+1.99.0-beta.8" "test" "--frozen" "--release", kill_on_drop: false }`
[INFO] [stderr]     Finished `release` profile [optimized] target(s) in 0.06s
[INFO] [stderr]      Running unittests src/lib.rs (/opt/rustwide/target/release/deps/procsys-7ec02024e9435620)
[INFO] [stdout] 
[INFO] [stdout] running 38 tests
[INFO] [stdout] test kernel_random::tests::kernel_random_gen ... FAILED
[INFO] [stdout] test cpuinfo::tests::cpuinfo ... FAILED
[INFO] [stdout] test process_cgroup::tests::proc_cgroup ... FAILED
[INFO] [stdout] test meminfo::tests::mem_stats ... FAILED
[INFO] [stdout] test net_wireless::tests::net_wireless ... FAILED
[INFO] [stdout] test process::tests::proc_collect_all ... FAILED
[INFO] [stdout] test process_ns::tests::proc_ns ... FAILED
[INFO] [stdout] test net_arp::tests::arp_entries ... FAILED
[INFO] [stdout] test net_dev::tests::net_devices ... FAILED
[INFO] [stdout] test net_unix::tests::net_unix ... FAILED
[INFO] [stdout] test sysfs::class_dmi::tests::dmi_collect ... ok
[INFO] [stdout] test loadavg::tests::sys_loadavg ... FAILED
[INFO] [stdout] test sysfs::class_infiniband::tests::infiniband_device_information ... ok
[INFO] [stdout] test sysfs::class_fibrechannel::tests::fchost_information ... ok
[INFO] [stdout] test net_protocols::tests::net_protocols ... FAILED
[INFO] [stdout] test sysfs::class_power_supply::tests::power_supplies ... ok
[INFO] [stdout] test cmdline::tests::sys_bootcmd ... FAILED
[INFO] [stdout] test buddyinfo::tests::buddyinfo ... FAILED
[INFO] [stdout] test sysfs::class_nvme::tests::nvme_information ... ok
[INFO] [stdout] test softirqs::tests::softirqs_stats ... FAILED
[INFO] [stdout] test swaps::tests::system_swaps ... FAILED
[INFO] [stdout] test sysfs::class_cooling::tests::cooling_devices ... ok
[INFO] [stdout] test net_sockstat::tests::sockstat_info ... FAILED
[INFO] [stdout] test sysfs::class_sas_phy::tests::sas_phy_information ... ok
[INFO] [stdout] test process::tests::proc_collect ... FAILED
[INFO] [stdout] test crypto::tests::crypto_information ... FAILED
[INFO] [stdout] test process_net_snmp6::tests::proc_net_snmp6 ... FAILED
[INFO] [stdout] test process_netstat::tests::proc_netstat ... FAILED
[INFO] [stdout] test process_net_snmp::tests::proc_net_snmp ... FAILED
[INFO] [stdout] test sysfs::class_sas_host::tests::sas_host_information ... FAILED
[INFO] [stdout] test process_io::tests::proc_io ... FAILED
[INFO] [stdout] test sysfs::class_sas_device::tests::sas_devices_information ... ok
[INFO] [stdout] test sysfs::class_watchdog::tests::watchdog_devices ... FAILED
[INFO] [stdout] test sysfs::class_sas_port::tests::sas_port_information ... ok
[INFO] [stdout] test sysfs::class_scsi_tape::tests::scsi_tape_counters ... ok
[INFO] [stdout] test sysfs::clocksource::tests::clocksource_collect ... FAILED
[INFO] [stdout] test sysfs::class_thermal::tests::thermal_devices ... FAILED
[INFO] [stdout] test process_limits::tests::proc_limits ... FAILED
[INFO] [stdout] 
[INFO] [stdout] failures:
[INFO] [stdout] 
[INFO] [stdout] ---- kernel_random::tests::kernel_random_gen stdout ----
[INFO] [stdout] 
[INFO] [stdout] thread 'kernel_random::tests::kernel_random_gen' (1635) panicked at src/kernel_random.rs:99:46:
[INFO] [stdout] called `Option::unwrap()` on a `None` value
[INFO] [stdout] stack backtrace:
[INFO] [stdout]    0:     0x606ccb560b11 - <<std[70759c8f55707aa4]::sys::backtrace::BacktraceLock>::print::DisplayBacktrace as core[df12db4294e9bfd3]::fmt::Display>::fmt
[INFO] [stdout]    1:     0x606ccb57847a - core[df12db4294e9bfd3]::fmt::write
[INFO] [stdout]    2:     0x606ccb56527c - <alloc[2182bb758b4b3781]::vec::Vec<u8> as core[df12db4294e9bfd3]::io::write::Write>::write_fmt
[INFO] [stdout]    3:     0x606ccb53c256 - std[70759c8f55707aa4]::panicking::default_hook::{closure#0}
[INFO] [stdout]    4:     0x606ccb558ad9 - std[70759c8f55707aa4]::panicking::default_hook
[INFO] [stdout]    5:     0x606ccb42de20 - test[9d35eded1c95d3be]::test_main_inner::<test[9d35eded1c95d3be]::test_main_static::{closure#0}>::{closure#0}
[INFO] [stdout]    6:     0x606ccb558c92 - std[70759c8f55707aa4]::panicking::panic_with_hook
[INFO] [stdout]    7:     0x606ccb53c334 - std[70759c8f55707aa4]::panicking::panic_handler::{closure#0}
[INFO] [stdout]    8:     0x606ccb534e59 - std[70759c8f55707aa4]::sys::backtrace::__rust_end_short_backtrace::<std[70759c8f55707aa4]::panicking::panic_handler::{closure#0}, !>
[INFO] [stdout]    9:     0x606ccb53cefd - __rustc[8fa7c3cbc660c2b3]::rust_begin_unwind
[INFO] [stdout]   10:     0x606ccb578c5c - core[df12db4294e9bfd3]::panicking::panic_fmt
[INFO] [stdout]   11:     0x606ccb578c22 - core[df12db4294e9bfd3]::panicking::panic
[INFO] [stdout]   12:     0x606ccb5789d9 - core[df12db4294e9bfd3]::option::unwrap_failed
[INFO] [stdout]   13:     0x606ccb4172ea - procsys[2c6bae254fac1cd4]::kernel_random::tests::kernel_random_gen
[INFO] [stdout]   14:     0x606ccb3ee329 - <procsys[2c6bae254fac1cd4]::kernel_random::tests::kernel_random_gen::{closure#0} as core[df12db4294e9bfd3]::ops::function::FnOnce<()>>::call_once
[INFO] [stdout]   15:     0x606ccb42110b - test[9d35eded1c95d3be]::__rust_begin_short_backtrace::<core[df12db4294e9bfd3]::result::Result<(), alloc[2182bb758b4b3781]::string::String>, fn() -> core[df12db4294e9bfd3]::result::Result<(), alloc[2182bb758b4b3781]::string::String>>
[INFO] [stdout]   16:     0x606ccb42e775 - test[9d35eded1c95d3be]::run_test::{closure#0}
[INFO] [stdout]   17:     0x606ccb428034 - std[70759c8f55707aa4]::sys::backtrace::__rust_begin_short_backtrace::<test[9d35eded1c95d3be]::run_test::{closure#1}, ()>
[INFO] [stdout]   18:     0x606ccb4318d2 - <std[70759c8f55707aa4]::thread::lifecycle::spawn_unchecked<test[9d35eded1c95d3be]::run_test::{closure#1}, ()>::{closure#1} as core[df12db4294e9bfd3]::ops::function::FnOnce<()>>::call_once::{shim:vtable#0}
[INFO] [stdout]   19:     0x606ccb560079 - <std[70759c8f55707aa4]::sys::thread::unix::Thread>::new::thread_start
[INFO] [stdout]   20:     0x746aa9d09dfa - <unknown>
[INFO] [stdout]   21:     0x746aa9d9d3d4 - clone
[INFO] [stdout]   22:                0x0 - <unknown>
[INFO] [stdout] 
[INFO] [stdout] ---- cpuinfo::tests::cpuinfo stdout ----
[INFO] [stdout] 
[INFO] [stdout] thread 'cpuinfo::tests::cpuinfo' (1633) panicked at src/cpuinfo.rs:373:61:
[INFO] [stdout] collecting cpu information: IOError("test_data/fixtures/proc/cpuinfo", Os { code: 2, kind: NotFound, message: "No such file or directory" })
[INFO] [stdout] stack backtrace:
[INFO] [stdout]    0:     0x606ccb560b11 - <<std[70759c8f55707aa4]::sys::backtrace::BacktraceLock>::print::DisplayBacktrace as core[df12db4294e9bfd3]::fmt::Display>::fmt
[INFO] [stdout]    1:     0x606ccb57847a - core[df12db4294e9bfd3]::fmt::write
[INFO] [stdout]    2:     0x606ccb56527c - <alloc[2182bb758b4b3781]::vec::Vec<u8> as core[df12db4294e9bfd3]::io::write::Write>::write_fmt
[INFO] [stdout]    3:     0x606ccb53c256 - std[70759c8f55707aa4]::panicking::default_hook::{closure#0}
[INFO] [stdout]    4:     0x606ccb558ad9 - std[70759c8f55707aa4]::panicking::default_hook
[INFO] [stdout]    5:     0x606ccb42de20 - test[9d35eded1c95d3be]::test_main_inner::<test[9d35eded1c95d3be]::test_main_static::{closure#0}>::{closure#0}
[INFO] [stdout]    6:     0x606ccb558c92 - std[70759c8f55707aa4]::panicking::panic_with_hook
[INFO] [stdout]    7:     0x606ccb53c302 - std[70759c8f55707aa4]::panicking::panic_handler::{closure#0}
[INFO] [stdout]    8:     0x606ccb534e59 - std[70759c8f55707aa4]::sys::backtrace::__rust_end_short_backtrace::<std[70759c8f55707aa4]::panicking::panic_handler::{closure#0}, !>
[INFO] [stdout]    9:     0x606ccb53cefd - __rustc[8fa7c3cbc660c2b3]::rust_begin_unwind
[INFO] [stdout]   10:     0x606ccb578c5c - core[df12db4294e9bfd3]::panicking::panic_fmt
[INFO] [stdout]   11:     0x606ccb578a32 - core[df12db4294e9bfd3]::result::unwrap_failed
[INFO] [stdout]   12:     0x606ccb3cb726 - procsys[2c6bae254fac1cd4]::cpuinfo::tests::cpuinfo
[INFO] [stdout]   13:     0x606ccb3ee469 - <procsys[2c6bae254fac1cd4]::cpuinfo::tests::cpuinfo::{closure#0} as core[df12db4294e9bfd3]::ops::function::FnOnce<()>>::call_once
[INFO] [stdout]   14:     0x606ccb42110b - test[9d35eded1c95d3be]::__rust_begin_short_backtrace::<core[df12db4294e9bfd3]::result::Result<(), alloc[2182bb758b4b3781]::string::String>, fn() -> core[df12db4294e9bfd3]::result::Result<(), alloc[2182bb758b4b3781]::string::String>>
[INFO] [stdout]   15:     0x606ccb42e775 - test[9d35eded1c95d3be]::run_test::{closure#0}
[INFO] [stdout]   16:     0x606ccb428034 - std[70759c8f55707aa4]::sys::backtrace::__rust_begin_short_backtrace::<test[9d35eded1c95d3be]::run_test::{closure#1}, ()>
[INFO] [stdout]   17:     0x606ccb4318d2 - <std[70759c8f55707aa4]::thread::lifecycle::spawn_unchecked<test[9d35eded1c95d3be]::run_test::{closure#1}, ()>::{closure#1} as core[df12db4294e9bfd3]::ops::function::FnOnce<()>>::call_once::{shim:vtable#0}
[INFO] [stdout]   18:     0x606ccb560079 - <std[70759c8f55707aa4]::sys::thread::unix::Thread>::new::thread_start
[INFO] [stdout]   19:     0x746aa9d09dfa - <unknown>
[INFO] [stdout]   20:     0x746aa9d9d3d4 - clone
[INFO] [stdout]   21:                0x0 - <unknown>
[INFO] [stdout] 
[INFO] [stdout] ---- process_cgroup::tests::proc_cgroup stdout ----
[INFO] [stdout] 
[INFO] [stdout] thread 'process_cgroup::tests::proc_cgroup' (1646) panicked at src/process_cgroup.rs:72:55:
[INFO] [stdout] running proc 26231: ProcessNotFound(26231)
[INFO] [stdout] stack backtrace:
[INFO] [stdout]    0:     0x606ccb560b11 - <<std[70759c8f55707aa4]::sys::backtrace::BacktraceLock>::print::DisplayBacktrace as core[df12db4294e9bfd3]::fmt::Display>::fmt
[INFO] [stdout]    1:     0x606ccb57847a - core[df12db4294e9bfd3]::fmt::write
[INFO] [stdout]    2:     0x606ccb56527c - <alloc[2182bb758b4b3781]::vec::Vec<u8> as core[df12db4294e9bfd3]::io::write::Write>::write_fmt
[INFO] [stdout]    3:     0x606ccb53c256 - std[70759c8f55707aa4]::panicking::default_hook::{closure#0}
[INFO] [stdout]    4:     0x606ccb558ad9 - std[70759c8f55707aa4]::panicking::default_hook
[INFO] [stdout]    5:     0x606ccb42de20 - test[9d35eded1c95d3be]::test_main_inner::<test[9d35eded1c95d3be]::test_main_static::{closure#0}>::{closure#0}
[INFO] [stdout]    6:     0x606ccb558c92 - std[70759c8f55707aa4]::panicking::panic_with_hook
[INFO] [stdout]    7:     0x606ccb53c302 - std[70759c8f55707aa4]::panicking::panic_handler::{closure#0}
[INFO] [stdout]    8:     0x606ccb534e59 - std[70759c8f55707aa4]::sys::backtrace::__rust_end_short_backtrace::<std[70759c8f55707aa4]::panicking::panic_handler::{closure#0}, !>
[INFO] [stdout]    9:     0x606ccb53cefd - __rustc[8fa7c3cbc660c2b3]::rust_begin_unwind
[INFO] [stdout]   10:     0x606ccb578c5c - core[df12db4294e9bfd3]::panicking::panic_fmt
[INFO] [stdout]   11:     0x606ccb578a32 - core[df12db4294e9bfd3]::result::unwrap_failed
[INFO] [stdout]   12:     0x606ccb403de7 - procsys[2c6bae254fac1cd4]::process_cgroup::tests::proc_cgroup
[INFO] [stdout]   13:     0x606ccb3ee369 - <procsys[2c6bae254fac1cd4]::process_cgroup::tests::proc_cgroup::{closure#0} as core[df12db4294e9bfd3]::ops::function::FnOnce<()>>::call_once
[INFO] [stdout]   14:     0x606ccb42110b - test[9d35eded1c95d3be]::__rust_begin_short_backtrace::<core[df12db4294e9bfd3]::result::Result<(), alloc[2182bb758b4b3781]::string::String>, fn() -> core[df12db4294e9bfd3]::result::Result<(), alloc[2182bb758b4b3781]::string::String>>
[INFO] [stdout]   15:     0x606ccb42e775 - test[9d35eded1c95d3be]::run_test::{closure#0}
[INFO] [stdout]   16:     0x606ccb428034 - std[70759c8f55707aa4]::sys::backtrace::__rust_begin_short_backtrace::<test[9d35eded1c95d3be]::run_test::{closure#1}, ()>
[INFO] [stdout]   17:     0x606ccb4318d2 - <std[70759c8f55707aa4]::thread::lifecycle::spawn_unchecked<test[9d35eded1c95d3be]::run_test::{closure#1}, ()>::{closure#1} as core[df12db4294e9bfd3]::ops::function::FnOnce<()>>::call_once::{shim:vtable#0}
[INFO] [stdout]   18:     0x606ccb560079 - <std[70759c8f55707aa4]::sys::thread::unix::Thread>::new::thread_start
[INFO] [stdout]   19:     0x746aa9d09dfa - <unknown>
[INFO] [stdout]   20:     0x746aa9d9d3d4 - clone
[INFO] [stdout]   21:                0x0 - <unknown>
[INFO] [stdout] 
[INFO] [stdout] ---- meminfo::tests::mem_stats stdout ----
[INFO] [stdout] 
[INFO] [stdout] thread 'meminfo::tests::mem_stats' (1637) panicked at src/meminfo.rs:316:61:
[INFO] [stdout] collecting memory information: IOError("test_data/fixtures/proc/meminfo", Os { code: 2, kind: NotFound, message: "No such file or directory" })
[INFO] [stdout] stack backtrace:
[INFO] [stdout]    0:     0x606ccb560b11 - <<std[70759c8f55707aa4]::sys::backtrace::BacktraceLock>::print::DisplayBacktrace as core[df12db4294e9bfd3]::fmt::Display>::fmt
[INFO] [stdout]    1:     0x606ccb57847a - core[df12db4294e9bfd3]::fmt::write
[INFO] [stdout]    2:     0x606ccb56527c - <alloc[2182bb758b4b3781]::vec::Vec<u8> as core[df12db4294e9bfd3]::io::write::Write>::write_fmt
[INFO] [stdout]    3:     0x606ccb53c256 - std[70759c8f55707aa4]::panicking::default_hook::{closure#0}
[INFO] [stdout]    4:     0x606ccb558ad9 - std[70759c8f55707aa4]::panicking::default_hook
[INFO] [stdout]    5:     0x606ccb42de20 - test[9d35eded1c95d3be]::test_main_inner::<test[9d35eded1c95d3be]::test_main_static::{closure#0}>::{closure#0}
[INFO] [stdout]    6:     0x606ccb558c92 - std[70759c8f55707aa4]::panicking::panic_with_hook
[INFO] [stdout]    7:     0x606ccb53c302 - std[70759c8f55707aa4]::panicking::panic_handler::{closure#0}
[INFO] [stdout]    8:     0x606ccb534e59 - std[70759c8f55707aa4]::sys::backtrace::__rust_end_short_backtrace::<std[70759c8f55707aa4]::panicking::panic_handler::{closure#0}, !>
[INFO] [stdout]    9:     0x606ccb53cefd - __rustc[8fa7c3cbc660c2b3]::rust_begin_unwind
[INFO] [stdout]   10:     0x606ccb578c5c - core[df12db4294e9bfd3]::panicking::panic_fmt
[INFO] [stdout]   11:     0x606ccb578a32 - core[df12db4294e9bfd3]::result::unwrap_failed
[INFO] [stdout]   12:     0x606ccb40a5b4 - procsys[2c6bae254fac1cd4]::meminfo::tests::mem_stats
[INFO] [stdout]   13:     0x606ccb3ee4a9 - <procsys[2c6bae254fac1cd4]::meminfo::tests::mem_stats::{closure#0} as core[df12db4294e9bfd3]::ops::function::FnOnce<()>>::call_once
[INFO] [stdout]   14:     0x606ccb42110b - test[9d35eded1c95d3be]::__rust_begin_short_backtrace::<core[df12db4294e9bfd3]::result::Result<(), alloc[2182bb758b4b3781]::string::String>, fn() -> core[df12db4294e9bfd3]::result::Result<(), alloc[2182bb758b4b3781]::string::String>>
[INFO] [stdout]   15:     0x606ccb42e775 - test[9d35eded1c95d3be]::run_test::{closure#0}
[INFO] [stdout]   16:     0x606ccb428034 - std[70759c8f55707aa4]::sys::backtrace::__rust_begin_short_backtrace::<test[9d35eded1c95d3be]::run_test::{closure#1}, ()>
[INFO] [stdout]   17:     0x606ccb4318d2 - <std[70759c8f55707aa4]::thread::lifecycle::spawn_unchecked<test[9d35eded1c95d3be]::run_test::{closure#1}, ()>::{closure#1} as core[df12db4294e9bfd3]::ops::function::FnOnce<()>>::call_once::{shim:vtable#0}
[INFO] [stdout]   18:     0x606ccb560079 - <std[70759c8f55707aa4]::sys::thread::unix::Thread>::new::thread_start
[INFO] [stdout]   19:     0x746aa9d09dfa - <unknown>
[INFO] [stdout]   20:     0x746aa9d9d3d4 - clone
[INFO] [stdout]   21:                0x0 - <unknown>
[INFO] [stdout] 
[INFO] [stdout] ---- net_wireless::tests::net_wireless stdout ----
[INFO] [stdout] 
[INFO] [stdout] thread 'net_wireless::tests::net_wireless' (1643) panicked at src/net_wireless.rs:126:9:
[INFO] [stdout] assertion `left == right` failed
[INFO] [stdout]   left: 0
[INFO] [stdout]  right: 2
[INFO] [stdout] stack backtrace:
[INFO] [stdout]    0:     0x606ccb560b11 - <<std[70759c8f55707aa4]::sys::backtrace::BacktraceLock>::print::DisplayBacktrace as core[df12db4294e9bfd3]::fmt::Display>::fmt
[INFO] [stdout]    1:     0x606ccb57847a - core[df12db4294e9bfd3]::fmt::write
[INFO] [stdout]    2:     0x606ccb56527c - <alloc[2182bb758b4b3781]::vec::Vec<u8> as core[df12db4294e9bfd3]::io::write::Write>::write_fmt
[INFO] [stdout]    3:     0x606ccb53c256 - std[70759c8f55707aa4]::panicking::default_hook::{closure#0}
[INFO] [stdout]    4:     0x606ccb558ad9 - std[70759c8f55707aa4]::panicking::default_hook
[INFO] [stdout]    5:     0x606ccb42de20 - test[9d35eded1c95d3be]::test_main_inner::<test[9d35eded1c95d3be]::test_main_static::{closure#0}>::{closure#0}
[INFO] [stdout]    6:     0x606ccb558c92 - std[70759c8f55707aa4]::panicking::panic_with_hook
[INFO] [stdout]    7:     0x606ccb53c302 - std[70759c8f55707aa4]::panicking::panic_handler::{closure#0}
[INFO] [stdout]    8:     0x606ccb534e59 - std[70759c8f55707aa4]::sys::backtrace::__rust_end_short_backtrace::<std[70759c8f55707aa4]::panicking::panic_handler::{closure#0}, !>
[INFO] [stdout]    9:     0x606ccb53cefd - __rustc[8fa7c3cbc660c2b3]::rust_begin_unwind
[INFO] [stdout]   10:     0x606ccb578c5c - core[df12db4294e9bfd3]::panicking::panic_fmt
[INFO] [stdout]   11:     0x606ccb578b73 - core[df12db4294e9bfd3]::panicking::assert_failed_inner
[INFO] [stdout]   12:     0x606ccb57345d - core[df12db4294e9bfd3]::panicking::assert_failed::<usize, usize>
[INFO] [stdout]   13:     0x606ccb3fb0c1 - procsys[2c6bae254fac1cd4]::net_wireless::tests::net_wireless
[INFO] [stdout]   14:     0x606ccb3ee309 - <procsys[2c6bae254fac1cd4]::net_wireless::tests::net_wireless::{closure#0} as core[df12db4294e9bfd3]::ops::function::FnOnce<()>>::call_once
[INFO] [stdout]   15:     0x606ccb42110b - test[9d35eded1c95d3be]::__rust_begin_short_backtrace::<core[df12db4294e9bfd3]::result::Result<(), alloc[2182bb758b4b3781]::string::String>, fn() -> core[df12db4294e9bfd3]::result::Result<(), alloc[2182bb758b4b3781]::string::String>>
[INFO] [stdout]   16:     0x606ccb42e775 - test[9d35eded1c95d3be]::run_test::{closure#0}
[INFO] [stdout]   17:     0x606ccb428034 - std[70759c8f55707aa4]::sys::backtrace::__rust_begin_short_backtrace::<test[9d35eded1c95d3be]::run_test::{closure#1}, ()>
[INFO] [stdout]   18:     0x606ccb4318d2 - <std[70759c8f55707aa4]::thread::lifecycle::spawn_unchecked<test[9d35eded1c95d3be]::run_test::{closure#1}, ()>::{closure#1} as core[df12db4294e9bfd3]::ops::function::FnOnce<()>>::call_once::{shim:vtable#0}
[INFO] [stdout]   19:     0x606ccb560079 - <std[70759c8f55707aa4]::sys::thread::unix::Thread>::new::thread_start
[INFO] [stdout]   20:     0x746aa9d09dfa - <unknown>
[INFO] [stdout]   21:     0x746aa9d9d3d4 - clone
[INFO] [stdout]   22:                0x0 - <unknown>
[INFO] [stdout] 
[INFO] [stdout] ---- process::tests::proc_collect_all stdout ----
[INFO] [stdout] 
[INFO] [stdout] thread 'process::tests::proc_collect_all' (1645) panicked at src/process.rs:216:9:
[INFO] [stdout] assertion `left == right` failed
[INFO] [stdout]   left: 0
[INFO] [stdout]  right: 7
[INFO] [stdout] stack backtrace:
[INFO] [stdout]    0:     0x606ccb560b11 - <<std[70759c8f55707aa4]::sys::backtrace::BacktraceLock>::print::DisplayBacktrace as core[df12db4294e9bfd3]::fmt::Display>::fmt
[INFO] [stdout]    1:     0x606ccb57847a - core[df12db4294e9bfd3]::fmt::write
[INFO] [stdout]    2:     0x606ccb56527c - <alloc[2182bb758b4b3781]::vec::Vec<u8> as core[df12db4294e9bfd3]::io::write::Write>::write_fmt
[INFO] [stdout]    3:     0x606ccb53c256 - std[70759c8f55707aa4]::panicking::default_hook::{closure#0}
[INFO] [stdout]    4:     0x606ccb558ad9 - std[70759c8f55707aa4]::panicking::default_hook
[INFO] [stdout]    5:     0x606ccb42de20 - test[9d35eded1c95d3be]::test_main_inner::<test[9d35eded1c95d3be]::test_main_static::{closure#0}>::{closure#0}
[INFO] [stdout]    6:     0x606ccb558c92 - std[70759c8f55707aa4]::panicking::panic_with_hook
[INFO] [stdout]    7:     0x606ccb53c302 - std[70759c8f55707aa4]::panicking::panic_handler::{closure#0}
[INFO] [stdout]    8:     0x606ccb534e59 - std[70759c8f55707aa4]::sys::backtrace::__rust_end_short_backtrace::<std[70759c8f55707aa4]::panicking::panic_handler::{closure#0}, !>
[INFO] [stdout]    9:     0x606ccb53cefd - __rustc[8fa7c3cbc660c2b3]::rust_begin_unwind
[INFO] [stdout]   10:     0x606ccb578c5c - core[df12db4294e9bfd3]::panicking::panic_fmt
[INFO] [stdout]   11:     0x606ccb578b73 - core[df12db4294e9bfd3]::panicking::assert_failed_inner
[INFO] [stdout]   12:     0x606ccb57345d - core[df12db4294e9bfd3]::panicking::assert_failed::<usize, usize>
[INFO] [stdout]   13:     0x606ccb40be86 - procsys[2c6bae254fac1cd4]::process::tests::proc_collect_all
[INFO] [stdout]   14:     0x606ccb3ee529 - <procsys[2c6bae254fac1cd4]::process::tests::proc_collect_all::{closure#0} as core[df12db4294e9bfd3]::ops::function::FnOnce<()>>::call_once
[INFO] [stdout]   15:     0x606ccb42110b - test[9d35eded1c95d3be]::__rust_begin_short_backtrace::<core[df12db4294e9bfd3]::result::Result<(), alloc[2182bb758b4b3781]::string::String>, fn() -> core[df12db4294e9bfd3]::result::Result<(), alloc[2182bb758b4b3781]::string::String>>
[INFO] [stdout]   16:     0x606ccb42e775 - test[9d35eded1c95d3be]::run_test::{closure#0}
[INFO] [stdout]   17:     0x606ccb428034 - std[70759c8f55707aa4]::sys::backtrace::__rust_begin_short_backtrace::<test[9d35eded1c95d3be]::run_test::{closure#1}, ()>
[INFO] [stdout]   18:     0x606ccb4318d2 - <std[70759c8f55707aa4]::thread::lifecycle::spawn_unchecked<test[9d35eded1c95d3be]::run_test::{closure#1}, ()>::{closure#1} as core[df12db4294e9bfd3]::ops::function::FnOnce<()>>::call_once::{shim:vtable#0}
[INFO] [stdout]   19:     0x606ccb560079 - <std[70759c8f55707aa4]::sys::thread::unix::Thread>::new::thread_start
[INFO] [stdout]   20:     0x746aa9d09dfa - <unknown>
[INFO] [stdout]   21:     0x746aa9d9d3d4 - clone
[INFO] [stdout]   22:                0x0 - <unknown>
[INFO] [stdout] 
[INFO] [stdout] ---- process_ns::tests::proc_ns stdout ----
[INFO] [stdout] 
[INFO] [stdout] thread 'process_ns::tests::proc_ns' (1652) panicked at src/process_ns.rs:79:55:
[INFO] [stdout] running proc 26231: ProcessNotFound(26231)
[INFO] [stdout] stack backtrace:
[INFO] [stdout]    0:     0x606ccb560b11 - <<std[70759c8f55707aa4]::sys::backtrace::BacktraceLock>::print::DisplayBacktrace as core[df12db4294e9bfd3]::fmt::Display>::fmt
[INFO] [stdout]    1:     0x606ccb57847a - core[df12db4294e9bfd3]::fmt::write
[INFO] [stdout]    2:     0x606ccb56527c - <alloc[2182bb758b4b3781]::vec::Vec<u8> as core[df12db4294e9bfd3]::io::write::Write>::write_fmt
[INFO] [stdout]    3:     0x606ccb53c256 - std[70759c8f55707aa4]::panicking::default_hook::{closure#0}
[INFO] [stdout]    4:     0x606ccb558ad9 - std[70759c8f55707aa4]::panicking::default_hook
[INFO] [stdout]    5:     0x606ccb42de20 - test[9d35eded1c95d3be]::test_main_inner::<test[9d35eded1c95d3be]::test_main_static::{closure#0}>::{closure#0}
[INFO] [stdout]    6:     0x606ccb558c92 - std[70759c8f55707aa4]::panicking::panic_with_hook
[INFO] [stdout]    7:     0x606ccb53c302 - std[70759c8f55707aa4]::panicking::panic_handler::{closure#0}
[INFO] [stdout]    8:     0x606ccb534e59 - std[70759c8f55707aa4]::sys::backtrace::__rust_end_short_backtrace::<std[70759c8f55707aa4]::panicking::panic_handler::{closure#0}, !>
[INFO] [stdout]    9:     0x606ccb53cefd - __rustc[8fa7c3cbc660c2b3]::rust_begin_unwind
[INFO] [stdout]   10:     0x606ccb578c5c - core[df12db4294e9bfd3]::panicking::panic_fmt
[INFO] [stdout]   11:     0x606ccb578a32 - core[df12db4294e9bfd3]::result::unwrap_failed
[INFO] [stdout]   12:     0x606ccb403a0d - procsys[2c6bae254fac1cd4]::process_ns::tests::proc_ns
[INFO] [stdout]   13:     0x606ccb3ee2c9 - <procsys[2c6bae254fac1cd4]::process_ns::tests::proc_ns::{closure#0} as core[df12db4294e9bfd3]::ops::function::FnOnce<()>>::call_once
[INFO] [stdout]   14:     0x606ccb42110b - test[9d35eded1c95d3be]::__rust_begin_short_backtrace::<core[df12db4294e9bfd3]::result::Result<(), alloc[2182bb758b4b3781]::string::String>, fn() -> core[df12db4294e9bfd3]::result::Result<(), alloc[2182bb758b4b3781]::string::String>>
[INFO] [stdout]   15:     0x606ccb42e775 - test[9d35eded1c95d3be]::run_test::{closure#0}
[INFO] [stdout]   16:     0x606ccb428034 - std[70759c8f55707aa4]::sys::backtrace::__rust_begin_short_backtrace::<test[9d35eded1c95d3be]::run_test::{closure#1}, ()>
[INFO] [stdout]   17:     0x606ccb4318d2 - <std[70759c8f55707aa4]::thread::lifecycle::spawn_unchecked<test[9d35eded1c95d3be]::run_test::{closure#1}, ()>::{closure#1} as core[df12db4294e9bfd3]::ops::function::FnOnce<()>>::call_once::{shim:vtable#0}
[INFO] [stdout]   18:     0x606ccb560079 - <std[70759c8f55707aa4]::sys::thread::unix::Thread>::new::thread_start
[INFO] [stdout]   19:     0x746aa9d09dfa - <unknown>
[INFO] [stdout]   20:     0x746aa9d9d3d4 - clone
[INFO] [stdout]   21:                0x0 - <unknown>
[INFO] [stdout] 
[INFO] [stdout] ---- net_arp::tests::arp_entries stdout ----
[INFO] [stdout] 
[INFO] [stdout] thread 'net_arp::tests::arp_entries' (1638) panicked at src/net_arp.rs:120:61:
[INFO] [stdout] arp entries information: IOError("test_data/fixtures/proc/net/arp", Os { code: 2, kind: NotFound, message: "No such file or directory" })
[INFO] [stdout] stack backtrace:
[INFO] [stdout]    0:     0x606ccb560b11 - <<std[70759c8f55707aa4]::sys::backtrace::BacktraceLock>::print::DisplayBacktrace as core[df12db4294e9bfd3]::fmt::Display>::fmt
[INFO] [stdout]    1:     0x606ccb57847a - core[df12db4294e9bfd3]::fmt::write
[INFO] [stdout]    2:     0x606ccb56527c - <alloc[2182bb758b4b3781]::vec::Vec<u8> as core[df12db4294e9bfd3]::io::write::Write>::write_fmt
[INFO] [stdout]    3:     0x606ccb53c256 - std[70759c8f55707aa4]::panicking::default_hook::{closure#0}
[INFO] [stdout]    4:     0x606ccb558ad9 - std[70759c8f55707aa4]::panicking::default_hook
[INFO] [stdout]    5:     0x606ccb42de20 - test[9d35eded1c95d3be]::test_main_inner::<test[9d35eded1c95d3be]::test_main_static::{closure#0}>::{closure#0}
[INFO] [stdout]    6:     0x606ccb558c92 - std[70759c8f55707aa4]::panicking::panic_with_hook
[INFO] [stdout]    7:     0x606ccb53c302 - std[70759c8f55707aa4]::panicking::panic_handler::{closure#0}
[INFO] [stdout]    8:     0x606ccb534e59 - std[70759c8f55707aa4]::sys::backtrace::__rust_end_short_backtrace::<std[70759c8f55707aa4]::panicking::panic_handler::{closure#0}, !>
[INFO] [stdout]    9:     0x606ccb53cefd - __rustc[8fa7c3cbc660c2b3]::rust_begin_unwind
[INFO] [stdout]   10:     0x606ccb578c5c - core[df12db4294e9bfd3]::panicking::panic_fmt
[INFO] [stdout]   11:     0x606ccb578a32 - core[df12db4294e9bfd3]::result::unwrap_failed
[INFO] [stdout]   12:     0x606ccb3f25b4 - procsys[2c6bae254fac1cd4]::net_arp::tests::arp_entries
[INFO] [stdout]   13:     0x606ccb3ee4c9 - <procsys[2c6bae254fac1cd4]::net_arp::tests::arp_entries::{closure#0} as core[df12db4294e9bfd3]::ops::function::FnOnce<()>>::call_once
[INFO] [stdout]   14:     0x606ccb42110b - test[9d35eded1c95d3be]::__rust_begin_short_backtrace::<core[df12db4294e9bfd3]::result::Result<(), alloc[2182bb758b4b3781]::string::String>, fn() -> core[df12db4294e9bfd3]::result::Result<(), alloc[2182bb758b4b3781]::string::String>>
[INFO] [stdout]   15:     0x606ccb42e775 - test[9d35eded1c95d3be]::run_test::{closure#0}
[INFO] [stdout]   16:     0x606ccb428034 - std[70759c8f55707aa4]::sys::backtrace::__rust_begin_short_backtrace::<test[9d35eded1c95d3be]::run_test::{closure#1}, ()>
[INFO] [stdout]   17:     0x606ccb4318d2 - <std[70759c8f55707aa4]::thread::lifecycle::spawn_unchecked<test[9d35eded1c95d3be]::run_test::{closure#1}, ()>::{closure#1} as core[df12db4294e9bfd3]::ops::function::FnOnce<()>>::call_once::{shim:vtable#0}
[INFO] [stdout]   18:     0x606ccb560079 - <std[70759c8f55707aa4]::sys::thread::unix::Thread>::new::thread_start
[INFO] [stdout]   19:     0x746aa9d09dfa - <unknown>
[INFO] [stdout]   20:     0x746aa9d9d3d4 - clone
[INFO] [stdout]   21:                0x0 - <unknown>
[INFO] [stdout] 
[INFO] [stdout] ---- net_dev::tests::net_devices stdout ----
[INFO] [stdout] 
[INFO] [stdout] thread 'net_dev::tests::net_devices' (1639) panicked at src/net_dev.rs:106:61:
[INFO] [stdout] collecting network devices: IOError("test_data/fixtures/proc/net/dev", Os { code: 2, kind: NotFound, message: "No such file or directory" })
[INFO] [stdout] stack backtrace:
[INFO] [stdout]    0:     0x606ccb560b11 - <<std[70759c8f55707aa4]::sys::backtrace::BacktraceLock>::print::DisplayBacktrace as core[df12db4294e9bfd3]::fmt::Display>::fmt
[INFO] [stdout]    1:     0x606ccb57847a - core[df12db4294e9bfd3]::fmt::write
[INFO] [stdout]    2:     0x606ccb56527c - <alloc[2182bb758b4b3781]::vec::Vec<u8> as core[df12db4294e9bfd3]::io::write::Write>::write_fmt
[INFO] [stdout]    3:     0x606ccb53c256 - std[70759c8f55707aa4]::panicking::default_hook::{closure#0}
[INFO] [stdout]    4:     0x606ccb558ad9 - std[70759c8f55707aa4]::panicking::default_hook
[INFO] [stdout]    5:     0x606ccb42de20 - test[9d35eded1c95d3be]::test_main_inner::<test[9d35eded1c95d3be]::test_main_static::{closure#0}>::{closure#0}
[INFO] [stdout]    6:     0x606ccb558c92 - std[70759c8f55707aa4]::panicking::panic_with_hook
[INFO] [stdout]    7:     0x606ccb53c302 - std[70759c8f55707aa4]::panicking::panic_handler::{closure#0}
[INFO] [stdout]    8:     0x606ccb534e59 - std[70759c8f55707aa4]::sys::backtrace::__rust_end_short_backtrace::<std[70759c8f55707aa4]::panicking::panic_handler::{closure#0}, !>
[INFO] [stdout]    9:     0x606ccb53cefd - __rustc[8fa7c3cbc660c2b3]::rust_begin_unwind
[INFO] [stdout]   10:     0x606ccb578c5c - core[df12db4294e9bfd3]::panicking::panic_fmt
[INFO] [stdout]   11:     0x606ccb578a32 - core[df12db4294e9bfd3]::result::unwrap_failed
[INFO] [stdout]   12:     0x606ccb3fc913 - procsys[2c6bae254fac1cd4]::net_dev::tests::net_devices
[INFO] [stdout]   13:     0x606ccb3ee4e9 - <procsys[2c6bae254fac1cd4]::net_dev::tests::net_devices::{closure#0} as core[df12db4294e9bfd3]::ops::function::FnOnce<()>>::call_once
[INFO] [stdout]   14:     0x606ccb42110b - test[9d35eded1c95d3be]::__rust_begin_short_backtrace::<core[df12db4294e9bfd3]::result::Result<(), alloc[2182bb758b4b3781]::string::String>, fn() -> core[df12db4294e9bfd3]::result::Result<(), alloc[2182bb758b4b3781]::string::String>>
[INFO] [stdout]   15:     0x606ccb42e775 - test[9d35eded1c95d3be]::run_test::{closure#0}
[INFO] [stdout]   16:     0x606ccb428034 - std[70759c8f55707aa4]::sys::backtrace::__rust_begin_short_backtrace::<test[9d35eded1c95d3be]::run_test::{closure#1}, ()>
[INFO] [stdout]   17:     0x606ccb4318d2 - <std[70759c8f55707aa4]::thread::lifecycle::spawn_unchecked<test[9d35eded1c95d3be]::run_test::{closure#1}, ()>::{closure#1} as core[df12db4294e9bfd3]::ops::function::FnOnce<()>>::call_once::{shim:vtable#0}
[INFO] [stdout]   18:     0x606ccb560079 - <std[70759c8f55707aa4]::sys::thread::unix::Thread>::new::thread_start
[INFO] [stdout]   19:     0x746aa9d09dfa - <unknown>
[INFO] [stdout]   20:     0x746aa9d9d3d4 - clone
[INFO] [stdout]   21:                0x0 - <unknown>
[INFO] [stdout] 
[INFO] [stdout] ---- net_unix::tests::net_unix stdout ----
[INFO] [stdout] 
[INFO] [stdout] thread 'net_unix::tests::net_unix' (1642) panicked at src/net_unix.rs:86:14:
[INFO] [stdout] collecting network unix information: IOError("test_data/fixtures/proc/net/unix", Os { code: 2, kind: NotFound, message: "No such file or directory" })
[INFO] [stdout] stack backtrace:
[INFO] [stdout]    0:     0x606ccb560b11 - <<std[70759c8f55707aa4]::sys::backtrace::BacktraceLock>::print::DisplayBacktrace as core[df12db4294e9bfd3]::fmt::Display>::fmt
[INFO] [stdout]    1:     0x606ccb57847a - core[df12db4294e9bfd3]::fmt::write
[INFO] [stdout]    2:     0x606ccb56527c - <alloc[2182bb758b4b3781]::vec::Vec<u8> as core[df12db4294e9bfd3]::io::write::Write>::write_fmt
[INFO] [stdout]    3:     0x606ccb53c256 - std[70759c8f55707aa4]::panicking::default_hook::{closure#0}
[INFO] [stdout]    4:     0x606ccb558ad9 - std[70759c8f55707aa4]::panicking::default_hook
[INFO] [stdout]    5:     0x606ccb42de20 - test[9d35eded1c95d3be]::test_main_inner::<test[9d35eded1c95d3be]::test_main_static::{closure#0}>::{closure#0}
[INFO] [stdout]    6:     0x606ccb558c92 - std[70759c8f55707aa4]::panicking::panic_with_hook
[INFO] [stdout]    7:     0x606ccb53c302 - std[70759c8f55707aa4]::panicking::panic_handler::{closure#0}
[INFO] [stdout]    8:     0x606ccb534e59 - std[70759c8f55707aa4]::sys::backtrace::__rust_end_short_backtrace::<std[70759c8f55707aa4]::panicking::panic_handler::{closure#0}, !>
[INFO] [stdout]    9:     0x606ccb53cefd - __rustc[8fa7c3cbc660c2b3]::rust_begin_unwind
[INFO] [stdout]   10:     0x606ccb578c5c - core[df12db4294e9bfd3]::panicking::panic_fmt
[INFO] [stdout]   11:     0x606ccb578a32 - core[df12db4294e9bfd3]::result::unwrap_failed
[INFO] [stdout]   12:     0x606ccb3cbfc4 - procsys[2c6bae254fac1cd4]::net_unix::tests::net_unix
[INFO] [stdout]   13:     0x606ccb3ee549 - <procsys[2c6bae254fac1cd4]::net_unix::tests::net_unix::{closure#0} as core[df12db4294e9bfd3]::ops::function::FnOnce<()>>::call_once
[INFO] [stdout]   14:     0x606ccb42110b - test[9d35eded1c95d3be]::__rust_begin_short_backtrace::<core[df12db4294e9bfd3]::result::Result<(), alloc[2182bb758b4b3781]::string::String>, fn() -> core[df12db4294e9bfd3]::result::Result<(), alloc[2182bb758b4b3781]::string::String>>
[INFO] [stdout]   15:     0x606ccb42e775 - test[9d35eded1c95d3be]::run_test::{closure#0}
[INFO] [stdout]   16:     0x606ccb428034 - std[70759c8f55707aa4]::sys::backtrace::__rust_begin_short_backtrace::<test[9d35eded1c95d3be]::run_test::{closure#1}, ()>
[INFO] [stdout]   17:     0x606ccb4318d2 - <std[70759c8f55707aa4]::thread::lifecycle::spawn_unchecked<test[9d35eded1c95d3be]::run_test::{closure#1}, ()>::{closure#1} as core[df12db4294e9bfd3]::ops::function::FnOnce<()>>::call_once::{shim:vtable#0}
[INFO] [stdout]   18:     0x606ccb560079 - <std[70759c8f55707aa4]::sys::thread::unix::Thread>::new::thread_start
[INFO] [stdout]   19:     0x746aa9d09dfa - <unknown>
[INFO] [stdout]   20:     0x746aa9d9d3d4 - clone
[INFO] [stdout]   21:                0x0 - <unknown>
[INFO] [stdout] 
[INFO] [stdout] ---- loadavg::tests::sys_loadavg stdout ----
[INFO] [stdout] 
[INFO] [stdout] thread 'loadavg::tests::sys_loadavg' (1636) panicked at src/loadavg.rs:77:9:
[INFO] [stdout] assertion `left == right` failed
[INFO] [stdout]   left: 0.0
[INFO] [stdout]  right: 0.02
[INFO] [stdout] stack backtrace:
[INFO] [stdout]    0:     0x606ccb560b11 - <<std[70759c8f55707aa4]::sys::backtrace::BacktraceLock>::print::DisplayBacktrace as core[df12db4294e9bfd3]::fmt::Display>::fmt
[INFO] [stdout]    1:     0x606ccb57847a - core[df12db4294e9bfd3]::fmt::write
[INFO] [stdout]    2:     0x606ccb56527c - <alloc[2182bb758b4b3781]::vec::Vec<u8> as core[df12db4294e9bfd3]::io::write::Write>::write_fmt
[INFO] [stdout]    3:     0x606ccb53c256 - std[70759c8f55707aa4]::panicking::default_hook::{closure#0}
[INFO] [stdout]    4:     0x606ccb558ad9 - std[70759c8f55707aa4]::panicking::default_hook
[INFO] [stdout]    5:     0x606ccb42de20 - test[9d35eded1c95d3be]::test_main_inner::<test[9d35eded1c95d3be]::test_main_static::{closure#0}>::{closure#0}
[INFO] [stdout]    6:     0x606ccb558c92 - std[70759c8f55707aa4]::panicking::panic_with_hook
[INFO] [stdout]    7:     0x606ccb53c302 - std[70759c8f55707aa4]::panicking::panic_handler::{closure#0}
[INFO] [stdout]    8:     0x606ccb534e59 - std[70759c8f55707aa4]::sys::backtrace::__rust_end_short_backtrace::<std[70759c8f55707aa4]::panicking::panic_handler::{closure#0}, !>
[INFO] [stdout]    9:     0x606ccb53cefd - __rustc[8fa7c3cbc660c2b3]::rust_begin_unwind
[INFO] [stdout]   10:     0x606ccb578c5c - core[df12db4294e9bfd3]::panicking::panic_fmt
[INFO] [stdout]   11:     0x606ccb578b73 - core[df12db4294e9bfd3]::panicking::assert_failed_inner
[INFO] [stdout]   12:     0x606ccb41d99e - core[df12db4294e9bfd3]::panicking::assert_failed::<f64, f64>
[INFO] [stdout]   13:     0x606ccb3fa15c - procsys[2c6bae254fac1cd4]::loadavg::tests::sys_loadavg
[INFO] [stdout]   14:     0x606ccb3ee489 - <procsys[2c6bae254fac1cd4]::loadavg::tests::sys_loadavg::{closure#0} as core[df12db4294e9bfd3]::ops::function::FnOnce<()>>::call_once
[INFO] [stdout]   15:     0x606ccb42110b - test[9d35eded1c95d3be]::__rust_begin_short_backtrace::<core[df12db4294e9bfd3]::result::Result<(), alloc[2182bb758b4b3781]::string::String>, fn() -> core[df12db4294e9bfd3]::result::Result<(), alloc[2182bb758b4b3781]::string::String>>
[INFO] [stdout]   16:     0x606ccb42e775 - test[9d35eded1c95d3be]::run_test::{closure#0}
[INFO] [stdout]   17:     0x606ccb428034 - std[70759c8f55707aa4]::sys::backtrace::__rust_begin_short_backtrace::<test[9d35eded1c95d3be]::run_test::{closure#1}, ()>
[INFO] [stdout]   18:     0x606ccb4318d2 - <std[70759c8f55707aa4]::thread::lifecycle::spawn_unchecked<test[9d35eded1c95d3be]::run_test::{closure#1}, ()>::{closure#1} as core[df12db4294e9bfd3]::ops::function::FnOnce<()>>::call_once::{shim:vtable#0}
[INFO] [stdout]   19:     0x606ccb560079 - <std[70759c8f55707aa4]::sys::thread::unix::Thread>::new::thread_start
[INFO] [stdout]   20:     0x746aa9d09dfa - <unknown>
[INFO] [stdout]   21:     0x746aa9d9d3d4 - clone
[INFO] [stdout]   22:                0x0 - <unknown>
[INFO] [stdout] 
[INFO] [stdout] ---- net_protocols::tests::net_protocols stdout ----
[INFO] [stdout] 
[INFO] [stdout] thread 'net_protocols::tests::net_protocols' (1640) panicked at src/net_protocols.rs:164:14:
[INFO] [stdout] collecting network protocols: IOError("test_data/fixtures/proc/net/protocols", Os { code: 2, kind: NotFound, message: "No such file or directory" })
[INFO] [stdout] stack backtrace:
[INFO] [stdout]    0:     0x606ccb560b11 - <<std[70759c8f55707aa4]::sys::backtrace::BacktraceLock>::print::DisplayBacktrace as core[df12db4294e9bfd3]::fmt::Display>::fmt
[INFO] [stdout]    1:     0x606ccb57847a - core[df12db4294e9bfd3]::fmt::write
[INFO] [stdout]    2:     0x606ccb56527c - <alloc[2182bb758b4b3781]::vec::Vec<u8> as core[df12db4294e9bfd3]::io::write::Write>::write_fmt
[INFO] [stdout]    3:     0x606ccb53c256 - std[70759c8f55707aa4]::panicking::default_hook::{closure#0}
[INFO] [stdout]    4:     0x606ccb558ad9 - std[70759c8f55707aa4]::panicking::default_hook
[INFO] [stdout]    5:     0x606ccb42de20 - test[9d35eded1c95d3be]::test_main_inner::<test[9d35eded1c95d3be]::test_main_static::{closure#0}>::{closure#0}
[INFO] [stdout]    6:     0x606ccb558c92 - std[70759c8f55707aa4]::panicking::panic_with_hook
[INFO] [stdout]    7:     0x606ccb53c302 - std[70759c8f55707aa4]::panicking::panic_handler::{closure#0}
[INFO] [stdout]    8:     0x606ccb534e59 - std[70759c8f55707aa4]::sys::backtrace::__rust_end_short_backtrace::<std[70759c8f55707aa4]::panicking::panic_handler::{closure#0}, !>
[INFO] [stdout]    9:     0x606ccb53cefd - __rustc[8fa7c3cbc660c2b3]::rust_begin_unwind
[INFO] [stdout]   10:     0x606ccb578c5c - core[df12db4294e9bfd3]::panicking::panic_fmt
[INFO] [stdout]   11:     0x606ccb578a32 - core[df12db4294e9bfd3]::result::unwrap_failed
[INFO] [stdout]   12:     0x606ccb4184ad - procsys[2c6bae254fac1cd4]::net_protocols::tests::net_protocols
[INFO] [stdout]   13:     0x606ccb3ee349 - <procsys[2c6bae254fac1cd4]::net_protocols::tests::net_protocols::{closure#0} as core[df12db4294e9bfd3]::ops::function::FnOnce<()>>::call_once
[INFO] [stdout]   14:     0x606ccb42110b - test[9d35eded1c95d3be]::__rust_begin_short_backtrace::<core[df12db4294e9bfd3]::result::Result<(), alloc[2182bb758b4b3781]::string::String>, fn() -> core[df12db4294e9bfd3]::result::Result<(), alloc[2182bb758b4b3781]::string::String>>
[INFO] [stdout]   15:     0x606ccb42e775 - test[9d35eded1c95d3be]::run_test::{closure#0}
[INFO] [stdout]   16:     0x606ccb428034 - std[70759c8f55707aa4]::sys::backtrace::__rust_begin_short_backtrace::<test[9d35eded1c95d3be]::run_test::{closure#1}, ()>
[INFO] [stdout]   17:     0x606ccb4318d2 - <std[70759c8f55707aa4]::thread::lifecycle::spawn_unchecked<test[9d35eded1c95d3be]::run_test::{closure#1}, ()>::{closure#1} as core[df12db4294e9bfd3]::ops::function::FnOnce<()>>::call_once::{shim:vtable#0}
[INFO] [stdout]   18:     0x606ccb560079 - <std[70759c8f55707aa4]::sys::thread::unix::Thread>::new::thread_start
[INFO] [stdout]   19:     0x746aa9d09dfa - <unknown>
[INFO] [stdout]   20:     0x746aa9d9d3d4 - clone
[INFO] [stdout]   21:                0x0 - <unknown>
[INFO] [stdout] 
[INFO] [stdout] ---- cmdline::tests::sys_bootcmd stdout ----
[INFO] [stdout] 
[INFO] [stdout] thread 'cmdline::tests::sys_bootcmd' (1632) panicked at src/cmdline.rs:42:9:
[INFO] [stdout] assertion `left == right` failed
[INFO] [stdout]   left: []
[INFO] [stdout]  right: ["BOOT_IMAGE=/vmlinuz-5.11.0-22-generic", "root=UUID=456a0345-450d-4f7b-b7c9-43e3241d99ad", "ro", "quiet", "splash", "vt.handoff=7"]
[INFO] [stdout] stack backtrace:
[INFO] [stdout]    0:     0x606ccb560b11 - <<std[70759c8f55707aa4]::sys::backtrace::BacktraceLock>::print::DisplayBacktrace as core[df12db4294e9bfd3]::fmt::Display>::fmt
[INFO] [stdout]    1:     0x606ccb57847a - core[df12db4294e9bfd3]::fmt::write
[INFO] [stdout]    2:     0x606ccb56527c - <alloc[2182bb758b4b3781]::vec::Vec<u8> as core[df12db4294e9bfd3]::io::write::Write>::write_fmt
[INFO] [stdout]    3:     0x606ccb53c256 - std[70759c8f55707aa4]::panicking::default_hook::{closure#0}
[INFO] [stdout]    4:     0x606ccb558ad9 - std[70759c8f55707aa4]::panicking::default_hook
[INFO] [stdout]    5:     0x606ccb42de20 - test[9d35eded1c95d3be]::test_main_inner::<test[9d35eded1c95d3be]::test_main_static::{closure#0}>::{closure#0}
[INFO] [stdout]    6:     0x606ccb558c92 - std[70759c8f55707aa4]::panicking::panic_with_hook
[INFO] [stdout]    7:     0x606ccb53c302 - std[70759c8f55707aa4]::panicking::panic_handler::{closure#0}
[INFO] [stdout]    8:     0x606ccb534e59 - std[70759c8f55707aa4]::sys::backtrace::__rust_end_short_backtrace::<std[70759c8f55707aa4]::panicking::panic_handler::{closure#0}, !>
[INFO] [stdout]    9:     0x606ccb53cefd - __rustc[8fa7c3cbc660c2b3]::rust_begin_unwind
[INFO] [stdout]   10:     0x606ccb578c5c - core[df12db4294e9bfd3]::panicking::panic_fmt
[INFO] [stdout]   11:     0x606ccb578b73 - core[df12db4294e9bfd3]::panicking::assert_failed_inner
[INFO] [stdout]   12:     0x606ccb41d7f6 - core[df12db4294e9bfd3]::panicking::assert_failed::<alloc[2182bb758b4b3781]::vec::Vec<alloc[2182bb758b4b3781]::string::String>, [&str; 6usize]>
[INFO] [stdout]   13:     0x606ccb3f1fe8 - procsys[2c6bae254fac1cd4]::cmdline::tests::sys_bootcmd
[INFO] [stdout]   14:     0x606ccb3ee449 - <procsys[2c6bae254fac1cd4]::cmdline::tests::sys_bootcmd::{closure#0} as core[df12db4294e9bfd3]::ops::function::FnOnce<()>>::call_once
[INFO] [stdout]   15:     0x606ccb42110b - test[9d35eded1c95d3be]::__rust_begin_short_backtrace::<core[df12db4294e9bfd3]::result::Result<(), alloc[2182bb758b4b3781]::string::String>, fn() -> core[df12db4294e9bfd3]::result::Result<(), alloc[2182bb758b4b3781]::string::String>>
[INFO] [stdout]   16:     0x606ccb42e775 - test[9d35eded1c95d3be]::run_test::{closure#0}
[INFO] [stdout]   17:     0x606ccb428034 - std[70759c8f55707aa4]::sys::backtrace::__rust_begin_short_backtrace::<test[9d35eded1c95d3be]::run_test::{closure#1}, ()>
[INFO] [stdout]   18:     0x606ccb4318d2 - <std[70759c8f55707aa4]::thread::lifecycle::spawn_unchecked<test[9d35eded1c95d3be]::run_test::{closure#1}, ()>::{closure#1} as core[df12db4294e9bfd3]::ops::function::FnOnce<()>>::call_once::{shim:vtable#0}
[INFO] [stdout]   19:     0x606ccb560079 - <std[70759c8f55707aa4]::sys::thread::unix::Thread>::new::thread_start
[INFO] [stdout]   20:     0x746aa9d09dfa - <unknown>
[INFO] [stdout]   21:     0x746aa9d9d3d4 - clone
[INFO] [stdout]   22:                0x0 - <unknown>
[INFO] [stdout] 
[INFO] [stdout] ---- buddyinfo::tests::buddyinfo stdout ----
[INFO] [stdout] 
[INFO] [stdout] thread 'buddyinfo::tests::buddyinfo' (1631) panicked at src/buddyinfo.rs:76:14:
[INFO] [stdout] collecting buddy information: IOError("test_data/fixtures/proc/buddyinfo", Os { code: 2, kind: NotFound, message: "No such file or directory" })
[INFO] [stdout] stack backtrace:
[INFO] [stdout]    0:     0x606ccb560b11 - <<std[70759c8f55707aa4]::sys::backtrace::BacktraceLock>::print::DisplayBacktrace as core[df12db4294e9bfd3]::fmt::Display>::fmt
[INFO] [stdout]    1:     0x606ccb57847a - core[df12db4294e9bfd3]::fmt::write
[INFO] [stdout]    2:     0x606ccb56527c - <alloc[2182bb758b4b3781]::vec::Vec<u8> as core[df12db4294e9bfd3]::io::write::Write>::write_fmt
[INFO] [stdout]    3:     0x606ccb53c256 - std[70759c8f55707aa4]::panicking::default_hook::{closure#0}
[INFO] [stdout]    4:     0x606ccb558ad9 - std[70759c8f55707aa4]::panicking::default_hook
[INFO] [stdout]    5:     0x606ccb42de20 - test[9d35eded1c95d3be]::test_main_inner::<test[9d35eded1c95d3be]::test_main_static::{closure#0}>::{closure#0}
[INFO] [stdout]    6:     0x606ccb558c92 - std[70759c8f55707aa4]::panicking::panic_with_hook
[INFO] [stdout]    7:     0x606ccb53c302 - std[70759c8f55707aa4]::panicking::panic_handler::{closure#0}
[INFO] [stdout]    8:     0x606ccb534e59 - std[70759c8f55707aa4]::sys::backtrace::__rust_end_short_backtrace::<std[70759c8f55707aa4]::panicking::panic_handler::{closure#0}, !>
[INFO] [stdout]    9:     0x606ccb53cefd - __rustc[8fa7c3cbc660c2b3]::rust_begin_unwind
[INFO] [stdout]   10:     0x606ccb578c5c - core[df12db4294e9bfd3]::panicking::panic_fmt
[INFO] [stdout]   11:     0x606ccb578a32 - core[df12db4294e9bfd3]::result::unwrap_failed
[INFO] [stdout]   12:     0x606ccb419057 - procsys[2c6bae254fac1cd4]::buddyinfo::tests::buddyinfo
[INFO] [stdout]   13:     0x606ccb3ee589 - <procsys[2c6bae254fac1cd4]::buddyinfo::tests::buddyinfo::{closure#0} as core[df12db4294e9bfd3]::ops::function::FnOnce<()>>::call_once
[INFO] [stdout]   14:     0x606ccb42110b - test[9d35eded1c95d3be]::__rust_begin_short_backtrace::<core[df12db4294e9bfd3]::result::Result<(), alloc[2182bb758b4b3781]::string::String>, fn() -> core[df12db4294e9bfd3]::result::Result<(), alloc[2182bb758b4b3781]::string::String>>
[INFO] [stdout]   15:     0x606ccb42e775 - test[9d35eded1c95d3be]::run_test::{closure#0}
[INFO] [stdout]   16:     0x606ccb428034 - std[70759c8f55707aa4]::sys::backtrace::__rust_begin_short_backtrace::<test[9d35eded1c95d3be]::run_test::{closure#1}, ()>
[INFO] [stdout]   17:     0x606ccb4318d2 - <std[70759c8f55707aa4]::thread::lifecycle::spawn_unchecked<test[9d35eded1c95d3be]::run_test::{closure#1}, ()>::{closure#1} as core[df12db4294e9bfd3]::ops::function::FnOnce<()>>::call_once::{shim:vtable#0}
[INFO] [stdout]   18:     0x606ccb560079 - <std[70759c8f55707aa4]::sys::thread::unix::Thread>::new::thread_start
[INFO] [stdout]   19:     0x746aa9d09dfa - <unknown>
[INFO] [stdout]   20:     0x746aa9d9d3d4 - clone
[INFO] [stdout]   21:                0x0 - <unknown>
[INFO] [stdout] 
[INFO] [stdout] ---- softirqs::tests::softirqs_stats stdout ----
[INFO] [stdout] 
[INFO] [stdout] thread 'softirqs::tests::softirqs_stats' (1653) panicked at src/softirqs.rs:124:14:
[INFO] [stdout] collecting softirqs information: IOError("test_data/fixtures/proc/softirqs", Os { code: 2, kind: NotFound, message: "No such file or directory" })
[INFO] [stdout] stack backtrace:
[INFO] [stdout]    0:     0x606ccb560b11 - <<std[70759c8f55707aa4]::sys::backtrace::BacktraceLock>::print::DisplayBacktrace as core[df12db4294e9bfd3]::fmt::Display>::fmt
[INFO] [stdout]    1:     0x606ccb57847a - core[df12db4294e9bfd3]::fmt::write
[INFO] [stdout]    2:     0x606ccb56527c - <alloc[2182bb758b4b3781]::vec::Vec<u8> as core[df12db4294e9bfd3]::io::write::Write>::write_fmt
[INFO] [stdout]    3:     0x606ccb53c256 - std[70759c8f55707aa4]::panicking::default_hook::{closure#0}
[INFO] [stdout]    4:     0x606ccb558ad9 - std[70759c8f55707aa4]::panicking::default_hook
[INFO] [stdout]    5:     0x606ccb42de20 - test[9d35eded1c95d3be]::test_main_inner::<test[9d35eded1c95d3be]::test_main_static::{closure#0}>::{closure#0}
[INFO] [stdout]    6:     0x606ccb558c92 - std[70759c8f55707aa4]::panicking::panic_with_hook
[INFO] [stdout]    7:     0x606ccb53c302 - std[70759c8f55707aa4]::panicking::panic_handler::{closure#0}
[INFO] [stdout]    8:     0x606ccb534e59 - std[70759c8f55707aa4]::sys::backtrace::__rust_end_short_backtrace::<std[70759c8f55707aa4]::panicking::panic_handler::{closure#0}, !>
[INFO] [stdout]    9:     0x606ccb53cefd - __rustc[8fa7c3cbc660c2b3]::rust_begin_unwind
[INFO] [stdout]   10:     0x606ccb578c5c - core[df12db4294e9bfd3]::panicking::panic_fmt
[INFO] [stdout]   11:     0x606ccb578a32 - core[df12db4294e9bfd3]::result::unwrap_failed
[INFO] [stdout]   12:     0x606ccb41893d - procsys[2c6bae254fac1cd4]::softirqs::tests::softirqs_stats
[INFO] [stdout]   13:     0x606ccb3ee569 - <procsys[2c6bae254fac1cd4]::softirqs::tests::softirqs_stats::{closure#0} as core[df12db4294e9bfd3]::ops::function::FnOnce<()>>::call_once
[INFO] [stdout]   14:     0x606ccb42110b - test[9d35eded1c95d3be]::__rust_begin_short_backtrace::<core[df12db4294e9bfd3]::result::Result<(), alloc[2182bb758b4b3781]::string::String>, fn() -> core[df12db4294e9bfd3]::result::Result<(), alloc[2182bb758b4b3781]::string::String>>
[INFO] [stdout]   15:     0x606ccb42e775 - test[9d35eded1c95d3be]::run_test::{closure#0}
[INFO] [stdout]   16:     0x606ccb428034 - std[70759c8f55707aa4]::sys::backtrace::__rust_begin_short_backtrace::<test[9d35eded1c95d3be]::run_test::{closure#1}, ()>
[INFO] [stdout]   17:     0x606ccb4318d2 - <std[70759c8f55707aa4]::thread::lifecycle::spawn_unchecked<test[9d35eded1c95d3be]::run_test::{closure#1}, ()>::{closure#1} as core[df12db4294e9bfd3]::ops::function::FnOnce<()>>::call_once::{shim:vtable#0}
[INFO] [stdout]   18:     0x606ccb560079 - <std[70759c8f55707aa4]::sys::thread::unix::Thread>::new::thread_start
[INFO] [stdout]   19:     0x746aa9d09dfa - <unknown>
[INFO] [stdout]   20:     0x746aa9d9d3d4 - clone
[INFO] [stdout]   21:                0x0 - <unknown>
[INFO] [stdout] 
[INFO] [stdout] ---- swaps::tests::system_swaps stdout ----
[INFO] [stdout] 
[INFO] [stdout] thread 'swaps::tests::system_swaps' (1654) panicked at src/swaps.rs:76:72:
[INFO] [stdout] swaps information: IOError("test_data/fixtures/proc/swaps", Os { code: 2, kind: NotFound, message: "No such file or directory" })
[INFO] [stdout] stack backtrace:
[INFO] [stdout]    0:     0x606ccb560b11 - <<std[70759c8f55707aa4]::sys::backtrace::BacktraceLock>::print::DisplayBacktrace as core[df12db4294e9bfd3]::fmt::Display>::fmt
[INFO] [stdout]    1:     0x606ccb57847a - core[df12db4294e9bfd3]::fmt::write
[INFO] [stdout]    2:     0x606ccb56527c - <alloc[2182bb758b4b3781]::vec::Vec<u8> as core[df12db4294e9bfd3]::io::write::Write>::write_fmt
[INFO] [stdout]    3:     0x606ccb53c256 - std[70759c8f55707aa4]::panicking::default_hook::{closure#0}
[INFO] [stdout]    4:     0x606ccb558ad9 - std[70759c8f55707aa4]::panicking::default_hook
[INFO] [stdout]    5:     0x606ccb42de20 - test[9d35eded1c95d3be]::test_main_inner::<test[9d35eded1c95d3be]::test_main_static::{closure#0}>::{closure#0}
[INFO] [stdout]    6:     0x606ccb558c92 - std[70759c8f55707aa4]::panicking::panic_with_hook
[INFO] [stdout]    7:     0x606ccb53c302 - std[70759c8f55707aa4]::panicking::panic_handler::{closure#0}
[INFO] [stdout]    8:     0x606ccb534e59 - std[70759c8f55707aa4]::sys::backtrace::__rust_end_short_backtrace::<std[70759c8f55707aa4]::panicking::panic_handler::{closure#0}, !>
[INFO] [stdout]    9:     0x606ccb53cefd - __rustc[8fa7c3cbc660c2b3]::rust_begin_unwind
[INFO] [stdout]   10:     0x606ccb578c5c - core[df12db4294e9bfd3]::panicking::panic_fmt
[INFO] [stdout]   11:     0x606ccb578a32 - core[df12db4294e9bfd3]::result::unwrap_failed
[INFO] [stdout]   12:     0x606ccb3f1b7c - procsys[2c6bae254fac1cd4]::swaps::tests::system_swaps
[INFO] [stdout]   13:     0x606ccb3ee409 - <procsys[2c6bae254fac1cd4]::swaps::tests::system_swaps::{closure#0} as core[df12db4294e9bfd3]::ops::function::FnOnce<()>>::call_once
[INFO] [stdout]   14:     0x606ccb42110b - test[9d35eded1c95d3be]::__rust_begin_short_backtrace::<core[df12db4294e9bfd3]::result::Result<(), alloc[2182bb758b4b3781]::string::String>, fn() -> core[df12db4294e9bfd3]::result::Result<(), alloc[2182bb758b4b3781]::string::String>>
[INFO] [stdout]   15:     0x606ccb42e775 - test[9d35eded1c95d3be]::run_test::{closure#0}
[INFO] [stdout]   16:     0x606ccb428034 - std[70759c8f55707aa4]::sys::backtrace::__rust_begin_short_backtrace::<test[9d35eded1c95d3be]::run_test::{closure#1}, ()>
[INFO] [stdout]   17:     0x606ccb4318d2 - <std[70759c8f55707aa4]::thread::lifecycle::spawn_unchecked<test[9d35eded1c95d3be]::run_test::{closure#1}, ()>::{closure#1} as core[df12db4294e9bfd3]::ops::function::FnOnce<()>>::call_once::{shim:vtable#0}
[INFO] [stdout]   18:     0x606ccb560079 - <std[70759c8f55707aa4]::sys::thread::unix::Thread>::new::thread_start
[INFO] [stdout]   19:     0x746aa9d09dfa - <unknown>
[INFO] [stdout]   20:     0x746aa9d9d3d4 - clone
[INFO] [stdout]   21:                0x0 - <unknown>
[INFO] [stdout] 
[INFO] [stdout] ---- net_sockstat::tests::sockstat_info stdout ----
[INFO] [stdout] 
[INFO] [stdout] thread 'net_sockstat::tests::sockstat_info' (1641) panicked at src/net_sockstat.rs:138:14:
[INFO] [stdout] sockstat entries information: IOError("test_data/fixtures/proc/net/sockstat", Os { code: 2, kind: NotFound, message: "No such file or directory" })
[INFO] [stdout] stack backtrace:
[INFO] [stdout]    0:     0x606ccb560b11 - <<std[70759c8f55707aa4]::sys::backtrace::BacktraceLock>::print::DisplayBacktrace as core[df12db4294e9bfd3]::fmt::Display>::fmt
[INFO] [stdout]    1:     0x606ccb57847a - core[df12db4294e9bfd3]::fmt::write
[INFO] [stdout]    2:     0x606ccb56527c - <alloc[2182bb758b4b3781]::vec::Vec<u8> as core[df12db4294e9bfd3]::io::write::Write>::write_fmt
[INFO] [stdout]    3:     0x606ccb53c256 - std[70759c8f55707aa4]::panicking::default_hook::{closure#0}
[INFO] [stdout]    4:     0x606ccb558ad9 - std[70759c8f55707aa4]::panicking::default_hook
[INFO] [stdout]    5:     0x606ccb42de20 - test[9d35eded1c95d3be]::test_main_inner::<test[9d35eded1c95d3be]::test_main_static::{closure#0}>::{closure#0}
[INFO] [stdout]    6:     0x606ccb558c92 - std[70759c8f55707aa4]::panicking::panic_with_hook
[INFO] [stdout]    7:     0x606ccb53c302 - std[70759c8f55707aa4]::panicking::panic_handler::{closure#0}
[INFO] [stdout]    8:     0x606ccb534e59 - std[70759c8f55707aa4]::sys::backtrace::__rust_end_short_backtrace::<std[70759c8f55707aa4]::panicking::panic_handler::{closure#0}, !>
[INFO] [stdout]    9:     0x606ccb53cefd - __rustc[8fa7c3cbc660c2b3]::rust_begin_unwind
[INFO] [stdout]   10:     0x606ccb578c5c - core[df12db4294e9bfd3]::panicking::panic_fmt
[INFO] [stdout]   11:     0x606ccb578a32 - core[df12db4294e9bfd3]::result::unwrap_failed
[INFO] [stdout]   12:     0x606ccb416e49 - procsys[2c6bae254fac1cd4]::net_sockstat::tests::sockstat_info
[INFO] [stdout]   13:     0x606ccb3ee2e9 - <procsys[2c6bae254fac1cd4]::net_sockstat::tests::sockstat_info::{closure#0} as core[df12db4294e9bfd3]::ops::function::FnOnce<()>>::call_once
[INFO] [stdout]   14:     0x606ccb42110b - test[9d35eded1c95d3be]::__rust_begin_short_backtrace::<core[df12db4294e9bfd3]::result::Result<(), alloc[2182bb758b4b3781]::string::String>, fn() -> core[df12db4294e9bfd3]::result::Result<(), alloc[2182bb758b4b3781]::string::String>>
[INFO] [stdout]   15:     0x606ccb42e775 - test[9d35eded1c95d3be]::run_test::{closure#0}
[INFO] [stdout]   16:     0x606ccb428034 - std[70759c8f55707aa4]::sys::backtrace::__rust_begin_short_backtrace::<test[9d35eded1c95d3be]::run_test::{closure#1}, ()>
[INFO] [stdout]   17:     0x606ccb4318d2 - <std[70759c8f55707aa4]::thread::lifecycle::spawn_unchecked<test[9d35eded1c95d3be]::run_test::{closure#1}, ()>::{closure#1} as core[df12db4294e9bfd3]::ops::function::FnOnce<()>>::call_once::{shim:vtable#0}
[INFO] [stdout]   18:     0x606ccb560079 - <std[70759c8f55707aa4]::sys::thread::unix::Thread>::new::thread_start
[INFO] [stdout]   19:     0x746aa9d09dfa - <unknown>
[INFO] [stdout]   20:     0x746aa9d9d3d4 - clone
[INFO] [stdout]   21:                0x0 - <unknown>
[INFO] [stdout] 
[INFO] [stdout] ---- process::tests::proc_collect stdout ----
[INFO] [stdout] 
[INFO] [stdout] thread 'process::tests::proc_collect' (1644) panicked at src/process.rs:226:62:
[INFO] [stdout] running proc 26231: ProcessNotFound(26231)
[INFO] [stdout] stack backtrace:
[INFO] [stdout]    0:     0x606ccb560b11 - <<std[70759c8f55707aa4]::sys::backtrace::BacktraceLock>::print::DisplayBacktrace as core[df12db4294e9bfd3]::fmt::Display>::fmt
[INFO] [stdout]    1:     0x606ccb57847a - core[df12db4294e9bfd3]::fmt::write
[INFO] [stdout]    2:     0x606ccb56527c - <alloc[2182bb758b4b3781]::vec::Vec<u8> as core[df12db4294e9bfd3]::io::write::Write>::write_fmt
[INFO] [stdout]    3:     0x606ccb53c256 - std[70759c8f55707aa4]::panicking::default_hook::{closure#0}
[INFO] [stdout]    4:     0x606ccb558ad9 - std[70759c8f55707aa4]::panicking::default_hook
[INFO] [stdout]    5:     0x606ccb42de20 - test[9d35eded1c95d3be]::test_main_inner::<test[9d35eded1c95d3be]::test_main_static::{closure#0}>::{closure#0}
[INFO] [stdout]    6:     0x606ccb558c92 - std[70759c8f55707aa4]::panicking::panic_with_hook
[INFO] [stdout]    7:     0x606ccb53c302 - std[70759c8f55707aa4]::panicking::panic_handler::{closure#0}
[INFO] [stdout]    8:     0x606ccb534e59 - std[70759c8f55707aa4]::sys::backtrace::__rust_end_short_backtrace::<std[70759c8f55707aa4]::panicking::panic_handler::{closure#0}, !>
[INFO] [stdout]    9:     0x606ccb53cefd - __rustc[8fa7c3cbc660c2b3]::rust_begin_unwind
[INFO] [stdout]   10:     0x606ccb578c5c - core[df12db4294e9bfd3]::panicking::panic_fmt
[INFO] [stdout]   11:     0x606ccb578a32 - core[df12db4294e9bfd3]::result::unwrap_failed
[INFO] [stdout]   12:     0x606ccb40b7e9 - procsys[2c6bae254fac1cd4]::process::tests::proc_collect
[INFO] [stdout]   13:     0x606ccb3ee509 - <procsys[2c6bae254fac1cd4]::process::tests::proc_collect::{closure#0} as core[df12db4294e9bfd3]::ops::function::FnOnce<()>>::call_once
[INFO] [stdout]   14:     0x606ccb42110b - test[9d35eded1c95d3be]::__rust_begin_short_backtrace::<core[df12db4294e9bfd3]::result::Result<(), alloc[2182bb758b4b3781]::string::String>, fn() -> core[df12db4294e9bfd3]::result::Result<(), alloc[2182bb758b4b3781]::string::String>>
[INFO] [stdout]   15:     0x606ccb42e775 - test[9d35eded1c95d3be]::run_test::{closure#0}
[INFO] [stdout]   16:     0x606ccb428034 - std[70759c8f55707aa4]::sys::backtrace::__rust_begin_short_backtrace::<test[9d35eded1c95d3be]::run_test::{closure#1}, ()>
[INFO] [stdout]   17:     0x606ccb4318d2 - <std[70759c8f55707aa4]::thread::lifecycle::spawn_unchecked<test[9d35eded1c95d3be]::run_test::{closure#1}, ()>::{closure#1} as core[df12db4294e9bfd3]::ops::function::FnOnce<()>>::call_once::{shim:vtable#0}
[INFO] [stdout]   18:     0x606ccb560079 - <std[70759c8f55707aa4]::sys::thread::unix::Thread>::new::thread_start
[INFO] [stdout]   19:     0x746aa9d09dfa - <unknown>
[INFO] [stdout]   20:     0x746aa9d9d3d4 - clone
[INFO] [stdout]   21:                0x0 - <unknown>
[INFO] [stdout] 
[INFO] [stdout] ---- crypto::tests::crypto_information stdout ----
[INFO] [stdout] 
[INFO] [stdout] thread 'crypto::tests::crypto_information' (1634) panicked at src/crypto.rs:192:60:
[INFO] [stdout] collecting crypto information: IOError("test_data/fixtures/proc/crypto", Os { code: 2, kind: NotFound, message: "No such file or directory" })
[INFO] [stdout] stack backtrace:
[INFO] [stdout]    0:     0x606ccb560b11 - <<std[70759c8f55707aa4]::sys::backtrace::BacktraceLock>::print::DisplayBacktrace as core[df12db4294e9bfd3]::fmt::Display>::fmt
[INFO] [stdout]    1:     0x606ccb57847a - core[df12db4294e9bfd3]::fmt::write
[INFO] [stdout]    2:     0x606ccb56527c - <alloc[2182bb758b4b3781]::vec::Vec<u8> as core[df12db4294e9bfd3]::io::write::Write>::write_fmt
[INFO] [stdout]    3:     0x606ccb53c256 - std[70759c8f55707aa4]::panicking::default_hook::{closure#0}
[INFO] [stdout]    4:     0x606ccb558ad9 - std[70759c8f55707aa4]::panicking::default_hook
[INFO] [stdout]    5:     0x606ccb42de20 - test[9d35eded1c95d3be]::test_main_inner::<test[9d35eded1c95d3be]::test_main_static::{closure#0}>::{closure#0}
[INFO] [stdout]    6:     0x606ccb558c92 - std[70759c8f55707aa4]::panicking::panic_with_hook
[INFO] [stdout]    7:     0x606ccb53c302 - std[70759c8f55707aa4]::panicking::panic_handler::{closure#0}
[INFO] [stdout]    8:     0x606ccb534e59 - std[70759c8f55707aa4]::sys::backtrace::__rust_end_short_backtrace::<std[70759c8f55707aa4]::panicking::panic_handler::{closure#0}, !>
[INFO] [stdout]    9:     0x606ccb53cefd - __rustc[8fa7c3cbc660c2b3]::rust_begin_unwind
[INFO] [stdout]   10:     0x606ccb578c5c - core[df12db4294e9bfd3]::panicking::panic_fmt
[INFO] [stdout]   11:     0x606ccb578a32 - core[df12db4294e9bfd3]::result::unwrap_failed
[INFO] [stdout]   12:     0x606ccb3fbe58 - procsys[2c6bae254fac1cd4]::crypto::tests::crypto_information
[INFO] [stdout]   13:     0x606ccb3ee429 - <procsys[2c6bae254fac1cd4]::crypto::tests::crypto_information::{closure#0} as core[df12db4294e9bfd3]::ops::function::FnOnce<()>>::call_once
[INFO] [stdout]   14:     0x606ccb42110b - test[9d35eded1c95d3be]::__rust_begin_short_backtrace::<core[df12db4294e9bfd3]::result::Result<(), alloc[2182bb758b4b3781]::string::String>, fn() -> core[df12db4294e9bfd3]::result::Result<(), alloc[2182bb758b4b3781]::string::String>>
[INFO] [stdout]   15:     0x606ccb42e775 - test[9d35eded1c95d3be]::run_test::{closure#0}
[INFO] [stdout]   16:     0x606ccb428034 - std[70759c8f55707aa4]::sys::backtrace::__rust_begin_short_backtrace::<test[9d35eded1c95d3be]::run_test::{closure#1}, ()>
[INFO] [stdout]   17:     0x606ccb4318d2 - <std[70759c8f55707aa4]::thread::lifecycle::spawn_unchecked<test[9d35eded1c95d3be]::run_test::{closure#1}, ()>::{closure#1} as core[df12db4294e9bfd3]::ops::function::FnOnce<()>>::call_once::{shim:vtable#0}
[INFO] [stdout]   18:     0x606ccb560079 - <std[70759c8f55707aa4]::sys::thread::unix::Thread>::new::thread_start
[INFO] [stdout]   19:     0x746aa9d09dfa - <unknown>
[INFO] [stdout]   20:     0x746aa9d9d3d4 - clone
[INFO] [stdout]   21:                0x0 - <unknown>
[INFO] [stdout] 
[INFO] [stdout] ---- process_net_snmp6::tests::proc_net_snmp6 stdout ----
[INFO] [stdout] 
[INFO] [stdout] thread 'process_net_snmp6::tests::proc_net_snmp6' (1649) panicked at src/process_net_snmp6.rs:271:55:
[INFO] [stdout] running proc 26231: ProcessNotFound(26231)
[INFO] [stdout] stack backtrace:
[INFO] [stdout]    0:     0x606ccb560b11 - <<std[70759c8f55707aa4]::sys::backtrace::BacktraceLock>::print::DisplayBacktrace as core[df12db4294e9bfd3]::fmt::Display>::fmt
[INFO] [stdout]    1:     0x606ccb57847a - core[df12db4294e9bfd3]::fmt::write
[INFO] [stdout]    2:     0x606ccb56527c - <alloc[2182bb758b4b3781]::vec::Vec<u8> as core[df12db4294e9bfd3]::io::write::Write>::write_fmt
[INFO] [stdout]    3:     0x606ccb53c256 - std[70759c8f55707aa4]::panicking::default_hook::{closure#0}
[INFO] [stdout]    4:     0x606ccb558ad9 - std[70759c8f55707aa4]::panicking::default_hook
[INFO] [stdout]    5:     0x606ccb42de20 - test[9d35eded1c95d3be]::test_main_inner::<test[9d35eded1c95d3be]::test_main_static::{closure#0}>::{closure#0}
[INFO] [stdout]    6:     0x606ccb558c92 - std[70759c8f55707aa4]::panicking::panic_with_hook
[INFO] [stdout]    7:     0x606ccb53c302 - std[70759c8f55707aa4]::panicking::panic_handler::{closure#0}
[INFO] [stdout]    8:     0x606ccb534e59 - std[70759c8f55707aa4]::sys::backtrace::__rust_end_short_backtrace::<std[70759c8f55707aa4]::panicking::panic_handler::{closure#0}, !>
[INFO] [stdout]    9:     0x606ccb53cefd - __rustc[8fa7c3cbc660c2b3]::rust_begin_unwind
[INFO] [stdout]   10:     0x606ccb578c5c - core[df12db4294e9bfd3]::panicking::panic_fmt
[INFO] [stdout]   11:     0x606ccb578a32 - core[df12db4294e9bfd3]::result::unwrap_failed
[INFO] [stdout]   12:     0x606ccb40926a - procsys[2c6bae254fac1cd4]::process_net_snmp6::tests::proc_net_snmp6
[INFO] [stdout]   13:     0x606ccb3ee3e9 - <procsys[2c6bae254fac1cd4]::process_net_snmp6::tests::proc_net_snmp6::{closure#0} as core[df12db4294e9bfd3]::ops::function::FnOnce<()>>::call_once
[INFO] [stdout]   14:     0x606ccb42110b - test[9d35eded1c95d3be]::__rust_begin_short_backtrace::<core[df12db4294e9bfd3]::result::Result<(), alloc[2182bb758b4b3781]::string::String>, fn() -> core[df12db4294e9bfd3]::result::Result<(), alloc[2182bb758b4b3781]::string::String>>
[INFO] [stdout]   15:     0x606ccb42e775 - test[9d35eded1c95d3be]::run_test::{closure#0}
[INFO] [stdout]   16:     0x606ccb428034 - std[70759c8f55707aa4]::sys::backtrace::__rust_begin_short_backtrace::<test[9d35eded1c95d3be]::run_test::{closure#1}, ()>
[INFO] [stdout]   17:     0x606ccb4318d2 - <std[70759c8f55707aa4]::thread::lifecycle::spawn_unchecked<test[9d35eded1c95d3be]::run_test::{closure#1}, ()>::{closure#1} as core[df12db4294e9bfd3]::ops::function::FnOnce<()>>::call_once::{shim:vtable#0}
[INFO] [stdout]   18:     0x606ccb560079 - <std[70759c8f55707aa4]::sys::thread::unix::Thread>::new::thread_start
[INFO] [stdout]   19:     0x746aa9d09dfa - <unknown>
[INFO] [stdout]   20:     0x746aa9d9d3d4 - clone
[INFO] [stdout]   21:                0x0 - <unknown>
[INFO] [stdout] 
[INFO] [stdout] ---- process_netstat::tests::proc_netstat stdout ----
[INFO] [stdout] 
[INFO] [stdout] thread 'process_netstat::tests::proc_netstat' (1651) panicked at src/process_netstat.rs:896:55:
[INFO] [stdout] running proc 26231: ProcessNotFound(26231)
[INFO] [stdout] stack backtrace:
[INFO] [stdout]    0:     0x606ccb560b11 - <<std[70759c8f55707aa4]::sys::backtrace::BacktraceLock>::print::DisplayBacktrace as core[df12db4294e9bfd3]::fmt::Display>::fmt
[INFO] [stdout]    1:     0x606ccb57847a - core[df12db4294e9bfd3]::fmt::write
[INFO] [stdout]    2:     0x606ccb56527c - <alloc[2182bb758b4b3781]::vec::Vec<u8> as core[df12db4294e9bfd3]::io::write::Write>::write_fmt
[INFO] [stdout]    3:     0x606ccb53c256 - std[70759c8f55707aa4]::panicking::default_hook::{closure#0}
[INFO] [stdout]    4:     0x606ccb558ad9 - std[70759c8f55707aa4]::panicking::default_hook
[INFO] [stdout]    5:     0x606ccb42de20 - test[9d35eded1c95d3be]::test_main_inner::<test[9d35eded1c95d3be]::test_main_static::{closure#0}>::{closure#0}
[INFO] [stdout]    6:     0x606ccb558c92 - std[70759c8f55707aa4]::panicking::panic_with_hook
[INFO] [stdout]    7:     0x606ccb53c302 - std[70759c8f55707aa4]::panicking::panic_handler::{closure#0}
[INFO] [stdout]    8:     0x606ccb534e59 - std[70759c8f55707aa4]::sys::backtrace::__rust_end_short_backtrace::<std[70759c8f55707aa4]::panicking::panic_handler::{closure#0}, !>
[INFO] [stdout]    9:     0x606ccb53cefd - __rustc[8fa7c3cbc660c2b3]::rust_begin_unwind
[INFO] [stdout]   10:     0x606ccb578c5c - core[df12db4294e9bfd3]::panicking::panic_fmt
[INFO] [stdout]   11:     0x606ccb578a32 - core[df12db4294e9bfd3]::result::unwrap_failed
[INFO] [stdout]   12:     0x606ccb405b28 - procsys[2c6bae254fac1cd4]::process_netstat::tests::proc_netstat
[INFO] [stdout]   13:     0x606ccb3ee3a9 - <procsys[2c6bae254fac1cd4]::process_netstat::tests::proc_netstat::{closure#0} as core[df12db4294e9bfd3]::ops::function::FnOnce<()>>::call_once
[INFO] [stdout]   14:     0x606ccb42110b - test[9d35eded1c95d3be]::__rust_begin_short_backtrace::<core[df12db4294e9bfd3]::result::Result<(), alloc[2182bb758b4b3781]::string::String>, fn() -> core[df12db4294e9bfd3]::result::Result<(), alloc[2182bb758b4b3781]::string::String>>
[INFO] [stdout]   15:     0x606ccb42e775 - test[9d35eded1c95d3be]::run_test::{closure#0}
[INFO] [stdout]   16:     0x606ccb428034 - std[70759c8f55707aa4]::sys::backtrace::__rust_begin_short_backtrace::<test[9d35eded1c95d3be]::run_test::{closure#1}, ()>
[INFO] [stdout]   17:     0x606ccb4318d2 - <std[70759c8f55707aa4]::thread::lifecycle::spawn_unchecked<test[9d35eded1c95d3be]::run_test::{closure#1}, ()>::{closure#1} as core[df12db4294e9bfd3]::ops::function::FnOnce<()>>::call_once::{shim:vtable#0}
[INFO] [stdout]   18:     0x606ccb560079 - <std[70759c8f55707aa4]::sys::thread::unix::Thread>::new::thread_start
[INFO] [stdout]   19:     0x746aa9d09dfa - <unknown>
[INFO] [stdout]   20:     0x746aa9d9d3d4 - clone
[INFO] [stdout]   21:                0x0 - <unknown>
[INFO] [stdout] 
[INFO] [stdout] ---- process_net_snmp::tests::proc_net_snmp stdout ----
[INFO] [stdout] 
[INFO] [stdout] thread 'process_net_snmp::tests::proc_net_snmp' (1650) panicked at src/process_net_snmp.rs:658:55:
[INFO] [stdout] running proc 26231: ProcessNotFound(26231)
[INFO] [stdout] stack backtrace:
[INFO] [stdout]    0:     0x606ccb560b11 - <<std[70759c8f55707aa4]::sys::backtrace::BacktraceLock>::print::DisplayBacktrace as core[df12db4294e9bfd3]::fmt::Display>::fmt
[INFO] [stdout]    1:     0x606ccb57847a - core[df12db4294e9bfd3]::fmt::write
[INFO] [stdout]    2:     0x606ccb56527c - <alloc[2182bb758b4b3781]::vec::Vec<u8> as core[df12db4294e9bfd3]::io::write::Write>::write_fmt
[INFO] [stdout]    3:     0x606ccb53c256 - std[70759c8f55707aa4]::panicking::default_hook::{closure#0}
[INFO] [stdout]    4:     0x606ccb558ad9 - std[70759c8f55707aa4]::panicking::default_hook
[INFO] [stdout]    5:     0x606ccb42de20 - test[9d35eded1c95d3be]::test_main_inner::<test[9d35eded1c95d3be]::test_main_static::{closure#0}>::{closure#0}
[INFO] [stdout]    6:     0x606ccb558c92 - std[70759c8f55707aa4]::panicking::panic_with_hook
[INFO] [stdout]    7:     0x606ccb53c302 - std[70759c8f55707aa4]::panicking::panic_handler::{closure#0}
[INFO] [stdout]    8:     0x606ccb534e59 - std[70759c8f55707aa4]::sys::backtrace::__rust_end_short_backtrace::<std[70759c8f55707aa4]::panicking::panic_handler::{closure#0}, !>
[INFO] [stdout]    9:     0x606ccb53cefd - __rustc[8fa7c3cbc660c2b3]::rust_begin_unwind
[INFO] [stdout]   10:     0x606ccb578c5c - core[df12db4294e9bfd3]::panicking::panic_fmt
[INFO] [stdout]   11:     0x606ccb578a32 - core[df12db4294e9bfd3]::result::unwrap_failed
[INFO] [stdout]   12:     0x606ccb40781b - procsys[2c6bae254fac1cd4]::process_net_snmp::tests::proc_net_snmp
[INFO] [stdout]   13:     0x606ccb3ee3c9 - <procsys[2c6bae254fac1cd4]::process_net_snmp::tests::proc_net_snmp::{closure#0} as core[df12db4294e9bfd3]::ops::function::FnOnce<()>>::call_once
[INFO] [stdout]   14:     0x606ccb42110b - test[9d35eded1c95d3be]::__rust_begin_short_backtrace::<core[df12db4294e9bfd3]::result::Result<(), alloc[2182bb758b4b3781]::string::String>, fn() -> core[df12db4294e9bfd3]::result::Result<(), alloc[2182bb758b4b3781]::string::String>>
[INFO] [stdout]   15:     0x606ccb42e775 - test[9d35eded1c95d3be]::run_test::{closure#0}
[INFO] [stdout]   16:     0x606ccb428034 - std[70759c8f55707aa4]::sys::backtrace::__rust_begin_short_backtrace::<test[9d35eded1c95d3be]::run_test::{closure#1}, ()>
[INFO] [stdout]   17:     0x606ccb4318d2 - <std[70759c8f55707aa4]::thread::lifecycle::spawn_unchecked<test[9d35eded1c95d3be]::run_test::{closure#1}, ()>::{closure#1} as core[df12db4294e9bfd3]::ops::function::FnOnce<()>>::call_once::{shim:vtable#0}
[INFO] [stdout]   18:     0x606ccb560079 - <std[70759c8f55707aa4]::sys::thread::unix::Thread>::new::thread_start
[INFO] [stdout]   19:     0x746aa9d09dfa - <unknown>
[INFO] [stdout]   20:     0x746aa9d9d3d4 - clone
[INFO] [stdout]   21:                0x0 - <unknown>
[INFO] [stdout] 
[INFO] [stdout] ---- sysfs::class_sas_host::tests::sas_host_information stdout ----
[INFO] [stdout] 
[INFO] [stdout] thread 'sysfs::class_sas_host::tests::sas_host_information' (1662) panicked at src/sysfs/class_sas_host.rs:82:9:
[INFO] [stdout] assertion `left == right` failed
[INFO] [stdout]   left: 0
[INFO] [stdout]  right: 1
[INFO] [stdout] stack backtrace:
[INFO] [stdout]    0:     0x606ccb560b11 - <<std[70759c8f55707aa4]::sys::backtrace::BacktraceLock>::print::DisplayBacktrace as core[df12db4294e9bfd3]::fmt::Display>::fmt
[INFO] [stdout]    1:     0x606ccb57847a - core[df12db4294e9bfd3]::fmt::write
[INFO] [stdout]    2:     0x606ccb56527c - <alloc[2182bb758b4b3781]::vec::Vec<u8> as core[df12db4294e9bfd3]::io::write::Write>::write_fmt
[INFO] [stdout]    3:     0x606ccb53c256 - std[70759c8f55707aa4]::panicking::default_hook::{closure#0}
[INFO] [stdout]    4:     0x606ccb558ad9 - std[70759c8f55707aa4]::panicking::default_hook
[INFO] [stdout]    5:     0x606ccb42de20 - test[9d35eded1c95d3be]::test_main_inner::<test[9d35eded1c95d3be]::test_main_static::{closure#0}>::{closure#0}
[INFO] [stdout]    6:     0x606ccb558c92 - std[70759c8f55707aa4]::panicking::panic_with_hook
[INFO] [stdout]    7:     0x606ccb53c302 - std[70759c8f55707aa4]::panicking::panic_handler::{closure#0}
[INFO] [stdout]    8:     0x606ccb534e59 - std[70759c8f55707aa4]::sys::backtrace::__rust_end_short_backtrace::<std[70759c8f55707aa4]::panicking::panic_handler::{closure#0}, !>
[INFO] [stdout]    9:     0x606ccb53cefd - __rustc[8fa7c3cbc660c2b3]::rust_begin_unwind
[INFO] [stdout]   10:     0x606ccb578c5c - core[df12db4294e9bfd3]::panicking::panic_fmt
[INFO] [stdout]   11:     0x606ccb578b73 - core[df12db4294e9bfd3]::panicking::assert_failed_inner
[INFO] [stdout]   12:     0x606ccb57345d - core[df12db4294e9bfd3]::panicking::assert_failed::<usize, usize>
[INFO] [stdout]   13:     0x606ccb3f3851 - procsys[2c6bae254fac1cd4]::sysfs::class_sas_host::tests::sas_host_information
[INFO] [stdout]   14:     0x606ccb3ee649 - <procsys[2c6bae254fac1cd4]::sysfs::class_sas_host::tests::sas_host_information::{closure#0} as core[df12db4294e9bfd3]::ops::function::FnOnce<()>>::call_once
[INFO] [stdout]   15:     0x606ccb42110b - test[9d35eded1c95d3be]::__rust_begin_short_backtrace::<core[df12db4294e9bfd3]::result::Result<(), alloc[2182bb758b4b3781]::string::String>, fn() -> core[df12db4294e9bfd3]::result::Result<(), alloc[2182bb758b4b3781]::string::String>>
[INFO] [stdout]   16:     0x606ccb42e775 - test[9d35eded1c95d3be]::run_test::{closure#0}
[INFO] [stdout]   17:     0x606ccb428034 - std[70759c8f55707aa4]::sys::backtrace::__rust_begin_short_backtrace::<test[9d35eded1c95d3be]::run_test::{closure#1}, ()>
[INFO] [stdout]   18:     0x606ccb4318d2 - <std[70759c8f55707aa4]::thread::lifecycle::spawn_unchecked<test[9d35eded1c95d3be]::run_test::{closure#1}, ()>::{closure#1} as core[df12db4294e9bfd3]::ops::function::FnOnce<()>>::call_once::{shim:vtable#0}
[INFO] [stdout]   19:     0x606ccb560079 - <std[70759c8f55707aa4]::sys::thread::unix::Thread>::new::thread_start
[INFO] [stdout]   20:     0x746aa9d09dfa - <unknown>
[INFO] [stdout]   21:     0x746aa9d9d3d4 - clone
[INFO] [stdout]   22:                0x0 - <unknown>
[INFO] [stdout] 
[INFO] [stdout] ---- process_io::tests::proc_io stdout ----
[INFO] [stdout] 
[INFO] [stdout] thread 'process_io::tests::proc_io' (1647) panicked at src/process_io.rs:110:55:
[INFO] [stdout] running proc 26231: ProcessNotFound(26231)
[INFO] [stdout] stack backtrace:
[INFO] [stdout]    0:     0x606ccb560b11 - <<std[70759c8f55707aa4]::sys::backtrace::BacktraceLock>::print::DisplayBacktrace as core[df12db4294e9bfd3]::fmt::Display>::fmt
[INFO] [stdout]    1:     0x606ccb57847a - core[df12db4294e9bfd3]::fmt::write
[INFO] [stdout]    2:     0x606ccb56527c - <alloc[2182bb758b4b3781]::vec::Vec<u8> as core[df12db4294e9bfd3]::io::write::Write>::write_fmt
[INFO] [stdout]    3:     0x606ccb53c256 - std[70759c8f55707aa4]::panicking::default_hook::{closure#0}
[INFO] [stdout]    4:     0x606ccb558ad9 - std[70759c8f55707aa4]::panicking::default_hook
[INFO] [stdout]    5:     0x606ccb42de20 - test[9d35eded1c95d3be]::test_main_inner::<test[9d35eded1c95d3be]::test_main_static::{closure#0}>::{closure#0}
[INFO] [stdout]    6:     0x606ccb558c92 - std[70759c8f55707aa4]::panicking::panic_with_hook
[INFO] [stdout]    7:     0x606ccb53c302 - std[70759c8f55707aa4]::panicking::panic_handler::{closure#0}
[INFO] [stdout]    8:     0x606ccb534e59 - std[70759c8f55707aa4]::sys::backtrace::__rust_end_short_backtrace::<std[70759c8f55707aa4]::panicking::panic_handler::{closure#0}, !>
[INFO] [stdout]    9:     0x606ccb53cefd - __rustc[8fa7c3cbc660c2b3]::rust_begin_unwind
[INFO] [stdout]   10:     0x606ccb578c5c - core[df12db4294e9bfd3]::panicking::panic_fmt
[INFO] [stdout]   11:     0x606ccb578a32 - core[df12db4294e9bfd3]::result::unwrap_failed
[INFO] [stdout]   12:     0x606ccb40338a - procsys[2c6bae254fac1cd4]::process_io::tests::proc_io
[INFO] [stdout]   13:     0x606ccb3ee2a9 - <procsys[2c6bae254fac1cd4]::process_io::tests::proc_io::{closure#0} as core[df12db4294e9bfd3]::ops::function::FnOnce<()>>::call_once
[INFO] [stdout]   14:     0x606ccb42110b - test[9d35eded1c95d3be]::__rust_begin_short_backtrace::<core[df12db4294e9bfd3]::result::Result<(), alloc[2182bb758b4b3781]::string::String>, fn() -> core[df12db4294e9bfd3]::result::Result<(), alloc[2182bb758b4b3781]::string::String>>
[INFO] [stdout]   15:     0x606ccb42e775 - test[9d35eded1c95d3be]::run_test::{closure#0}
[INFO] [stdout]   16:     0x606ccb428034 - std[70759c8f55707aa4]::sys::backtrace::__rust_begin_short_backtrace::<test[9d35eded1c95d3be]::run_test::{closure#1}, ()>
[INFO] [stdout]   17:     0x606ccb4318d2 - <std[70759c8f55707aa4]::thread::lifecycle::spawn_unchecked<test[9d35eded1c95d3be]::run_test::{closure#1}, ()>::{closure#1} as core[df12db4294e9bfd3]::ops::function::FnOnce<()>>::call_once::{shim:vtable#0}
[INFO] [stdout]   18:     0x606ccb560079 - <std[70759c8f55707aa4]::sys::thread::unix::Thread>::new::thread_start
[INFO] [stdout]   19:     0x746aa9d09dfa - <unknown>
[INFO] [stdout]   20:     0x746aa9d9d3d4 - clone
[INFO] [stdout]   21:                0x0 - <unknown>
[INFO] [stdout] 
[INFO] [stdout] ---- sysfs::class_watchdog::tests::watchdog_devices stdout ----
[INFO] [stdout] 
[INFO] [stdout] thread 'sysfs::class_watchdog::tests::watchdog_devices' (1667) panicked at src/sysfs/class_watchdog.rs:201:9:
[INFO] [stdout] assertion failed: wdev.len().eq(&2)
[INFO] [stdout] stack backtrace:
[INFO] [stdout]    0:     0x606ccb560b11 - <<std[70759c8f55707aa4]::sys::backtrace::BacktraceLock>::print::DisplayBacktrace as core[df12db4294e9bfd3]::fmt::Display>::fmt
[INFO] [stdout]    1:     0x606ccb57847a - core[df12db4294e9bfd3]::fmt::write
[INFO] [stdout]    2:     0x606ccb56527c - <alloc[2182bb758b4b3781]::vec::Vec<u8> as core[df12db4294e9bfd3]::io::write::Write>::write_fmt
[INFO] [stdout]    3:     0x606ccb53c256 - std[70759c8f55707aa4]::panicking::default_hook::{closure#0}
[INFO] [stdout]    4:     0x606ccb558ad9 - std[70759c8f55707aa4]::panicking::default_hook
[INFO] [stdout]    5:     0x606ccb42de20 - test[9d35eded1c95d3be]::test_main_inner::<test[9d35eded1c95d3be]::test_main_static::{closure#0}>::{closure#0}
[INFO] [stdout]    6:     0x606ccb558c92 - std[70759c8f55707aa4]::panicking::panic_with_hook
[INFO] [stdout]    7:     0x606ccb53c334 - std[70759c8f55707aa4]::panicking::panic_handler::{closure#0}
[INFO] [stdout]    8:     0x606ccb534e59 - std[70759c8f55707aa4]::sys::backtrace::__rust_end_short_backtrace::<std[70759c8f55707aa4]::panicking::panic_handler::{closure#0}, !>
[INFO] [stdout]    9:     0x606ccb53cefd - __rustc[8fa7c3cbc660c2b3]::rust_begin_unwind
[INFO] [stdout]   10:     0x606ccb578c5c - core[df12db4294e9bfd3]::panicking::panic_fmt
[INFO] [stdout]   11:     0x606ccb578c22 - core[df12db4294e9bfd3]::panicking::panic
[INFO] [stdout]   12:     0x606ccb41983a - procsys[2c6bae254fac1cd4]::sysfs::class_watchdog::tests::watchdog_devices
[INFO] [stdout]   13:     0x606ccb3ee689 - <procsys[2c6bae254fac1cd4]::sysfs::class_watchdog::tests::watchdog_devices::{closure#0} as core[df12db4294e9bfd3]::ops::function::FnOnce<()>>::call_once
[INFO] [stdout]   14:     0x606ccb42110b - test[9d35eded1c95d3be]::__rust_begin_short_backtrace::<core[df12db4294e9bfd3]::result::Result<(), alloc[2182bb758b4b3781]::string::String>, fn() -> core[df12db4294e9bfd3]::result::Result<(), alloc[2182bb758b4b3781]::string::String>>
[INFO] [stdout]   15:     0x606ccb42e775 - test[9d35eded1c95d3be]::run_test::{closure#0}
[INFO] [stdout]   16:     0x606ccb428034 - std[70759c8f55707aa4]::sys::backtrace::__rust_begin_short_backtrace::<test[9d35eded1c95d3be]::run_test::{closure#1}, ()>
[INFO] [stdout]   17:     0x606ccb4318d2 - <std[70759c8f55707aa4]::thread::lifecycle::spawn_unchecked<test[9d35eded1c95d3be]::run_test::{closure#1}, ()>::{closure#1} as core[df12db4294e9bfd3]::ops::function::FnOnce<()>>::call_once::{shim:vtable#0}
[INFO] [stdout]   18:     0x606ccb560079 - <std[70759c8f55707aa4]::sys::thread::unix::Thread>::new::thread_start
[INFO] [stdout]   19:     0x746aa9d09dfa - <unknown>
[INFO] [stdout]   20:     0x746aa9d9d3d4 - clone
[INFO] [stdout]   21:                0x0 - <unknown>
[INFO] [stdout] 
[INFO] [stdout] ---- sysfs::clocksource::tests::clocksource_collect stdout ----
[INFO] [stdout] 
[INFO] [stdout] thread 'sysfs::clocksource::tests::clocksource_collect' (1668) panicked at src/sysfs/clocksource.rs:140:9:
[INFO] [stdout] assertion failed: clock_sources.len().eq(&1)
[INFO] [stdout] stack backtrace:
[INFO] [stdout]    0:     0x606ccb560b11 - <<std[70759c8f55707aa4]::sys::backtrace::BacktraceLock>::print::DisplayBacktrace as core[df12db4294e9bfd3]::fmt::Display>::fmt
[INFO] [stdout]    1:     0x606ccb57847a - core[df12db4294e9bfd3]::fmt::write
[INFO] [stdout]    2:     0x606ccb56527c - <alloc[2182bb758b4b3781]::vec::Vec<u8> as core[df12db4294e9bfd3]::io::write::Write>::write_fmt
[INFO] [stdout]    3:     0x606ccb53c256 - std[70759c8f55707aa4]::panicking::default_hook::{closure#0}
[INFO] [stdout]    4:     0x606ccb558ad9 - std[70759c8f55707aa4]::panicking::default_hook
[INFO] [stdout]    5:     0x606ccb42de20 - test[9d35eded1c95d3be]::test_main_inner::<test[9d35eded1c95d3be]::test_main_static::{closure#0}>::{closure#0}
[INFO] [stdout]    6:     0x606ccb558c92 - std[70759c8f55707aa4]::panicking::panic_with_hook
[INFO] [stdout]    7:     0x606ccb53c334 - std[70759c8f55707aa4]::panicking::panic_handler::{closure#0}
[INFO] [stdout]    8:     0x606ccb534e59 - std[70759c8f55707aa4]::sys::backtrace::__rust_end_short_backtrace::<std[70759c8f55707aa4]::panicking::panic_handler::{closure#0}, !>
[INFO] [stdout]    9:     0x606ccb53cefd - __rustc[8fa7c3cbc660c2b3]::rust_begin_unwind
[INFO] [stdout]   10:     0x606ccb578c5c - core[df12db4294e9bfd3]::panicking::panic_fmt
[INFO] [stdout]   11:     0x606ccb578c22 - core[df12db4294e9bfd3]::panicking::panic
[INFO] [stdout]   12:     0x606ccb3fcbe3 - procsys[2c6bae254fac1cd4]::sysfs::clocksource::tests::clocksource_collect
[INFO] [stdout]   13:     0x606ccb3ee5c9 - <procsys[2c6bae254fac1cd4]::sysfs::clocksource::tests::clocksource_collect::{closure#0} as core[df12db4294e9bfd3]::ops::function::FnOnce<()>>::call_once
[INFO] [stdout]   14:     0x606ccb42110b - test[9d35eded1c95d3be]::__rust_begin_short_backtrace::<core[df12db4294e9bfd3]::result::Result<(), alloc[2182bb758b4b3781]::string::String>, fn() -> core[df12db4294e9bfd3]::result::Result<(), alloc[2182bb758b4b3781]::string::String>>
[INFO] [stdout]   15:     0x606ccb42e775 - test[9d35eded1c95d3be]::run_test::{closure#0}
[INFO] [stdout]   16:     0x606ccb428034 - std[70759c8f55707aa4]::sys::backtrace::__rust_begin_short_backtrace::<test[9d35eded1c95d3be]::run_test::{closure#1}, ()>
[INFO] [stdout]   17:     0x606ccb4318d2 - <std[70759c8f55707aa4]::thread::lifecycle::spawn_unchecked<test[9d35eded1c95d3be]::run_test::{closure#1}, ()>::{closure#1} as core[df12db4294e9bfd3]::ops::function::FnOnce<()>>::call_once::{shim:vtable#0}
[INFO] [stdout]   18:     0x606ccb560079 - <std[70759c8f55707aa4]::sys::thread::unix::Thread>::new::thread_start
[INFO] [stdout]   19:     0x746aa9d09dfa - <unknown>
[INFO] [stdout]   20:     0x746aa9d9d3d4 - clone
[INFO] [stdout]   21:                0x0 - <unknown>
[INFO] [stdout] 
[INFO] [stdout] ---- sysfs::class_thermal::tests::thermal_devices stdout ----
[INFO] [stdout] 
[INFO] [stdout] thread 'sysfs::class_thermal::tests::thermal_devices' (1666) panicked at src/sysfs/class_thermal.rs:148:9:
[INFO] [stdout] assertion failed: tdev.len().eq(&2)
[INFO] [stdout] stack backtrace:
[INFO] [stdout]    0:     0x606ccb560b11 - <<std[70759c8f55707aa4]::sys::backtrace::BacktraceLock>::print::DisplayBacktrace as core[df12db4294e9bfd3]::fmt::Display>::fmt
[INFO] [stdout]    1:     0x606ccb57847a - core[df12db4294e9bfd3]::fmt::write
[INFO] [stdout]    2:     0x606ccb56527c - <alloc[2182bb758b4b3781]::vec::Vec<u8> as core[df12db4294e9bfd3]::io::write::Write>::write_fmt
[INFO] [stdout]    3:     0x606ccb53c256 - std[70759c8f55707aa4]::panicking::default_hook::{closure#0}
[INFO] [stdout]    4:     0x606ccb558ad9 - std[70759c8f55707aa4]::panicking::default_hook
[INFO] [stdout]    5:     0x606ccb42de20 - test[9d35eded1c95d3be]::test_main_inner::<test[9d35eded1c95d3be]::test_main_static::{closure#0}>::{closure#0}
[INFO] [stdout]    6:     0x606ccb558c92 - std[70759c8f55707aa4]::panicking::panic_with_hook
[INFO] [stdout]    7:     0x606ccb53c334 - std[70759c8f55707aa4]::panicking::panic_handler::{closure#0}
[INFO] [stdout]    8:     0x606ccb534e59 - std[70759c8f55707aa4]::sys::backtrace::__rust_end_short_backtrace::<std[70759c8f55707aa4]::panicking::panic_handler::{closure#0}, !>
[INFO] [stdout]    9:     0x606ccb53cefd - __rustc[8fa7c3cbc660c2b3]::rust_begin_unwind
[INFO] [stdout]   10:     0x606ccb578c5c - core[df12db4294e9bfd3]::panicking::panic_fmt
[INFO] [stdout]   11:     0x606ccb578c22 - core[df12db4294e9bfd3]::panicking::panic
[INFO] [stdout]   12:     0x606ccb3f347e - procsys[2c6bae254fac1cd4]::sysfs::class_thermal::tests::thermal_devices
[INFO] [stdout]   13:     0x606ccb3ee629 - <procsys[2c6bae254fac1cd4]::sysfs::class_thermal::tests::thermal_devices::{closure#0} as core[df12db4294e9bfd3]::ops::function::FnOnce<()>>::call_once
[INFO] [stdout]   14:     0x606ccb42110b - test[9d35eded1c95d3be]::__rust_begin_short_backtrace::<core[df12db4294e9bfd3]::result::Result<(), alloc[2182bb758b4b3781]::string::String>, fn() -> core[df12db4294e9bfd3]::result::Result<(), alloc[2182bb758b4b3781]::string::String>>
[INFO] [stdout]   15:     0x606ccb42e775 - test[9d35eded1c95d3be]::run_test::{closure#0}
[INFO] [stdout]   16:     0x606ccb428034 - std[70759c8f55707aa4]::sys::backtrace::__rust_begin_short_backtrace::<test[9d35eded1c95d3be]::run_test::{closure#1}, ()>
[INFO] [stdout]   17:     0x606ccb4318d2 - <std[70759c8f55707aa4]::thread::lifecycle::spawn_unchecked<test[9d35eded1c95d3be]::run_test::{closure#1}, ()>::{closure#1} as core[df12db4294e9bfd3]::ops::function::FnOnce<()>>::call_once::{shim:vtable#0}
[INFO] [stdout]   18:     0x606ccb560079 - <std[70759c8f55707aa4]::sys::thread::unix::Thread>::new::thread_start
[INFO] [stdout]   19:     0x746aa9d09dfa - <unknown>
[INFO] [stdout]   20:     0x746aa9d9d3d4 - clone
[INFO] [stdout]   21:                0x0 - <unknown>
[INFO] [stdout] 
[INFO] [stdout] ---- process_limits::tests::proc_limits stdout ----
[INFO] [stdout] 
[INFO] [stdout] thread 'process_limits::tests::proc_limits' (1648) panicked at src/process_limits.rs:143:55:
[INFO] [stdout] running proc 26231: ProcessNotFound(26231)
[INFO] [stdout] stack backtrace:
[INFO] [stdout]    0:     0x606ccb560b11 - <<std[70759c8f55707aa4]::sys::backtrace::BacktraceLock>::print::DisplayBacktrace as core[df12db4294e9bfd3]::fmt::Display>::fmt
[INFO] [stdout]    1:     0x606ccb57847a - core[df12db4294e9bfd3]::fmt::write
[INFO] [stdout]    2:     0x606ccb56527c - <alloc[2182bb758b4b3781]::vec::Vec<u8> as core[df12db4294e9bfd3]::io::write::Write>::write_fmt
[INFO] [stdout]    3:     0x606ccb53c256 - std[70759c8f55707aa4]::panicking::default_hook::{closure#0}
[INFO] [stdout]    4:     0x606ccb558ad9 - std[70759c8f55707aa4]::panicking::default_hook
[INFO] [stdout]    5:     0x606ccb42de20 - test[9d35eded1c95d3be]::test_main_inner::<test[9d35eded1c95d3be]::test_main_static::{closure#0}>::{closure#0}
[INFO] [stdout]    6:     0x606ccb558c92 - std[70759c8f55707aa4]::panicking::panic_with_hook
[INFO] [stdout]    7:     0x606ccb53c302 - std[70759c8f55707aa4]::panicking::panic_handler::{closure#0}
[INFO] [stdout]    8:     0x606ccb534e59 - std[70759c8f55707aa4]::sys::backtrace::__rust_end_short_backtrace::<std[70759c8f55707aa4]::panicking::panic_handler::{closure#0}, !>
[INFO] [stdout]    9:     0x606ccb53cefd - __rustc[8fa7c3cbc660c2b3]::rust_begin_unwind
[INFO] [stdout]   10:     0x606ccb578c5c - core[df12db4294e9bfd3]::panicking::panic_fmt
[INFO] [stdout]   11:     0x606ccb578a32 - core[df12db4294e9bfd3]::result::unwrap_failed
[INFO] [stdout]   12:     0x606ccb40428c - procsys[2c6bae254fac1cd4]::process_limits::tests::proc_limits
[INFO] [stdout]   13:     0x606ccb3ee389 - <procsys[2c6bae254fac1cd4]::process_limits::tests::proc_limits::{closure#0} as core[df12db4294e9bfd3]::ops::function::FnOnce<()>>::call_once
[INFO] [stdout]   14:     0x606ccb42110b - test[9d35eded1c95d3be]::__rust_begin_short_backtrace::<core[df12db4294e9bfd3]::result::Result<(), alloc[2182bb758b4b3781]::string::String>, fn() -> core[df12db4294e9bfd3]::result::Result<(), alloc[2182bb758b4b3781]::string::String>>
[INFO] [stdout]   15:     0x606ccb42e775 - test[9d35eded1c95d3be]::run_test::{closure#0}
[INFO] [stdout]   16:     0x606ccb428034 - std[70759c8f55707aa4]::sys::backtrace::__rust_begin_short_backtrace::<test[9d35eded1c95d3be]::run_test::{closure#1}, ()>
[INFO] [stdout]   17:     0x606ccb4318d2 - <std[70759c8f55707aa4]::thread::lifecycle::spawn_unchecked<test[9d35eded1c95d3be]::run_test::{closure#1}, ()>::{closure#1} as core[df12db4294e9bfd3]::ops::function::FnOnce<()>>::call_once::{shim:vtable#0}
[INFO] [stdout]   18:     0x606ccb560079 - <std[70759c8f55707aa4]::sys::thread::unix::Thread>::new::thread_start
[INFO] [stdout]   19:     0x746aa9d09dfa - <unknown>
[INFO] [stdout]   20:     0x746aa9d9d3d4 - clone
[INFO] [stdout]   21:                0x0 - <unknown>
[INFO] [stdout] 
[INFO] [stdout] 
[INFO] [stdout] failures:
[INFO] [stdout]     buddyinfo::tests::buddyinfo
[INFO] [stdout]     cmdline::tests::sys_bootcmd
[INFO] [stdout]     cpuinfo::tests::cpuinfo
[INFO] [stdout]     crypto::tests::crypto_information
[INFO] [stdout]     kernel_random::tests::kernel_random_gen
[INFO] [stdout]     loadavg::tests::sys_loadavg
[INFO] [stdout]     meminfo::tests::mem_stats
[INFO] [stdout]     net_arp::tests::arp_entries
[INFO] [stdout]     net_dev::tests::net_devices
[INFO] [stdout]     net_protocols::tests::net_protocols
[INFO] [stderr] error: test failed, to rerun pass `--lib`
[INFO] [stdout]     net_sockstat::tests::sockstat_info
[INFO] [stdout]     net_unix::tests::net_unix
[INFO] [stdout]     net_wireless::tests::net_wireless
[INFO] [stdout]     process::tests::proc_collect
[INFO] [stdout]     process::tests::proc_collect_all
[INFO] [stdout]     process_cgroup::tests::proc_cgroup
[INFO] [stdout]     process_io::tests::proc_io
[INFO] [stdout]     process_limits::tests::proc_limits
[INFO] [stdout]     process_net_snmp6::tests::proc_net_snmp6
[INFO] [stdout]     process_net_snmp::tests::proc_net_snmp
[INFO] [stdout]     process_netstat::tests::proc_netstat
[INFO] [stdout]     process_ns::tests::proc_ns
[INFO] [stdout]     softirqs::tests::softirqs_stats
[INFO] [stdout]     swaps::tests::system_swaps
[INFO] [stdout]     sysfs::class_sas_host::tests::sas_host_information
[INFO] [stdout]     sysfs::class_thermal::tests::thermal_devices
[INFO] [stdout]     sysfs::class_watchdog::tests::watchdog_devices
[INFO] [stdout]     sysfs::clocksource::tests::clocksource_collect
[INFO] [stdout] 
[INFO] [stdout] test result: FAILED. 10 passed; 28 failed; 0 ignored; 0 measured; 0 filtered out; finished in 0.03s
[INFO] [stdout] 
[INFO] running `Command { std: "docker" "inspect" "4762677e530d4e50755cf0c11633e24cd4b8ccdad02ff5f6258433b909510792", kill_on_drop: false }`
[INFO] running `Command { std: "docker" "rm" "-f" "4762677e530d4e50755cf0c11633e24cd4b8ccdad02ff5f6258433b909510792", kill_on_drop: false }`
[INFO] [stdout] 4762677e530d4e50755cf0c11633e24cd4b8ccdad02ff5f6258433b909510792
