[INFO] fetching crate procfs2 0.2.5...
[INFO] testing procfs2-0.2.5 against 1.100.0-beta.1+cargoflags=--release for beta-release-1.100-2
[INFO] extracting crate procfs2 0.2.5 into /workspace/builds/worker-6-tc2/source
[INFO] started tweaking crates.io crate procfs2 0.2.5
[INFO] removed 0 missing examples
[INFO] removed 0 missing tests
[INFO] finished tweaking crates.io crate procfs2 0.2.5
[INFO] tweaked toml for crates.io crate procfs2 0.2.5 written to /workspace/builds/worker-6-tc2/source/Cargo.toml
[INFO] validating manifest of crates.io crate procfs2 0.2.5 on toolchain 1.100.0-beta.1
[INFO] running `Command { std: CARGO_HOME="/workspace/cargo-home" RUSTUP_HOME="/workspace/rustup-home" "/workspace/cargo-home/bin/cargo" "+1.100.0-beta.1" "metadata" "--manifest-path" "Cargo.toml" "--no-deps", kill_on_drop: false }`
[INFO] crate crates.io crate procfs2 0.2.5 already has a lockfile, it will not be regenerated
[INFO] running `Command { std: CARGO_HOME="/workspace/cargo-home" RUSTUP_HOME="/workspace/rustup-home" "/workspace/cargo-home/bin/cargo" "+1.100.0-beta.1" "fetch" "--manifest-path" "Cargo.toml", kill_on_drop: false }`
[INFO] running `Command { std: "docker" "create" "-v" "/var/lib/crater-agent-workspace/builds/worker-6-tc2/source:/opt/rustwide/workdir:ro,Z" "-v" "/var/lib/crater-agent-workspace/builds/worker-6-tc2/target:/opt/rustwide/target:rw,Z" "-v" "/var/lib/crater-agent-workspace/cargo-home:/opt/rustwide/cargo-home:ro,Z" "-v" "/var/lib/crater-agent-workspace/rustup-home:/opt/rustwide/rustup-home:ro,Z" "-m" "1610612736" "--network" "none" "ghcr.io/rust-lang/crates-build-env/linux@sha256:77db811e55d90add9212f6832c23229e3de5f1c1f9905e8cb07319ea15df73ac" "sleep" "infinity", kill_on_drop: false }`
[INFO] [stdout] e5500df3bcd3179da6c3cb85a75369f9efe624024f44c0d28ae077320e245cdf
[INFO] running `Command { std: "docker" "start" "e5500df3bcd3179da6c3cb85a75369f9efe624024f44c0d28ae077320e245cdf", kill_on_drop: false }`
[INFO] running `Command { std: "docker" "inspect" "e5500df3bcd3179da6c3cb85a75369f9efe624024f44c0d28ae077320e245cdf", kill_on_drop: false }`
[INFO] running `Command { std: "docker" "exec" "-e" "SOURCE_DIR=/opt/rustwide/workdir" "-e" "CARGO_HOME=/opt/rustwide/cargo-home" "-e" "RUSTUP_HOME=/opt/rustwide/rustup-home" "-e" "CARGO_TARGET_DIR=/opt/rustwide/target" "-w" "/opt/rustwide/workdir" "--user" "0:0" "e5500df3bcd3179da6c3cb85a75369f9efe624024f44c0d28ae077320e245cdf" "/opt/rustwide/cargo-home/bin/cargo" "+1.100.0-beta.1" "metadata" "--no-deps" "--format-version=1", kill_on_drop: false }`
[INFO] running `Command { std: "docker" "inspect" "e5500df3bcd3179da6c3cb85a75369f9efe624024f44c0d28ae077320e245cdf", kill_on_drop: false }`
[INFO] running `Command { std: "docker" "exec" "-e" "SOURCE_DIR=/opt/rustwide/workdir" "-e" "CARGO_HOME=/opt/rustwide/cargo-home" "-e" "RUSTUP_HOME=/opt/rustwide/rustup-home" "-e" "CARGO_TARGET_DIR=/opt/rustwide/target" "-e" "CARGO_INCREMENTAL=0" "-e" "RUST_BACKTRACE=full" "-e" "RUSTFLAGS=--cap-lints=warn" "-e" "RUSTDOCFLAGS=--cap-lints=warn" "-w" "/opt/rustwide/workdir" "--user" "0:0" "e5500df3bcd3179da6c3cb85a75369f9efe624024f44c0d28ae077320e245cdf" "/opt/rustwide/cargo-home/bin/cargo" "+1.100.0-beta.1" "build" "--frozen" "--message-format=json" "--release", kill_on_drop: false }`
[INFO] [stderr]    Compiling bitflags v2.13.2
[INFO] [stderr]    Compiling procfs2 v0.2.5 (/opt/rustwide/workdir)
[INFO] [stderr]     Finished `release` profile [optimized] target(s) in 11.00s
[INFO] running `Command { std: "docker" "inspect" "e5500df3bcd3179da6c3cb85a75369f9efe624024f44c0d28ae077320e245cdf", kill_on_drop: false }`
[INFO] running `Command { std: "docker" "exec" "-e" "SOURCE_DIR=/opt/rustwide/workdir" "-e" "CARGO_HOME=/opt/rustwide/cargo-home" "-e" "RUSTUP_HOME=/opt/rustwide/rustup-home" "-e" "CARGO_TARGET_DIR=/opt/rustwide/target" "-e" "CARGO_INCREMENTAL=0" "-e" "RUST_BACKTRACE=full" "-e" "RUSTFLAGS=--cap-lints=warn" "-e" "RUSTDOCFLAGS=--cap-lints=warn" "-w" "/opt/rustwide/workdir" "--user" "0:0" "e5500df3bcd3179da6c3cb85a75369f9efe624024f44c0d28ae077320e245cdf" "/opt/rustwide/cargo-home/bin/cargo" "+1.100.0-beta.1" "test" "--frozen" "--no-run" "--message-format=json" "--release", kill_on_drop: false }`
[INFO] [stderr]    Compiling zerocopy v0.8.48
[INFO] [stderr]    Compiling syn v2.0.117
[INFO] [stderr]    Compiling syn v3.0.3
[INFO] [stderr]    Compiling cc v1.2.61
[INFO] [stderr]    Compiling clap_lex v1.1.0
[INFO] [stderr]    Compiling regex-syntax v0.8.10
[INFO] [stderr]    Compiling rustix v1.1.4
[INFO] [stderr]    Compiling serde_json v1.0.149
[INFO] [stderr]    Compiling clap_builder v4.6.0
[INFO] [stderr]    Compiling miniz_oxide v0.8.9
[INFO] [stderr]    Compiling chrono v0.4.45
[INFO] [stderr]    Compiling alloca v0.4.0
[INFO] [stderr]    Compiling itertools v0.13.0
[INFO] [stderr]    Compiling regex-automata v0.4.14
[INFO] [stderr]    Compiling linux-raw-sys v0.12.1
[INFO] [stderr]    Compiling procfs v0.18.0
[INFO] [stderr]    Compiling procfs-core v0.18.0
[INFO] [stderr]    Compiling criterion-plot v0.8.2
[INFO] [stderr]    Compiling zerocopy-derive v0.8.48
[INFO] [stderr]    Compiling serde_derive v1.0.229
[INFO] [stderr]    Compiling futures-macro v0.3.34
[INFO] [stderr]    Compiling regex v1.12.3
[INFO] [stderr]    Compiling tokio-macros v2.7.0
[INFO] [stderr]    Compiling clap v4.6.1
[INFO] [stderr]    Compiling flate2 v1.1.9
[INFO] [stderr]    Compiling page_size v0.6.0
[INFO] [stderr]    Compiling rayon v1.12.0
[INFO] [stderr]    Compiling futures-core v0.3.34
[INFO] [stderr]    Compiling futures-util v0.3.34
[INFO] [stderr]    Compiling serde v1.0.229
[INFO] [stderr]    Compiling tinytemplate v1.2.1
[INFO] [stderr]    Compiling tokio v1.53.1
[INFO] [stderr]    Compiling procfs2 v0.2.5 (/opt/rustwide/workdir)
[INFO] [stderr]    Compiling half v2.7.1
[INFO] [stderr]    Compiling ciborium-ll v0.2.2
[INFO] [stderr]    Compiling ciborium v0.2.2
[INFO] [stderr]    Compiling criterion v0.8.2
[INFO] [stderr]     Finished `release` profile [optimized] target(s) in 2m 25s
[INFO] running `Command { std: "docker" "inspect" "e5500df3bcd3179da6c3cb85a75369f9efe624024f44c0d28ae077320e245cdf", kill_on_drop: false }`
[INFO] running `Command { std: "docker" "exec" "-e" "SOURCE_DIR=/opt/rustwide/workdir" "-e" "CARGO_HOME=/opt/rustwide/cargo-home" "-e" "RUSTUP_HOME=/opt/rustwide/rustup-home" "-e" "CARGO_TARGET_DIR=/opt/rustwide/target" "-e" "CARGO_INCREMENTAL=0" "-e" "RUST_BACKTRACE=full" "-e" "RUSTFLAGS=--cap-lints=warn" "-e" "RUSTDOCFLAGS=--cap-lints=warn" "-w" "/opt/rustwide/workdir" "--user" "0:0" "e5500df3bcd3179da6c3cb85a75369f9efe624024f44c0d28ae077320e245cdf" "/opt/rustwide/cargo-home/bin/cargo" "+1.100.0-beta.1" "test" "--frozen" "--release", kill_on_drop: false }`
[INFO] [stderr]     Finished `release` profile [optimized] target(s) in 0.10s
[INFO] [stderr]      Running unittests src/lib.rs (/opt/rustwide/target/release/build/procfs2/531abab7534248e6/out/procfs2-531abab7534248e6)
[INFO] [stdout] 
[INFO] [stdout] running 10 tests
[INFO] [stdout] test proc::process::syscall::tests::test_parse_blocked_not_in_syscall ... ok
[INFO] [stdout] test proc::process::syscall::tests::test_parse_in_syscall ... ok
[INFO] [stdout] test error::tests::io_source_is_forwarded ... ok
[INFO] [stdout] test error::tests::io_clone_eq_self ... ok
[INFO] [stdout] test error::tests::io_eq_distinguishes_path ... ok
[INFO] [stdout] test error::tests::unsupported_kernel_at_least ... ok
[INFO] [stdout] test proc::process::maps::tests::device_is_parsed_as_hex ... ok
[INFO] [stdout] test proc::process::maps::tests::maps_line_with_hex_device_parses ... ok
[INFO] [stdout] test proc::process::syscall::tests::test_parse_running ... ok
[INFO] [stdout] test error::tests::io_clone_preserves_code_and_path ... ok
[INFO] [stdout] 
[INFO] [stdout] test result: ok. 10 passed; 0 failed; 0 ignored; 0 measured; 0 filtered out; finished in 0.00s
[INFO] [stdout] 
[INFO] [stderr]      Running tests/derive.rs (/opt/rustwide/target/release/build/procfs2/aad2f46486fbd4a2/out/derive-aad2f46486fbd4a2)
[INFO] [stdout] 
[INFO] [stdout] running 0 tests
[INFO] [stdout] 
[INFO] [stdout] test result: ok. 0 passed; 0 failed; 0 ignored; 0 measured; 0 filtered out; finished in 0.00s
[INFO] [stdout] 
[INFO] [stderr]      Running tests/integration.rs (/opt/rustwide/target/release/build/procfs2/7ea992231ab6abf1/out/integration-7ea992231ab6abf1)
[INFO] [stdout] 
[INFO] [stdout] running 144 tests
[INFO] [stdout] test tests::test_live_consoles ... ok
[INFO] [stdout] test tests::test_live_consoles_fields ... ok
[INFO] [stdout] test tests::test_live_buddyinfo ... ok
[INFO] [stdout] test tests::test_live_buddyinfo_fields ... ok
[INFO] [stdout] test tests::test_live_buddyinfo_orders ... ok
[INFO] [stdout] test tests::test_live_crypto_fields ... ok
[INFO] [stdout] test tests::test_live_consoles_flags ... ok
[INFO] [stdout] test tests::test_live_current_process ... ok
[INFO] [stdout] test tests::test_live_cpuinfo_dedup ... ok
[INFO] [stdout] test tests::test_live_cpuinfo ... ok
[INFO] [stdout] test tests::test_live_crypto_self_tests ... ok
[INFO] [stdout] test tests::test_live_cpuinfo_fields ... ok
[INFO] [stdout] test tests::test_live_cpu_pressure ... ok
[INFO] [stdout] test tests::test_live_devices_names ... ok
[INFO] [stdout] test tests::test_live_diskstats ... ok
[INFO] [stdout] test tests::test_live_crypto ... ok
[INFO] [stdout] test tests::test_live_devices ... ok
[INFO] [stdout] test tests::test_live_devices_both_kinds ... ok
[INFO] [stdout] test tests::test_live_diskstats_flush_fields ... ok
[INFO] [stdout] test tests::test_live_interrupts_fields ... ok
[INFO] [stdout] test tests::test_live_filesystems_names ... ok
[INFO] [stdout] test tests::test_live_iomem ... ok
[INFO] [stdout] test tests::test_live_interrupts_monotonic ... ok
[INFO] [stdout] test tests::test_live_diskstats_io ... ok
[INFO] [stdout] test tests::test_live_filesystems ... ok
[INFO] [stdout] test tests::test_live_filesystems_both_kinds ... ok
[INFO] [stdout] test tests::test_live_iomem_system_ram ... ok
[INFO] [stdout] test tests::test_live_iomem_fields ... ok
[INFO] [stdout] test tests::test_live_interrupts ... FAILED
[INFO] [stdout] test tests::test_live_ioports ... ok
[INFO] [stdout] test tests::test_live_ioports_depth ... ok
[INFO] [stdout] test tests::test_live_irq_pressure ... ok
[INFO] [stdout] test tests::test_live_loadavg ... ok
[INFO] [stdout] test tests::test_live_meminfo ... ok
[INFO] [stdout] test tests::test_live_ioports_fields ... ok
[INFO] [stdout] test tests::test_live_misc_fields ... ok
[INFO] [stdout] test tests::test_live_misc ... ok
[INFO] [stdout] test tests::test_live_modules_live ... ok
[INFO] [stdout] test tests::test_live_modules_fields ... ok
[INFO] [stdout] test tests::test_live_mounts ... ok
[INFO] [stdout] test tests::test_live_misc_known ... ok
[INFO] [stdout] test tests::test_live_modules ... ok
[INFO] [stdout] test tests::test_live_net_arp ... ok
[INFO] [stdout] test tests::test_live_net_arp_consistency ... ok
[INFO] [stdout] test tests::test_live_memory_and_io_pressure ... ok
[INFO] [stdout] test tests::test_live_mounts_fields ... ok
[INFO] [stdout] test tests::test_live_net_arp_fields ... ok
[INFO] [stdout] test tests::test_live_mounts_root ... ok
[INFO] [stdout] test tests::test_live_net_dev ... ok
[INFO] [stdout] test tests::test_live_net_dev_fields ... ok
[INFO] [stdout] test tests::test_live_net_dev_loopback_activity ... FAILED
[INFO] [stdout] test tests::test_live_net_route_fields ... ok
[INFO] [stdout] test tests::test_live_net_route_default ... ok
[INFO] [stdout] test tests::test_live_net_snmp ... ok
[INFO] [stdout] test tests::test_live_net_snmp_consistent ... ok
[INFO] [stdout] test tests::test_live_net_snmp6_counters ... ok
[INFO] [stdout] test tests::test_live_net_snmp6_consistent ... ok
[INFO] [stdout] test tests::test_live_net_snmp6 ... ok
[INFO] [stdout] test tests::test_live_net_snmp_counters ... FAILED
[INFO] [stdout] test tests::test_live_net_tcp6_fallback ... ok
[INFO] [stdout] test tests::test_live_net_tcp6_mapped ... ok
[INFO] [stdout] test tests::test_live_net_route ... FAILED
[INFO] [stdout] test tests::test_live_net_tcp ... ok
[INFO] [stdout] test tests::test_live_locks_fields ... ok
[INFO] [stdout] test tests::test_live_locks_no_zero_pid ... ok
[INFO] [stdout] test tests::test_live_locks ... ok
[INFO] [stdout] test tests::test_live_net_tcp6 ... ok
[INFO] [stdout] test tests::test_live_net_tcp_loopback ... ok
[INFO] [stdout] test tests::test_live_net_udp6 ... ok
[INFO] [stdout] test tests::test_live_net_tcp_states ... ok
[INFO] [stdout] test tests::test_live_net_udp_states ... ok
[INFO] [stdout] test tests::test_live_net_unix_state ... ok
[INFO] [stdout] test tests::test_live_net_udp ... ok
[INFO] [stdout] test tests::test_live_net_udp_loopback ... ok
[INFO] [stdout] test tests::test_live_net_unix ... ok
[INFO] [stdout] test tests::test_live_net_unix_path ... ok
[INFO] [stdout] test tests::test_live_net_udp6_fields ... ok
[INFO] [stdout] test tests::test_live_net_udp6_ipv4_mixed ... ok
[INFO] [stdout] test tests::test_live_process_auxv ... ok
[INFO] [stdout] test tests::test_live_process_auxv_known_entries ... ok
[INFO] [stdout] test tests::test_live_process_auxv_page_size ... ok
[INFO] [stdout] test tests::test_live_partitions ... ok
[INFO] [stdout] test tests::test_live_partitions_fields ... ok
[INFO] [stdout] test tests::test_live_process_coredump_filter ... ok
[INFO] [stdout] test tests::test_live_process_cgroup ... ok
[INFO] [stdout] test tests::test_live_process_cmdline ... ok
[INFO] [stdout] test tests::test_live_process_cwd ... ok
[INFO] [stdout] test tests::test_live_process_environ ... ok
[INFO] [stdout] test tests::test_live_process_fds ... ok
[INFO] [stdout] test tests::test_live_process_exe ... ok
[INFO] [stdout] test tests::test_live_pagetypeinfo_free ... ok
[INFO] [stdout] test tests::test_live_pagetypeinfo_blocks ... ok
[INFO] [stdout] test tests::test_live_pagetypeinfo ... ok
[INFO] [stdout] test tests::test_live_process_coredump_filter_matches_file ... ok
[INFO] [stdout] test tests::test_live_process_loginuid ... ok
[INFO] [stdout] test tests::test_live_process_namespaces ... ok
[INFO] [stdout] test tests::test_live_process_maps ... ok
[INFO] [stdout] test tests::test_live_process_oom_score ... ok
[INFO] [stdout] test tests::test_live_process_oom_score_adj ... ok
[INFO] [stdout] test tests::test_live_process_oom_score_adj_matches_file ... ok
[INFO] [stdout] test tests::test_live_process_loginuid_matches_file ... ok
[INFO] [stdout] test tests::test_live_process_limits ... ok
[INFO] [stdout] test tests::test_live_process_oom_score_matches_file ... ok
[INFO] [stdout] test tests::test_live_process_sessionid ... ok
[INFO] [stdout] test tests::test_live_process_pagemap_empty_range ... ok
[INFO] [stdout] test tests::test_live_process_pagemap_count ... ok
[INFO] [stdout] test tests::test_live_process_pagemap_resident ... ok
[INFO] [stdout] test tests::test_live_process_sessionid_matches_file ... ok
[INFO] [stdout] test tests::test_live_process_smaps ... ok
[INFO] [stdout] test tests::test_live_process_smaps_rollup ... ok
[INFO] [stdout] test tests::test_live_process_statm_obsolete_fields ... ok
[INFO] [stdout] test tests::test_live_process_oom_score_adj_range ... ok
[INFO] [stdout] test tests::test_live_process_statm ... ok
[INFO] [stdout] test tests::test_live_process_oom_score_range ... ok
[INFO] [stdout] test tests::test_live_process_statm_matches_stat ... ok
[INFO] [stdout] test tests::test_live_process_status ... ok
[INFO] [stdout] test tests::test_live_process_syscall ... ok
[INFO] [stdout] test tests::test_live_process_syscall_sp_ip ... ok
[INFO] [stdout] test tests::test_live_process_threads ... ok
[INFO] [stdout] test tests::test_live_process_wchan ... ok
[INFO] [stdout] test tests::test_live_softirqs_fields ... ok
[INFO] [stdout] test tests::test_live_softirqs_monotonic ... ok
[INFO] [stdout] test tests::test_live_softirqs ... ok
[INFO] [stdout] test tests::test_live_stat ... ok
[INFO] [stdout] test tests::test_live_swaps ... ok
[INFO] [stdout] test tests::test_live_swaps_fields ... ok
[INFO] [stdout] test tests::test_live_sys_block ... ok
[INFO] [stdout] test tests::test_live_sys_cpu ... ok
[INFO] [stdout] test tests::test_live_sys_power ... ok
[INFO] [stdout] test tests::test_live_sys_net ... ok
[INFO] [stdout] test tests::test_live_uptime ... ok
[INFO] [stdout] test tests::test_live_version ... ok
[INFO] [stdout] test tests::test_live_vmstat_values ... ok
[INFO] [stdout] test tests::test_live_vmstat ... ok
[INFO] [stdout] test tests::test_live_zoneinfo ... ok
[INFO] [stdout] test tests::test_process_iteration ... ok
[INFO] [stdout] test tests::test_process_new ... ok
[INFO] [stdout] test tests::test_live_zoneinfo_fields ... ok
[INFO] [stdout] test tests::test_live_zoneinfo_pagesets ... ok
[INFO] [stdout] test tests::test_live_process_coredump_filter_inherited ... ok
[INFO] [stdout] test tests::test_live_process_sessionid_inherited ... ok
[INFO] [stdout] test tests::test_live_process_loginuid_inherited ... ok
[INFO] [stdout] test tests::test_live_process_wchan_matches_file ... ok
[INFO] [stdout] test tests::test_live_process_wchan_blocked ... ok
[INFO] [stdout] 
[INFO] [stdout] failures:
[INFO] [stdout] 
[INFO] [stdout] ---- tests::test_live_interrupts stdout ----
[INFO] [stdout] 
[INFO] [stdout] thread 'tests::test_live_interrupts' (1155) panicked at tests/integration.rs:1342:9:
[INFO] [stdout] Should have at least one CPU
[INFO] [stdout] stack backtrace:
[INFO] [stdout]    0:     0x643af9341bc1 - <<std[617be2ca0a6fd877]::sys::backtrace::BacktraceLock>::print::DisplayBacktrace as core[a373ad73a504971]::fmt::Display>::fmt
[INFO] [stdout]    1:     0x643af93572ca - core[a373ad73a504971]::fmt::write
[INFO] [stdout]    2:     0x643af934614c - <alloc[2e1b2a31b91974c5]::vec::Vec<u8> as core[a373ad73a504971]::io::write::Write>::write_fmt
[INFO] [stdout]    3:     0x643af931d016 - std[617be2ca0a6fd877]::panicking::default_hook::{closure#0}
[INFO] [stdout]    4:     0x643af9339879 - std[617be2ca0a6fd877]::panicking::default_hook
[INFO] [stdout]    5:     0x643af9285c60 - test[aada8e7e76ba119b]::test_main_inner::{closure#0}
[INFO] [stdout]    6:     0x643af9339a32 - std[617be2ca0a6fd877]::panicking::panic_with_hook
[INFO] [stdout]    7:     0x643af931d0f4 - std[617be2ca0a6fd877]::panicking::panic_handler::{closure#0}
[INFO] [stdout]    8:     0x643af9315ba9 - std[617be2ca0a6fd877]::sys::backtrace::__rust_end_short_backtrace::<std[617be2ca0a6fd877]::panicking::panic_handler::{closure#0}, !>
[INFO] [stdout]    9:     0x643af931dccd - __rustc[ea4f61d10b84890b]::rust_begin_unwind
[INFO] [stdout]   10:     0x643af93579fc - core[a373ad73a504971]::panicking::panic_fmt
[INFO] [stdout]   11:     0x643af92645c5 - <integration[bbb6ccb63ae41737]::tests::test_live_interrupts::{closure#0} as core[a373ad73a504971]::ops::function::FnOnce<()>>::call_once
[INFO] [stdout]   12:     0x643af92790ab - test[aada8e7e76ba119b]::__rust_begin_short_backtrace::<core[a373ad73a504971]::result::Result<(), alloc[2e1b2a31b91974c5]::string::String>, fn() -> core[a373ad73a504971]::result::Result<(), alloc[2e1b2a31b91974c5]::string::String>>
[INFO] [stdout]   13:     0x643af9286285 - test[aada8e7e76ba119b]::run_test::{closure#0}
[INFO] [stdout]   14:     0x643af927fb74 - std[617be2ca0a6fd877]::sys::backtrace::__rust_begin_short_backtrace::<test[aada8e7e76ba119b]::run_test::{closure#1}, ()>
[INFO] [stdout]   15:     0x643af9289312 - <std[617be2ca0a6fd877]::thread::lifecycle::spawn_unchecked<test[aada8e7e76ba119b]::run_test::{closure#1}, ()>::{closure#1} as core[a373ad73a504971]::ops::function::FnOnce<()>>::call_once::{shim:vtable#0}
[INFO] [stdout]   16:     0x643af9340daf - <std[617be2ca0a6fd877]::sys::thread::unix::Thread>::new::thread_start
[INFO] [stdout]   17:     0x790fbb974dfa - <unknown>
[INFO] [stdout]   18:     0x790fbba083d4 - clone
[INFO] [stdout]   19:                0x0 - <unknown>
[INFO] [stdout] 
[INFO] [stdout] ---- tests::test_live_net_dev_loopback_activity stdout ----
[INFO] [stdout] 
[INFO] [stdout] thread 'tests::test_live_net_dev_loopback_activity' (1185) panicked at tests/integration.rs:1881:9:
[INFO] [stdout] loopback should have received packets
[INFO] [stdout] stack backtrace:
[INFO] [stdout]    0:     0x643af9341bc1 - <<std[617be2ca0a6fd877]::sys::backtrace::BacktraceLock>::print::DisplayBacktrace as core[a373ad73a504971]::fmt::Display>::fmt
[INFO] [stdout]    1:     0x643af93572ca - core[a373ad73a504971]::fmt::write
[INFO] [stdout]    2:     0x643af934614c - <alloc[2e1b2a31b91974c5]::vec::Vec<u8> as core[a373ad73a504971]::io::write::Write>::write_fmt
[INFO] [stdout]    3:     0x643af931d016 - std[617be2ca0a6fd877]::panicking::default_hook::{closure#0}
[INFO] [stdout]    4:     0x643af9339879 - std[617be2ca0a6fd877]::panicking::default_hook
[INFO] [stdout]    5:     0x643af9285c60 - test[aada8e7e76ba119b]::test_main_inner::{closure#0}
[INFO] [stdout]    6:     0x643af9339a32 - std[617be2ca0a6fd877]::panicking::panic_with_hook
[INFO] [stdout]    7:     0x643af931d0f4 - std[617be2ca0a6fd877]::panicking::panic_handler::{closure#0}
[INFO] [stdout]    8:     0x643af9315ba9 - std[617be2ca0a6fd877]::sys::backtrace::__rust_end_short_backtrace::<std[617be2ca0a6fd877]::panicking::panic_handler::{closure#0}, !>
[INFO] [stdout]    9:     0x643af931dccd - __rustc[ea4f61d10b84890b]::rust_begin_unwind
[INFO] [stdout]   10:     0x643af93579fc - core[a373ad73a504971]::panicking::panic_fmt
[INFO] [stdout]   11:     0x643af926faca - <integration[bbb6ccb63ae41737]::tests::test_live_net_dev_loopback_activity::{closure#0} as core[a373ad73a504971]::ops::function::FnOnce<()>>::call_once
[INFO] [stdout]   12:     0x643af92790ab - test[aada8e7e76ba119b]::__rust_begin_short_backtrace::<core[a373ad73a504971]::result::Result<(), alloc[2e1b2a31b91974c5]::string::String>, fn() -> core[a373ad73a504971]::result::Result<(), alloc[2e1b2a31b91974c5]::string::String>>
[INFO] [stdout]   13:     0x643af9286285 - test[aada8e7e76ba119b]::run_test::{closure#0}
[INFO] [stdout]   14:     0x643af927fb74 - std[617be2ca0a6fd877]::sys::backtrace::__rust_begin_short_backtrace::<test[aada8e7e76ba119b]::run_test::{closure#1}, ()>
[INFO] [stdout]   15:     0x643af9289312 - <std[617be2ca0a6fd877]::thread::lifecycle::spawn_unchecked<test[aada8e7e76ba119b]::run_test::{closure#1}, ()>::{closure#1} as core[a373ad73a504971]::ops::function::FnOnce<()>>::call_once::{shim:vtable#0}
[INFO] [stdout]   16:     0x643af9340daf - <std[617be2ca0a6fd877]::sys::thread::unix::Thread>::new::thread_start
[INFO] [stdout]   17:     0x790fbb974dfa - <unknown>
[INFO] [stdout]   18:     0x790fbba083d4 - clone
[INFO] [stdout]   19:                0x0 - <unknown>
[INFO] [stdout] 
[INFO] [stdout] ---- tests::test_live_net_snmp_counters stdout ----
[INFO] [stdout] 
[INFO] [stdout] thread 'tests::test_live_net_snmp_counters' (1194) panicked at tests/integration.rs:1748:9:
[INFO] [stdout] TCP input segments should be > 0
[INFO] [stdout] stack backtrace:
[INFO] [stdout]    0:     0x643af9341bc1 - <<std[617be2ca0a6fd877]::sys::backtrace::BacktraceLock>::print::DisplayBacktrace as core[a373ad73a504971]::fmt::Display>::fmt
[INFO] [stdout]    1:     0x643af93572ca - core[a373ad73a504971]::fmt::write
[INFO] [stdout]    2:     0x643af934614c - <alloc[2e1b2a31b91974c5]::vec::Vec<u8> as core[a373ad73a504971]::io::write::Write>::write_fmt
[INFO] [stdout]    3:     0x643af931d016 - std[617be2ca0a6fd877]::panicking::default_hook::{closure#0}
[INFO] [stdout]    4:     0x643af9339879 - std[617be2ca0a6fd877]::panicking::default_hook
[INFO] [stdout]    5:     0x643af9285c60 - test[aada8e7e76ba119b]::test_main_inner::{closure#0}
[INFO] [stdout]    6:     0x643af9339a32 - std[617be2ca0a6fd877]::panicking::panic_with_hook
[INFO] [stdout]    7:     0x643af931d0f4 - std[617be2ca0a6fd877]::panicking::panic_handler::{closure#0}
[INFO] [stdout]    8:     0x643af9315ba9 - std[617be2ca0a6fd877]::sys::backtrace::__rust_end_short_backtrace::<std[617be2ca0a6fd877]::panicking::panic_handler::{closure#0}, !>
[INFO] [stdout]    9:     0x643af931dccd - __rustc[ea4f61d10b84890b]::rust_begin_unwind
[INFO] [stdout]   10:     0x643af93579fc - core[a373ad73a504971]::panicking::panic_fmt
[INFO] [stdout]   11:     0x643af926bd3a - <integration[bbb6ccb63ae41737]::tests::test_live_net_snmp_counters::{closure#0} as core[a373ad73a504971]::ops::function::FnOnce<()>>::call_once
[INFO] [stdout]   12:     0x643af92790ab - test[aada8e7e76ba119b]::__rust_begin_short_backtrace::<core[a373ad73a504971]::result::Result<(), alloc[2e1b2a31b91974c5]::string::String>, fn() -> core[a373ad73a504971]::result::Result<(), alloc[2e1b2a31b91974c5]::string::String>>
[INFO] [stdout]   13:     0x643af9286285 - test[aada8e7e76ba119b]::run_test::{closure#0}
[INFO] [stdout]   14:     0x643af927fb74 - std[617be2ca0a6fd877]::sys::backtrace::__rust_begin_short_backtrace::<test[aada8e7e76ba119b]::run_test::{closure#1}, ()>
[INFO] [stdout]   15:     0x643af9289312 - <std[617be2ca0a6fd877]::thread::lifecycle::spawn_unchecked<test[aada8e7e76ba119b]::run_test::{closure#1}, ()>::{closure#1} as core[a373ad73a504971]::ops::function::FnOnce<()>>::call_once::{shim:vtable#0}
[INFO] [stdout]   16:     0x643af9340daf - <std[617be2ca0a6fd877]::sys::thread::unix::Thread>::new::thread_start
[INFO] [stdout]   17:     0x790fbb974dfa - <unknown>
[INFO] [stdout]   18:     0x790fbba083d4 - clone
[INFO] [stdout]   19:                0x0 - <unknown>
[INFO] [stdout] 
[INFO] [stdout] ---- tests::test_live_net_route stdout ----
[INFO] [stdout] 
[INFO] [stdout] thread 'tests::test_live_net_route' (1186) panicked at tests/integration.rs:1798:9:
[INFO] [stdout] Should have at least one route
[INFO] [stdout] stack backtrace:
[INFO] [stdout]    0:     0x643af9341bc1 - <<std[617be2ca0a6fd877]::sys::backtrace::BacktraceLock>::print::DisplayBacktrace as core[a373ad73a504971]::fmt::Display>::fmt
[INFO] [stdout]    1:     0x643af93572ca - core[a373ad73a504971]::fmt::write
[INFO] [stdout]    2:     0x643af934614c - <alloc[2e1b2a31b91974c5]::vec::Vec<u8> as core[a373ad73a504971]::io::write::Write>::write_fmt
[INFO] [stdout]    3:     0x643af931d016 - std[617be2ca0a6fd877]::panicking::default_hook::{closure#0}
[INFO] [stdout]    4:     0x643af9339879 - std[617be2ca0a6fd877]::panicking::default_hook
[INFO] [stdout]    5:     0x643af9285c60 - test[aada8e7e76ba119b]::test_main_inner::{closure#0}
[INFO] [stdout]    6:     0x643af9339a32 - std[617be2ca0a6fd877]::panicking::panic_with_hook
[INFO] [stdout]    7:     0x643af931d0f4 - std[617be2ca0a6fd877]::panicking::panic_handler::{closure#0}
[INFO] [stdout]    8:     0x643af9315ba9 - std[617be2ca0a6fd877]::sys::backtrace::__rust_end_short_backtrace::<std[617be2ca0a6fd877]::panicking::panic_handler::{closure#0}, !>
[INFO] [stdout]    9:     0x643af931dccd - __rustc[ea4f61d10b84890b]::rust_begin_unwind
[INFO] [stdout]   10:     0x643af93579fc - core[a373ad73a504971]::panicking::panic_fmt
[INFO] [stdout]   11:     0x643af9263d7e - <integration[bbb6ccb63ae41737]::tests::test_live_net_route::{closure#0} as core[a373ad73a504971]::ops::function::FnOnce<()>>::call_once
[INFO] [stdout]   12:     0x643af92790ab - test[aada8e7e76ba119b]::__rust_begin_short_backtrace::<core[a373ad73a504971]::result::Result<(), alloc[2e1b2a31b91974c5]::string::String>, fn() -> core[a373ad73a504971]::result::Result<(), alloc[2e1b2a31b91974c5]::string::String>>
[INFO] [stdout]   13:     0x643af9286285 - test[aada8e7e76ba119b]::run_test::{closure#0}
[INFO] [stdout]   14:     0x643af927fb74 - std[617be2ca0a6fd877]::sys::backtrace::__rust_begin_short_backtrace::<test[aada8e7e76ba119b]::run_test::{closure#1}, ()>
[INFO] [stdout]   15:     0x643af9289312 - <std[617be2ca0a6fd877]::thread::lifecycle::spawn_unchecked<test[aada8e7e76ba119b]::run_test::{closure#1}, ()>::{closure#1} as core[a373ad73a504971]::ops::function::FnOnce<()>>::call_once::{shim:vtable#0}
[INFO] [stdout]   16:     0x643af9340daf - <std[617be2ca0a6fd877]::sys::thread::unix::Thread>::new::thread_start
[INFO] [stdout]   17:     0x790fbb974dfa - <unknown>
[INFO] [stdout]   18:     0x790fbba083d4 - clone
[INFO] [stdout]   19:                0x0 - <unknown>
[INFO] [stdout] 
[INFO] [stdout] 
[INFO] [stdout] failures:
[INFO] [stdout]     tests::test_live_interrupts
[INFO] [stdout]     tests::test_live_net_dev_loopback_activity
[INFO] [stdout]     tests::test_live_net_route
[INFO] [stdout]     tests::test_live_net_snmp_counters
[INFO] [stdout] 
[INFO] [stdout] test result: FAILED. 140 passed; 4 failed; 0 ignored; 0 measured; 0 filtered out; finished in 2.25s
[INFO] [stdout] 
[INFO] [stderr] error: test failed, to rerun pass `--test integration`
[INFO] running `Command { std: "docker" "inspect" "e5500df3bcd3179da6c3cb85a75369f9efe624024f44c0d28ae077320e245cdf", kill_on_drop: false }`
[INFO] running `Command { std: "docker" "rm" "-f" "e5500df3bcd3179da6c3cb85a75369f9efe624024f44c0d28ae077320e245cdf", kill_on_drop: false }`
[INFO] [stdout] e5500df3bcd3179da6c3cb85a75369f9efe624024f44c0d28ae077320e245cdf
