[INFO] fetching crate procfs 0.18.0...
[INFO] testing procfs-0.18.0 against 1.99.0-beta.8+cargoflags=--release for beta-release-1.100-2
[INFO] extracting crate procfs 0.18.0 into /workspace/builds/worker-2-tc1/source
[INFO] started tweaking crates.io crate procfs 0.18.0
[INFO] removed 0 missing examples
[INFO] finished tweaking crates.io crate procfs 0.18.0
[INFO] tweaked toml for crates.io crate procfs 0.18.0 written to /workspace/builds/worker-2-tc1/source/Cargo.toml
[INFO] validating manifest of crates.io crate procfs 0.18.0 on toolchain 1.99.0-beta.8
[INFO] running `Command { std: CARGO_HOME="/workspace/cargo-home" RUSTUP_HOME="/workspace/rustup-home" "/workspace/cargo-home/bin/cargo" "+1.99.0-beta.8" "metadata" "--manifest-path" "Cargo.toml" "--no-deps", kill_on_drop: false }`
[INFO] crate crates.io crate procfs 0.18.0 already has a lockfile, it will not be regenerated
[INFO] running `Command { std: CARGO_HOME="/workspace/cargo-home" RUSTUP_HOME="/workspace/rustup-home" "/workspace/cargo-home/bin/cargo" "+1.99.0-beta.8" "fetch" "--manifest-path" "Cargo.toml", kill_on_drop: false }`
[INFO] [stderr]     Updating crates.io index
[INFO] [stderr]  Downloading crates ...
[INFO] [stderr]   Downloaded wasm-bindgen-macro v0.2.93
[INFO] [stderr]   Downloaded is-terminal v0.4.13
[INFO] [stderr]   Downloaded oorandom v11.1.4
[INFO] [stderr]   Downloaded clap_lex v0.7.2
[INFO] [stderr]   Downloaded hermit-abi v0.4.0
[INFO] [stderr]   Downloaded wasm-bindgen-shared v0.2.93
[INFO] [stderr]   Downloaded procinfo v0.4.2
[INFO] [stderr]   Downloaded wasm-bindgen-macro-support v0.2.93
[INFO] [stderr]   Downloaded wasm-bindgen-backend v0.2.93
[INFO] [stderr]   Downloaded anstyle v1.0.8
[INFO] [stderr]   Downloaded crc32fast v1.4.2
[INFO] [stderr]   Downloaded wasm-bindgen v0.2.93
[INFO] [stderr]   Downloaded clap v4.5.19
[INFO] [stderr]   Downloaded js-sys v0.3.70
[INFO] [stderr]   Downloaded miniz_oxide v0.8.0
[INFO] [stderr]   Downloaded nom v2.2.1
[INFO] [stderr]   Downloaded syn v2.0.79
[INFO] [stderr]   Downloaded procfs-core v0.18.0
[INFO] [stderr]   Downloaded cc v1.1.28
[INFO] [stderr]   Downloaded flate2 v1.0.34
[INFO] [stderr]   Downloaded serde_json v1.0.128
[INFO] [stderr]   Downloaded clap_builder v4.5.19
[INFO] [stderr]   Downloaded regex v1.11.0
[INFO] [stderr]   Downloaded object v0.36.5
[INFO] [stderr]   Downloaded rustix v1.0.8
[INFO] [stderr]   Downloaded web-sys v0.3.70
[INFO] [stderr]   Downloaded regex-automata v0.4.8
[INFO] [stderr]   Downloaded libc v0.2.175
[INFO] running `Command { std: "docker" "create" "-v" "/var/lib/crater-agent-workspace/builds/worker-2-tc1/source:/opt/rustwide/workdir:ro,Z" "-v" "/var/lib/crater-agent-workspace/builds/worker-2-tc1/target:/opt/rustwide/target:rw,Z" "-v" "/var/lib/crater-agent-workspace/cargo-home:/opt/rustwide/cargo-home:ro,Z" "-v" "/var/lib/crater-agent-workspace/rustup-home:/opt/rustwide/rustup-home:ro,Z" "-m" "1610612736" "--network" "none" "ghcr.io/rust-lang/crates-build-env/linux@sha256:77db811e55d90add9212f6832c23229e3de5f1c1f9905e8cb07319ea15df73ac" "sleep" "infinity", kill_on_drop: false }`
[INFO] [stdout] 37ae72d4d3f49d6c2a6f328b85a53e39cc9bfdefee307b48d205980cc17ab34c
[INFO] running `Command { std: "docker" "start" "37ae72d4d3f49d6c2a6f328b85a53e39cc9bfdefee307b48d205980cc17ab34c", kill_on_drop: false }`
[INFO] running `Command { std: "docker" "inspect" "37ae72d4d3f49d6c2a6f328b85a53e39cc9bfdefee307b48d205980cc17ab34c", kill_on_drop: false }`
[INFO] running `Command { std: "docker" "exec" "-e" "SOURCE_DIR=/opt/rustwide/workdir" "-e" "CARGO_HOME=/opt/rustwide/cargo-home" "-e" "RUSTUP_HOME=/opt/rustwide/rustup-home" "-e" "CARGO_TARGET_DIR=/opt/rustwide/target" "-w" "/opt/rustwide/workdir" "--user" "0:0" "37ae72d4d3f49d6c2a6f328b85a53e39cc9bfdefee307b48d205980cc17ab34c" "/opt/rustwide/cargo-home/bin/cargo" "+1.99.0-beta.8" "metadata" "--no-deps" "--format-version=1", kill_on_drop: false }`
[INFO] running `Command { std: "docker" "inspect" "37ae72d4d3f49d6c2a6f328b85a53e39cc9bfdefee307b48d205980cc17ab34c", kill_on_drop: false }`
[INFO] running `Command { std: "docker" "exec" "-e" "SOURCE_DIR=/opt/rustwide/workdir" "-e" "CARGO_HOME=/opt/rustwide/cargo-home" "-e" "RUSTUP_HOME=/opt/rustwide/rustup-home" "-e" "CARGO_TARGET_DIR=/opt/rustwide/target" "-e" "CARGO_INCREMENTAL=0" "-e" "RUST_BACKTRACE=full" "-e" "RUSTFLAGS=--cap-lints=warn" "-e" "RUSTDOCFLAGS=--cap-lints=warn" "-w" "/opt/rustwide/workdir" "--user" "0:0" "37ae72d4d3f49d6c2a6f328b85a53e39cc9bfdefee307b48d205980cc17ab34c" "/opt/rustwide/cargo-home/bin/cargo" "+1.99.0-beta.8" "build" "--frozen" "--message-format=json" "--release", kill_on_drop: false }`
[INFO] [stderr]    Compiling autocfg v1.4.0
[INFO] [stderr]    Compiling adler2 v2.0.0
[INFO] [stderr]    Compiling bitflags v2.6.0
[INFO] [stderr]    Compiling cfg-if v1.0.0
[INFO] [stderr]    Compiling rustix v1.0.8
[INFO] [stderr]    Compiling iana-time-zone v0.1.61
[INFO] [stderr]    Compiling linux-raw-sys v0.9.4
[INFO] [stderr]    Compiling procfs v0.18.0 (/opt/rustwide/workdir)
[INFO] [stderr]    Compiling hex v0.4.3
[INFO] [stderr]    Compiling crc32fast v1.4.2
[INFO] [stderr]    Compiling miniz_oxide v0.8.0
[INFO] [stderr]    Compiling num-traits v0.2.19
[INFO] [stderr]    Compiling flate2 v1.0.34
[INFO] [stderr]    Compiling chrono v0.4.38
[INFO] [stderr]    Compiling procfs-core v0.18.0
[INFO] [stdout] warning: use of deprecated constant `std::usize::MAX`: replaced by the `MAX` associated constant on this type
[INFO] [stdout]   --> src/process/pagemap.rs:51:45
[INFO] [stdout]    |
[INFO] [stdout] 51 |             Bound::Unbounded => std::usize::MAX / crate::page_size() as usize,
[INFO] [stdout]    |                                             ^^^
[INFO] [stdout]    |
[INFO] [stdout]    = note: `#[warn(deprecated)]` on by default
[INFO] [stdout] 
[INFO] [stdout] 
[INFO] [stderr]     Finished `release` profile [optimized] target(s) in 21.56s
[INFO] running `Command { std: "docker" "inspect" "37ae72d4d3f49d6c2a6f328b85a53e39cc9bfdefee307b48d205980cc17ab34c", kill_on_drop: false }`
[INFO] running `Command { std: "docker" "exec" "-e" "SOURCE_DIR=/opt/rustwide/workdir" "-e" "CARGO_HOME=/opt/rustwide/cargo-home" "-e" "RUSTUP_HOME=/opt/rustwide/rustup-home" "-e" "CARGO_TARGET_DIR=/opt/rustwide/target" "-e" "CARGO_INCREMENTAL=0" "-e" "RUST_BACKTRACE=full" "-e" "RUSTFLAGS=--cap-lints=warn" "-e" "RUSTDOCFLAGS=--cap-lints=warn" "-w" "/opt/rustwide/workdir" "--user" "0:0" "37ae72d4d3f49d6c2a6f328b85a53e39cc9bfdefee307b48d205980cc17ab34c" "/opt/rustwide/cargo-home/bin/cargo" "+1.99.0-beta.8" "test" "--frozen" "--no-run" "--message-format=json" "--release", kill_on_drop: false }`
[INFO] [stderr]    Compiling proc-macro2 v1.0.86
[INFO] [stderr]    Compiling unicode-ident v1.0.13
[INFO] [stderr]    Compiling crossbeam-utils v0.8.20
[INFO] [stderr]    Compiling libc v0.2.175
[INFO] [stderr]    Compiling serde v1.0.210
[INFO] [stderr]    Compiling memchr v2.7.4
[INFO] [stderr]    Compiling semver-parser v0.7.0
[INFO] [stderr]    Compiling syn v1.0.109
[INFO] [stderr]    Compiling rayon-core v1.12.1
[INFO] [stderr]    Compiling either v1.13.0
[INFO] [stderr]    Compiling serde_json v1.0.128
[INFO] [stderr]    Compiling failure_derive v0.1.8
[INFO] [stderr]    Compiling half v2.4.1
[INFO] [stderr]    Compiling regex-syntax v0.8.5
[INFO] [stderr]    Compiling plotters-backend v0.3.7
[INFO] [stderr]    Compiling unicode-xid v0.2.6
[INFO] [stderr]    Compiling clap_lex v0.7.2
[INFO] [stderr]    Compiling anstyle v1.0.8
[INFO] [stderr]    Compiling gimli v0.31.1
[INFO] [stderr]    Compiling itoa v1.0.11
[INFO] [stderr]    Compiling ryu v1.0.18
[INFO] [stderr]    Compiling rustc-demangle v0.1.24
[INFO] [stderr]    Compiling semver v0.9.0
[INFO] [stderr]    Compiling ciborium-ll v0.2.2
[INFO] [stderr]    Compiling itertools v0.10.5
[INFO] [stderr]    Compiling clap_builder v4.5.19
[INFO] [stderr]    Compiling plotters-svg v0.3.7
[INFO] [stderr]    Compiling cast v0.3.0
[INFO] [stderr]    Compiling rustc_version v0.2.3
[INFO] [stderr]    Compiling byteorder v1.5.0
[INFO] [stderr]    Compiling anes v0.1.6
[INFO] [stderr]    Compiling plotters v0.3.7
[INFO] [stderr]    Compiling procinfo v0.4.2
[INFO] [stderr]    Compiling oorandom v11.1.4
[INFO] [stderr]    Compiling once_cell v1.20.2
[INFO] [stderr]    Compiling object v0.36.5
[INFO] [stderr]    Compiling nom v2.2.1
[INFO] [stderr]    Compiling quote v1.0.37
[INFO] [stdout] warning: use of deprecated constant `std::usize::MAX`: replaced by the `MAX` associated constant on this type
[INFO] [stdout]   --> src/process/pagemap.rs:51:45
[INFO] [stdout]    |
[INFO] [stdout] 51 |             Bound::Unbounded => std::usize::MAX / crate::page_size() as usize,
[INFO] [stdout]    |                                             ^^^
[INFO] [stdout]    |
[INFO] [stdout]    = note: `#[warn(deprecated)]` on by default
[INFO] [stdout] 
[INFO] [stdout] 
[INFO] [stderr]    Compiling crossbeam-epoch v0.9.18
[INFO] [stderr]    Compiling syn v2.0.79
[INFO] [stderr]    Compiling is-terminal v0.4.13
[INFO] [stderr]    Compiling crossbeam-deque v0.8.5
[INFO] [stderr]    Compiling criterion-plot v0.5.0
[INFO] [stderr]    Compiling rayon v1.10.0
[INFO] [stderr]    Compiling regex-automata v0.4.8
[INFO] [stderr]    Compiling clap v4.5.19
[INFO] [stderr]    Compiling addr2line v0.24.2
[INFO] [stderr]    Compiling synstructure v0.12.6
[INFO] [stderr]    Compiling regex v1.11.0
[INFO] [stderr]    Compiling serde_derive v1.0.210
[INFO] [stderr]    Compiling backtrace v0.3.74
[INFO] [stderr]    Compiling failure v0.1.8
[INFO] [stderr]    Compiling ciborium v0.2.2
[INFO] [stderr]    Compiling tinytemplate v1.2.1
[INFO] [stderr]    Compiling criterion v0.5.1
[INFO] [stderr]    Compiling procfs v0.18.0 (/opt/rustwide/workdir)
[INFO] [stdout] warning: unexpected `cfg` condition name: `tarpaulin`
[INFO] [stdout]    --> src/process/task.rs:132:15
[INFO] [stdout]     |
[INFO] [stdout] 132 |     #[cfg(not(tarpaulin))] // this test is unstable under tarpaulin, and i'm yet sure why
[INFO] [stdout]     |               ^^^^^^^^^
[INFO] [stdout]     |
[INFO] [stdout]     = help: expected names are: `docsrs`, `feature`, and `test` and 34 more
[INFO] [stdout]     = help: consider using a Cargo feature instead
[INFO] [stdout]     = help: or consider adding in `Cargo.toml` the `check-cfg` lint config for the lint:
[INFO] [stdout]              [lints.rust]
[INFO] [stdout]              unexpected_cfgs = { level = "warn", check-cfg = ['cfg(tarpaulin)'] }
[INFO] [stdout]     = help: or consider adding `println!("cargo::rustc-check-cfg=cfg(tarpaulin)");` to the top of the `build.rs`
[INFO] [stdout]     = note: see <https://doc.rust-lang.org/nightly/rustc/check-cfg/cargo-specifics.html> for more information about checking conditional configuration
[INFO] [stdout]     = note: `#[warn(unexpected_cfgs)]` on by default
[INFO] [stdout] 
[INFO] [stdout] 
[INFO] [stdout] warning: use of deprecated constant `std::usize::MAX`: replaced by the `MAX` associated constant on this type
[INFO] [stdout]   --> src/process/pagemap.rs:51:45
[INFO] [stdout]    |
[INFO] [stdout] 51 |             Bound::Unbounded => std::usize::MAX / crate::page_size() as usize,
[INFO] [stdout]    |                                             ^^^
[INFO] [stdout]    |
[INFO] [stdout]    = note: `#[warn(deprecated)]` on by default
[INFO] [stdout] 
[INFO] [stdout] 
[INFO] [stderr]     Finished `release` profile [optimized] target(s) in 1m 10s
[INFO] [stderr] warning: the following packages contain code that will be rejected by a future version of Rust: nom v2.2.1
[INFO] [stderr] note: to see what the problems were, use the option `--future-incompat-report`, or run `cargo report future-incompatibilities --id 1`
[INFO] running `Command { std: "docker" "inspect" "37ae72d4d3f49d6c2a6f328b85a53e39cc9bfdefee307b48d205980cc17ab34c", kill_on_drop: false }`
[INFO] running `Command { std: "docker" "exec" "-e" "SOURCE_DIR=/opt/rustwide/workdir" "-e" "CARGO_HOME=/opt/rustwide/cargo-home" "-e" "RUSTUP_HOME=/opt/rustwide/rustup-home" "-e" "CARGO_TARGET_DIR=/opt/rustwide/target" "-e" "CARGO_INCREMENTAL=0" "-e" "RUST_BACKTRACE=full" "-e" "RUSTFLAGS=--cap-lints=warn" "-e" "RUSTDOCFLAGS=--cap-lints=warn" "-w" "/opt/rustwide/workdir" "--user" "0:0" "37ae72d4d3f49d6c2a6f328b85a53e39cc9bfdefee307b48d205980cc17ab34c" "/opt/rustwide/cargo-home/bin/cargo" "+1.99.0-beta.8" "test" "--frozen" "--release", kill_on_drop: false }`
[INFO] [stderr] warning: use of deprecated constant `std::usize::MAX`: replaced by the `MAX` associated constant on this type
[INFO] [stderr]   --> src/process/pagemap.rs:51:45
[INFO] [stderr]    |
[INFO] [stderr] 51 |             Bound::Unbounded => std::usize::MAX / crate::page_size() as usize,
[INFO] [stderr]    |                                             ^^^
[INFO] [stderr]    |
[INFO] [stderr]    = note: `#[warn(deprecated)]` on by default
[INFO] [stderr] 
[INFO] [stderr] warning: `procfs` (lib) generated 1 warning
[INFO] [stderr] warning: unexpected `cfg` condition name: `tarpaulin`
[INFO] [stderr]    --> src/process/task.rs:132:15
[INFO] [stderr]     |
[INFO] [stderr] 132 |     #[cfg(not(tarpaulin))] // this test is unstable under tarpaulin, and i'm yet sure why
[INFO] [stderr]     |               ^^^^^^^^^
[INFO] [stderr]     |
[INFO] [stderr]     = help: expected names are: `docsrs`, `feature`, and `test` and 34 more
[INFO] [stderr]     = help: consider using a Cargo feature instead
[INFO] [stderr]     = help: or consider adding in `Cargo.toml` the `check-cfg` lint config for the lint:
[INFO] [stderr]              [lints.rust]
[INFO] [stderr]              unexpected_cfgs = { level = "warn", check-cfg = ['cfg(tarpaulin)'] }
[INFO] [stderr]     = help: or consider adding `println!("cargo::rustc-check-cfg=cfg(tarpaulin)");` to the top of the `build.rs`
[INFO] [stderr]     = note: see <https://doc.rust-lang.org/nightly/rustc/check-cfg/cargo-specifics.html> for more information about checking conditional configuration
[INFO] [stderr]     = note: `#[warn(unexpected_cfgs)]` on by default
[INFO] [stderr] 
[INFO] [stderr] warning: `procfs` (lib test) generated 2 warnings (1 duplicate)
[INFO] [stderr]     Finished `release` profile [optimized] target(s) in 0.12s
[INFO] [stderr] warning: the following packages contain code that will be rejected by a future version of Rust: nom v2.2.1
[INFO] [stderr] note: to see what the problems were, use the option `--future-incompat-report`, or run `cargo report future-incompatibilities --id 1`
[INFO] [stderr]      Running unittests src/lib.rs (/opt/rustwide/target/release/deps/procfs-88056168c10c7778)
[INFO] [stdout] 
[INFO] [stdout] running 98 tests
[INFO] [stdout] test net::tests::test_arp ... ok
[INFO] [stdout] test net::tests::test_dev_status ... ok
[INFO] [stdout] test cgroups::tests::test_cgroups ... ok
[INFO] [stdout] test net::tests::test_tcp6 ... ok
[INFO] [stdout] test net::tests::test_udp ... ok
[INFO] [stdout] test net::tests::test_route ... ok
[INFO] [stdout] test net::tests::test_udp6 ... ok
[INFO] [stdout] test net::tests::test_snmp6 ... ok
[INFO] [stdout] test net::tests::test_tcp ... ok
[INFO] [stdout] test net::tests::test_unix ... ok
[INFO] [stdout] test keyring::tests::test_keys ... ok
[INFO] [stdout] test crypto::tests::read_crypto ... ok
[INFO] [stdout] test kpageflags::tests::test_kpageflags_parsing ... ok
[INFO] [stdout] test process::namespaces::tests::test_namespaces ... ok
[INFO] [stdout] test cgroups::tests::test_process_cgroups ... ok
[INFO] [stdout] test process::tests::test_fdtarget ... ok
[INFO] [stdout] test process::tests::test_fdtarget_memfd ... ok
[INFO] [stdout] test net::tests::test_snmp ... ok
[INFO] [stdout] test process::tests::test_main_thread_task ... ok
[INFO] [stdout] test process::tests::test_error_handling ... ok
[INFO] [stdout] test process::task::tests::test_error_msg ... ok
[INFO] [stdout] test process::tests::test_network_stuff ... ok
[INFO] [stdout] test process::tests::test_nopanic ... ok
[INFO] [stdout] test process::tests::test_mmap_path ... ok
[INFO] [stdout] test process::tests::test_proc_coredump ... ok
[INFO] [stdout] test process::tests::test_proc_environ ... ok
[INFO] [stdout] test process::tests::test_proc_fd ... ok
[INFO] [stdout] test process::tests::test_proc_fds ... ok
[INFO] [stdout] test process::tests::test_proc_io ... ok
[INFO] [stdout] test process::tests::test_mountinfo_live ... ok
[INFO] [stdout] test process::tests::test_limits ... ok
[INFO] [stdout] test process::tests::test_proc_status ... ok
[INFO] [stdout] test process::tests::test_proc_pagemap ... ok
[INFO] [stdout] test process::tests::test_proc_fd_count_runsinglethread ... FAILED
[INFO] [stdout] test process::tests::test_proc_loginuid ... ok
[INFO] [stdout] test process::tests::test_proc_auxv ... FAILED
[INFO] [stdout] test process::tests::test_proc_mountstats_live ... ok
[INFO] [stdout] test process::tests::test_proc_status_for_kthreadd ... ok
[INFO] [stdout] test process::tests::test_self_proc ... ok
[INFO] [stdout] test sys::fs::binfmt_misc::tests::binfmt ... ok
[INFO] [stdout] test sys::fs::binfmt_misc::tests::flags_parsing ... ok
[INFO] [stdout] test process::tests::test_proc_wchan ... ok
[INFO] [stdout] test process::tests::test_statm ... ok
[INFO] [stdout] test process::tests::test_schedstat ... ok
[INFO] [stdout] test sys::fs::binfmt_misc::tests::live ... ok
[INFO] [stdout] test sys::fs::binfmt_misc::tests::parse_magic ... ok
[INFO] [stdout] test sys::fs::binfmt_misc::tests::test_enabled ... ok
[INFO] [stdout] test sys::fs::epoll::tests::test_max_user_watches ... ok
[INFO] [stdout] test process::tests::test_smaps_rollup ... ok
[INFO] [stdout] test sys::fs::tests::dentry ... ok
[INFO] [stdout] test sys::fs::tests::filenr ... ok
[INFO] [stdout] test sys::kernel::random::tests::test_entropy_avail ... ok
[INFO] [stdout] test sys::kernel::random::tests::test_read_wakeup_threshold ... ok
[INFO] [stdout] test sys::kernel::keys::tests::test_keys ... ok
[INFO] [stdout] test sys::kernel::random::tests::test_poolsize ... ok
[INFO] [stdout] test sys::kernel::random::tests::test_uuid_fns ... ok
[INFO] [stdout] test sys::kernel::tests::test_build_info ... ok
[INFO] [stdout] test sys::kernel::random::tests::test_write_wakeup_threshold ... FAILED
[INFO] [stdout] test process::tests::test_smaps ... ok
[INFO] [stdout] test sys::kernel::tests::test_current ... ok
[INFO] [stdout] test sys::kernel::tests::test_semaphore_limits ... ok
[INFO] [stdout] test sys::kernel::tests::test_pid_max ... ok
[INFO] [stdout] test sys::kernel::tests::test_sem ... ok
[INFO] [stdout] test sys::kernel::tests::test_sysrq ... ok
[INFO] [stdout] test sys::kernel::tests::test_shmall ... ok
[INFO] [stdout] test sys::kernel::tests::test_threads_max ... ok
[INFO] [stdout] test sys::kernel::tests::test_version ... ok
[INFO] [stdout] test sys::kernel::tests::test_shmmni ... ok
[INFO] [stdout] test process::tests::test_proc_maps ... ok
[INFO] [stdout] test sys::kernel::tests::test_shmmax ... ok
[INFO] [stdout] test sys::kernel::tests::test_type ... ok
[INFO] [stdout] test sys::vm::tests::test ... ok
[INFO] [stdout] test tests::test_cmdline ... ok
[INFO] [stdout] test tests::test_failure ... ok
[INFO] [stdout] test tests::test_cpu_pressure ... ok
[INFO] [stdout] test tests::test_diskstats ... ok
[INFO] [stdout] test tests::test_esrch ... ok
[INFO] [stdout] test tests::test_loadavg ... ok
[INFO] [stdout] test tests::test_cpuinfo ... ok
[INFO] [stdout] test tests::test_devices ... ok
[INFO] [stdout] test tests::test_io_pressure ... ok
[INFO] [stdout] test tests::test_mem_pressure ... ok
[INFO] [stdout] test tests::test_kernel_config ... ok
[INFO] [stdout] test tests::test_file_io_errors ... ok
[INFO] [stdout] test tests::test_meminfo ... ok
[INFO] [stdout] test tests::test_kernel_stat ... ok
[INFO] [stdout] test tests::tests_tps ... ok
[INFO] [stdout] test tests::test_modules ... ok
[INFO] [stdout] test tests::test_statics ... ok
[INFO] [stdout] test process::tests::test_proc_exe ... ok
[INFO] [stdout] test tests::test_vmstat ... ok
[INFO] [stdout] test keyring::tests::test_key_users ... ok
[INFO] [stdout] test process::task::tests::test_task_children ... ok
[INFO] [stdout] test tests::test_locks ... ok
[INFO] [stdout] test process::tests::test_all ... FAILED
[INFO] [stdout] test process::tests::test_proc_alive ... ok
[INFO] [stdout] test process::task::tests::test_task_runsinglethread ... ok
[INFO] [stderr] error: test failed, to rerun pass `--lib`
[INFO] [stdout] test process::tests::test_procinfo ... ok
[INFO] [stdout] 
[INFO] [stdout] failures:
[INFO] [stdout] 
[INFO] [stdout] ---- process::tests::test_proc_fd_count_runsinglethread stdout ----
[INFO] [stdout] 
[INFO] [stdout] thread 'process::tests::test_proc_fd_count_runsinglethread' (2147) panicked at src/process/tests.rs:357:5:
[INFO] [stdout] assertion `left == right` failed: opened two files and expected 13 open fds, saw 14
[INFO] [stdout]   left: 13
[INFO] [stdout]  right: 14
[INFO] [stdout] stack backtrace:
[INFO] [stdout]    0:     0x5970bad99451 - <<std[70759c8f55707aa4]::sys::backtrace::BacktraceLock>::print::DisplayBacktrace as core[df12db4294e9bfd3]::fmt::Display>::fmt
[INFO] [stdout]    1:     0x5970badb078a - core[df12db4294e9bfd3]::fmt::write
[INFO] [stdout]    2:     0x5970bad9dd9c - <alloc[2182bb758b4b3781]::vec::Vec<u8> as core[df12db4294e9bfd3]::io::write::Write>::write_fmt
[INFO] [stdout]    3:     0x5970bad74416 - std[70759c8f55707aa4]::panicking::default_hook::{closure#0}
[INFO] [stdout]    4:     0x5970bad90da9 - std[70759c8f55707aa4]::panicking::default_hook
[INFO] [stdout]    5:     0x5970bacfbc70 - test[9d35eded1c95d3be]::test_main_inner::<test[9d35eded1c95d3be]::test_main_static::{closure#0}>::{closure#0}
[INFO] [stdout]    6:     0x5970bad90f62 - std[70759c8f55707aa4]::panicking::panic_with_hook
[INFO] [stdout]    7:     0x5970bad744c2 - std[70759c8f55707aa4]::panicking::panic_handler::{closure#0}
[INFO] [stdout]    8:     0x5970bad6cfe9 - std[70759c8f55707aa4]::sys::backtrace::__rust_end_short_backtrace::<std[70759c8f55707aa4]::panicking::panic_handler::{closure#0}, !>
[INFO] [stdout]    9:     0x5970bad750bd - __rustc[8fa7c3cbc660c2b3]::rust_begin_unwind
[INFO] [stdout]   10:     0x5970badb0efc - core[df12db4294e9bfd3]::panicking::panic_fmt
[INFO] [stdout]   11:     0x5970badb0e73 - core[df12db4294e9bfd3]::panicking::assert_failed_inner
[INFO] [stdout]   12:     0x5970badab328 - core[df12db4294e9bfd3]::panicking::assert_failed::<usize, usize>
[INFO] [stdout]   13:     0x5970bac7a97c - procfs[50beff34f5d77995]::process::tests::test_proc_fd_count_runsinglethread
[INFO] [stdout]   14:     0x5970baca8db9 - <procfs[50beff34f5d77995]::process::tests::test_proc_fd_count_runsinglethread::{closure#0} as core[df12db4294e9bfd3]::ops::function::FnOnce<()>>::call_once
[INFO] [stdout]   15:     0x5970baceef5b - test[9d35eded1c95d3be]::__rust_begin_short_backtrace::<core[df12db4294e9bfd3]::result::Result<(), alloc[2182bb758b4b3781]::string::String>, fn() -> core[df12db4294e9bfd3]::result::Result<(), alloc[2182bb758b4b3781]::string::String>>
[INFO] [stdout]   16:     0x5970bacfc5c5 - test[9d35eded1c95d3be]::run_test::{closure#0}
[INFO] [stdout]   17:     0x5970bacf5e84 - std[70759c8f55707aa4]::sys::backtrace::__rust_begin_short_backtrace::<test[9d35eded1c95d3be]::run_test::{closure#1}, ()>
[INFO] [stdout]   18:     0x5970bacff722 - <std[70759c8f55707aa4]::thread::lifecycle::spawn_unchecked<test[9d35eded1c95d3be]::run_test::{closure#1}, ()>::{closure#1} as core[df12db4294e9bfd3]::ops::function::FnOnce<()>>::call_once::{shim:vtable#0}
[INFO] [stdout]   19:     0x5970bad984a9 - <std[70759c8f55707aa4]::sys::thread::unix::Thread>::new::thread_start
[INFO] [stdout]   20:     0x7905a5da7dfa - <unknown>
[INFO] [stdout]   21:     0x7905a5e3b3d4 - clone
[INFO] [stdout]   22:                0x0 - <unknown>
[INFO] [stdout] 
[INFO] [stdout] ---- process::tests::test_proc_auxv stdout ----
[INFO] [stdout] {11: 0, 15: 140731009853769, 25: 140731009853753, 16: 395049983, 7: 133065166348288, 14: 0, 4: 56, 31: 140731009859518, 12: 0, 27: 33, 33: 133065166340096, 6: 4096, 9: 98340704639136, 26: 2, 51: 1776, 3: 98340704141376, 8: 0, 17: 100, 13: 0, 28: 64, 23: 0, 5: 12}
[INFO] [stdout] Real UID: 0
[INFO] [stdout] Platform string address: 0x7ffe7dd9e949
[INFO] [stdout] Platform string: "x86_64"
[INFO] [stdout] Address of 16 random bytes: 0x7ffe7dd9e939
[INFO] [stdout] HW Cap: 0x178bfbff
[INFO] [stdout] Base address: 0x7905a5f8e000
[INFO] [stdout] Effective GID: 0
[INFO] [stdout] 
[INFO] [stdout] thread 'process::tests::test_proc_auxv' (2140) panicked at src/process/tests.rs:427:17:
[INFO] [stdout] assertion failed: v > 0
[INFO] [stdout] stack backtrace:
[INFO] [stdout]    0:     0x5970bad99451 - <<std[70759c8f55707aa4]::sys::backtrace::BacktraceLock>::print::DisplayBacktrace as core[df12db4294e9bfd3]::fmt::Display>::fmt
[INFO] [stdout]    1:     0x5970badb078a - core[df12db4294e9bfd3]::fmt::write
[INFO] [stdout]    2:     0x5970bad9dd9c - <alloc[2182bb758b4b3781]::vec::Vec<u8> as core[df12db4294e9bfd3]::io::write::Write>::write_fmt
[INFO] [stdout]    3:     0x5970bad74416 - std[70759c8f55707aa4]::panicking::default_hook::{closure#0}
[INFO] [stdout]    4:     0x5970bad90da9 - std[70759c8f55707aa4]::panicking::default_hook
[INFO] [stdout]    5:     0x5970bacfbc70 - test[9d35eded1c95d3be]::test_main_inner::<test[9d35eded1c95d3be]::test_main_static::{closure#0}>::{closure#0}
[INFO] [stdout]    6:     0x5970bad90f62 - std[70759c8f55707aa4]::panicking::panic_with_hook
[INFO] [stdout]    7:     0x5970bad744f4 - std[70759c8f55707aa4]::panicking::panic_handler::{closure#0}
[INFO] [stdout]    8:     0x5970bad6cfe9 - std[70759c8f55707aa4]::sys::backtrace::__rust_end_short_backtrace::<std[70759c8f55707aa4]::panicking::panic_handler::{closure#0}, !>
[INFO] [stdout]    9:     0x5970bad750bd - __rustc[8fa7c3cbc660c2b3]::rust_begin_unwind
[INFO] [stdout]   10:     0x5970badb0efc - core[df12db4294e9bfd3]::panicking::panic_fmt
[INFO] [stdout]   11:     0x5970badb0ec2 - core[df12db4294e9bfd3]::panicking::panic
[INFO] [stdout]   12:     0x5970bac75637 - procfs[50beff34f5d77995]::process::tests::test_proc_auxv
[INFO] [stdout]   13:     0x5970baca8b59 - <procfs[50beff34f5d77995]::process::tests::test_proc_auxv::{closure#0} as core[df12db4294e9bfd3]::ops::function::FnOnce<()>>::call_once
[INFO] [stdout]   14:     0x5970baceef5b - test[9d35eded1c95d3be]::__rust_begin_short_backtrace::<core[df12db4294e9bfd3]::result::Result<(), alloc[2182bb758b4b3781]::string::String>, fn() -> core[df12db4294e9bfd3]::result::Result<(), alloc[2182bb758b4b3781]::string::String>>
[INFO] [stdout]   15:     0x5970bacfc5c5 - test[9d35eded1c95d3be]::run_test::{closure#0}
[INFO] [stdout]   16:     0x5970bacf5e84 - std[70759c8f55707aa4]::sys::backtrace::__rust_begin_short_backtrace::<test[9d35eded1c95d3be]::run_test::{closure#1}, ()>
[INFO] [stdout]   17:     0x5970bacff722 - <std[70759c8f55707aa4]::thread::lifecycle::spawn_unchecked<test[9d35eded1c95d3be]::run_test::{closure#1}, ()>::{closure#1} as core[df12db4294e9bfd3]::ops::function::FnOnce<()>>::call_once::{shim:vtable#0}
[INFO] [stdout]   18:     0x5970bad984a9 - <std[70759c8f55707aa4]::sys::thread::unix::Thread>::new::thread_start
[INFO] [stdout]   19:     0x7905a5da7dfa - <unknown>
[INFO] [stdout]   20:     0x7905a5e3b3d4 - clone
[INFO] [stdout]   21:                0x0 - <unknown>
[INFO] [stdout] 
[INFO] [stdout] ---- sys::kernel::random::tests::test_write_wakeup_threshold stdout ----
[INFO] [stdout] 
[INFO] [stdout] thread 'sys::kernel::random::tests::test_write_wakeup_threshold' (2176) panicked at src/sys/kernel/random.rs:94:24:
[INFO] [stdout] test_write_wakeup_threshold error: Io(Os { code: 30, kind: ReadOnlyFilesystem, message: "Read-only file system" }, Some("/proc/sys/kernel/random/write_wakeup_threshold"))
[INFO] [stdout] stack backtrace:
[INFO] [stdout]    0:     0x5970bad99451 - <<std[70759c8f55707aa4]::sys::backtrace::BacktraceLock>::print::DisplayBacktrace as core[df12db4294e9bfd3]::fmt::Display>::fmt
[INFO] [stdout]    1:     0x5970badb078a - core[df12db4294e9bfd3]::fmt::write
[INFO] [stdout]    2:     0x5970bad9dd9c - <alloc[2182bb758b4b3781]::vec::Vec<u8> as core[df12db4294e9bfd3]::io::write::Write>::write_fmt
[INFO] [stdout]    3:     0x5970bad74416 - std[70759c8f55707aa4]::panicking::default_hook::{closure#0}
[INFO] [stdout]    4:     0x5970bad90da9 - std[70759c8f55707aa4]::panicking::default_hook
[INFO] [stdout]    5:     0x5970bacfbc70 - test[9d35eded1c95d3be]::test_main_inner::<test[9d35eded1c95d3be]::test_main_static::{closure#0}>::{closure#0}
[INFO] [stdout]    6:     0x5970bad90f62 - std[70759c8f55707aa4]::panicking::panic_with_hook
[INFO] [stdout]    7:     0x5970bad744c2 - std[70759c8f55707aa4]::panicking::panic_handler::{closure#0}
[INFO] [stdout]    8:     0x5970bad6cfe9 - std[70759c8f55707aa4]::sys::backtrace::__rust_end_short_backtrace::<std[70759c8f55707aa4]::panicking::panic_handler::{closure#0}, !>
[INFO] [stdout]    9:     0x5970bad750bd - __rustc[8fa7c3cbc660c2b3]::rust_begin_unwind
[INFO] [stdout]   10:     0x5970badb0efc - core[df12db4294e9bfd3]::panicking::panic_fmt
[INFO] [stdout]   11:     0x5970bacd0786 - procfs[50beff34f5d77995]::sys::kernel::random::tests::test_write_wakeup_threshold
[INFO] [stdout]   12:     0x5970baca96e9 - <procfs[50beff34f5d77995]::sys::kernel::random::tests::test_write_wakeup_threshold::{closure#0} as core[df12db4294e9bfd3]::ops::function::FnOnce<()>>::call_once
[INFO] [stdout]   13:     0x5970baceef5b - test[9d35eded1c95d3be]::__rust_begin_short_backtrace::<core[df12db4294e9bfd3]::result::Result<(), alloc[2182bb758b4b3781]::string::String>, fn() -> core[df12db4294e9bfd3]::result::Result<(), alloc[2182bb758b4b3781]::string::String>>
[INFO] [stdout]   14:     0x5970bacfc5c5 - test[9d35eded1c95d3be]::run_test::{closure#0}
[INFO] [stdout]   15:     0x5970bacf5e84 - std[70759c8f55707aa4]::sys::backtrace::__rust_begin_short_backtrace::<test[9d35eded1c95d3be]::run_test::{closure#1}, ()>
[INFO] [stdout]   16:     0x5970bacff722 - <std[70759c8f55707aa4]::thread::lifecycle::spawn_unchecked<test[9d35eded1c95d3be]::run_test::{closure#1}, ()>::{closure#1} as core[df12db4294e9bfd3]::ops::function::FnOnce<()>>::call_once::{shim:vtable#0}
[INFO] [stdout]   17:     0x5970bad984a9 - <std[70759c8f55707aa4]::sys::thread::unix::Thread>::new::thread_start
[INFO] [stdout]   18:     0x7905a5da7dfa - <unknown>
[INFO] [stdout]   19:     0x7905a5e3b3d4 - clone
[INFO] [stdout]   20:                0x0 - <unknown>
[INFO] [stdout] 
[INFO] [stdout] ---- process::tests::test_all stdout ----
[INFO] [stdout] 1 sleep
[INFO] [stdout] 2090 cargo
[INFO] [stdout] 2106 procfs-88056168
[INFO] [stdout] 2141 tail
[INFO] [stdout] 2142 sleep
[INFO] [stdout] 
[INFO] [stdout] thread 'process::tests::test_all' (2127) panicked at src/process/tests.rs:176:9:
[INFO] [stdout] check_unwrap error for 2142 Io(Os { code: 22, kind: InvalidInput, message: "Invalid argument" }, Some("/proc/2142/mountinfo"))
[INFO] [stdout] stack backtrace:
[INFO] [stdout]    0:     0x5970bad99451 - <<std[70759c8f55707aa4]::sys::backtrace::BacktraceLock>::print::DisplayBacktrace as core[df12db4294e9bfd3]::fmt::Display>::fmt
[INFO] [stdout]    1:     0x5970badb078a - core[df12db4294e9bfd3]::fmt::write
[INFO] [stdout]    2:     0x5970bad9dd9c - <alloc[2182bb758b4b3781]::vec::Vec<u8> as core[df12db4294e9bfd3]::io::write::Write>::write_fmt
[INFO] [stdout]    3:     0x5970bad74416 - std[70759c8f55707aa4]::panicking::default_hook::{closure#0}
[INFO] [stdout]    4:     0x5970bad90da9 - std[70759c8f55707aa4]::panicking::default_hook
[INFO] [stdout]    5:     0x5970bacfbc70 - test[9d35eded1c95d3be]::test_main_inner::<test[9d35eded1c95d3be]::test_main_static::{closure#0}>::{closure#0}
[INFO] [stdout]    6:     0x5970bad90f62 - std[70759c8f55707aa4]::panicking::panic_with_hook
[INFO] [stdout]    7:     0x5970bad744c2 - std[70759c8f55707aa4]::panicking::panic_handler::{closure#0}
[INFO] [stdout]    8:     0x5970bad6cfe9 - std[70759c8f55707aa4]::sys::backtrace::__rust_end_short_backtrace::<std[70759c8f55707aa4]::panicking::panic_handler::{closure#0}, !>
[INFO] [stdout]    9:     0x5970bad750bd - __rustc[8fa7c3cbc660c2b3]::rust_begin_unwind
[INFO] [stdout]   10:     0x5970badb0efc - core[df12db4294e9bfd3]::panicking::panic_fmt
[INFO] [stdout]   11:     0x5970bac7ced8 - procfs[50beff34f5d77995]::process::tests::test_all
[INFO] [stdout]   12:     0x5970baca8dd9 - <procfs[50beff34f5d77995]::process::tests::test_all::{closure#0} as core[df12db4294e9bfd3]::ops::function::FnOnce<()>>::call_once
[INFO] [stdout]   13:     0x5970baceef5b - test[9d35eded1c95d3be]::__rust_begin_short_backtrace::<core[df12db4294e9bfd3]::result::Result<(), alloc[2182bb758b4b3781]::string::String>, fn() -> core[df12db4294e9bfd3]::result::Result<(), alloc[2182bb758b4b3781]::string::String>>
[INFO] [stdout]   14:     0x5970bacfc5c5 - test[9d35eded1c95d3be]::run_test::{closure#0}
[INFO] [stdout]   15:     0x5970bacf5e84 - std[70759c8f55707aa4]::sys::backtrace::__rust_begin_short_backtrace::<test[9d35eded1c95d3be]::run_test::{closure#1}, ()>
[INFO] [stdout]   16:     0x5970bacff722 - <std[70759c8f55707aa4]::thread::lifecycle::spawn_unchecked<test[9d35eded1c95d3be]::run_test::{closure#1}, ()>::{closure#1} as core[df12db4294e9bfd3]::ops::function::FnOnce<()>>::call_once::{shim:vtable#0}
[INFO] [stdout]   17:     0x5970bad984a9 - <std[70759c8f55707aa4]::sys::thread::unix::Thread>::new::thread_start
[INFO] [stdout]   18:     0x7905a5da7dfa - <unknown>
[INFO] [stdout]   19:     0x7905a5e3b3d4 - clone
[INFO] [stdout]   20:                0x0 - <unknown>
[INFO] [stdout] 
[INFO] [stdout] 
[INFO] [stdout] failures:
[INFO] [stdout]     process::tests::test_all
[INFO] [stdout]     process::tests::test_proc_auxv
[INFO] [stdout]     process::tests::test_proc_fd_count_runsinglethread
[INFO] [stdout]     sys::kernel::random::tests::test_write_wakeup_threshold
[INFO] [stdout] 
[INFO] [stdout] test result: FAILED. 94 passed; 4 failed; 0 ignored; 0 measured; 0 filtered out; finished in 1.02s
[INFO] [stdout] 
[INFO] running `Command { std: "docker" "inspect" "37ae72d4d3f49d6c2a6f328b85a53e39cc9bfdefee307b48d205980cc17ab34c", kill_on_drop: false }`
[INFO] running `Command { std: "docker" "rm" "-f" "37ae72d4d3f49d6c2a6f328b85a53e39cc9bfdefee307b48d205980cc17ab34c", kill_on_drop: false }`
[INFO] [stdout] 37ae72d4d3f49d6c2a6f328b85a53e39cc9bfdefee307b48d205980cc17ab34c
