[INFO] fetching crate process_anywhere 0.6.0...
[INFO] testing process_anywhere-0.6.0 against 1.99.0-beta.8+cargoflags=--release for beta-release-1.100-2
[INFO] extracting crate process_anywhere 0.6.0 into /workspace/builds/worker-6-tc1/source
[INFO] started tweaking crates.io crate process_anywhere 0.6.0
[INFO] finished tweaking crates.io crate process_anywhere 0.6.0
[INFO] tweaked toml for crates.io crate process_anywhere 0.6.0 written to /workspace/builds/worker-6-tc1/source/Cargo.toml
[INFO] validating manifest of crates.io crate process_anywhere 0.6.0 on toolchain 1.99.0-beta.8
[INFO] running `Command { std: CARGO_HOME="/workspace/cargo-home" RUSTUP_HOME="/workspace/rustup-home" "/workspace/cargo-home/bin/cargo" "+1.99.0-beta.8" "metadata" "--manifest-path" "Cargo.toml" "--no-deps", kill_on_drop: false }`
[INFO] crate crates.io crate process_anywhere 0.6.0 already has a lockfile, it will not be regenerated
[INFO] running `Command { std: CARGO_HOME="/workspace/cargo-home" RUSTUP_HOME="/workspace/rustup-home" "/workspace/cargo-home/bin/cargo" "+1.99.0-beta.8" "fetch" "--manifest-path" "Cargo.toml", kill_on_drop: false }`
[INFO] [stderr]     Updating crates.io index
[INFO] [stderr]  Downloading crates ...
[INFO] [stderr]   Downloaded ssh2 v0.9.6
[INFO] [stderr]   Downloaded libssh2-sys v0.3.3
[INFO] running `Command { std: "docker" "create" "-v" "/var/lib/crater-agent-workspace/builds/worker-6-tc1/source:/opt/rustwide/workdir:ro,Z" "-v" "/var/lib/crater-agent-workspace/builds/worker-6-tc1/target:/opt/rustwide/target:rw,Z" "-v" "/var/lib/crater-agent-workspace/cargo-home:/opt/rustwide/cargo-home:ro,Z" "-v" "/var/lib/crater-agent-workspace/rustup-home:/opt/rustwide/rustup-home:ro,Z" "-m" "1610612736" "--network" "none" "ghcr.io/rust-lang/crates-build-env/linux@sha256:77db811e55d90add9212f6832c23229e3de5f1c1f9905e8cb07319ea15df73ac" "sleep" "infinity", kill_on_drop: false }`
[INFO] [stdout] 595cfa2080174df3ada3cbb4a68aa1b6bce42e457dcd351f45938f5b19b15bbd
[INFO] running `Command { std: "docker" "start" "595cfa2080174df3ada3cbb4a68aa1b6bce42e457dcd351f45938f5b19b15bbd", kill_on_drop: false }`
[INFO] running `Command { std: "docker" "inspect" "595cfa2080174df3ada3cbb4a68aa1b6bce42e457dcd351f45938f5b19b15bbd", kill_on_drop: false }`
[INFO] running `Command { std: "docker" "exec" "-e" "SOURCE_DIR=/opt/rustwide/workdir" "-e" "CARGO_HOME=/opt/rustwide/cargo-home" "-e" "RUSTUP_HOME=/opt/rustwide/rustup-home" "-e" "CARGO_TARGET_DIR=/opt/rustwide/target" "-w" "/opt/rustwide/workdir" "--user" "0:0" "595cfa2080174df3ada3cbb4a68aa1b6bce42e457dcd351f45938f5b19b15bbd" "/opt/rustwide/cargo-home/bin/cargo" "+1.99.0-beta.8" "metadata" "--no-deps" "--format-version=1", kill_on_drop: false }`
[INFO] running `Command { std: "docker" "inspect" "595cfa2080174df3ada3cbb4a68aa1b6bce42e457dcd351f45938f5b19b15bbd", kill_on_drop: false }`
[INFO] running `Command { std: "docker" "exec" "-e" "SOURCE_DIR=/opt/rustwide/workdir" "-e" "CARGO_HOME=/opt/rustwide/cargo-home" "-e" "RUSTUP_HOME=/opt/rustwide/rustup-home" "-e" "CARGO_TARGET_DIR=/opt/rustwide/target" "-e" "CARGO_INCREMENTAL=0" "-e" "RUST_BACKTRACE=full" "-e" "RUSTFLAGS=--cap-lints=warn" "-e" "RUSTDOCFLAGS=--cap-lints=warn" "-w" "/opt/rustwide/workdir" "--user" "0:0" "595cfa2080174df3ada3cbb4a68aa1b6bce42e457dcd351f45938f5b19b15bbd" "/opt/rustwide/cargo-home/bin/cargo" "+1.99.0-beta.8" "build" "--frozen" "--message-format=json" "--release", kill_on_drop: false }`
[INFO] [stderr]    Compiling find-msvc-tools v0.1.12
[INFO] [stderr]    Compiling smallvec v1.16.1
[INFO] [stderr]    Compiling shell-escape v0.1.5
[INFO] [stderr]    Compiling syn v3.0.5
[INFO] [stderr]    Compiling cc v1.4.5
[INFO] [stderr]    Compiling parking_lot_core v0.9.12
[INFO] [stderr]    Compiling parking_lot v0.12.5
[INFO] [stderr]    Compiling openssl-sys v0.9.117
[INFO] [stderr]    Compiling libz-sys v1.1.29
[INFO] [stderr]    Compiling libssh2-sys v0.3.3
[INFO] [stderr]    Compiling thiserror-impl v2.0.20
[INFO] [stderr]    Compiling thiserror v2.0.20
[INFO] [stderr]    Compiling ssh2 v0.9.6
[INFO] [stderr]    Compiling process_anywhere v0.6.0 (/opt/rustwide/workdir)
[INFO] [stderr]     Finished `release` profile [optimized] target(s) in 19.51s
[INFO] running `Command { std: "docker" "inspect" "595cfa2080174df3ada3cbb4a68aa1b6bce42e457dcd351f45938f5b19b15bbd", kill_on_drop: false }`
[INFO] running `Command { std: "docker" "exec" "-e" "SOURCE_DIR=/opt/rustwide/workdir" "-e" "CARGO_HOME=/opt/rustwide/cargo-home" "-e" "RUSTUP_HOME=/opt/rustwide/rustup-home" "-e" "CARGO_TARGET_DIR=/opt/rustwide/target" "-e" "CARGO_INCREMENTAL=0" "-e" "RUST_BACKTRACE=full" "-e" "RUSTFLAGS=--cap-lints=warn" "-e" "RUSTDOCFLAGS=--cap-lints=warn" "-w" "/opt/rustwide/workdir" "--user" "0:0" "595cfa2080174df3ada3cbb4a68aa1b6bce42e457dcd351f45938f5b19b15bbd" "/opt/rustwide/cargo-home/bin/cargo" "+1.99.0-beta.8" "test" "--frozen" "--no-run" "--message-format=json" "--release", kill_on_drop: false }`
[INFO] [stderr]    Compiling process_anywhere v0.6.0 (/opt/rustwide/workdir)
[INFO] [stderr]     Finished `release` profile [optimized] target(s) in 2.67s
[INFO] running `Command { std: "docker" "inspect" "595cfa2080174df3ada3cbb4a68aa1b6bce42e457dcd351f45938f5b19b15bbd", kill_on_drop: false }`
[INFO] running `Command { std: "docker" "exec" "-e" "SOURCE_DIR=/opt/rustwide/workdir" "-e" "CARGO_HOME=/opt/rustwide/cargo-home" "-e" "RUSTUP_HOME=/opt/rustwide/rustup-home" "-e" "CARGO_TARGET_DIR=/opt/rustwide/target" "-e" "CARGO_INCREMENTAL=0" "-e" "RUST_BACKTRACE=full" "-e" "RUSTFLAGS=--cap-lints=warn" "-e" "RUSTDOCFLAGS=--cap-lints=warn" "-w" "/opt/rustwide/workdir" "--user" "0:0" "595cfa2080174df3ada3cbb4a68aa1b6bce42e457dcd351f45938f5b19b15bbd" "/opt/rustwide/cargo-home/bin/cargo" "+1.99.0-beta.8" "test" "--frozen" "--release", kill_on_drop: false }`
[INFO] [stderr]     Finished `release` profile [optimized] target(s) in 0.06s
[INFO] [stderr]      Running unittests src/lib.rs (/opt/rustwide/target/release/deps/process_anywhere-a666d6b8c4437296)
[INFO] [stdout] 
[INFO] [stdout] running 9 tests
[INFO] [stdout] test tests::file_roundtrip ... ignored
[INFO] [stdout] test tests::passwords_hidden ... ok
[INFO] [stdout] test tests::forwarder ... FAILED
[INFO] [stdout] Generating public/private ed25519 key pair.
[INFO] [stdout] Your identification has been saved in /tmp/process_anywhere/test_keys/host_key
[INFO] [stdout] Your public key has been saved in /tmp/process_anywhere/test_keys/host_key.pub
[INFO] [stdout] The key fingerprint is:
[INFO] [stdout] SHA256:EIV3tNaW9iZNbIqYGx1ncnw8lrRzcUz4zypW4RRwFt4 root@595cfa208017
[INFO] [stdout] The key's randomart image is:
[INFO] [stdout] +--[ED25519 256]--+
[INFO] [stdout] |      .o... ..=*o|
[INFO] [stdout] |      ... .+ Oo++|
[INFO] [stdout] |      .. .= X &oE|
[INFO] [stdout] |       . = X Oo+.|
[INFO] [stdout] |        S o oo+o.|
[INFO] [stdout] |         o   oo o|
[INFO] [stdout] |        .    . . |
[INFO] [stdout] |            o .  |
[INFO] [stdout] |           . .   |
[INFO] [stdout] +----[SHA256]-----+
[INFO] [stdout] Generating public/private ed25519 key pair.
[INFO] [stdout] Your identification has been saved in /tmp/process_anywhere/test_keys/client_key
[INFO] [stdout] Your public key has been saved in /tmp/process_anywhere/test_keys/client_key.pub
[INFO] [stdout] The key fingerprint is:
[INFO] [stdout] SHA256:VT/1Lku09Ebkwt15nrxl9w/pvVRAs7ynS9M5Xbtm+sY root@595cfa208017
[INFO] [stdout] The key's randomart image is:
[INFO] [stdout] +--[ED25519 256]--+
[INFO] [stdout] |            . o o|
[INFO] [stdout] |           . = B+|
[INFO] [stdout] |          .   @.B|
[INFO] [stdout] |         .   o.@o|
[INFO] [stdout] |        S     =o%|
[INFO] [stdout] |             . X@|
[INFO] [stdout] |              O*+|
[INFO] [stdout] |             o.E+|
[INFO] [stdout] |             .O++|
[INFO] [stdout] +----[SHA256]-----+
[INFO] [stdout] test tests::eof_line ... FAILED
[INFO] [stdout] Generating public/private ed25519 key pair.
[INFO] [stdout] Your identification has been saved in /tmp/process_anywhere/test_keys/host_key
[INFO] [stdout] Your public key has been saved in /tmp/process_anywhere/test_keys/host_key.pub
[INFO] [stdout] The key fingerprint is:
[INFO] [stdout] SHA256:eCLG1sQ4C5ZL14t9hgJJlCpeMu/kmGA2XgVkRs/MJM8 root@595cfa208017
[INFO] [stdout] The key's randomart image is:
[INFO] [stdout] +--[ED25519 256]--+
[INFO] [stdout] | .=B .           |
[INFO] [stdout] | .++X+           |
[INFO] [stdout] | .B =E+          |
[INFO] [stdout] |o= B O +         |
[INFO] [stdout] |o * X B S        |
[INFO] [stdout] |.= * o =         |
[INFO] [stdout] |= O              |
[INFO] [stdout] | + o             |
[INFO] [stdout] |                 |
[INFO] [stdout] +----[SHA256]-----+
[INFO] [stdout] Generating public/private ed25519 key pair.
[INFO] [stdout] Your identification has been saved in /tmp/process_anywhere/test_keys/client_key
[INFO] [stdout] Your public key has been saved in /tmp/process_anywhere/test_keys/client_key.pub
[INFO] [stdout] The key fingerprint is:
[INFO] [stdout] SHA256:jF4oHuiPSvGkHt7aKacQEyaTuJDMbrURr+5mE/gqiRE root@595cfa208017
[INFO] [stdout] The key's randomart image is:
[INFO] [stdout] +--[ED25519 256]--+
[INFO] [stdout] |   .             |
[INFO] [stdout] |+o  o            |
[INFO] [stdout] |O+ o .           |
[INFO] [stdout] |E+..+  +         |
[INFO] [stdout] |+=o+o o S        |
[INFO] [stdout] |o=*o + .         |
[INFO] [stdout] |o*ooo .          |
[INFO] [stdout] |O.=O.            |
[INFO] [stdout] |oBX=o            |
[INFO] [stdout] +----[SHA256]-----+
[INFO] [stdout] test tests::error_line ... FAILED
[INFO] [stdout] Generating public/private ed25519 key pair.
[INFO] [stdout] Your identification has been saved in /tmp/process_anywhere/test_keys/host_key
[INFO] [stdout] Your public key has been saved in /tmp/process_anywhere/test_keys/host_key.pub
[INFO] [stdout] The key fingerprint is:
[INFO] [stdout] SHA256:LvvfjeabXbk1x/EiL0IP6ntWfbmtw8+oQ2jl5UdyGGI root@595cfa208017
[INFO] [stdout] The key's randomart image is:
[INFO] [stdout] +--[ED25519 256]--+
[INFO] [stdout] |                 |
[INFO] [stdout] |            E .  |
[INFO] [stdout] |           . . o |
[INFO] [stdout] |            . + o|
[INFO] [stdout] |        S  + + =.|
[INFO] [stdout] |       .  = + oo*|
[INFO] [stdout] |      . .+ =...=O|
[INFO] [stdout] |       o. +.=Bo**|
[INFO] [stdout] |      .o+=.+B=*=o|
[INFO] [stdout] +----[SHA256]-----+
[INFO] [stdout] Generating public/private ed25519 key pair.
[INFO] [stdout] Your identification has been saved in /tmp/process_anywhere/test_keys/client_key
[INFO] [stdout] Your public key has been saved in /tmp/process_anywhere/test_keys/client_key.pub
[INFO] [stdout] The key fingerprint is:
[INFO] [stdout] SHA256:PGnXgRc1wyj74cwOL4CReZrzhURj8UVeBQQmDPMyEc4 root@595cfa208017
[INFO] [stdout] The key's randomart image is:
[INFO] [stdout] +--[ED25519 256]--+
[INFO] [stdout] |        *=..**Bo.|
[INFO] [stdout] |       o+=o*.o.o |
[INFO] [stdout] |       =E.+o+    |
[INFO] [stdout] |      +.o+.o..   |
[INFO] [stdout] |       BS..=..   |
[INFO] [stdout] |      =.ooo =    |
[INFO] [stdout] |       o o +     |
[INFO] [stdout] |        . . o    |
[INFO] [stdout] |           .     |
[INFO] [stdout] +----[SHA256]-----+
[INFO] [stdout] test tests::is_alive ... FAILED
[INFO] [stdout] Generating public/private ed25519 key pair.
[INFO] [stdout] Your identification has been saved in /tmp/process_anywhere/test_keys/host_key
[INFO] [stdout] Your public key has been saved in /tmp/process_anywhere/test_keys/host_key.pub
[INFO] [stdout] The key fingerprint is:
[INFO] [stdout] SHA256:WvyHuGez79YfA1vhmYuNXc2CsJ/FoXVKlLcJRIv50BU root@595cfa208017
[INFO] [stdout] The key's randomart image is:
[INFO] [stdout] +--[ED25519 256]--+
[INFO] [stdout] |            oo.E.|
[INFO] [stdout] |            +o+ .|
[INFO] [stdout] |          .+ o=o+|
[INFO] [stdout] |       .   oo*.B=|
[INFO] [stdout] |        S . oo==+|
[INFO] [stdout] |       o o o oO.o|
[INFO] [stdout] |      . . o += * |
[INFO] [stdout] |         .+.. . o|
[INFO] [stdout] |        .o.*o  ..|
[INFO] [stdout] +----[SHA256]-----+
[INFO] [stdout] Generating public/private ed25519 key pair.
[INFO] [stdout] Your identification has been saved in /tmp/process_anywhere/test_keys/client_key
[INFO] [stdout] Your public key has been saved in /tmp/process_anywhere/test_keys/client_key.pub
[INFO] [stdout] The key fingerprint is:
[INFO] [stdout] SHA256:20kdxZOmAi2C+5pChgYhcN5Dw+G6alCt0M7c4aYdhh4 root@595cfa208017
[INFO] [stdout] The key's randomart image is:
[INFO] [stdout] +--[ED25519 256]--+
[INFO] [stdout] |o ..+o   .   ... |
[INFO] [stdout] |oo +o.. o .  .=  |
[INFO] [stdout] |.o..+. . o  .o . |
[INFO] [stdout] |o o.+.    ....   |
[INFO] [stdout] |.B.= o  S ...    |
[INFO] [stdout] |o.E.* .  + .     |
[INFO] [stdout] |o+.* +  . o      |
[INFO] [stdout] | o+ +            |
[INFO] [stdout] |o  .             |
[INFO] [stdout] +----[SHA256]-----+
[INFO] [stdout] test tests::blocking ... FAILED
[INFO] [stdout] Generating public/private ed25519 key pair.
[INFO] [stdout] Your identification has been saved in /tmp/process_anywhere/test_keys/host_key
[INFO] [stdout] Your public key has been saved in /tmp/process_anywhere/test_keys/host_key.pub
[INFO] [stdout] The key fingerprint is:
[INFO] [stdout] SHA256:Nc47ifyJKFeS8RE8fXwG1lkb0N9bGH++IhABVkRW2WU root@595cfa208017
[INFO] [stdout] The key's randomart image is:
[INFO] [stdout] +--[ED25519 256]--+
[INFO] [stdout] |       +=*.o=++E.|
[INFO] [stdout] |      . =..oo.B.o|
[INFO] [stdout] |         o+. o =o|
[INFO] [stdout] |      . .= .  . *|
[INFO] [stdout] |       +S.+    .+|
[INFO] [stdout] |      o.oo o   ..|
[INFO] [stdout] |       oo =     .|
[INFO] [stdout] |    . .. o + . . |
[INFO] [stdout] |     o. . o . .  |
[INFO] [stdout] +----[SHA256]-----+
[INFO] [stdout] Generating public/private ed25519 key pair.
[INFO] [stdout] Your identification has been saved in /tmp/process_anywhere/test_keys/client_key
[INFO] [stdout] Your public key has been saved in /tmp/process_anywhere/test_keys/client_key.pub
[INFO] [stdout] The key fingerprint is:
[INFO] [stdout] SHA256:ljHBiUEWI3Tlqw9jIrBGEVj1DS/LsZOQnBHgTrxQqIo root@595cfa208017
[INFO] [stdout] The key's randomart image is:
[INFO] [stdout] +--[ED25519 256]--+
[INFO] [stdout] |.+++*oO*o.       |
[INFO] [stdout] |o+.. O.*o.       |
[INFO] [stdout] |o.+ = + *        |
[INFO] [stdout] |.+.. o * =       |
[INFO] [stdout] |+.o   * S        |
[INFO] [stdout] |Eo     +         |
[INFO] [stdout] |... . =          |
[INFO] [stdout] |.  . o +         |
[INFO] [stdout] |        .        |
[INFO] [stdout] +----[SHA256]-----+
[INFO] [stdout] test tests::echo_server ... FAILED
[INFO] [stdout] Generating public/private ed25519 key pair.
[INFO] [stdout] Your identification has been saved in /tmp/process_anywhere/test_keys/host_key
[INFO] [stdout] Your public key has been saved in /tmp/process_anywhere/test_keys/host_key.pub
[INFO] [stdout] The key fingerprint is:
[INFO] [stdout] SHA256:gttRkBisjuOpKY1zrCrVVVeuwBaHQLzguUQL1fz9yoA root@595cfa208017
[INFO] [stdout] The key's randomart image is:
[INFO] [stdout] +--[ED25519 256]--+
[INFO] [stdout] |   ooB+o.....    |
[INFO] [stdout] |  . = =ooo..     |
[INFO] [stdout] |   = + +=o  .    |
[INFO] [stdout] |  . =.oo....     |
[INFO] [stdout] | o o.oo.S ..     |
[INFO] [stdout] |o o ooEo.   .    |
[INFO] [stdout] |.*. . .  o .     |
[INFO] [stdout] |=++       o      |
[INFO] [stdout] |X+               |
[INFO] [stdout] +----[SHA256]-----+
[INFO] [stdout] Generating public/private ed25519 key pair.
[INFO] [stdout] Your identification has been saved in /tmp/process_anywhere/test_keys/client_key
[INFO] [stdout] Your public key has been saved in /tmp/process_anywhere/test_keys/client_key.pub
[INFO] [stdout] The key fingerprint is:
[INFO] [stdout] SHA256:0YpTpnvL4pDPbFZZRQb/3zq9KYEnTeefv/wFIgDV5Nk root@595cfa208017
[INFO] [stdout] The key's randomart image is:
[INFO] [stdout] +--[ED25519 256]--+
[INFO] [stdout] |      ...oooo    |
[INFO] [stdout] |       . o.=.    |
[INFO] [stdout] |        = +.E    |
[INFO] [stdout] |       = +.  o . |
[INFO] [stdout] |      + So. = =  |
[INFO] [stdout] |     . oo  + = +.|
[INFO] [stdout] |    o ...   o ..*|
[INFO] [stdout] |     =+o .   .oo=|
[INFO] [stdout] |     +=.o     o*B|
[INFO] [stdout] +----[SHA256]-----+
[INFO] [stdout] test tests::panic ... FAILED
[INFO] [stdout] 
[INFO] [stdout] failures:
[INFO] [stdout] 
[INFO] [stdout] ---- tests::forwarder stdout ----
[INFO] [stdout] 
[INFO] [stdout] thread 'tests::forwarder' (558) panicked at src/lib.rs:1153:34:
[INFO] [stdout] called `Result::unwrap()` on an `Err` value: Os { code: 17, kind: AlreadyExists, message: "File exists" }
[INFO] [stdout] stack backtrace:
[INFO] [stdout]    0:     0x5afd75983b71 - <<std[70759c8f55707aa4]::sys::backtrace::BacktraceLock>::print::DisplayBacktrace as core[df12db4294e9bfd3]::fmt::Display>::fmt
[INFO] [stdout]    1:     0x5afd759997da - core[df12db4294e9bfd3]::fmt::write
[INFO] [stdout]    2:     0x5afd75988f5c - <alloc[2182bb758b4b3781]::vec::Vec<u8> as core[df12db4294e9bfd3]::io::write::Write>::write_fmt
[INFO] [stdout]    3:     0x5afd7595d656 - std[70759c8f55707aa4]::panicking::default_hook::{closure#0}
[INFO] [stdout]    4:     0x5afd7597b079 - std[70759c8f55707aa4]::panicking::default_hook
[INFO] [stdout]    5:     0x5afd758ec3f0 - test[9d35eded1c95d3be]::test_main_inner::<test[9d35eded1c95d3be]::test_main_static::{closure#0}>::{closure#0}
[INFO] [stdout]    6:     0x5afd7597b232 - std[70759c8f55707aa4]::panicking::panic_with_hook
[INFO] [stdout]    7:     0x5afd7595d702 - std[70759c8f55707aa4]::panicking::panic_handler::{closure#0}
[INFO] [stdout]    8:     0x5afd75956129 - std[70759c8f55707aa4]::sys::backtrace::__rust_end_short_backtrace::<std[70759c8f55707aa4]::panicking::panic_handler::{closure#0}, !>
[INFO] [stdout]    9:     0x5afd7595e4ed - __rustc[8fa7c3cbc660c2b3]::rust_begin_unwind
[INFO] [stdout]   10:     0x5afd75999f0c - core[df12db4294e9bfd3]::panicking::panic_fmt
[INFO] [stdout]   11:     0x5afd75999ce2 - core[df12db4294e9bfd3]::result::unwrap_failed
[INFO] [stdout]   12:     0x5afd758c2b35 - process_anywhere[cdec8a48a4cbd46f]::tests::temp_dir
[INFO] [stdout]   13:     0x5afd758c8cee - process_anywhere[cdec8a48a4cbd46f]::tests::forwarder
[INFO] [stdout]   14:     0x5afd758d2ae9 - <process_anywhere[cdec8a48a4cbd46f]::tests::forwarder::{closure#0} as core[df12db4294e9bfd3]::ops::function::FnOnce<()>>::call_once
[INFO] [stdout]   15:     0x5afd758df6db - test[9d35eded1c95d3be]::__rust_begin_short_backtrace::<core[df12db4294e9bfd3]::result::Result<(), alloc[2182bb758b4b3781]::string::String>, fn() -> core[df12db4294e9bfd3]::result::Result<(), alloc[2182bb758b4b3781]::string::String>>
[INFO] [stdout]   16:     0x5afd758ecd45 - test[9d35eded1c95d3be]::run_test::{closure#0}
[INFO] [stdout]   17:     0x5afd758e6604 - std[70759c8f55707aa4]::sys::backtrace::__rust_begin_short_backtrace::<test[9d35eded1c95d3be]::run_test::{closure#1}, ()>
[INFO] [stdout]   18:     0x5afd758efea2 - <std[70759c8f55707aa4]::thread::lifecycle::spawn_unchecked<test[9d35eded1c95d3be]::run_test::{closure#1}, ()>::{closure#1} as core[df12db4294e9bfd3]::ops::function::FnOnce<()>>::call_once::{shim:vtable#0}
[INFO] [stdout]   19:     0x5afd75982459 - <std[70759c8f55707aa4]::sys::thread::unix::Thread>::new::thread_start
[INFO] [stdout]   20:     0x7a888be51dfa - <unknown>
[INFO] [stdout]   21:     0x7a888bee53d4 - clone
[INFO] [stdout]   22:                0x0 - <unknown>
[INFO] [stdout] 
[INFO] [stdout] ---- tests::eof_line stdout ----
[INFO] [stdout] SSH SERVER LOG FILE: /tmp/process_anywhere/test_keys/sshd.log
[INFO] [stdout] 
[INFO] [stdout] thread 'tests::eof_line' (556) panicked at src/lib.rs:1287:14:
[INFO] [stdout] called `Result::unwrap()` on an `Err` value: Os { code: 2, kind: NotFound, message: "No such file or directory" }
[INFO] [stdout] stack backtrace:
[INFO] [stdout]    0:     0x5afd75983b71 - <<std[70759c8f55707aa4]::sys::backtrace::BacktraceLock>::print::DisplayBacktrace as core[df12db4294e9bfd3]::fmt::Display>::fmt
[INFO] [stdout]    1:     0x5afd759997da - core[df12db4294e9bfd3]::fmt::write
[INFO] [stdout]    2:     0x5afd75988f5c - <alloc[2182bb758b4b3781]::vec::Vec<u8> as core[df12db4294e9bfd3]::io::write::Write>::write_fmt
[INFO] [stdout]    3:     0x5afd7595d656 - std[70759c8f55707aa4]::panicking::default_hook::{closure#0}
[INFO] [stdout]    4:     0x5afd7597b079 - std[70759c8f55707aa4]::panicking::default_hook
[INFO] [stdout]    5:     0x5afd758ec3f0 - test[9d35eded1c95d3be]::test_main_inner::<test[9d35eded1c95d3be]::test_main_static::{closure#0}>::{closure#0}
[INFO] [stdout]    6:     0x5afd7597b232 - std[70759c8f55707aa4]::panicking::panic_with_hook
[INFO] [stdout]    7:     0x5afd7595d702 - std[70759c8f55707aa4]::panicking::panic_handler::{closure#0}
[INFO] [stdout]    8:     0x5afd75956129 - std[70759c8f55707aa4]::sys::backtrace::__rust_end_short_backtrace::<std[70759c8f55707aa4]::panicking::panic_handler::{closure#0}, !>
[INFO] [stdout]    9:     0x5afd7595e4ed - __rustc[8fa7c3cbc660c2b3]::rust_begin_unwind
[INFO] [stdout]   10:     0x5afd75999f0c - core[df12db4294e9bfd3]::panicking::panic_fmt
[INFO] [stdout]   11:     0x5afd75999ce2 - core[df12db4294e9bfd3]::result::unwrap_failed
[INFO] [stdout]   12:     0x5afd758c26ba - process_anywhere[cdec8a48a4cbd46f]::tests::spawn_sshd_publickey_remote
[INFO] [stdout]   13:     0x5afd758dcfcb - <std[70759c8f55707aa4]::sync::once::Once>::call_once_force::<<std[70759c8f55707aa4]::sync::once_lock::OnceLock<(std[70759c8f55707aa4]::process::Child, alloc[2182bb758b4b3781]::sync::Arc<process_anywhere[cdec8a48a4cbd46f]::Computer>)>>::initialize<<std[70759c8f55707aa4]::sync::once_lock::OnceLock<(std[70759c8f55707aa4]::process::Child, alloc[2182bb758b4b3781]::sync::Arc<process_anywhere[cdec8a48a4cbd46f]::Computer>)>>::get_or_init<process_anywhere[cdec8a48a4cbd46f]::tests::remote_publickey_computer::{closure#0}>::{closure#0}, !>::{closure#0}>::{closure#0}
[INFO] [stdout]   14:     0x5afd75963569 - <std[70759c8f55707aa4]::sys::sync::once::futex::Once>::call
[INFO] [stdout]   15:     0x5afd758dc193 - <std[70759c8f55707aa4]::sync::once_lock::OnceLock<(std[70759c8f55707aa4]::process::Child, alloc[2182bb758b4b3781]::sync::Arc<process_anywhere[cdec8a48a4cbd46f]::Computer>)>>::initialize::<<std[70759c8f55707aa4]::sync::once_lock::OnceLock<(std[70759c8f55707aa4]::process::Child, alloc[2182bb758b4b3781]::sync::Arc<process_anywhere[cdec8a48a4cbd46f]::Computer>)>>::get_or_init<process_anywhere[cdec8a48a4cbd46f]::tests::remote_publickey_computer::{closure#0}>::{closure#0}, !>
[INFO] [stdout]   16:     0x5afd758c2015 - process_anywhere[cdec8a48a4cbd46f]::tests::computer_test_assets
[INFO] [stdout]   17:     0x5afd758c75cc - process_anywhere[cdec8a48a4cbd46f]::tests::eof_line
[INFO] [stdout]   18:     0x5afd758d2aa9 - <process_anywhere[cdec8a48a4cbd46f]::tests::eof_line::{closure#0} as core[df12db4294e9bfd3]::ops::function::FnOnce<()>>::call_once
[INFO] [stdout]   19:     0x5afd758df6db - test[9d35eded1c95d3be]::__rust_begin_short_backtrace::<core[df12db4294e9bfd3]::result::Result<(), alloc[2182bb758b4b3781]::string::String>, fn() -> core[df12db4294e9bfd3]::result::Result<(), alloc[2182bb758b4b3781]::string::String>>
[INFO] [stdout]   20:     0x5afd758ecd45 - test[9d35eded1c95d3be]::run_test::{closure#0}
[INFO] [stdout]   21:     0x5afd758e6604 - std[70759c8f55707aa4]::sys::backtrace::__rust_begin_short_backtrace::<test[9d35eded1c95d3be]::run_test::{closure#1}, ()>
[INFO] [stdout]   22:     0x5afd758efea2 - <std[70759c8f55707aa4]::thread::lifecycle::spawn_unchecked<test[9d35eded1c95d3be]::run_test::{closure#1}, ()>::{closure#1} as core[df12db4294e9bfd3]::ops::function::FnOnce<()>>::call_once::{shim:vtable#0}
[INFO] [stdout]   23:     0x5afd75982459 - <std[70759c8f55707aa4]::sys::thread::unix::Thread>::new::thread_start
[INFO] [stdout]   24:     0x7a888be51dfa - <unknown>
[INFO] [stdout]   25:     0x7a888bee53d4 - clone
[INFO] [stdout]   26:                0x0 - <unknown>
[INFO] [stdout] 
[INFO] [stdout] ---- tests::error_line stdout ----
[INFO] [stdout] SSH SERVER LOG FILE: /tmp/process_anywhere/test_keys/sshd.log
[INFO] [stdout] 
[INFO] [stdout] thread 'tests::error_line' (557) panicked at src/lib.rs:1287:14:
[INFO] [stdout] called `Result::unwrap()` on an `Err` value: Os { code: 2, kind: NotFound, message: "No such file or directory" }
[INFO] [stdout] stack backtrace:
[INFO] [stdout]    0:     0x5afd75983b71 - <<std[70759c8f55707aa4]::sys::backtrace::BacktraceLock>::print::DisplayBacktrace as core[df12db4294e9bfd3]::fmt::Display>::fmt
[INFO] [stdout]    1:     0x5afd759997da - core[df12db4294e9bfd3]::fmt::write
[INFO] [stdout]    2:     0x5afd75988f5c - <alloc[2182bb758b4b3781]::vec::Vec<u8> as core[df12db4294e9bfd3]::io::write::Write>::write_fmt
[INFO] [stdout]    3:     0x5afd7595d656 - std[70759c8f55707aa4]::panicking::default_hook::{closure#0}
[INFO] [stdout]    4:     0x5afd7597b079 - std[70759c8f55707aa4]::panicking::default_hook
[INFO] [stdout]    5:     0x5afd758ec3f0 - test[9d35eded1c95d3be]::test_main_inner::<test[9d35eded1c95d3be]::test_main_static::{closure#0}>::{closure#0}
[INFO] [stdout]    6:     0x5afd7597b232 - std[70759c8f55707aa4]::panicking::panic_with_hook
[INFO] [stdout]    7:     0x5afd7595d702 - std[70759c8f55707aa4]::panicking::panic_handler::{closure#0}
[INFO] [stdout]    8:     0x5afd75956129 - std[70759c8f55707aa4]::sys::backtrace::__rust_end_short_backtrace::<std[70759c8f55707aa4]::panicking::panic_handler::{closure#0}, !>
[INFO] [stdout]    9:     0x5afd7595e4ed - __rustc[8fa7c3cbc660c2b3]::rust_begin_unwind
[INFO] [stdout]   10:     0x5afd75999f0c - core[df12db4294e9bfd3]::panicking::panic_fmt
[INFO] [stdout]   11:     0x5afd75999ce2 - core[df12db4294e9bfd3]::result::unwrap_failed
[INFO] [stdout]   12:     0x5afd758c26ba - process_anywhere[cdec8a48a4cbd46f]::tests::spawn_sshd_publickey_remote
[INFO] [stdout]   13:     0x5afd758dcfcb - <std[70759c8f55707aa4]::sync::once::Once>::call_once_force::<<std[70759c8f55707aa4]::sync::once_lock::OnceLock<(std[70759c8f55707aa4]::process::Child, alloc[2182bb758b4b3781]::sync::Arc<process_anywhere[cdec8a48a4cbd46f]::Computer>)>>::initialize<<std[70759c8f55707aa4]::sync::once_lock::OnceLock<(std[70759c8f55707aa4]::process::Child, alloc[2182bb758b4b3781]::sync::Arc<process_anywhere[cdec8a48a4cbd46f]::Computer>)>>::get_or_init<process_anywhere[cdec8a48a4cbd46f]::tests::remote_publickey_computer::{closure#0}>::{closure#0}, !>::{closure#0}>::{closure#0}
[INFO] [stdout]   14:     0x5afd75963569 - <std[70759c8f55707aa4]::sys::sync::once::futex::Once>::call
[INFO] [stdout]   15:     0x5afd758dc193 - <std[70759c8f55707aa4]::sync::once_lock::OnceLock<(std[70759c8f55707aa4]::process::Child, alloc[2182bb758b4b3781]::sync::Arc<process_anywhere[cdec8a48a4cbd46f]::Computer>)>>::initialize::<<std[70759c8f55707aa4]::sync::once_lock::OnceLock<(std[70759c8f55707aa4]::process::Child, alloc[2182bb758b4b3781]::sync::Arc<process_anywhere[cdec8a48a4cbd46f]::Computer>)>>::get_or_init<process_anywhere[cdec8a48a4cbd46f]::tests::remote_publickey_computer::{closure#0}>::{closure#0}, !>
[INFO] [stdout]   16:     0x5afd758c2015 - process_anywhere[cdec8a48a4cbd46f]::tests::computer_test_assets
[INFO] [stdout]   17:     0x5afd758c2b8c - process_anywhere[cdec8a48a4cbd46f]::tests::error_line
[INFO] [stdout]   18:     0x5afd758d29e9 - <process_anywhere[cdec8a48a4cbd46f]::tests::error_line::{closure#0} as core[df12db4294e9bfd3]::ops::function::FnOnce<()>>::call_once
[INFO] [stdout]   19:     0x5afd758df6db - test[9d35eded1c95d3be]::__rust_begin_short_backtrace::<core[df12db4294e9bfd3]::result::Result<(), alloc[2182bb758b4b3781]::string::String>, fn() -> core[df12db4294e9bfd3]::result::Result<(), alloc[2182bb758b4b3781]::string::String>>
[INFO] [stdout]   20:     0x5afd758ecd45 - test[9d35eded1c95d3be]::run_test::{closure#0}
[INFO] [stdout]   21:     0x5afd758e6604 - std[70759c8f55707aa4]::sys::backtrace::__rust_begin_short_backtrace::<test[9d35eded1c95d3be]::run_test::{closure#1}, ()>
[INFO] [stdout]   22:     0x5afd758efea2 - <std[70759c8f55707aa4]::thread::lifecycle::spawn_unchecked<test[9d35eded1c95d3be]::run_test::{closure#1}, ()>::{closure#1} as core[df12db4294e9bfd3]::ops::function::FnOnce<()>>::call_once::{shim:vtable#0}
[INFO] [stdout]   23:     0x5afd75982459 - <std[70759c8f55707aa4]::sys::thread::unix::Thread>::new::thread_start
[INFO] [stdout]   24:     0x7a888be51dfa - <unknown>
[INFO] [stdout]   25:     0x7a888bee53d4 - clone
[INFO] [stdout]   26:                0x0 - <unknown>
[INFO] [stdout] 
[INFO] [stdout] ---- tests::is_alive stdout ----
[INFO] [stdout] SSH SERVER LOG FILE: /tmp/process_anywhere/test_keys/sshd.log
[INFO] [stdout] 
[INFO] [stdout] thread 'tests::is_alive' (559) panicked at src/lib.rs:1287:14:
[INFO] [stdout] called `Result::unwrap()` on an `Err` value: Os { code: 2, kind: NotFound, message: "No such file or directory" }
[INFO] [stdout] stack backtrace:
[INFO] [stdout]    0:     0x5afd75983b71 - <<std[70759c8f55707aa4]::sys::backtrace::BacktraceLock>::print::DisplayBacktrace as core[df12db4294e9bfd3]::fmt::Display>::fmt
[INFO] [stdout]    1:     0x5afd759997da - core[df12db4294e9bfd3]::fmt::write
[INFO] [stdout]    2:     0x5afd75988f5c - <alloc[2182bb758b4b3781]::vec::Vec<u8> as core[df12db4294e9bfd3]::io::write::Write>::write_fmt
[INFO] [stdout]    3:     0x5afd7595d656 - std[70759c8f55707aa4]::panicking::default_hook::{closure#0}
[INFO] [stdout]    4:     0x5afd7597b079 - std[70759c8f55707aa4]::panicking::default_hook
[INFO] [stdout]    5:     0x5afd758ec3f0 - test[9d35eded1c95d3be]::test_main_inner::<test[9d35eded1c95d3be]::test_main_static::{closure#0}>::{closure#0}
[INFO] [stdout]    6:     0x5afd7597b232 - std[70759c8f55707aa4]::panicking::panic_with_hook
[INFO] [stdout]    7:     0x5afd7595d702 - std[70759c8f55707aa4]::panicking::panic_handler::{closure#0}
[INFO] [stdout]    8:     0x5afd75956129 - std[70759c8f55707aa4]::sys::backtrace::__rust_end_short_backtrace::<std[70759c8f55707aa4]::panicking::panic_handler::{closure#0}, !>
[INFO] [stdout]    9:     0x5afd7595e4ed - __rustc[8fa7c3cbc660c2b3]::rust_begin_unwind
[INFO] [stdout]   10:     0x5afd75999f0c - core[df12db4294e9bfd3]::panicking::panic_fmt
[INFO] [stdout]   11:     0x5afd75999ce2 - core[df12db4294e9bfd3]::result::unwrap_failed
[INFO] [stdout]   12:     0x5afd758c26ba - process_anywhere[cdec8a48a4cbd46f]::tests::spawn_sshd_publickey_remote
[INFO] [stdout]   13:     0x5afd758dcfcb - <std[70759c8f55707aa4]::sync::once::Once>::call_once_force::<<std[70759c8f55707aa4]::sync::once_lock::OnceLock<(std[70759c8f55707aa4]::process::Child, alloc[2182bb758b4b3781]::sync::Arc<process_anywhere[cdec8a48a4cbd46f]::Computer>)>>::initialize<<std[70759c8f55707aa4]::sync::once_lock::OnceLock<(std[70759c8f55707aa4]::process::Child, alloc[2182bb758b4b3781]::sync::Arc<process_anywhere[cdec8a48a4cbd46f]::Computer>)>>::get_or_init<process_anywhere[cdec8a48a4cbd46f]::tests::remote_publickey_computer::{closure#0}>::{closure#0}, !>::{closure#0}>::{closure#0}
[INFO] [stdout]   14:     0x5afd75963569 - <std[70759c8f55707aa4]::sys::sync::once::futex::Once>::call
[INFO] [stdout]   15:     0x5afd758dc193 - <std[70759c8f55707aa4]::sync::once_lock::OnceLock<(std[70759c8f55707aa4]::process::Child, alloc[2182bb758b4b3781]::sync::Arc<process_anywhere[cdec8a48a4cbd46f]::Computer>)>>::initialize::<<std[70759c8f55707aa4]::sync::once_lock::OnceLock<(std[70759c8f55707aa4]::process::Child, alloc[2182bb758b4b3781]::sync::Arc<process_anywhere[cdec8a48a4cbd46f]::Computer>)>>::get_or_init<process_anywhere[cdec8a48a4cbd46f]::tests::remote_publickey_computer::{closure#0}>::{closure#0}, !>
[INFO] [stdout]   16:     0x5afd758c2015 - process_anywhere[cdec8a48a4cbd46f]::tests::computer_test_assets
[INFO] [stdout]   17:     0x5afd758c808b - process_anywhere[cdec8a48a4cbd46f]::tests::is_alive
[INFO] [stdout]   18:     0x5afd758d2ac9 - <process_anywhere[cdec8a48a4cbd46f]::tests::is_alive::{closure#0} as core[df12db4294e9bfd3]::ops::function::FnOnce<()>>::call_once
[INFO] [stdout]   19:     0x5afd758df6db - test[9d35eded1c95d3be]::__rust_begin_short_backtrace::<core[df12db4294e9bfd3]::result::Result<(), alloc[2182bb758b4b3781]::string::String>, fn() -> core[df12db4294e9bfd3]::result::Result<(), alloc[2182bb758b4b3781]::string::String>>
[INFO] [stdout]   20:     0x5afd758ecd45 - test[9d35eded1c95d3be]::run_test::{closure#0}
[INFO] [stdout]   21:     0x5afd758e6604 - std[70759c8f55707aa4]::sys::backtrace::__rust_begin_short_backtrace::<test[9d35eded1c95d3be]::run_test::{closure#1}, ()>
[INFO] [stdout]   22:     0x5afd758efea2 - <std[70759c8f55707aa4]::thread::lifecycle::spawn_unchecked<test[9d35eded1c95d3be]::run_test::{closure#1}, ()>::{closure#1} as core[df12db4294e9bfd3]::ops::function::FnOnce<()>>::call_once::{shim:vtable#0}
[INFO] [stdout]   23:     0x5afd75982459 - <std[70759c8f55707aa4]::sys::thread::unix::Thread>::new::thread_start
[INFO] [stdout]   24:     0x7a888be51dfa - <unknown>
[INFO] [stdout]   25:     0x7a888bee53d4 - clone
[INFO] [stdout]   26:                0x0 - <unknown>
[INFO] [stdout] 
[INFO] [stdout] ---- tests::blocking stdout ----
[INFO] [stdout] SSH SERVER LOG FILE: /tmp/process_anywhere/test_keys/sshd.log
[INFO] [stdout] 
[INFO] [stdout] thread 'tests::blocking' (554) panicked at src/lib.rs:1287:14:
[INFO] [stdout] called `Result::unwrap()` on an `Err` value: Os { code: 2, kind: NotFound, message: "No such file or directory" }
[INFO] [stdout] stack backtrace:
[INFO] [stdout]    0:     0x5afd75983b71 - <<std[70759c8f55707aa4]::sys::backtrace::BacktraceLock>::print::DisplayBacktrace as core[df12db4294e9bfd3]::fmt::Display>::fmt
[INFO] [stdout]    1:     0x5afd759997da - core[df12db4294e9bfd3]::fmt::write
[INFO] [stdout]    2:     0x5afd75988f5c - <alloc[2182bb758b4b3781]::vec::Vec<u8> as core[df12db4294e9bfd3]::io::write::Write>::write_fmt
[INFO] [stdout]    3:     0x5afd7595d656 - std[70759c8f55707aa4]::panicking::default_hook::{closure#0}
[INFO] [stdout]    4:     0x5afd7597b079 - std[70759c8f55707aa4]::panicking::default_hook
[INFO] [stdout]    5:     0x5afd758ec3f0 - test[9d35eded1c95d3be]::test_main_inner::<test[9d35eded1c95d3be]::test_main_static::{closure#0}>::{closure#0}
[INFO] [stdout]    6:     0x5afd7597b232 - std[70759c8f55707aa4]::panicking::panic_with_hook
[INFO] [stdout]    7:     0x5afd7595d702 - std[70759c8f55707aa4]::panicking::panic_handler::{closure#0}
[INFO] [stdout]    8:     0x5afd75956129 - std[70759c8f55707aa4]::sys::backtrace::__rust_end_short_backtrace::<std[70759c8f55707aa4]::panicking::panic_handler::{closure#0}, !>
[INFO] [stdout]    9:     0x5afd7595e4ed - __rustc[8fa7c3cbc660c2b3]::rust_begin_unwind
[INFO] [stdout]   10:     0x5afd75999f0c - core[df12db4294e9bfd3]::panicking::panic_fmt
[INFO] [stdout]   11:     0x5afd75999ce2 - core[df12db4294e9bfd3]::result::unwrap_failed
[INFO] [stdout]   12:     0x5afd758c26ba - process_anywhere[cdec8a48a4cbd46f]::tests::spawn_sshd_publickey_remote
[INFO] [stdout]   13:     0x5afd758dcfcb - <std[70759c8f55707aa4]::sync::once::Once>::call_once_force::<<std[70759c8f55707aa4]::sync::once_lock::OnceLock<(std[70759c8f55707aa4]::process::Child, alloc[2182bb758b4b3781]::sync::Arc<process_anywhere[cdec8a48a4cbd46f]::Computer>)>>::initialize<<std[70759c8f55707aa4]::sync::once_lock::OnceLock<(std[70759c8f55707aa4]::process::Child, alloc[2182bb758b4b3781]::sync::Arc<process_anywhere[cdec8a48a4cbd46f]::Computer>)>>::get_or_init<process_anywhere[cdec8a48a4cbd46f]::tests::remote_publickey_computer::{closure#0}>::{closure#0}, !>::{closure#0}>::{closure#0}
[INFO] [stdout]   14:     0x5afd75963569 - <std[70759c8f55707aa4]::sys::sync::once::futex::Once>::call
[INFO] [stdout]   15:     0x5afd758dc193 - <std[70759c8f55707aa4]::sync::once_lock::OnceLock<(std[70759c8f55707aa4]::process::Child, alloc[2182bb758b4b3781]::sync::Arc<process_anywhere[cdec8a48a4cbd46f]::Computer>)>>::initialize::<<std[70759c8f55707aa4]::sync::once_lock::OnceLock<(std[70759c8f55707aa4]::process::Child, alloc[2182bb758b4b3781]::sync::Arc<process_anywhere[cdec8a48a4cbd46f]::Computer>)>>::get_or_init<process_anywhere[cdec8a48a4cbd46f]::tests::remote_publickey_computer::{closure#0}>::{closure#0}, !>
[INFO] [stdout]   16:     0x5afd758c2015 - process_anywhere[cdec8a48a4cbd46f]::tests::computer_test_assets
[INFO] [stdout]   17:     0x5afd758c61b9 - process_anywhere[cdec8a48a4cbd46f]::tests::blocking
[INFO] [stdout]   18:     0x5afd758d2a89 - <process_anywhere[cdec8a48a4cbd46f]::tests::blocking::{closure#0} as core[df12db4294e9bfd3]::ops::function::FnOnce<()>>::call_once
[INFO] [stdout]   19:     0x5afd758df6db - test[9d35eded1c95d3be]::__rust_begin_short_backtrace::<core[df12db4294e9bfd3]::result::Result<(), alloc[2182bb758b4b3781]::string::String>, fn() -> core[df12db4294e9bfd3]::result::Result<(), alloc[2182bb758b4b3781]::string::String>>
[INFO] [stdout]   20:     0x5afd758ecd45 - test[9d35eded1c95d3be]::run_test::{closure#0}
[INFO] [stdout]   21:     0x5afd758e6604 - std[70759c8f55707aa4]::sys::backtrace::__rust_begin_short_backtrace::<test[9d35eded1c95d3be]::run_test::{closure#1}, ()>
[INFO] [stdout]   22:     0x5afd758efea2 - <std[70759c8f55707aa4]::thread::lifecycle::spawn_unchecked<test[9d35eded1c95d3be]::run_test::{closure#1}, ()>::{closure#1} as core[df12db4294e9bfd3]::ops::function::FnOnce<()>>::call_once::{shim:vtable#0}
[INFO] [stdout]   23:     0x5afd75982459 - <std[70759c8f55707aa4]::sys::thread::unix::Thread>::new::thread_start
[INFO] [stdout]   24:     0x7a888be51dfa - <unknown>
[INFO] [stdout]   25:     0x7a888bee53d4 - clone
[INFO] [stdout]   26:                0x0 - <unknown>
[INFO] [stdout] 
[INFO] [stdout] ---- tests::echo_server stdout ----
[INFO] [stdout] SSH SERVER LOG FILE: /tmp/process_anywhere/test_keys/sshd.log
[INFO] [stdout] 
[INFO] [stdout] thread 'tests::echo_server' (555) panicked at src/lib.rs:1287:14:
[INFO] [stdout] called `Result::unwrap()` on an `Err` value: Os { code: 2, kind: NotFound, message: "No such file or directory" }
[INFO] [stdout] stack backtrace:
[INFO] [stdout]    0:     0x5afd75983b71 - <<std[70759c8f55707aa4]::sys::backtrace::BacktraceLock>::print::DisplayBacktrace as core[df12db4294e9bfd3]::fmt::Display>::fmt
[INFO] [stdout]    1:     0x5afd759997da - core[df12db4294e9bfd3]::fmt::write
[INFO] [stdout]    2:     0x5afd75988f5c - <alloc[2182bb758b4b3781]::vec::Vec<u8> as core[df12db4294e9bfd3]::io::write::Write>::write_fmt
[INFO] [stdout]    3:     0x5afd7595d656 - std[70759c8f55707aa4]::panicking::default_hook::{closure#0}
[INFO] [stdout]    4:     0x5afd7597b079 - std[70759c8f55707aa4]::panicking::default_hook
[INFO] [stdout]    5:     0x5afd758ec3f0 - test[9d35eded1c95d3be]::test_main_inner::<test[9d35eded1c95d3be]::test_main_static::{closure#0}>::{closure#0}
[INFO] [stdout]    6:     0x5afd7597b232 - std[70759c8f55707aa4]::panicking::panic_with_hook
[INFO] [stdout]    7:     0x5afd7595d702 - std[70759c8f55707aa4]::panicking::panic_handler::{closure#0}
[INFO] [stdout]    8:     0x5afd75956129 - std[70759c8f55707aa4]::sys::backtrace::__rust_end_short_backtrace::<std[70759c8f55707aa4]::panicking::panic_handler::{closure#0}, !>
[INFO] [stdout]    9:     0x5afd7595e4ed - __rustc[8fa7c3cbc660c2b3]::rust_begin_unwind
[INFO] [stdout]   10:     0x5afd75999f0c - core[df12db4294e9bfd3]::panicking::panic_fmt
[INFO] [stdout]   11:     0x5afd75999ce2 - core[df12db4294e9bfd3]::result::unwrap_failed
[INFO] [stdout]   12:     0x5afd758c26ba - process_anywhere[cdec8a48a4cbd46f]::tests::spawn_sshd_publickey_remote
[INFO] [stdout]   13:     0x5afd758dcfcb - <std[70759c8f55707aa4]::sync::once::Once>::call_once_force::<<std[70759c8f55707aa4]::sync::once_lock::OnceLock<(std[70759c8f55707aa4]::process::Child, alloc[2182bb758b4b3781]::sync::Arc<process_anywhere[cdec8a48a4cbd46f]::Computer>)>>::initialize<<std[70759c8f55707aa4]::sync::once_lock::OnceLock<(std[70759c8f55707aa4]::process::Child, alloc[2182bb758b4b3781]::sync::Arc<process_anywhere[cdec8a48a4cbd46f]::Computer>)>>::get_or_init<process_anywhere[cdec8a48a4cbd46f]::tests::remote_publickey_computer::{closure#0}>::{closure#0}, !>::{closure#0}>::{closure#0}
[INFO] [stdout]   14:     0x5afd75963569 - <std[70759c8f55707aa4]::sys::sync::once::futex::Once>::call
[INFO] [stdout]   15:     0x5afd758dc193 - <std[70759c8f55707aa4]::sync::once_lock::OnceLock<(std[70759c8f55707aa4]::process::Child, alloc[2182bb758b4b3781]::sync::Arc<process_anywhere[cdec8a48a4cbd46f]::Computer>)>>::initialize::<<std[70759c8f55707aa4]::sync::once_lock::OnceLock<(std[70759c8f55707aa4]::process::Child, alloc[2182bb758b4b3781]::sync::Arc<process_anywhere[cdec8a48a4cbd46f]::Computer>)>>::get_or_init<process_anywhere[cdec8a48a4cbd46f]::tests::remote_publickey_computer::{closure#0}>::{closure#0}, !>
[INFO] [stdout]   16:     0x5afd758c2015 - process_anywhere[cdec8a48a4cbd46f]::tests::computer_test_assets
[INFO] [stdout]   17:     0x5afd758c3a6c - process_anywhere[cdec8a48a4cbd46f]::tests::echo_server
[INFO] [stdout]   18:     0x5afd758d2a09 - <process_anywhere[cdec8a48a4cbd46f]::tests::echo_server::{closure#0} as core[df12db4294e9bfd3]::ops::function::FnOnce<()>>::call_once
[INFO] [stdout]   19:     0x5afd758df6db - test[9d35eded1c95d3be]::__rust_begin_short_backtrace::<core[df12db4294e9bfd3]::result::Result<(), alloc[2182bb758b4b3781]::string::String>, fn() -> core[df12db4294e9bfd3]::result::Result<(), alloc[2182bb758b4b3781]::string::String>>
[INFO] [stdout]   20:     0x5afd758ecd45 - test[9d35eded1c95d3be]::run_test::{closure#0}
[INFO] [stdout]   21:     0x5afd758e6604 - std[70759c8f55707aa4]::sys::backtrace::__rust_begin_short_backtrace::<test[9d35eded1c95d3be]::run_test::{closure#1}, ()>
[INFO] [stdout]   22:     0x5afd758efea2 - <std[70759c8f55707aa4]::thread::lifecycle::spawn_unchecked<test[9d35eded1c95d3be]::run_test::{closure#1}, ()>::{closure#1} as core[df12db4294e9bfd3]::ops::function::FnOnce<()>>::call_once::{shim:vtable#0}
[INFO] [stdout]   23:     0x5afd75982459 - <std[70759c8f55707aa4]::sys::thread::unix::Thread>::new::thread_start
[INFO] [stdout]   24:     0x7a888be51dfa - <unknown>
[INFO] [stdout]   25:     0x7a888bee53d4 - clone
[INFO] [stdout]   26:                0x0 - <unknown>
[INFO] [stdout] 
[INFO] [stdout] ---- tests::panic stdout ----
[INFO] [stdout] SSH SERVER LOG FILE: /tmp/process_anywhere/test_keys/sshd.log
[INFO] [stdout] 
[INFO] [stdout] thread 'tests::panic' (560) panicked at src/lib.rs:1287:14:
[INFO] [stdout] called `Result::unwrap()` on an `Err` value: Os { code: 2, kind: NotFound, message: "No such file or directory" }
[INFO] [stdout] stack backtrace:
[INFO] [stdout]    0:     0x5afd75983b71 - <<std[70759c8f55707aa4]::sys::backtrace::BacktraceLock>::print::DisplayBacktrace as core[df12db4294e9bfd3]::fmt::Display>::fmt
[INFO] [stdout]    1:     0x5afd759997da - core[df12db4294e9bfd3]::fmt::write
[INFO] [stdout]    2:     0x5afd75988f5c - <alloc[2182bb758b4b3781]::vec::Vec<u8> as core[df12db4294e9bfd3]::io::write::Write>::write_fmt
[INFO] [stdout]    3:     0x5afd7595d656 - std[70759c8f55707aa4]::panicking::default_hook::{closure#0}
[INFO] [stdout]    4:     0x5afd7597b079 - std[70759c8f55707aa4]::panicking::default_hook
[INFO] [stdout]    5:     0x5afd758ec3f0 - test[9d35eded1c95d3be]::test_main_inner::<test[9d35eded1c95d3be]::test_main_static::{closure#0}>::{closure#0}
[INFO] [stdout]    6:     0x5afd7597b232 - std[70759c8f55707aa4]::panicking::panic_with_hook
[INFO] [stdout]    7:     0x5afd7595d702 - std[70759c8f55707aa4]::panicking::panic_handler::{closure#0}
[INFO] [stdout]    8:     0x5afd75956129 - std[70759c8f55707aa4]::sys::backtrace::__rust_end_short_backtrace::<std[70759c8f55707aa4]::panicking::panic_handler::{closure#0}, !>
[INFO] [stdout]    9:     0x5afd7595e4ed - __rustc[8fa7c3cbc660c2b3]::rust_begin_unwind
[INFO] [stdout]   10:     0x5afd75999f0c - core[df12db4294e9bfd3]::panicking::panic_fmt
[INFO] [stdout]   11:     0x5afd75999ce2 - core[df12db4294e9bfd3]::result::unwrap_failed
[INFO] [stdout]   12:     0x5afd758c26ba - process_anywhere[cdec8a48a4cbd46f]::tests::spawn_sshd_publickey_remote
[INFO] [stdout]   13:     0x5afd758dcfcb - <std[70759c8f55707aa4]::sync::once::Once>::call_once_force::<<std[70759c8f55707aa4]::sync::once_lock::OnceLock<(std[70759c8f55707aa4]::process::Child, alloc[2182bb758b4b3781]::sync::Arc<process_anywhere[cdec8a48a4cbd46f]::Computer>)>>::initialize<<std[70759c8f55707aa4]::sync::once_lock::OnceLock<(std[70759c8f55707aa4]::process::Child, alloc[2182bb758b4b3781]::sync::Arc<process_anywhere[cdec8a48a4cbd46f]::Computer>)>>::get_or_init<process_anywhere[cdec8a48a4cbd46f]::tests::remote_publickey_computer::{closure#0}>::{closure#0}, !>::{closure#0}>::{closure#0}
[INFO] [stdout]   14:     0x5afd75963569 - <std[70759c8f55707aa4]::sys::sync::once::futex::Once>::call
[INFO] [stdout]   15:     0x5afd758dc193 - <std[70759c8f55707aa4]::sync::once_lock::OnceLock<(std[70759c8f55707aa4]::process::Child, alloc[2182bb758b4b3781]::sync::Arc<process_anywhere[cdec8a48a4cbd46f]::Computer>)>>::initialize::<<std[70759c8f55707aa4]::sync::once_lock::OnceLock<(std[70759c8f55707aa4]::process::Child, alloc[2182bb758b4b3781]::sync::Arc<process_anywhere[cdec8a48a4cbd46f]::Computer>)>>::get_or_init<process_anywhere[cdec8a48a4cbd46f]::tests::remote_publickey_computer::{closure#0}>::{closure#0}, !>
[INFO] [stdout]   16:     0x5afd758c2015 - process_anywhere[cdec8a48a4cbd46f]::tests::computer_test_assets
[INFO] [stdout]   17:     0x5afd758c56a6 - process_anywhere[cdec8a48a4cbd46f]::tests::panic
[INFO] [stdout]   18:     0x5afd758d2a69 - <process_anywhere[cdec8a48a4cbd46f]::tests::panic::{closure#0} as core[df12db4294e9bfd3]::ops::function::FnOnce<()>>::call_once
[INFO] [stdout]   19:     0x5afd758df6db - test[9d35eded1c95d3be]::__rust_begin_short_backtrace::<core[df12db4294e9bfd3]::result::Result<(), alloc[2182bb758b4b3781]::string::String>, fn() -> core[df12db4294e9bfd3]::result::Result<(), alloc[2182bb758b4b3781]::string::String>>
[INFO] [stdout]   20:     0x5afd758ecd45 - test[9d35eded1c95d3be]::run_test::{closure#0}
[INFO] [stdout]   21:     0x5afd758e6604 - std[70759c8f55707aa4]::sys::backtrace::__rust_begin_short_backtrace::<test[9d35eded1c95d3be]::run_test::{closure#1}, ()>
[INFO] [stdout]   22:     0x5afd758efea2 - <std[70759c8f55707aa4]::thread::lifecycle::spawn_unchecked<test[9d35eded1c95d3be]::run_test::{closure#1}, ()>::{closure#1} as core[df12db4294e9bfd3]::ops::function::FnOnce<()>>::call_once::{shim:vtable#0}
[INFO] [stdout]   23:     0x5afd75982459 - <std[70759c8f55707aa4]::sys::thread::unix::Thread>::new::thread_start
[INFO] [stdout]   24:     0x7a888be51dfa - <unknown>
[INFO] [stdout]   25:     0x7a888bee53d4 - clone
[INFO] [stdout]   26:                0x0 - <unknown>
[INFO] [stdout] 
[INFO] [stdout] 
[INFO] [stdout] failures:
[INFO] [stdout]     tests::blocking
[INFO] [stdout]     tests::echo_server
[INFO] [stdout]     tests::eof_line
[INFO] [stdout]     tests::error_line
[INFO] [stdout]     tests::forwarder
[INFO] [stdout]     tests::is_alive
[INFO] [stdout]     tests::panic
[INFO] [stdout] 
[INFO] [stdout] test result: FAILED. 1 passed; 7 failed; 1 ignored; 0 measured; 0 filtered out; finished in 0.62s
[INFO] [stdout] 
[INFO] [stderr] error: test failed, to rerun pass `--lib`
[INFO] running `Command { std: "docker" "inspect" "595cfa2080174df3ada3cbb4a68aa1b6bce42e457dcd351f45938f5b19b15bbd", kill_on_drop: false }`
[INFO] running `Command { std: "docker" "rm" "-f" "595cfa2080174df3ada3cbb4a68aa1b6bce42e457dcd351f45938f5b19b15bbd", kill_on_drop: false }`
[INFO] [stdout] 595cfa2080174df3ada3cbb4a68aa1b6bce42e457dcd351f45938f5b19b15bbd
