[INFO] fetching crate process-diagnostics 0.1.0...
[INFO] testing process-diagnostics-0.1.0 against 1.100.0-beta.1+cargoflags=--release for beta-release-1.100-2
[INFO] extracting crate process-diagnostics 0.1.0 into /workspace/builds/worker-7-tc2/source
[INFO] started tweaking crates.io crate process-diagnostics 0.1.0
[INFO] removed 0 missing tests
[INFO] finished tweaking crates.io crate process-diagnostics 0.1.0
[INFO] tweaked toml for crates.io crate process-diagnostics 0.1.0 written to /workspace/builds/worker-7-tc2/source/Cargo.toml
[INFO] validating manifest of crates.io crate process-diagnostics 0.1.0 on toolchain 1.100.0-beta.1
[INFO] running `Command { std: CARGO_HOME="/workspace/cargo-home" RUSTUP_HOME="/workspace/rustup-home" "/workspace/cargo-home/bin/cargo" "+1.100.0-beta.1" "metadata" "--manifest-path" "Cargo.toml" "--no-deps", kill_on_drop: false }`
[INFO] crate crates.io crate process-diagnostics 0.1.0 already has a lockfile, it will not be regenerated
[INFO] running `Command { std: CARGO_HOME="/workspace/cargo-home" RUSTUP_HOME="/workspace/rustup-home" "/workspace/cargo-home/bin/cargo" "+1.100.0-beta.1" "fetch" "--manifest-path" "Cargo.toml", kill_on_drop: false }`
[INFO] [stderr]     Blocking waiting for file lock on package cache
[INFO] [stderr]     Blocking waiting for file lock on package cache
[INFO] running `Command { std: "docker" "create" "-v" "/var/lib/crater-agent-workspace/builds/worker-7-tc2/source:/opt/rustwide/workdir:ro,Z" "-v" "/var/lib/crater-agent-workspace/builds/worker-7-tc2/target:/opt/rustwide/target:rw,Z" "-v" "/var/lib/crater-agent-workspace/cargo-home:/opt/rustwide/cargo-home:ro,Z" "-v" "/var/lib/crater-agent-workspace/rustup-home:/opt/rustwide/rustup-home:ro,Z" "-m" "1610612736" "--network" "none" "ghcr.io/rust-lang/crates-build-env/linux@sha256:77db811e55d90add9212f6832c23229e3de5f1c1f9905e8cb07319ea15df73ac" "sleep" "infinity", kill_on_drop: false }`
[INFO] [stdout] a5c82742490f70215cad3b11dd6e2dade6eb481930be1425f35c592050455874
[INFO] running `Command { std: "docker" "start" "a5c82742490f70215cad3b11dd6e2dade6eb481930be1425f35c592050455874", kill_on_drop: false }`
[INFO] running `Command { std: "docker" "inspect" "a5c82742490f70215cad3b11dd6e2dade6eb481930be1425f35c592050455874", kill_on_drop: false }`
[INFO] running `Command { std: "docker" "exec" "-e" "SOURCE_DIR=/opt/rustwide/workdir" "-e" "CARGO_HOME=/opt/rustwide/cargo-home" "-e" "RUSTUP_HOME=/opt/rustwide/rustup-home" "-e" "CARGO_TARGET_DIR=/opt/rustwide/target" "-w" "/opt/rustwide/workdir" "--user" "0:0" "a5c82742490f70215cad3b11dd6e2dade6eb481930be1425f35c592050455874" "/opt/rustwide/cargo-home/bin/cargo" "+1.100.0-beta.1" "metadata" "--no-deps" "--format-version=1", kill_on_drop: false }`
[INFO] running `Command { std: "docker" "inspect" "a5c82742490f70215cad3b11dd6e2dade6eb481930be1425f35c592050455874", kill_on_drop: false }`
[INFO] running `Command { std: "docker" "exec" "-e" "SOURCE_DIR=/opt/rustwide/workdir" "-e" "CARGO_HOME=/opt/rustwide/cargo-home" "-e" "RUSTUP_HOME=/opt/rustwide/rustup-home" "-e" "CARGO_TARGET_DIR=/opt/rustwide/target" "-e" "CARGO_INCREMENTAL=0" "-e" "RUST_BACKTRACE=full" "-e" "RUSTFLAGS=--cap-lints=warn" "-e" "RUSTDOCFLAGS=--cap-lints=warn" "-w" "/opt/rustwide/workdir" "--user" "0:0" "a5c82742490f70215cad3b11dd6e2dade6eb481930be1425f35c592050455874" "/opt/rustwide/cargo-home/bin/cargo" "+1.100.0-beta.1" "build" "--frozen" "--message-format=json" "--release", kill_on_drop: false }`
[INFO] [stderr]    Compiling syn v3.0.4
[INFO] [stderr]    Compiling serde_core v1.0.229
[INFO] [stderr]    Compiling strsim v0.11.1
[INFO] [stderr]    Compiling serde v1.0.229
[INFO] [stderr]    Compiling anstream v1.0.0
[INFO] [stderr]    Compiling serde_json v1.0.151
[INFO] [stderr]    Compiling clap_builder v4.6.6
[INFO] [stderr]    Compiling serde_derive v1.0.229
[INFO] [stderr]    Compiling clap_derive v4.6.4
[INFO] [stderr]    Compiling clap v4.6.6
[INFO] [stderr]    Compiling process-diagnostics v0.1.0 (/opt/rustwide/workdir)
[INFO] [stderr]     Finished `release` profile [optimized] target(s) in 36.70s
[INFO] running `Command { std: "docker" "inspect" "a5c82742490f70215cad3b11dd6e2dade6eb481930be1425f35c592050455874", kill_on_drop: false }`
[INFO] running `Command { std: "docker" "exec" "-e" "SOURCE_DIR=/opt/rustwide/workdir" "-e" "CARGO_HOME=/opt/rustwide/cargo-home" "-e" "RUSTUP_HOME=/opt/rustwide/rustup-home" "-e" "CARGO_TARGET_DIR=/opt/rustwide/target" "-e" "CARGO_INCREMENTAL=0" "-e" "RUST_BACKTRACE=full" "-e" "RUSTFLAGS=--cap-lints=warn" "-e" "RUSTDOCFLAGS=--cap-lints=warn" "-w" "/opt/rustwide/workdir" "--user" "0:0" "a5c82742490f70215cad3b11dd6e2dade6eb481930be1425f35c592050455874" "/opt/rustwide/cargo-home/bin/cargo" "+1.100.0-beta.1" "test" "--frozen" "--no-run" "--message-format=json" "--release", kill_on_drop: false }`
[INFO] [stderr]    Compiling process-diagnostics v0.1.0 (/opt/rustwide/workdir)
[INFO] [stderr]     Finished `release` profile [optimized] target(s) in 4.69s
[INFO] running `Command { std: "docker" "inspect" "a5c82742490f70215cad3b11dd6e2dade6eb481930be1425f35c592050455874", kill_on_drop: false }`
[INFO] running `Command { std: "docker" "exec" "-e" "SOURCE_DIR=/opt/rustwide/workdir" "-e" "CARGO_HOME=/opt/rustwide/cargo-home" "-e" "RUSTUP_HOME=/opt/rustwide/rustup-home" "-e" "CARGO_TARGET_DIR=/opt/rustwide/target" "-e" "CARGO_INCREMENTAL=0" "-e" "RUST_BACKTRACE=full" "-e" "RUSTFLAGS=--cap-lints=warn" "-e" "RUSTDOCFLAGS=--cap-lints=warn" "-w" "/opt/rustwide/workdir" "--user" "0:0" "a5c82742490f70215cad3b11dd6e2dade6eb481930be1425f35c592050455874" "/opt/rustwide/cargo-home/bin/cargo" "+1.100.0-beta.1" "test" "--frozen" "--release", kill_on_drop: false }`
[INFO] [stderr]     Finished `release` profile [optimized] target(s) in 0.15s
[INFO] [stderr]      Running unittests src/lib.rs (/opt/rustwide/target/release/build/process-diagnostics/242406354b96b252/out/process_diagnostics-242406354b96b252)
[INFO] [stdout] 
[INFO] [stdout] running 11 tests
[INFO] [stdout] test tests::missing_program_is_reported_without_panic ... ok
[INFO] [stdout] test tests::signal_exit_is_classified ... ok
[INFO] [stdout] test tests::cancellation_race_is_bounded ... ok
[INFO] [stdout] test tests::explicit_environment_can_replace_inheritance ... ok
[INFO] [stdout] test tests::success_output_is_captured ... ok
[INFO] [stdout] test tests::transcript_round_trip_is_replayable ... ok
[INFO] [stdout] test tests::nonzero_exit_is_classified ... ok
[INFO] [stdout] test tests::binary_and_unicode_output_are_lossless ... ok
[INFO] [stdout] test tests::process_group_policy_stops_background_child ... FAILED
[INFO] [stdout] test tests::timeout_is_classified_and_child_stops ... ok
[INFO] [stdout] test tests::large_output_is_bounded ... ok
[INFO] [stdout] 
[INFO] [stdout] failures:
[INFO] [stdout] 
[INFO] [stdout] ---- tests::process_group_policy_stops_background_child stdout ----
[INFO] [stdout] 
[INFO] [stdout] thread 'tests::process_group_policy_stops_background_child' (510) panicked at src/lib.rs:483:9:
[INFO] [stdout] background child survived process-group stop
[INFO] [stdout] stack backtrace:
[INFO] [stdout]    0:     0x590b42cc8f61 - <<std[617be2ca0a6fd877]::sys::backtrace::BacktraceLock>::print::DisplayBacktrace as core[a373ad73a504971]::fmt::Display>::fmt
[INFO] [stdout]    1:     0x590b42cdda2a - core[a373ad73a504971]::fmt::write
[INFO] [stdout]    2:     0x590b42ccd17c - <alloc[2e1b2a31b91974c5]::vec::Vec<u8> as core[a373ad73a504971]::io::write::Write>::write_fmt
[INFO] [stdout]    3:     0x590b42ca4d36 - std[617be2ca0a6fd877]::panicking::default_hook::{closure#0}
[INFO] [stdout]    4:     0x590b42cc1539 - std[617be2ca0a6fd877]::panicking::default_hook
[INFO] [stdout]    5:     0x590b42c5bc60 - test[aada8e7e76ba119b]::test_main_inner::{closure#0}
[INFO] [stdout]    6:     0x590b42cc16f2 - std[617be2ca0a6fd877]::panicking::panic_with_hook
[INFO] [stdout]    7:     0x590b42ca4e14 - std[617be2ca0a6fd877]::panicking::panic_handler::{closure#0}
[INFO] [stdout]    8:     0x590b42c9daf9 - std[617be2ca0a6fd877]::sys::backtrace::__rust_end_short_backtrace::<std[617be2ca0a6fd877]::panicking::panic_handler::{closure#0}, !>
[INFO] [stdout]    9:     0x590b42ca59ed - __rustc[ea4f61d10b84890b]::rust_begin_unwind
[INFO] [stdout]   10:     0x590b42cde15c - core[a373ad73a504971]::panicking::panic_fmt
[INFO] [stdout]   11:     0x590b42c44a02 - <process_diagnostics[7f97938f6498f878]::tests::process_group_policy_stops_background_child::{closure#0} as core[a373ad73a504971]::ops::function::FnOnce<()>>::call_once
[INFO] [stdout]   12:     0x590b42c4f0ab - test[aada8e7e76ba119b]::__rust_begin_short_backtrace::<core[a373ad73a504971]::result::Result<(), alloc[2e1b2a31b91974c5]::string::String>, fn() -> core[a373ad73a504971]::result::Result<(), alloc[2e1b2a31b91974c5]::string::String>>
[INFO] [stdout]   13:     0x590b42c5c285 - test[aada8e7e76ba119b]::run_test::{closure#0}
[INFO] [stdout]   14:     0x590b42c55b74 - std[617be2ca0a6fd877]::sys::backtrace::__rust_begin_short_backtrace::<test[aada8e7e76ba119b]::run_test::{closure#1}, ()>
[INFO] [stdout]   15:     0x590b42c5f312 - <std[617be2ca0a6fd877]::thread::lifecycle::spawn_unchecked<test[aada8e7e76ba119b]::run_test::{closure#1}, ()>::{closure#1} as core[a373ad73a504971]::ops::function::FnOnce<()>>::call_once::{shim:vtable#0}
[INFO] [stdout]   16:     0x590b42cc87bf - <std[617be2ca0a6fd877]::sys::thread::unix::Thread>::new::thread_start
[INFO] [stdout]   17:     0x7f5706fb3dfa - <unknown>
[INFO] [stdout]   18:     0x7f57070473d4 - clone
[INFO] [stdout]   19:                0x0 - <unknown>
[INFO] [stdout] 
[INFO] [stdout] 
[INFO] [stdout] failures:
[INFO] [stdout]     tests::process_group_policy_stops_background_child
[INFO] [stdout] 
[INFO] [stdout] test result: FAILED. 10 passed; 1 failed; 0 ignored; 0 measured; 0 filtered out; finished in 0.25s
[INFO] [stdout] 
[INFO] [stderr] error: test failed, to rerun pass `--lib`
[INFO] running `Command { std: "docker" "inspect" "a5c82742490f70215cad3b11dd6e2dade6eb481930be1425f35c592050455874", kill_on_drop: false }`
[INFO] running `Command { std: "docker" "rm" "-f" "a5c82742490f70215cad3b11dd6e2dade6eb481930be1425f35c592050455874", kill_on_drop: false }`
[INFO] [stdout] a5c82742490f70215cad3b11dd6e2dade6eb481930be1425f35c592050455874
