[INFO] fetching crate proc-macro-assertions 0.1.5...
[INFO] testing proc-macro-assertions-0.1.5 against 1.100.0-beta.1+cargoflags=--release for beta-release-1.100-2
[INFO] extracting crate proc-macro-assertions 0.1.5 into /workspace/builds/worker-7-tc2/source
[INFO] started tweaking crates.io crate proc-macro-assertions 0.1.5
[INFO] finished tweaking crates.io crate proc-macro-assertions 0.1.5
[INFO] tweaked toml for crates.io crate proc-macro-assertions 0.1.5 written to /workspace/builds/worker-7-tc2/source/Cargo.toml
[INFO] validating manifest of crates.io crate proc-macro-assertions 0.1.5 on toolchain 1.100.0-beta.1
[INFO] running `Command { std: CARGO_HOME="/workspace/cargo-home" RUSTUP_HOME="/workspace/rustup-home" "/workspace/cargo-home/bin/cargo" "+1.100.0-beta.1" "metadata" "--manifest-path" "Cargo.toml" "--no-deps", kill_on_drop: false }`
[INFO] running `Command { std: CARGO_HOME="/workspace/cargo-home" RUSTUP_HOME="/workspace/rustup-home" "/workspace/cargo-home/bin/cargo" "+1.100.0-beta.1" "generate-lockfile" "--manifest-path" "Cargo.toml", kill_on_drop: false }`
[INFO] [stderr]     Updating crates.io index
[INFO] [stderr]      Locking 28 packages to highest compatible versions
[INFO] [stderr]       Adding sealed v0.5.0 (available: v0.7.0)
[INFO] [stderr]       Adding syn v2.0.119 (available: v3.0.9)
[INFO] running `Command { std: CARGO_HOME="/workspace/cargo-home" RUSTUP_HOME="/workspace/rustup-home" "/workspace/cargo-home/bin/cargo" "+1.100.0-beta.1" "fetch" "--manifest-path" "Cargo.toml", kill_on_drop: false }`
[INFO] [stderr]     Blocking waiting for file lock on package cache
[INFO] running `Command { std: "docker" "create" "-v" "/var/lib/crater-agent-workspace/builds/worker-7-tc2/source:/opt/rustwide/workdir:ro,Z" "-v" "/var/lib/crater-agent-workspace/builds/worker-7-tc2/target:/opt/rustwide/target:rw,Z" "-v" "/var/lib/crater-agent-workspace/cargo-home:/opt/rustwide/cargo-home:ro,Z" "-v" "/var/lib/crater-agent-workspace/rustup-home:/opt/rustwide/rustup-home:ro,Z" "-m" "1610612736" "--network" "none" "ghcr.io/rust-lang/crates-build-env/linux@sha256:77db811e55d90add9212f6832c23229e3de5f1c1f9905e8cb07319ea15df73ac" "sleep" "infinity", kill_on_drop: false }`
[INFO] [stdout] 19a65e19d8e5c43848ee6ec69868cea756516bf84afd8ba2d450885c4eea41dd
[INFO] running `Command { std: "docker" "start" "19a65e19d8e5c43848ee6ec69868cea756516bf84afd8ba2d450885c4eea41dd", kill_on_drop: false }`
[INFO] running `Command { std: "docker" "inspect" "19a65e19d8e5c43848ee6ec69868cea756516bf84afd8ba2d450885c4eea41dd", kill_on_drop: false }`
[INFO] running `Command { std: "docker" "exec" "-e" "SOURCE_DIR=/opt/rustwide/workdir" "-e" "CARGO_HOME=/opt/rustwide/cargo-home" "-e" "RUSTUP_HOME=/opt/rustwide/rustup-home" "-e" "CARGO_TARGET_DIR=/opt/rustwide/target" "-w" "/opt/rustwide/workdir" "--user" "0:0" "19a65e19d8e5c43848ee6ec69868cea756516bf84afd8ba2d450885c4eea41dd" "/opt/rustwide/cargo-home/bin/cargo" "+1.100.0-beta.1" "metadata" "--no-deps" "--format-version=1", kill_on_drop: false }`
[INFO] running `Command { std: "docker" "inspect" "19a65e19d8e5c43848ee6ec69868cea756516bf84afd8ba2d450885c4eea41dd", kill_on_drop: false }`
[INFO] running `Command { std: "docker" "exec" "-e" "SOURCE_DIR=/opt/rustwide/workdir" "-e" "CARGO_HOME=/opt/rustwide/cargo-home" "-e" "RUSTUP_HOME=/opt/rustwide/rustup-home" "-e" "CARGO_TARGET_DIR=/opt/rustwide/target" "-e" "CARGO_INCREMENTAL=0" "-e" "RUST_BACKTRACE=full" "-e" "RUSTFLAGS=--cap-lints=warn" "-e" "RUSTDOCFLAGS=--cap-lints=warn" "-w" "/opt/rustwide/workdir" "--user" "0:0" "19a65e19d8e5c43848ee6ec69868cea756516bf84afd8ba2d450885c4eea41dd" "/opt/rustwide/cargo-home/bin/cargo" "+1.100.0-beta.1" "build" "--frozen" "--message-format=json" "--release", kill_on_drop: false }`
[INFO] [stderr]    Compiling proc-macro2 v1.0.107
[INFO] [stderr]    Compiling unicode-ident v1.0.27
[INFO] [stderr]    Compiling quote v1.0.47
[INFO] [stderr]    Compiling syn v1.0.109
[INFO] [stderr]    Compiling syn v2.0.119
[INFO] [stderr]    Compiling better_typeid_derive v0.1.2
[INFO] [stderr]    Compiling better_any v0.2.1
[INFO] [stderr]    Compiling sealed v0.5.0
[INFO] [stderr]    Compiling proc-macro-assertions v0.1.5 (/opt/rustwide/workdir)
[INFO] [stderr]     Finished `release` profile [optimized] target(s) in 27.30s
[INFO] running `Command { std: "docker" "inspect" "19a65e19d8e5c43848ee6ec69868cea756516bf84afd8ba2d450885c4eea41dd", kill_on_drop: false }`
[INFO] running `Command { std: "docker" "exec" "-e" "SOURCE_DIR=/opt/rustwide/workdir" "-e" "CARGO_HOME=/opt/rustwide/cargo-home" "-e" "RUSTUP_HOME=/opt/rustwide/rustup-home" "-e" "CARGO_TARGET_DIR=/opt/rustwide/target" "-e" "CARGO_INCREMENTAL=0" "-e" "RUST_BACKTRACE=full" "-e" "RUSTFLAGS=--cap-lints=warn" "-e" "RUSTDOCFLAGS=--cap-lints=warn" "-w" "/opt/rustwide/workdir" "--user" "0:0" "19a65e19d8e5c43848ee6ec69868cea756516bf84afd8ba2d450885c4eea41dd" "/opt/rustwide/cargo-home/bin/cargo" "+1.100.0-beta.1" "test" "--frozen" "--no-run" "--message-format=json" "--release", kill_on_drop: false }`
[INFO] [stderr]    Compiling proc-macro-assertions v0.1.5 (/opt/rustwide/workdir)
[INFO] [stderr]     Finished `release` profile [optimized] target(s) in 8.54s
[INFO] running `Command { std: "docker" "inspect" "19a65e19d8e5c43848ee6ec69868cea756516bf84afd8ba2d450885c4eea41dd", kill_on_drop: false }`
[INFO] running `Command { std: "docker" "exec" "-e" "SOURCE_DIR=/opt/rustwide/workdir" "-e" "CARGO_HOME=/opt/rustwide/cargo-home" "-e" "RUSTUP_HOME=/opt/rustwide/rustup-home" "-e" "CARGO_TARGET_DIR=/opt/rustwide/target" "-e" "CARGO_INCREMENTAL=0" "-e" "RUST_BACKTRACE=full" "-e" "RUSTFLAGS=--cap-lints=warn" "-e" "RUSTDOCFLAGS=--cap-lints=warn" "-w" "/opt/rustwide/workdir" "--user" "0:0" "19a65e19d8e5c43848ee6ec69868cea756516bf84afd8ba2d450885c4eea41dd" "/opt/rustwide/cargo-home/bin/cargo" "+1.100.0-beta.1" "test" "--frozen" "--release", kill_on_drop: false }`
[INFO] [stderr]     Finished `release` profile [optimized] target(s) in 0.04s
[INFO] [stderr]      Running unittests src/lib.rs (/opt/rustwide/target/release/build/proc-macro-assertions/70ce057f5b4f1fec/out/proc_macro_assertions-70ce057f5b4f1fec)
[INFO] [stdout] 
[INFO] [stdout] running 24 tests
[INFO] [stdout] test generatable::r#trait::test::generate_template ... ok
[INFO] [stdout] test generatable::r#trait::test::generate_assert ... ok
[INFO] [stdout] test generatable::r#trait::test::generate_generatable ... ok
[INFO] [stdout] test ident_generator::counting::test::prefixed_spanned ... ok
[INFO] [stdout] test generatable::r#type::test::generate_template ... ok
[INFO] [stdout] test ident_generator::mock::test::call_count_called_n_times ... ok
[INFO] [stdout] test ident_generator::mock::test::call_count_not_called ... ok
[INFO] [stdout] test maybe_borrowed::test::from_reference ... ok
[INFO] [stdout] test ident_generator::mock::test::ident ... ok
[INFO] [stdout] test ident_generator::mock::test::has_no_idents_remaining ... ok
[INFO] [stdout] test ident_generator::mock::test::prefixed_spanned ... ok
[INFO] [stdout] test maybe_borrowed::test::is_borrowed ... ok
[INFO] [stdout] test ident_generator::counting::test::spanned ... ok
[INFO] [stdout] test maybe_borrowed::test::is_owned ... ok
[INFO] [stdout] test ident_generator::counting::test::ident ... ok
[INFO] [stdout] test store::test::test ... ok
[INFO] [stdout] test ident_generator::mock::test::call_count_called ... ok
[INFO] [stdout] test maybe_borrowed::test::from_owned ... ok
[INFO] [stdout] test ident_generator::counting::test::prefixed ... ok
[INFO] [stdout] test ident_generator::mock::test::spanned ... ok
[INFO] [stdout] test generatable::r#type::test::generate_generatable ... FAILED
[INFO] [stdout] test ident_generator::mock::test::panics - should panic ... ok
[INFO] [stdout] test generatable::r#type::test::generate_assert ... FAILED
[INFO] [stdout] test ident_generator::mock::test::prefixed ... ok
[INFO] [stdout] 
[INFO] [stdout] failures:
[INFO] [stdout] 
[INFO] [stdout] ---- generatable::r#type::test::generate_generatable stdout ----
[INFO] [stdout] 
[INFO] [stdout] thread 'generatable::r#type::test::generate_generatable' (383) panicked at src/ident_generator/mock.rs:75:14:
[INFO] [stdout] should have added enough mock idents for test case
[INFO] [stdout] stack backtrace:
[INFO] [stdout]    0:     0x60af02046af1 - <<std[617be2ca0a6fd877]::sys::backtrace::BacktraceLock>::print::DisplayBacktrace as core[a373ad73a504971]::fmt::Display>::fmt
[INFO] [stdout]    1:     0x60af0205aeea - core[a373ad73a504971]::fmt::write
[INFO] [stdout]    2:     0x60af0204ad5c - <alloc[2e1b2a31b91974c5]::vec::Vec<u8> as core[a373ad73a504971]::io::write::Write>::write_fmt
[INFO] [stdout]    3:     0x60af02022d86 - std[617be2ca0a6fd877]::panicking::default_hook::{closure#0}
[INFO] [stdout]    4:     0x60af0203efc9 - std[617be2ca0a6fd877]::panicking::default_hook
[INFO] [stdout]    5:     0x60af01ebf6b0 - test[aada8e7e76ba119b]::test_main_inner::{closure#0}
[INFO] [stdout]    6:     0x60af0203f2f2 - std[617be2ca0a6fd877]::panicking::panic_with_hook
[INFO] [stdout]    7:     0x60af02022e32 - std[617be2ca0a6fd877]::panicking::panic_handler::{closure#0}
[INFO] [stdout]    8:     0x60af0201bb49 - std[617be2ca0a6fd877]::sys::backtrace::__rust_end_short_backtrace::<std[617be2ca0a6fd877]::panicking::panic_handler::{closure#0}, !>
[INFO] [stdout]    9:     0x60af02023a3d - __rustc[ea4f61d10b84890b]::rust_begin_unwind
[INFO] [stdout]   10:     0x60af0205b64c - core[a373ad73a504971]::panicking::panic_fmt
[INFO] [stdout]   11:     0x60af0205b3a4 - core[a373ad73a504971]::option::expect_failed
[INFO] [stdout]   12:     0x60af01e65055 - <proc_macro_assertions[45cfb45f37d0eb40]::ident_generator::mock::MockIdentGenerator as proc_macro_assertions[45cfb45f37d0eb40]::ident_generator::IdentGenerator>::generate
[INFO] [stdout]   13:     0x60af01e65f38 - <proc_macro_assertions[45cfb45f37d0eb40]::generatable::type::Type as proc_macro_assertions[45cfb45f37d0eb40]::generatable::Generatable<proc_macro_assertions[45cfb45f37d0eb40]::token_cmp_wrapper::TokenCmpWrapper<syn[e3472f44a9a07be6]::ty::Type>>>::generatable
[INFO] [stdout]   14:     0x60af01e951a2 - <proc_macro_assertions[45cfb45f37d0eb40]::generatable::type::test::generate_generatable::{closure#0} as core[a373ad73a504971]::ops::function::FnOnce<()>>::call_once
[INFO] [stdout]   15:     0x60af01eb2afb - test[aada8e7e76ba119b]::__rust_begin_short_backtrace::<core[a373ad73a504971]::result::Result<(), alloc[2e1b2a31b91974c5]::string::String>, fn() -> core[a373ad73a504971]::result::Result<(), alloc[2e1b2a31b91974c5]::string::String>>
[INFO] [stdout]   16:     0x60af01ebfcd5 - test[aada8e7e76ba119b]::run_test::{closure#0}
[INFO] [stdout]   17:     0x60af01eb95c4 - std[617be2ca0a6fd877]::sys::backtrace::__rust_begin_short_backtrace::<test[aada8e7e76ba119b]::run_test::{closure#1}, ()>
[INFO] [stdout]   18:     0x60af01ec2d62 - <std[617be2ca0a6fd877]::thread::lifecycle::spawn_unchecked<test[aada8e7e76ba119b]::run_test::{closure#1}, ()>::{closure#1} as core[a373ad73a504971]::ops::function::FnOnce<()>>::call_once::{shim:vtable#0}
[INFO] [stdout]   19:     0x60af0204633f - <std[617be2ca0a6fd877]::sys::thread::unix::Thread>::new::thread_start
[INFO] [stdout]   20:     0x777077738dfa - <unknown>
[INFO] [stdout]   21:     0x7770777cc3d4 - clone
[INFO] [stdout]   22:                0x0 - <unknown>
[INFO] [stdout] 
[INFO] [stdout] ---- generatable::r#type::test::generate_assert stdout ----
[INFO] [stdout] 
[INFO] [stdout] thread 'generatable::r#type::test::generate_assert' (382) panicked at src/generatable/type.rs:245:9:
[INFO] [stdout] assertion `left == right` failed
[INFO] [stdout]   left: Some("assert_type_eq_mock_1 :: < Test , Type < _ , _ > > () ;")
[INFO] [stdout]  right: Some("assert_type_eq_mock_1 :: < Test , Type < _ , _ >> () ;")
[INFO] [stdout] stack backtrace:
[INFO] [stdout]    0:     0x60af02046af1 - <<std[617be2ca0a6fd877]::sys::backtrace::BacktraceLock>::print::DisplayBacktrace as core[a373ad73a504971]::fmt::Display>::fmt
[INFO] [stdout]    1:     0x60af0205aeea - core[a373ad73a504971]::fmt::write
[INFO] [stdout]    2:     0x60af0204ad5c - <alloc[2e1b2a31b91974c5]::vec::Vec<u8> as core[a373ad73a504971]::io::write::Write>::write_fmt
[INFO] [stdout]    3:     0x60af02022d86 - std[617be2ca0a6fd877]::panicking::default_hook::{closure#0}
[INFO] [stdout]    4:     0x60af0203efc9 - std[617be2ca0a6fd877]::panicking::default_hook
[INFO] [stdout]    5:     0x60af01ebf6b0 - test[aada8e7e76ba119b]::test_main_inner::{closure#0}
[INFO] [stdout]    6:     0x60af0203f2f2 - std[617be2ca0a6fd877]::panicking::panic_with_hook
[INFO] [stdout]    7:     0x60af02022e32 - std[617be2ca0a6fd877]::panicking::panic_handler::{closure#0}
[INFO] [stdout]    8:     0x60af0201bb49 - std[617be2ca0a6fd877]::sys::backtrace::__rust_end_short_backtrace::<std[617be2ca0a6fd877]::panicking::panic_handler::{closure#0}, !>
[INFO] [stdout]    9:     0x60af02023a3d - __rustc[ea4f61d10b84890b]::rust_begin_unwind
[INFO] [stdout]   10:     0x60af0205b64c - core[a373ad73a504971]::panicking::panic_fmt
[INFO] [stdout]   11:     0x60af0205b563 - core[a373ad73a504971]::panicking::assert_failed_inner
[INFO] [stdout]   12:     0x60af01e9d441 - core[a373ad73a504971]::panicking::assert_failed::<core[a373ad73a504971]::option::Option<alloc[2e1b2a31b91974c5]::string::String>, core[a373ad73a504971]::option::Option<alloc[2e1b2a31b91974c5]::string::String>>
[INFO] [stdout]   13:     0x60af01e94c71 - <proc_macro_assertions[45cfb45f37d0eb40]::generatable::type::test::generate_assert::{closure#0} as core[a373ad73a504971]::ops::function::FnOnce<()>>::call_once
[INFO] [stdout]   14:     0x60af01eb2afb - test[aada8e7e76ba119b]::__rust_begin_short_backtrace::<core[a373ad73a504971]::result::Result<(), alloc[2e1b2a31b91974c5]::string::String>, fn() -> core[a373ad73a504971]::result::Result<(), alloc[2e1b2a31b91974c5]::string::String>>
[INFO] [stdout]   15:     0x60af01ebfcd5 - test[aada8e7e76ba119b]::run_test::{closure#0}
[INFO] [stdout]   16:     0x60af01eb95c4 - std[617be2ca0a6fd877]::sys::backtrace::__rust_begin_short_backtrace::<test[aada8e7e76ba119b]::run_test::{closure#1}, ()>
[INFO] [stdout]   17:     0x60af01ec2d62 - <std[617be2ca0a6fd877]::thread::lifecycle::spawn_unchecked<test[aada8e7e76ba119b]::run_test::{closure#1}, ()>::{closure#1} as core[a373ad73a504971]::ops::function::FnOnce<()>>::call_once::{shim:vtable#0}
[INFO] [stdout]   18:     0x60af0204633f - <std[617be2ca0a6fd877]::sys::thread::unix::Thread>::new::thread_start
[INFO] [stdout]   19:     0x777077738dfa - <unknown>
[INFO] [stdout]   20:     0x7770777cc3d4 - clone
[INFO] [stdout]   21:                0x0 - <unknown>
[INFO] [stdout] 
[INFO] [stdout] 
[INFO] [stdout] failures:
[INFO] [stdout]     generatable::r#type::test::generate_assert
[INFO] [stdout]     generatable::r#type::test::generate_generatable
[INFO] [stdout] 
[INFO] [stdout] test result: FAILED. 22 passed; 2 failed; 0 ignored; 0 measured; 0 filtered out; finished in 0.01s
[INFO] [stdout] 
[INFO] [stderr] error: test failed, to rerun pass `--lib`
[INFO] running `Command { std: "docker" "inspect" "19a65e19d8e5c43848ee6ec69868cea756516bf84afd8ba2d450885c4eea41dd", kill_on_drop: false }`
[INFO] running `Command { std: "docker" "rm" "-f" "19a65e19d8e5c43848ee6ec69868cea756516bf84afd8ba2d450885c4eea41dd", kill_on_drop: false }`
[INFO] [stdout] 19a65e19d8e5c43848ee6ec69868cea756516bf84afd8ba2d450885c4eea41dd
