[INFO] fetching crate proc-janitor 0.10.1...
[INFO] testing proc-janitor-0.10.1 against 1.99.0-beta.8+cargoflags=--release for beta-release-1.100-2
[INFO] extracting crate proc-janitor 0.10.1 into /workspace/builds/worker-6-tc1/source
[INFO] started tweaking crates.io crate proc-janitor 0.10.1
[INFO] removed 0 missing tests
[INFO] finished tweaking crates.io crate proc-janitor 0.10.1
[INFO] tweaked toml for crates.io crate proc-janitor 0.10.1 written to /workspace/builds/worker-6-tc1/source/Cargo.toml
[INFO] validating manifest of crates.io crate proc-janitor 0.10.1 on toolchain 1.99.0-beta.8
[INFO] running `Command { std: CARGO_HOME="/workspace/cargo-home" RUSTUP_HOME="/workspace/rustup-home" "/workspace/cargo-home/bin/cargo" "+1.99.0-beta.8" "metadata" "--manifest-path" "Cargo.toml" "--no-deps", kill_on_drop: false }`
[INFO] crate crates.io crate proc-janitor 0.10.1 already has a lockfile, it will not be regenerated
[INFO] running `Command { std: CARGO_HOME="/workspace/cargo-home" RUSTUP_HOME="/workspace/rustup-home" "/workspace/cargo-home/bin/cargo" "+1.99.0-beta.8" "fetch" "--manifest-path" "Cargo.toml", kill_on_drop: false }`
[INFO] [stderr]  Downloading crates ...
[INFO] [stderr]   Downloaded tracing-appender v0.2.4
[INFO] [stderr]   Downloaded serial_test v3.3.1
[INFO] [stderr]   Downloaded serial_test_derive v3.3.1
[INFO] [stderr]   Downloaded roff v0.2.2
[INFO] [stderr]   Downloaded clap_mangen v0.2.31
[INFO] [stderr]   Downloaded clap_complete v4.5.65
[INFO] running `Command { std: "docker" "create" "-v" "/var/lib/crater-agent-workspace/builds/worker-6-tc1/source:/opt/rustwide/workdir:ro,Z" "-v" "/var/lib/crater-agent-workspace/builds/worker-6-tc1/target:/opt/rustwide/target:rw,Z" "-v" "/var/lib/crater-agent-workspace/cargo-home:/opt/rustwide/cargo-home:ro,Z" "-v" "/var/lib/crater-agent-workspace/rustup-home:/opt/rustwide/rustup-home:ro,Z" "-m" "1610612736" "--network" "none" "ghcr.io/rust-lang/crates-build-env/linux@sha256:77db811e55d90add9212f6832c23229e3de5f1c1f9905e8cb07319ea15df73ac" "sleep" "infinity", kill_on_drop: false }`
[INFO] [stdout] 7e9d44f176227bccc5d9be18c6d986523325e8e179beec2b235d9b9d02b0d279
[INFO] running `Command { std: "docker" "start" "7e9d44f176227bccc5d9be18c6d986523325e8e179beec2b235d9b9d02b0d279", kill_on_drop: false }`
[INFO] running `Command { std: "docker" "inspect" "7e9d44f176227bccc5d9be18c6d986523325e8e179beec2b235d9b9d02b0d279", kill_on_drop: false }`
[INFO] running `Command { std: "docker" "exec" "-e" "SOURCE_DIR=/opt/rustwide/workdir" "-e" "CARGO_HOME=/opt/rustwide/cargo-home" "-e" "RUSTUP_HOME=/opt/rustwide/rustup-home" "-e" "CARGO_TARGET_DIR=/opt/rustwide/target" "-w" "/opt/rustwide/workdir" "--user" "0:0" "7e9d44f176227bccc5d9be18c6d986523325e8e179beec2b235d9b9d02b0d279" "/opt/rustwide/cargo-home/bin/cargo" "+1.99.0-beta.8" "metadata" "--no-deps" "--format-version=1", kill_on_drop: false }`
[INFO] running `Command { std: "docker" "inspect" "7e9d44f176227bccc5d9be18c6d986523325e8e179beec2b235d9b9d02b0d279", kill_on_drop: false }`
[INFO] running `Command { std: "docker" "exec" "-e" "SOURCE_DIR=/opt/rustwide/workdir" "-e" "CARGO_HOME=/opt/rustwide/cargo-home" "-e" "RUSTUP_HOME=/opt/rustwide/rustup-home" "-e" "CARGO_TARGET_DIR=/opt/rustwide/target" "-e" "CARGO_INCREMENTAL=0" "-e" "RUST_BACKTRACE=full" "-e" "RUSTFLAGS=--cap-lints=warn" "-e" "RUSTDOCFLAGS=--cap-lints=warn" "-w" "/opt/rustwide/workdir" "--user" "0:0" "7e9d44f176227bccc5d9be18c6d986523325e8e179beec2b235d9b9d02b0d279" "/opt/rustwide/cargo-home/bin/cargo" "+1.99.0-beta.8" "build" "--frozen" "--message-format=json" "--release", kill_on_drop: false }`
[INFO] [stderr]    Compiling unicode-ident v1.0.22
[INFO] [stderr]    Compiling quote v1.0.44
[INFO] [stderr]    Compiling libc v0.2.180
[INFO] [stderr]    Compiling serde_core v1.0.228
[INFO] [stderr]    Compiling utf8parse v0.2.2
[INFO] [stderr]    Compiling memchr v2.7.6
[INFO] [stderr]    Compiling anstyle v1.0.13
[INFO] [stderr]    Compiling once_cell v1.21.3
[INFO] [stderr]    Compiling anstyle-query v1.1.5
[INFO] [stderr]    Compiling is_terminal_polyfill v1.70.2
[INFO] [stderr]    Compiling colorchoice v1.0.4
[INFO] [stderr]    Compiling serde v1.0.228
[INFO] [stderr]    Compiling strsim v0.11.1
[INFO] [stderr]    Compiling cfg-if v1.0.4
[INFO] [stderr]    Compiling clap_lex v0.7.7
[INFO] [stderr]    Compiling crossbeam-utils v0.8.21
[INFO] [stderr]    Compiling anstyle-parse v0.2.7
[INFO] [stderr]    Compiling crossbeam-epoch v0.9.20
[INFO] [stderr]    Compiling proc-macro2 v1.0.106
[INFO] [stderr]    Compiling regex-syntax v0.8.9
[INFO] [stderr]    Compiling anstream v0.6.21
[INFO] [stderr]    Compiling tracing-core v0.1.36
[INFO] [stderr]    Compiling rayon-core v1.13.0
[INFO] [stderr]    Compiling num-traits v0.2.19
[INFO] [stderr]    Compiling log v0.4.29
[INFO] [stderr]    Compiling getrandom v0.3.4
[INFO] [stderr]    Compiling cfg_aliases v0.2.1
[INFO] [stderr]    Compiling roff v0.2.2
[INFO] [stderr]    Compiling lazy_static v1.5.0
[INFO] [stderr]    Compiling zmij v1.0.19
[INFO] [stderr]    Compiling pin-project-lite v0.2.16
[INFO] [stderr]    Compiling hashbrown v0.16.1
[INFO] [stderr]    Compiling equivalent v1.0.2
[INFO] [stderr]    Compiling sharded-slab v0.1.7
[INFO] [stderr]    Compiling clap_builder v4.5.57
[INFO] [stderr]    Compiling nix v0.29.0
[INFO] [stderr]    Compiling thread_local v1.1.9
[INFO] [stderr]    Compiling toml_write v0.1.2
[INFO] [stderr]    Compiling option-ext v0.2.0
[INFO] [stderr]    Compiling smallvec v1.15.1
[INFO] [stderr]    Compiling unicode-width v0.2.2
[INFO] [stderr]    Compiling crossbeam-deque v0.8.6
[INFO] [stderr]    Compiling syn v2.0.114
[INFO] [stderr]    Compiling aho-corasick v1.1.4
[INFO] [stderr]    Compiling tracing-log v0.2.0
[INFO] [stderr]    Compiling deranged v0.5.8
[INFO] [stderr]    Compiling nu-ansi-term v0.50.3
[INFO] [stderr]    Compiling owo-colors v4.2.3
[INFO] [stderr]    Compiling serde_json v1.0.149
[INFO] [stderr]    Compiling time-core v0.1.9
[INFO] [stderr]    Compiling powerfmt v0.2.0
[INFO] [stderr]    Compiling num-conv v0.2.2
[INFO] [stderr]    Compiling anyhow v1.0.104
[INFO] [stderr]    Compiling either v1.15.0
[INFO] [stderr]    Compiling winnow v0.7.14
[INFO] [stderr]    Compiling signal-hook v0.3.18
[INFO] [stderr]    Compiling crossbeam-channel v0.5.15
[INFO] [stderr]    Compiling portable-atomic v1.13.1
[INFO] [stderr]    Compiling is_ci v1.2.0
[INFO] [stderr]    Compiling indexmap v2.13.0
[INFO] [stderr]    Compiling bitflags v2.10.0
[INFO] [stderr]    Compiling number_prefix v0.4.0
[INFO] [stderr]    Compiling iana-time-zone v0.1.65
[INFO] [stderr]    Compiling rayon v1.11.0
[INFO] [stderr]    Compiling itoa v1.0.17
[INFO] [stderr]    Compiling supports-color v3.0.2
[INFO] [stderr]    Compiling errno v0.3.14
[INFO] [stderr]    Compiling dirs-sys v0.4.1
[INFO] [stderr]    Compiling console v0.15.11
[INFO] [stderr]    Compiling regex-automata v0.4.14
[INFO] [stderr]    Compiling signal-hook-registry v1.4.8
[INFO] [stderr]    Compiling uuid v1.20.0
[INFO] [stderr]    Compiling time v0.3.55
[INFO] [stderr]    Compiling dirs v5.0.1
[INFO] [stderr]    Compiling daemonize v0.5.0
[INFO] [stderr]    Compiling fs2 v0.4.3
[INFO] [stderr]    Compiling indicatif v0.17.11
[INFO] [stderr]    Compiling matchers v0.2.0
[INFO] [stderr]    Compiling regex v1.12.3
[INFO] [stderr]    Compiling sysinfo v0.31.4
[INFO] [stderr]    Compiling clap_derive v4.5.55
[INFO] [stderr]    Compiling serde_derive v1.0.228
[INFO] [stderr]    Compiling tracing-attributes v0.1.31
[INFO] [stderr]    Compiling thiserror-impl v2.0.18
[INFO] [stderr]    Compiling thiserror v2.0.18
[INFO] [stderr]    Compiling tracing v0.1.44
[INFO] [stderr]    Compiling tracing-subscriber v0.3.22
[INFO] [stderr]    Compiling clap v4.5.57
[INFO] [stderr]    Compiling clap_complete v4.5.65
[INFO] [stderr]    Compiling clap_mangen v0.2.31
[INFO] [stderr]    Compiling proc-janitor v0.10.1 (/opt/rustwide/workdir)
[INFO] [stderr]    Compiling tracing-appender v0.2.4
[INFO] [stderr]    Compiling toml_datetime v0.6.11
[INFO] [stderr]    Compiling serde_spanned v0.6.9
[INFO] [stderr]    Compiling chrono v0.4.43
[INFO] [stderr]    Compiling toml_edit v0.22.27
[INFO] [stderr]    Compiling toml v0.8.23
[INFO] [stderr]     Finished `release` profile [optimized] target(s) in 1m 48s
[INFO] running `Command { std: "docker" "inspect" "7e9d44f176227bccc5d9be18c6d986523325e8e179beec2b235d9b9d02b0d279", kill_on_drop: false }`
[INFO] running `Command { std: "docker" "exec" "-e" "SOURCE_DIR=/opt/rustwide/workdir" "-e" "CARGO_HOME=/opt/rustwide/cargo-home" "-e" "RUSTUP_HOME=/opt/rustwide/rustup-home" "-e" "CARGO_TARGET_DIR=/opt/rustwide/target" "-e" "CARGO_INCREMENTAL=0" "-e" "RUST_BACKTRACE=full" "-e" "RUSTFLAGS=--cap-lints=warn" "-e" "RUSTDOCFLAGS=--cap-lints=warn" "-w" "/opt/rustwide/workdir" "--user" "0:0" "7e9d44f176227bccc5d9be18c6d986523325e8e179beec2b235d9b9d02b0d279" "/opt/rustwide/cargo-home/bin/cargo" "+1.99.0-beta.8" "test" "--frozen" "--no-run" "--message-format=json" "--release", kill_on_drop: false }`
[INFO] [stderr]    Compiling bitflags v2.10.0
[INFO] [stderr]    Compiling futures-core v0.3.31
[INFO] [stderr]    Compiling pin-utils v0.1.0
[INFO] [stderr]    Compiling futures-task v0.3.31
[INFO] [stderr]    Compiling scopeguard v1.2.0
[INFO] [stderr]    Compiling slab v0.4.12
[INFO] [stderr]    Compiling rustix v1.1.3
[INFO] [stderr]    Compiling parking_lot_core v0.9.12
[INFO] [stderr]    Compiling sdd v3.0.10
[INFO] [stderr]    Compiling linux-raw-sys v0.11.0
[INFO] [stderr]    Compiling serial_test_derive v3.3.1
[INFO] [stderr]    Compiling fastrand v2.3.0
[INFO] [stderr]    Compiling filetime v0.2.27
[INFO] [stderr]    Compiling lock_api v0.4.14
[INFO] [stderr]    Compiling futures-util v0.3.31
[INFO] [stderr]    Compiling nix v0.29.0
[INFO] [stderr]    Compiling parking_lot v0.12.5
[INFO] [stderr]    Compiling scc v2.4.0
[INFO] [stderr]    Compiling proc-janitor v0.10.1 (/opt/rustwide/workdir)
[INFO] [stderr]    Compiling futures-executor v0.3.31
[INFO] [stderr]    Compiling serial_test v3.3.1
[INFO] [stderr]    Compiling tempfile v3.24.0
[INFO] [stderr]     Finished `release` profile [optimized] target(s) in 1m 13s
[INFO] running `Command { std: "docker" "inspect" "7e9d44f176227bccc5d9be18c6d986523325e8e179beec2b235d9b9d02b0d279", kill_on_drop: false }`
[INFO] running `Command { std: "docker" "exec" "-e" "SOURCE_DIR=/opt/rustwide/workdir" "-e" "CARGO_HOME=/opt/rustwide/cargo-home" "-e" "RUSTUP_HOME=/opt/rustwide/rustup-home" "-e" "CARGO_TARGET_DIR=/opt/rustwide/target" "-e" "CARGO_INCREMENTAL=0" "-e" "RUST_BACKTRACE=full" "-e" "RUSTFLAGS=--cap-lints=warn" "-e" "RUSTDOCFLAGS=--cap-lints=warn" "-w" "/opt/rustwide/workdir" "--user" "0:0" "7e9d44f176227bccc5d9be18c6d986523325e8e179beec2b235d9b9d02b0d279" "/opt/rustwide/cargo-home/bin/cargo" "+1.99.0-beta.8" "test" "--frozen" "--release", kill_on_drop: false }`
[INFO] [stderr]     Finished `release` profile [optimized] target(s) in 0.21s
[INFO] [stderr]      Running unittests src/main.rs (/opt/rustwide/target/release/deps/proc_janitor-61ddbeb173ede126)
[INFO] [stdout] 
[INFO] [stdout] running 81 tests
[INFO] [stdout] test config::tests::test_partial_config_uses_defaults ... ok
[INFO] [stdout] test config::tests::test_default_config ... ok
[INFO] [stdout] test config::tests::test_env_overrides_empty_lists ... ok
[INFO] [stdout] test config::tests::test_env_overrides_with_spaces ... ok
[INFO] [stdout] test config::tests::test_env_overrides_targets ... ok
[INFO] [stdout] test config::tests::test_env_overrides_numeric ... ok
[INFO] [stdout] test config::tests::test_env_overrides_logging ... ok
[INFO] [stdout] test config::tests::test_env_overrides_invalid_values ... ok
[INFO] [stdout] test config::tests::test_config_serialization ... ok
[INFO] [stdout] test config::tests::test_env_overrides_whitelist ... ok
[INFO] [stdout] test config::tests::test_empty_config_uses_all_defaults ... ok
[INFO] [stdout] test daemon::tests::test_daemon_status_not_running ... ok
[INFO] [stdout] test daemon::tests::test_classify_signal_sighup_reloads_not_shutdown ... ok
[INFO] [stdout] test doctor::tests::test_fail_does_not_panic ... ok
[INFO] [stdout] test doctor::tests::test_run_total_matches_check_count ... ok
[INFO] [stdout] test daemon::tests::test_event_within_cutoff ... ok
[INFO] [stdout] test doctor::tests::test_check_session_store_handles_missing ... ok
[INFO] [stdout] test daemon::tests::test_get_pid_file_path ... ok
[INFO] [stdout] test config::tests::test_validate_boundaries ... ok
[INFO] [stdout] test doctor::tests::test_data_dir_returns_expected_suffix ... ok
[INFO] [stdout] test daemon::tests::test_daemon_status_serialization ... ok
[INFO] [stdout] test daemon::tests::test_daemon_stop_constants ... ok
[INFO] [stdout] test exec::tests::test_validate_rejects_empty_command ... ok
[INFO] [stdout] test doctor::tests::test_check_data_directory_creates_if_missing ... ok
[INFO] [stdout] test exec::tests::test_exec_reports_missing_program ... ok
[INFO] [stdout] test kill::tests::test_process_exists_nonexistent ... ok
[INFO] [stdout] test kill::tests::test_process_exists_self ... ok
[INFO] [stdout] test kill::tests::test_system_pid_guard_pid2 ... ok
[INFO] [stdout] test kill::tests::test_pid_exceeds_i32_range ... ok
[INFO] [stdout] test kill::tests::test_system_pid_guard_pid0 ... ok
[INFO] [stdout] test kill::tests::test_kill_with_wrong_start_time ... ok
[INFO] [stdout] test logger::tests::test_is_rotating_log_discriminates_supervisor_files ... ok
[INFO] [stdout] test logger::tests::test_cleanup_old_logs ... ok
[INFO] [stdout] test scanner::tests::test_classify_session_decision_table ... ok
[INFO] [stdout] test logger::tests::test_logger_init_disabled ... ok
[INFO] [stdout] test scanner::tests::test_compile_pattern_accepts_realistic_patterns ... ok
[INFO] [stdout] test scanner::tests::test_container_detection_on_host ... ok
[INFO] [stdout] test exec::tests::test_signal_tree_skips_pids_whose_identity_changed ... ok
[INFO] [stdout] test kill::tests::test_kill_nonexistent_without_start_time ... ok
[INFO] [stdout] test scanner::tests::test_is_orphan_check ... ok
[INFO] [stdout] test cleaner::tests::test_clean_process_dry_run ... ok
[INFO] [stdout] test kill::tests::test_system_pid_guard_pid1 ... ok
[INFO] [stdout] test scanner::tests::test_matches_any_targets ... ok
[INFO] [stdout] test cleaner::tests::test_clean_all_dry_run ... ok
[INFO] [stdout] test doctor::tests::test_pass_does_not_panic ... ok
[INFO] [stdout] test kill::tests::test_verify_identity_nonexistent ... ok
[INFO] [stdout] test scanner::tests::test_matches_any_empty_never_matches ... ok
[INFO] [stdout] test session::tests::test_register_rejects_long_name ... ok
[INFO] [stdout] test scanner::tests::test_matches_any_whitelist ... ok
[INFO] [stdout] test session::tests::test_register_rejects_empty_name ... ok
[INFO] [stdout] test session::tests::test_session_backward_compat ... ok
[INFO] [stdout] test session::tests::test_is_session_stale_logic ... ok
[INFO] [stdout] test scanner::tests::test_scanner_new_with_invalid_regex ... ok
[INFO] [stdout] test exec::tests::test_exec_propagates_exit_code ... ok
[INFO] [stdout] test session::tests::test_tracked_pid_deserialize_full_no_start_time ... ok
[INFO] [stdout] test session::tests::test_register_rejects_whitespace_name ... ok
[INFO] [stdout] test session::tests::test_session_source_parsing ... ok
[INFO] [stdout] test util::tests::test_check_not_symlink_regular_file ... ok
[INFO] [stdout] test util::tests::test_check_not_symlink_actual_symlink ... ok
[INFO] [stdout] test session::tests::test_uuid_generation ... ok
[INFO] [stdout] [2m2026-10-18T14:24:09.179248Z[0m [33m WARN[0m [2mproc_janitor::scanner[0m[2m:[0m No target patterns configured. Scanner will not detect any orphaned processes. Run 'proc-janitor config init' to set up target patterns.
[INFO] [stdout] [2m2026-10-18T14:24:09.179279Z[0m [33m WARN[0m [2mproc_janitor::scanner[0m[2m:[0m Container environment detected. All processes may appear as orphans (PPID=1). proc-janitor may not work correctly inside containers.
[INFO] [stdout] test util::tests::test_open_nofollow_write_rejects_symlink ... ok
[INFO] [stdout] test util::tests::test_sanitize_leaves_normal_text_alone ... ok
[INFO] [stdout] test session::tests::test_tracked_pid_deserialize_bare ... ok
[INFO] [stdout] test session::tests::test_tracked_pid_deserialize_full ... ok
[INFO] [stdout] test util::tests::test_check_not_symlink_nonexistent ... ok
[INFO] [stdout] test session::tests::test_register_rejects_special_chars_in_name ... ok
[INFO] [stdout] test util::tests::test_open_nofollow_write_regular_file ... ok
[INFO] [stdout] test util::tests::test_sanitize_neutralises_terminal_control_sequences ... ok
[INFO] [stdout] test util::tests::test_use_color_respects_no_color ... ok
[INFO] [stdout] test visualize::tests::test_tree_uses_the_scanner_matcher ... ok
[INFO] [stdout] test scanner::tests::test_scanner_new_with_empty_targets ... ok
[INFO] [stdout] test kill::tests::test_self_pid_guard ... ok
[INFO] [stdout] test cleaner::tests::test_clean_all_empty ... ok
[INFO] [stdout] test scanner::tests::test_compile_pattern_rejects_ruinous_patterns ... ok
[INFO] [stdout] test scanner::tests::test_orphan_evidence_of_a_live_process ... ok
[INFO] [stdout] test kill::tests::test_verify_identity_with_sys ... ok
[INFO] [stdout] test exec::tests::test_signal_tree_never_touches_reserved_pids_or_self ... ok
[INFO] [stdout] test watch::tests::test_waker_interrupts_a_long_wait ... ok
[INFO] [stdout] test watch::tests::test_timeout_when_nothing_happens ... ok
[INFO] [stdout] test kill::tests::test_kill_real_child_process ... ok
[INFO] [stdout] test kill::tests::test_kill_real_child_with_identity ... ok
[INFO] [stdout] 
[INFO] [stdout] test result: ok. 81 passed; 0 failed; 0 ignored; 0 measured; 0 filtered out; finished in 5.40s
[INFO] [stdout] 
[INFO] [stderr]      Running tests/integration_test.rs (/opt/rustwide/target/release/deps/integration_test-3435028357e5c4cd)
[INFO] [stdout] 
[INFO] [stdout] running 34 tests
[INFO] [stdout] test test_doctor_command ... ok
[INFO] [stdout] test test_clean_with_pattern_filter ... FAILED
[INFO] [stdout] test test_clean_command ... FAILED
[INFO] [stdout] test test_config_validate ... ok
[INFO] [stdout] test test_config_show ... ok
[INFO] [stdout] test test_clean_quiet_mode ... FAILED
[INFO] [stdout] test test_clean_min_age ... FAILED
[INFO] [stdout] test test_exec_is_transparent_while_parent_lives ... ok
[INFO] [stdout] test test_exec_requires_a_command ... ok
[INFO] [stdout] test test_clean_with_pid_filter ... FAILED
[INFO] [stdout] test test_help_command ... ok
[INFO] [stdout] test test_reload_when_not_running ... ok
[INFO] [stdout] test test_session_list ... ok
[INFO] [stdout] test test_clean_dry_run ... ok
[INFO] [stdout] test test_src_contains_no_unsafe_code ... ok
[INFO] [stdout] test test_stats_command ... ok
[INFO] [stdout] test test_stats_json ... ok
[INFO] [stdout] test test_clean_dry_run_json ... ok
[INFO] [stdout] test test_version_command ... ok
[INFO] [stdout] test test_scan_json_output ... ok
[INFO] [stdout] test test_status_command ... ok
[INFO] [stdout] test test_scan_quiet_mode ... ok
[INFO] [stdout] test test_scan_command ... ok
[INFO] [stdout] test test_tree_with_pattern ... ok
[INFO] [stdout] test test_daemon_refuses_a_config_it_cannot_load ... ok
[INFO] [stdout] test test_tree_command ... ok
[INFO] [stdout] test test_exec_kills_command_when_signalled_itself ... ok
[INFO] [stdout] test test_exec_kills_command_when_parent_dies ... ok
[INFO] [stdout] test test_session_clean_fallback_spares_unmatched_processes ... ok
[INFO] [stdout] test test_daemon_foreground_dry_run ... ok
[INFO] [stdout] test test_restart_when_not_running ... ok
[INFO] [stdout] test test_session_clean_falls_back_to_target_patterns ... ok
[INFO] [stdout] test test_reload_preserves_grace_period ... ok
[INFO] [stdout] test test_daemon_reacts_before_the_next_scan ... ok
[INFO] [stderr] error: test failed, to rerun pass `--test integration_test`
[INFO] [stdout] 
[INFO] [stdout] failures:
[INFO] [stdout] 
[INFO] [stdout] ---- test_clean_with_pattern_filter stdout ----
[INFO] [stdout] 
[INFO] [stdout] thread 'test_clean_with_pattern_filter' (2150) panicked at tests/integration_test.rs:223:5:
[INFO] [stdout] assertion failed: output.status.success()
[INFO] [stdout] stack backtrace:
[INFO] [stdout]    0:     0x5c63ef3d4225 - <unknown>
[INFO] [stdout]    1:     0x5c63ef3b423a - <unknown>
[INFO] [stdout]    2:     0x5c63ef3d38bb - <unknown>
[INFO] [stdout]    3:     0x5c63ef3d339f - <unknown>
[INFO] [stdout]    4:     0x5c63ef3d2fca - <unknown>
[INFO] [stdout]    5:     0x5c63ef3d2b02 - <unknown>
[INFO] [stdout]    6:     0x5c63ef3f99e2 - <unknown>
[INFO] [stdout]    7:     0x5c63ef3f9969 - <unknown>
[INFO] [stdout]    8:     0x5c63ef3f9e7c - <unknown>
[INFO] [stdout]    9:     0x5c63ef3b40cb - <unknown>
[INFO] [stdout]   10:     0x5c63ef3b5f81 - <unknown>
[INFO] [stdout]   11:     0x5c63ef3a95e0 - <unknown>
[INFO] [stdout]   12:     0x5c63ef4151cb - <unknown>
[INFO] [stdout]   13:     0x5c63ef411341 - <unknown>
[INFO] [stdout]   14:     0x5c63ef410b2c - <unknown>
[INFO] [stdout]   15:     0x5c63ef42d41c - <unknown>
[INFO] [stdout]   16:     0x5c63ef3fb482 - <unknown>
[INFO] [stdout]   17:     0x7d7cc588cdfa - <unknown>
[INFO] [stdout]   18:     0x7d7cc59203d4 - clone
[INFO] [stdout]   19:                0x0 - <unknown>
[INFO] [stdout] 
[INFO] [stdout] ---- test_clean_command stdout ----
[INFO] [stdout] 
[INFO] [stdout] thread 'test_clean_command' (2145) panicked at tests/integration_test.rs:168:5:
[INFO] [stdout] assertion failed: output.status.success()
[INFO] [stdout] stack backtrace:
[INFO] [stdout]    0:     0x5c63ef3d4225 - <unknown>
[INFO] [stdout]    1:     0x5c63ef3b423a - <unknown>
[INFO] [stdout]    2:     0x5c63ef3d38bb - <unknown>
[INFO] [stdout]    3:     0x5c63ef3d339f - <unknown>
[INFO] [stdout]    4:     0x5c63ef3d2fca - <unknown>
[INFO] [stdout]    5:     0x5c63ef3d2b02 - <unknown>
[INFO] [stdout]    6:     0x5c63ef3f99e2 - <unknown>
[INFO] [stdout]    7:     0x5c63ef3f9969 - <unknown>
[INFO] [stdout]    8:     0x5c63ef3f9e7c - <unknown>
[INFO] [stdout]    9:     0x5c63ef3b40cb - <unknown>
[INFO] [stdout]   10:     0x5c63ef3b5f81 - <unknown>
[INFO] [stdout]   11:     0x5c63ef3a4a9e - <unknown>
[INFO] [stdout]   12:     0x5c63ef4151cb - <unknown>
[INFO] [stdout]   13:     0x5c63ef411341 - <unknown>
[INFO] [stdout]   14:     0x5c63ef410b2c - <unknown>
[INFO] [stdout]   15:     0x5c63ef42d41c - <unknown>
[INFO] [stdout]   16:     0x5c63ef3fb482 - <unknown>
[INFO] [stdout]   17:     0x7d7cc588cdfa - <unknown>
[INFO] [stdout]   18:     0x7d7cc59203d4 - clone
[INFO] [stdout]   19:                0x0 - <unknown>
[INFO] [stdout] 
[INFO] [stdout] ---- test_clean_quiet_mode stdout ----
[INFO] [stdout] 
[INFO] [stdout] thread 'test_clean_quiet_mode' (2149) panicked at tests/integration_test.rs:324:5:
[INFO] [stdout] assertion failed: output.status.success()
[INFO] [stdout] stack backtrace:
[INFO] [stdout]    0:     0x5c63ef3d4225 - <unknown>
[INFO] [stdout]    1:     0x5c63ef3b423a - <unknown>
[INFO] [stdout]    2:     0x5c63ef3d38bb - <unknown>
[INFO] [stdout]    3:     0x5c63ef3d339f - <unknown>
[INFO] [stdout]    4:     0x5c63ef3d2fca - <unknown>
[INFO] [stdout]    5:     0x5c63ef3d2b02 - <unknown>
[INFO] [stdout]    6:     0x5c63ef3f99e2 - <unknown>
[INFO] [stdout]    7:     0x5c63ef3f9969 - <unknown>
[INFO] [stdout]    8:     0x5c63ef3f9e7c - <unknown>
[INFO] [stdout]    9:     0x5c63ef3b40cb - <unknown>
[INFO] [stdout]   10:     0x5c63ef3b5f81 - <unknown>
[INFO] [stdout]   11:     0x5c63ef3a6e87 - <unknown>
[INFO] [stdout]   12:     0x5c63ef4151cb - <unknown>
[INFO] [stdout]   13:     0x5c63ef411341 - <unknown>
[INFO] [stdout]   14:     0x5c63ef410b2c - <unknown>
[INFO] [stdout]   15:     0x5c63ef42d41c - <unknown>
[INFO] [stdout]   16:     0x5c63ef3fb482 - <unknown>
[INFO] [stdout]   17:     0x7d7cc588cdfa - <unknown>
[INFO] [stdout]   18:     0x7d7cc59203d4 - clone
[INFO] [stdout]   19:                0x0 - <unknown>
[INFO] [stdout] 
[INFO] [stdout] ---- test_clean_min_age stdout ----
[INFO] [stdout] 
[INFO] [stdout] thread 'test_clean_min_age' (2148) panicked at tests/integration_test.rs:412:5:
[INFO] [stdout] assertion failed: output.status.success()
[INFO] [stdout] stack backtrace:
[INFO] [stdout]    0:     0x5c63ef3d4225 - <unknown>
[INFO] [stdout]    1:     0x5c63ef3b423a - <unknown>
[INFO] [stdout]    2:     0x5c63ef3d38bb - <unknown>
[INFO] [stdout]    3:     0x5c63ef3d339f - <unknown>
[INFO] [stdout]    4:     0x5c63ef3d2fca - <unknown>
[INFO] [stdout]    5:     0x5c63ef3d2b02 - <unknown>
[INFO] [stdout]    6:     0x5c63ef3f99e2 - <unknown>
[INFO] [stdout]    7:     0x5c63ef3f9969 - <unknown>
[INFO] [stdout]    8:     0x5c63ef3f9e7c - <unknown>
[INFO] [stdout]    9:     0x5c63ef3b40cb - <unknown>
[INFO] [stdout]   10:     0x5c63ef3b5f81 - <unknown>
[INFO] [stdout]   11:     0x5c63ef3a52e0 - <unknown>
[INFO] [stdout]   12:     0x5c63ef4151cb - <unknown>
[INFO] [stdout]   13:     0x5c63ef411341 - <unknown>
[INFO] [stdout]   14:     0x5c63ef410b2c - <unknown>
[INFO] [stdout]   15:     0x5c63ef42d41c - <unknown>
[INFO] [stdout]   16:     0x5c63ef3fb482 - <unknown>
[INFO] [stdout]   17:     0x7d7cc588cdfa - <unknown>
[INFO] [stdout]   18:     0x7d7cc59203d4 - clone
[INFO] [stdout]   19:                0x0 - <unknown>
[INFO] [stdout] 
[INFO] [stdout] ---- test_clean_with_pid_filter stdout ----
[INFO] [stdout] 
[INFO] [stdout] thread 'test_clean_with_pid_filter' (2151) panicked at tests/integration_test.rs:212:5:
[INFO] [stdout] assertion failed: output.status.success()
[INFO] [stdout] stack backtrace:
[INFO] [stdout]    0:     0x5c63ef3d4225 - <unknown>
[INFO] [stdout]    1:     0x5c63ef3b423a - <unknown>
[INFO] [stdout]    2:     0x5c63ef3d38bb - <unknown>
[INFO] [stdout]    3:     0x5c63ef3d339f - <unknown>
[INFO] [stdout]    4:     0x5c63ef3d2fca - <unknown>
[INFO] [stdout]    5:     0x5c63ef3d2b02 - <unknown>
[INFO] [stdout]    6:     0x5c63ef3f99e2 - <unknown>
[INFO] [stdout]    7:     0x5c63ef3f9969 - <unknown>
[INFO] [stdout]    8:     0x5c63ef3f9e7c - <unknown>
[INFO] [stdout]    9:     0x5c63ef3b40cb - <unknown>
[INFO] [stdout]   10:     0x5c63ef3b5f81 - <unknown>
[INFO] [stdout]   11:     0x5c63ef3a8510 - <unknown>
[INFO] [stdout]   12:     0x5c63ef4151cb - <unknown>
[INFO] [stdout]   13:     0x5c63ef411341 - <unknown>
[INFO] [stdout]   14:     0x5c63ef410b2c - <unknown>
[INFO] [stdout]   15:     0x5c63ef42d41c - <unknown>
[INFO] [stdout]   16:     0x5c63ef3fb482 - <unknown>
[INFO] [stdout]   17:     0x7d7cc588cdfa - <unknown>
[INFO] [stdout]   18:     0x7d7cc59203d4 - clone
[INFO] [stdout]   19:                0x0 - <unknown>
[INFO] [stdout] 
[INFO] [stdout] 
[INFO] [stdout] failures:
[INFO] [stdout]     test_clean_command
[INFO] [stdout]     test_clean_min_age
[INFO] [stdout]     test_clean_quiet_mode
[INFO] [stdout]     test_clean_with_pattern_filter
[INFO] [stdout]     test_clean_with_pid_filter
[INFO] [stdout] 
[INFO] [stdout] test result: FAILED. 29 passed; 5 failed; 0 ignored; 0 measured; 0 filtered out; finished in 8.59s
[INFO] [stdout] 
[INFO] running `Command { std: "docker" "inspect" "7e9d44f176227bccc5d9be18c6d986523325e8e179beec2b235d9b9d02b0d279", kill_on_drop: false }`
[INFO] running `Command { std: "docker" "rm" "-f" "7e9d44f176227bccc5d9be18c6d986523325e8e179beec2b235d9b9d02b0d279", kill_on_drop: false }`
[INFO] [stdout] 7e9d44f176227bccc5d9be18c6d986523325e8e179beec2b235d9b9d02b0d279
