[INFO] fetching crate proc-canonicalize 0.1.3...
[INFO] testing proc-canonicalize-0.1.3 against 1.100.0-beta.1+cargoflags=--release for beta-release-1.100-2
[INFO] extracting crate proc-canonicalize 0.1.3 into /workspace/builds/worker-3-tc2/source
[INFO] started tweaking crates.io crate proc-canonicalize 0.1.3
[INFO] removed 0 missing tests
[INFO] finished tweaking crates.io crate proc-canonicalize 0.1.3
[INFO] tweaked toml for crates.io crate proc-canonicalize 0.1.3 written to /workspace/builds/worker-3-tc2/source/Cargo.toml
[INFO] validating manifest of crates.io crate proc-canonicalize 0.1.3 on toolchain 1.100.0-beta.1
[INFO] running `Command { std: CARGO_HOME="/workspace/cargo-home" RUSTUP_HOME="/workspace/rustup-home" "/workspace/cargo-home/bin/cargo" "+1.100.0-beta.1" "metadata" "--manifest-path" "Cargo.toml" "--no-deps", kill_on_drop: false }`
[INFO] crate crates.io crate proc-canonicalize 0.1.3 already has a lockfile, it will not be regenerated
[INFO] running `Command { std: CARGO_HOME="/workspace/cargo-home" RUSTUP_HOME="/workspace/rustup-home" "/workspace/cargo-home/bin/cargo" "+1.100.0-beta.1" "fetch" "--manifest-path" "Cargo.toml", kill_on_drop: false }`
[INFO] [stderr]     Blocking waiting for file lock on package cache
[INFO] running `Command { std: "docker" "create" "-v" "/var/lib/crater-agent-workspace/builds/worker-3-tc2/source:/opt/rustwide/workdir:ro,Z" "-v" "/var/lib/crater-agent-workspace/builds/worker-3-tc2/target:/opt/rustwide/target:rw,Z" "-v" "/var/lib/crater-agent-workspace/cargo-home:/opt/rustwide/cargo-home:ro,Z" "-v" "/var/lib/crater-agent-workspace/rustup-home:/opt/rustwide/rustup-home:ro,Z" "-m" "1610612736" "--network" "none" "ghcr.io/rust-lang/crates-build-env/linux@sha256:77db811e55d90add9212f6832c23229e3de5f1c1f9905e8cb07319ea15df73ac" "sleep" "infinity", kill_on_drop: false }`
[INFO] [stdout] 4f17308159adabf581e6dbe6df1c864cf9c8bfd6c83d9cb462e3f09a49b72147
[INFO] running `Command { std: "docker" "start" "4f17308159adabf581e6dbe6df1c864cf9c8bfd6c83d9cb462e3f09a49b72147", kill_on_drop: false }`
[INFO] running `Command { std: "docker" "inspect" "4f17308159adabf581e6dbe6df1c864cf9c8bfd6c83d9cb462e3f09a49b72147", kill_on_drop: false }`
[INFO] running `Command { std: "docker" "exec" "-e" "SOURCE_DIR=/opt/rustwide/workdir" "-e" "CARGO_HOME=/opt/rustwide/cargo-home" "-e" "RUSTUP_HOME=/opt/rustwide/rustup-home" "-e" "CARGO_TARGET_DIR=/opt/rustwide/target" "-w" "/opt/rustwide/workdir" "--user" "0:0" "4f17308159adabf581e6dbe6df1c864cf9c8bfd6c83d9cb462e3f09a49b72147" "/opt/rustwide/cargo-home/bin/cargo" "+1.100.0-beta.1" "metadata" "--no-deps" "--format-version=1", kill_on_drop: false }`
[INFO] running `Command { std: "docker" "inspect" "4f17308159adabf581e6dbe6df1c864cf9c8bfd6c83d9cb462e3f09a49b72147", kill_on_drop: false }`
[INFO] running `Command { std: "docker" "exec" "-e" "SOURCE_DIR=/opt/rustwide/workdir" "-e" "CARGO_HOME=/opt/rustwide/cargo-home" "-e" "RUSTUP_HOME=/opt/rustwide/rustup-home" "-e" "CARGO_TARGET_DIR=/opt/rustwide/target" "-e" "CARGO_INCREMENTAL=0" "-e" "RUST_BACKTRACE=full" "-e" "RUSTFLAGS=--cap-lints=warn" "-e" "RUSTDOCFLAGS=--cap-lints=warn" "-w" "/opt/rustwide/workdir" "--user" "0:0" "4f17308159adabf581e6dbe6df1c864cf9c8bfd6c83d9cb462e3f09a49b72147" "/opt/rustwide/cargo-home/bin/cargo" "+1.100.0-beta.1" "build" "--frozen" "--message-format=json" "--release", kill_on_drop: false }`
[INFO] [stderr]    Compiling proc-canonicalize v0.1.3 (/opt/rustwide/workdir)
[INFO] [stderr]     Finished `release` profile [optimized] target(s) in 0.27s
[INFO] running `Command { std: "docker" "inspect" "4f17308159adabf581e6dbe6df1c864cf9c8bfd6c83d9cb462e3f09a49b72147", kill_on_drop: false }`
[INFO] running `Command { std: "docker" "exec" "-e" "SOURCE_DIR=/opt/rustwide/workdir" "-e" "CARGO_HOME=/opt/rustwide/cargo-home" "-e" "RUSTUP_HOME=/opt/rustwide/rustup-home" "-e" "CARGO_TARGET_DIR=/opt/rustwide/target" "-e" "CARGO_INCREMENTAL=0" "-e" "RUST_BACKTRACE=full" "-e" "RUSTFLAGS=--cap-lints=warn" "-e" "RUSTDOCFLAGS=--cap-lints=warn" "-w" "/opt/rustwide/workdir" "--user" "0:0" "4f17308159adabf581e6dbe6df1c864cf9c8bfd6c83d9cb462e3f09a49b72147" "/opt/rustwide/cargo-home/bin/cargo" "+1.100.0-beta.1" "test" "--frozen" "--no-run" "--message-format=json" "--release", kill_on_drop: false }`
[INFO] [stderr]    Compiling libc v0.2.185
[INFO] [stderr]    Compiling bitflags v2.11.1
[INFO] [stderr]    Compiling fastrand v2.4.1
[INFO] [stderr]    Compiling rustix v1.1.4
[INFO] [stderr]    Compiling getrandom v0.3.4
[INFO] [stderr]    Compiling tempfile v3.21.0
[INFO] [stderr]    Compiling proc-canonicalize v0.1.3 (/opt/rustwide/workdir)
[INFO] [stderr]     Finished `release` profile [optimized] target(s) in 5.45s
[INFO] running `Command { std: "docker" "inspect" "4f17308159adabf581e6dbe6df1c864cf9c8bfd6c83d9cb462e3f09a49b72147", kill_on_drop: false }`
[INFO] running `Command { std: "docker" "exec" "-e" "SOURCE_DIR=/opt/rustwide/workdir" "-e" "CARGO_HOME=/opt/rustwide/cargo-home" "-e" "RUSTUP_HOME=/opt/rustwide/rustup-home" "-e" "CARGO_TARGET_DIR=/opt/rustwide/target" "-e" "CARGO_INCREMENTAL=0" "-e" "RUST_BACKTRACE=full" "-e" "RUSTFLAGS=--cap-lints=warn" "-e" "RUSTDOCFLAGS=--cap-lints=warn" "-w" "/opt/rustwide/workdir" "--user" "0:0" "4f17308159adabf581e6dbe6df1c864cf9c8bfd6c83d9cb462e3f09a49b72147" "/opt/rustwide/cargo-home/bin/cargo" "+1.100.0-beta.1" "test" "--frozen" "--release", kill_on_drop: false }`
[INFO] [stderr]     Finished `release` profile [optimized] target(s) in 0.03s
[INFO] [stderr]      Running unittests src/lib.rs (/opt/rustwide/target/release/build/proc-canonicalize/ab10a9ba0b0a3b8a/out/proc_canonicalize-ab10a9ba0b0a3b8a)
[INFO] [stdout] 
[INFO] [stdout] running 17 tests
[INFO] [stdout] test tests::linux::boundary_detection_handles_trailing_slash ... ok
[INFO] [stdout] test tests::linux::negative_pid_not_valid ... ok
[INFO] [stdout] test tests::linux::boundary_detection_handles_dot_components ... ok
[INFO] [stdout] test tests::linux::test_find_namespace_boundary_normal_path_returns_none ... ok
[INFO] [stdout] test tests::linux::test_find_namespace_boundary_invalid_pid_rejected ... ok
[INFO] [stdout] test tests::linux::pid_zero_syntactically_valid_but_nonexistent ... ok
[INFO] [stdout] test tests::linux::test_find_namespace_boundary_just_prefix_no_remainder ... ok
[INFO] [stdout] test tests::linux::test_find_namespace_boundary_proc_pid_root ... ok
[INFO] [stdout] test tests::linux::test_find_namespace_boundary_proc_other_files_not_namespace ... ok
[INFO] [stdout] test tests::linux::long_numeric_pid_accepted ... ok
[INFO] [stdout] test tests::linux::invalid_special_names_not_namespace ... ok
[INFO] [stdout] test tests::linux::missing_pid_not_namespace ... ok
[INFO] [stdout] test tests::linux::test_find_namespace_boundary_proc_self_root ... ok
[INFO] [stdout] test tests::linux::leading_zeros_in_pid_accepted ... ok
[INFO] [stdout] test tests::linux::test_find_namespace_boundary_proc_pid_cwd ... ok
[INFO] [stdout] test tests::linux::test_find_namespace_boundary_proc_thread_self_root ... ok
[INFO] [stdout] test tests::linux::test_find_namespace_boundary_relative_path_rejected ... ok
[INFO] [stdout] 
[INFO] [stdout] test result: ok. 17 passed; 0 failed; 0 ignored; 0 measured; 0 filtered out; finished in 0.01s
[INFO] [stdout] 
[INFO] [stderr]      Running tests/additional_security.rs (/opt/rustwide/target/release/build/proc-canonicalize/f60a223615995b0b/out/additional_security-f60a223615995b0b)
[INFO] [stdout] 
[INFO] [stdout] running 18 tests
[INFO] [stdout] test additional_security_tests::test_cwd_symlink_with_escape_via_dotdot ... ok
[INFO] [stdout] test additional_security_tests::test_relative_path_resolving_to_proc ... ok
[INFO] [stdout] test additional_security_tests::test_mixed_symlinks_and_real_dirs ... ok
[INFO] [stdout] test additional_security_tests::test_fd_symlink_to_proc_namespace ... ok
[INFO] [stdout] test additional_security_tests::test_double_symlink_indirection ... ok
[INFO] [stdout] test additional_security_tests::test_dot_components_with_symlink_to_proc ... ok
[INFO] [stdout] test additional_security_tests::test_innocent_looking_symlink_chain ... ok
[INFO] [stdout] test additional_security_tests::test_multiple_dotdot_after_symlink_to_deep_path ... ok
[INFO] [stdout] test additional_security_tests::test_nested_proc_access ... ok
[INFO] [stdout] test additional_security_tests::test_symlink_resolution_with_dotdot_normalization_bypass ... ok
[INFO] [stdout] test additional_security_tests::test_symlink_to_proc_thread_self ... ok
[INFO] [stdout] test additional_security_tests::test_symlink_to_proc_with_trailing_components ... ok
[INFO] [stdout] test additional_security_tests::test_symlink_target_with_dotdot_resolving_to_proc ... ok
[INFO] [stdout] test additional_security_tests::test_directory_symlink_then_dotdot ... ok
[INFO] [stdout] test additional_security_tests::test_symlink_loop_with_proc ... ok
[INFO] [stdout] test additional_security_tests::test_symlink_with_dotdot_escaping_to_proc ... ok
[INFO] [stdout] test additional_security_tests::test_symlink_chain_with_dotdot_in_middle ... ok
[INFO] [stdout] test additional_security_tests::test_triple_symlink_chain ... ok
[INFO] [stdout] 
[INFO] [stdout] test result: ok. 18 passed; 0 failed; 0 ignored; 0 measured; 0 filtered out; finished in 0.01s
[INFO] [stdout] 
[INFO] [stderr]      Running tests/dotdot_normalization_bypass.rs (/opt/rustwide/target/release/build/proc-canonicalize/710c054f2dee71cf/out/dotdot_normalization_bypass-710c054f2dee71cf)
[INFO] [stdout] 
[INFO] [stdout] running 6 tests
[INFO] [stdout] test dotdot_bypass::dotdot_in_self_prefix_preserves_namespace ... ok
[INFO] [stdout] test dotdot_bypass::dotdot_in_pid_prefix_preserves_cwd_namespace ... ok
[INFO] [stdout] test dotdot_bypass::indirect_symlink_through_dotdot_preserves_namespace ... ok
[INFO] [stdout] test dotdot_bypass::dotdot_in_pid_prefix_preserves_root_namespace ... ok
[INFO] [stdout] test dotdot_bypass::dotdot_in_pid_prefix_with_subpath_preserves_root_namespace ... ok
[INFO] [stderr]      Running tests/edge_cases.rs (/opt/rustwide/target/release/build/proc-canonicalize/fe0efe724cc17b56/out/edge_cases-fe0efe724cc17b56)
[INFO] [stdout] test dotdot_bypass::dotdot_in_task_prefix_preserves_namespace ... ok
[INFO] [stdout] 
[INFO] [stdout] test result: ok. 6 passed; 0 failed; 0 ignored; 0 measured; 0 filtered out; finished in 0.00s
[INFO] [stdout] 
[INFO] [stdout] 
[INFO] [stdout] running 15 tests
[INFO] [stdout] test linux_edge_cases::test_root_subpath_preservation ... ok
[INFO] [stdout] test linux_edge_cases::test_root_with_dotdot_stays_inside ... ok
[INFO] [stdout] test linux_edge_cases::test_symlink_inside_root_namespace_pointing_outside ... ok
[INFO] [stdout] test linux_edge_cases::test_symlink_to_proc_parent_vulnerability ... ok
[INFO] [stdout] test linux_edge_cases::test_cwd_subdir_preservation ... FAILED
[INFO] [stdout] test linux_edge_cases::test_cwd_with_dotdot_escape ... ok
[INFO] [stdout] test linux_edge_cases::test_invariant_idempotency ... FAILED
[INFO] [stdout] test linux_edge_cases::test_task_level_cwd ... ok
[INFO] [stdout] test linux_edge_cases::test_invariant_prefix_or_absolute ... ok
[INFO] [stdout] test linux_edge_cases::test_symlink_within_cwd_namespace ... FAILED
[INFO] [stdout] test linux_edge_cases::test_symlink_inside_namespace_pointing_outside ... FAILED
[INFO] [stdout] test linux_edge_cases::test_task_level_root ... ok
[INFO] [stdout] test linux_edge_cases::test_relative_symlink_to_proc_vulnerability ... ok
[INFO] [stdout] test linux_edge_cases::test_cwd_preservation ... FAILED
[INFO] [stdout] test linux_edge_cases::test_indirect_symlink_to_cwd_with_subpath ... FAILED
[INFO] [stdout] 
[INFO] [stdout] failures:
[INFO] [stdout] 
[INFO] [stdout] ---- linux_edge_cases::test_cwd_subdir_preservation stdout ----
[INFO] [stdout] 
[INFO] [stdout] thread 'linux_edge_cases::test_cwd_subdir_preservation' (403) panicked at tests/edge_cases.rs:95:43:
[INFO] [stdout] called `Result::unwrap()` on an `Err` value: Os { code: 30, kind: ReadOnlyFilesystem, message: "Read-only file system" }
[INFO] [stdout] stack backtrace:
[INFO] [stdout]    0:     0x60f86de597d1 - <<std[617be2ca0a6fd877]::sys::backtrace::BacktraceLock>::print::DisplayBacktrace as core[a373ad73a504971]::fmt::Display>::fmt
[INFO] [stdout]    1:     0x60f86de6dc0a - core[a373ad73a504971]::fmt::write
[INFO] [stdout]    2:     0x60f86de5dcbc - <alloc[2e1b2a31b91974c5]::vec::Vec<u8> as core[a373ad73a504971]::io::write::Write>::write_fmt
[INFO] [stdout]    3:     0x60f86de33e76 - std[617be2ca0a6fd877]::panicking::default_hook::{closure#0}
[INFO] [stdout]    4:     0x60f86de50e59 - std[617be2ca0a6fd877]::panicking::default_hook
[INFO] [stdout]    5:     0x60f86ddeada0 - test[aada8e7e76ba119b]::test_main_inner::{closure#0}
[INFO] [stdout]    6:     0x60f86de51012 - std[617be2ca0a6fd877]::panicking::panic_with_hook
[INFO] [stdout]    7:     0x60f86de33f22 - std[617be2ca0a6fd877]::panicking::panic_handler::{closure#0}
[INFO] [stdout]    8:     0x60f86de2ca19 - std[617be2ca0a6fd877]::sys::backtrace::__rust_end_short_backtrace::<std[617be2ca0a6fd877]::panicking::panic_handler::{closure#0}, !>
[INFO] [stdout]    9:     0x60f86de34c1d - __rustc[ea4f61d10b84890b]::rust_begin_unwind
[INFO] [stdout]   10:     0x60f86de6e33c - core[a373ad73a504971]::panicking::panic_fmt
[INFO] [stdout]   11:     0x60f86de6e112 - core[a373ad73a504971]::result::unwrap_failed
[INFO] [stdout]   12:     0x60f86dddaa37 - <edge_cases[e5a01b14be43e3e9]::linux_edge_cases::test_cwd_subdir_preservation::{closure#0} as core[a373ad73a504971]::ops::function::FnOnce<()>>::call_once
[INFO] [stdout]   13:     0x60f86ddde1eb - test[aada8e7e76ba119b]::__rust_begin_short_backtrace::<core[a373ad73a504971]::result::Result<(), alloc[2e1b2a31b91974c5]::string::String>, fn() -> core[a373ad73a504971]::result::Result<(), alloc[2e1b2a31b91974c5]::string::String>>
[INFO] [stdout]   14:     0x60f86ddeb3c5 - test[aada8e7e76ba119b]::run_test::{closure#0}
[INFO] [stdout]   15:     0x60f86dde4cb4 - std[617be2ca0a6fd877]::sys::backtrace::__rust_begin_short_backtrace::<test[aada8e7e76ba119b]::run_test::{closure#1}, ()>
[INFO] [stdout]   16:     0x60f86ddee452 - <std[617be2ca0a6fd877]::thread::lifecycle::spawn_unchecked<test[aada8e7e76ba119b]::run_test::{closure#1}, ()>::{closure#1} as core[a373ad73a504971]::ops::function::FnOnce<()>>::call_once::{shim:vtable#0}
[INFO] [stdout]   17:     0x60f86de58e4f - <std[617be2ca0a6fd877]::sys::thread::unix::Thread>::new::thread_start
[INFO] [stdout]   18:     0x748973cd1dfa - <unknown>
[INFO] [stdout]   19:     0x748973d653d4 - clone
[INFO] [stdout]   20:                0x0 - <unknown>
[INFO] [stdout] 
[INFO] [stdout] ---- linux_edge_cases::test_invariant_idempotency stdout ----
[INFO] [stdout] 
[INFO] [stdout] thread 'linux_edge_cases::test_invariant_idempotency' (406) panicked at tests/edge_cases.rs:316:43:
[INFO] [stdout] called `Result::unwrap()` on an `Err` value: Os { code: 30, kind: ReadOnlyFilesystem, message: "Read-only file system" }
[INFO] [stdout] stack backtrace:
[INFO] [stdout]    0:     0x60f86de597d1 - <<std[617be2ca0a6fd877]::sys::backtrace::BacktraceLock>::print::DisplayBacktrace as core[a373ad73a504971]::fmt::Display>::fmt
[INFO] [stdout]    1:     0x60f86de6dc0a - core[a373ad73a504971]::fmt::write
[INFO] [stdout]    2:     0x60f86de5dcbc - <alloc[2e1b2a31b91974c5]::vec::Vec<u8> as core[a373ad73a504971]::io::write::Write>::write_fmt
[INFO] [stdout]    3:     0x60f86de33e76 - std[617be2ca0a6fd877]::panicking::default_hook::{closure#0}
[INFO] [stdout]    4:     0x60f86de50e59 - std[617be2ca0a6fd877]::panicking::default_hook
[INFO] [stdout]    5:     0x60f86ddeada0 - test[aada8e7e76ba119b]::test_main_inner::{closure#0}
[INFO] [stdout]    6:     0x60f86de51012 - std[617be2ca0a6fd877]::panicking::panic_with_hook
[INFO] [stdout]    7:     0x60f86de33f22 - std[617be2ca0a6fd877]::panicking::panic_handler::{closure#0}
[INFO] [stdout]    8:     0x60f86de2ca19 - std[617be2ca0a6fd877]::sys::backtrace::__rust_end_short_backtrace::<std[617be2ca0a6fd877]::panicking::panic_handler::{closure#0}, !>
[INFO] [stdout]    9:     0x60f86de34c1d - __rustc[ea4f61d10b84890b]::rust_begin_unwind
[INFO] [stdout]   10:     0x60f86de6e33c - core[a373ad73a504971]::panicking::panic_fmt
[INFO] [stdout]   11:     0x60f86de6e112 - core[a373ad73a504971]::result::unwrap_failed
[INFO] [stdout]   12:     0x60f86ddda541 - <edge_cases[e5a01b14be43e3e9]::linux_edge_cases::test_invariant_idempotency::{closure#0} as core[a373ad73a504971]::ops::function::FnOnce<()>>::call_once
[INFO] [stdout]   13:     0x60f86ddde1eb - test[aada8e7e76ba119b]::__rust_begin_short_backtrace::<core[a373ad73a504971]::result::Result<(), alloc[2e1b2a31b91974c5]::string::String>, fn() -> core[a373ad73a504971]::result::Result<(), alloc[2e1b2a31b91974c5]::string::String>>
[INFO] [stdout]   14:     0x60f86ddeb3c5 - test[aada8e7e76ba119b]::run_test::{closure#0}
[INFO] [stdout]   15:     0x60f86dde4cb4 - std[617be2ca0a6fd877]::sys::backtrace::__rust_begin_short_backtrace::<test[aada8e7e76ba119b]::run_test::{closure#1}, ()>
[INFO] [stdout]   16:     0x60f86ddee452 - <std[617be2ca0a6fd877]::thread::lifecycle::spawn_unchecked<test[aada8e7e76ba119b]::run_test::{closure#1}, ()>::{closure#1} as core[a373ad73a504971]::ops::function::FnOnce<()>>::call_once::{shim:vtable#0}
[INFO] [stdout]   17:     0x60f86de58e4f - <std[617be2ca0a6fd877]::sys::thread::unix::Thread>::new::thread_start
[INFO] [stdout]   18:     0x748973cd1dfa - <unknown>
[INFO] [stdout]   19:     0x748973d653d4 - clone
[INFO] [stdout]   20:                0x0 - <unknown>
[INFO] [stdout] 
[INFO] [stdout] ---- linux_edge_cases::test_symlink_within_cwd_namespace stdout ----
[INFO] [stdout] 
[INFO] [stdout] thread 'linux_edge_cases::test_symlink_within_cwd_namespace' (414) panicked at tests/edge_cases.rs:159:43:
[INFO] [stdout] called `Result::unwrap()` on an `Err` value: Os { code: 30, kind: ReadOnlyFilesystem, message: "Read-only file system" }
[INFO] [stdout] stack backtrace:
[INFO] [stdout]    0:     0x60f86de597d1 - <<std[617be2ca0a6fd877]::sys::backtrace::BacktraceLock>::print::DisplayBacktrace as core[a373ad73a504971]::fmt::Display>::fmt
[INFO] [stdout]    1:     0x60f86de6dc0a - core[a373ad73a504971]::fmt::write
[INFO] [stdout]    2:     0x60f86de5dcbc - <alloc[2e1b2a31b91974c5]::vec::Vec<u8> as core[a373ad73a504971]::io::write::Write>::write_fmt
[INFO] [stdout]    3:     0x60f86de33e76 - std[617be2ca0a6fd877]::panicking::default_hook::{closure#0}
[INFO] [stdout]    4:     0x60f86de50e59 - std[617be2ca0a6fd877]::panicking::default_hook
[INFO] [stdout]    5:     0x60f86ddeada0 - test[aada8e7e76ba119b]::test_main_inner::{closure#0}
[INFO] [stdout]    6:     0x60f86de51012 - std[617be2ca0a6fd877]::panicking::panic_with_hook
[INFO] [stdout]    7:     0x60f86de33f22 - std[617be2ca0a6fd877]::panicking::panic_handler::{closure#0}
[INFO] [stdout]    8:     0x60f86de2ca19 - std[617be2ca0a6fd877]::sys::backtrace::__rust_end_short_backtrace::<std[617be2ca0a6fd877]::panicking::panic_handler::{closure#0}, !>
[INFO] [stdout]    9:     0x60f86de34c1d - __rustc[ea4f61d10b84890b]::rust_begin_unwind
[INFO] [stdout]   10:     0x60f86de6e33c - core[a373ad73a504971]::panicking::panic_fmt
[INFO] [stdout]   11:     0x60f86de6e112 - core[a373ad73a504971]::result::unwrap_failed
[INFO] [stdout]   12:     0x60f86dddb35f - <edge_cases[e5a01b14be43e3e9]::linux_edge_cases::test_symlink_within_cwd_namespace::{closure#0} as core[a373ad73a504971]::ops::function::FnOnce<()>>::call_once
[INFO] [stdout]   13:     0x60f86ddde1eb - test[aada8e7e76ba119b]::__rust_begin_short_backtrace::<core[a373ad73a504971]::result::Result<(), alloc[2e1b2a31b91974c5]::string::String>, fn() -> core[a373ad73a504971]::result::Result<(), alloc[2e1b2a31b91974c5]::string::String>>
[INFO] [stdout]   14:     0x60f86ddeb3c5 - test[aada8e7e76ba119b]::run_test::{closure#0}
[INFO] [stdout]   15:     0x60f86dde4cb4 - std[617be2ca0a6fd877]::sys::backtrace::__rust_begin_short_backtrace::<test[aada8e7e76ba119b]::run_test::{closure#1}, ()>
[INFO] [stdout]   16:     0x60f86ddee452 - <std[617be2ca0a6fd877]::thread::lifecycle::spawn_unchecked<test[aada8e7e76ba119b]::run_test::{closure#1}, ()>::{closure#1} as core[a373ad73a504971]::ops::function::FnOnce<()>>::call_once::{shim:vtable#0}
[INFO] [stdout]   17:     0x60f86de58e4f - <std[617be2ca0a6fd877]::sys::thread::unix::Thread>::new::thread_start
[INFO] [stdout]   18:     0x748973cd1dfa - <unknown>
[INFO] [stdout]   19:     0x748973d653d4 - clone
[INFO] [stdout]   20:                0x0 - <unknown>
[INFO] [stdout] 
[INFO] [stdout] ---- linux_edge_cases::test_symlink_inside_namespace_pointing_outside stdout ----
[INFO] [stdout] 
[INFO] [stdout] thread 'linux_edge_cases::test_symlink_inside_namespace_pointing_outside' (411) panicked at tests/edge_cases.rs:191:45:
[INFO] [stdout] failed to create symlink: Os { code: 30, kind: ReadOnlyFilesystem, message: "Read-only file system" }
[INFO] [stdout] stack backtrace:
[INFO] [stdout]    0:     0x60f86de597d1 - <<std[617be2ca0a6fd877]::sys::backtrace::BacktraceLock>::print::DisplayBacktrace as core[a373ad73a504971]::fmt::Display>::fmt
[INFO] [stdout]    1:     0x60f86de6dc0a - core[a373ad73a504971]::fmt::write
[INFO] [stdout]    2:     0x60f86de5dcbc - <alloc[2e1b2a31b91974c5]::vec::Vec<u8> as core[a373ad73a504971]::io::write::Write>::write_fmt
[INFO] [stdout]    3:     0x60f86de33e76 - std[617be2ca0a6fd877]::panicking::default_hook::{closure#0}
[INFO] [stdout]    4:     0x60f86de50e59 - std[617be2ca0a6fd877]::panicking::default_hook
[INFO] [stdout]    5:     0x60f86ddeada0 - test[aada8e7e76ba119b]::test_main_inner::{closure#0}
[INFO] [stdout]    6:     0x60f86de51012 - std[617be2ca0a6fd877]::panicking::panic_with_hook
[INFO] [stdout]    7:     0x60f86de33f22 - std[617be2ca0a6fd877]::panicking::panic_handler::{closure#0}
[INFO] [stdout]    8:     0x60f86de2ca19 - std[617be2ca0a6fd877]::sys::backtrace::__rust_end_short_backtrace::<std[617be2ca0a6fd877]::panicking::panic_handler::{closure#0}, !>
[INFO] [stdout]    9:     0x60f86de34c1d - __rustc[ea4f61d10b84890b]::rust_begin_unwind
[INFO] [stdout]   10:     0x60f86de6e33c - core[a373ad73a504971]::panicking::panic_fmt
[INFO] [stdout]   11:     0x60f86de6e112 - core[a373ad73a504971]::result::unwrap_failed
[INFO] [stdout]   12:     0x60f86dddc645 - <edge_cases[e5a01b14be43e3e9]::linux_edge_cases::test_symlink_inside_namespace_pointing_outside::{closure#0} as core[a373ad73a504971]::ops::function::FnOnce<()>>::call_once
[INFO] [stdout]   13:     0x60f86ddde1eb - test[aada8e7e76ba119b]::__rust_begin_short_backtrace::<core[a373ad73a504971]::result::Result<(), alloc[2e1b2a31b91974c5]::string::String>, fn() -> core[a373ad73a504971]::result::Result<(), alloc[2e1b2a31b91974c5]::string::String>>
[INFO] [stdout]   14:     0x60f86ddeb3c5 - test[aada8e7e76ba119b]::run_test::{closure#0}
[INFO] [stdout]   15:     0x60f86dde4cb4 - std[617be2ca0a6fd877]::sys::backtrace::__rust_begin_short_backtrace::<test[aada8e7e76ba119b]::run_test::{closure#1}, ()>
[INFO] [stdout]   16:     0x60f86ddee452 - <std[617be2ca0a6fd877]::thread::lifecycle::spawn_unchecked<test[aada8e7e76ba119b]::run_test::{closure#1}, ()>::{closure#1} as core[a373ad73a504971]::ops::function::FnOnce<()>>::call_once::{shim:vtable#0}
[INFO] [stdout]   17:     0x60f86de58e4f - <std[617be2ca0a6fd877]::sys::thread::unix::Thread>::new::thread_start
[INFO] [stdout]   18:     0x748973cd1dfa - <unknown>
[INFO] [stdout]   19:     0x748973d653d4 - clone
[INFO] [stdout]   20:                0x0 - <unknown>
[INFO] [stdout] 
[INFO] [stdout] ---- linux_edge_cases::test_cwd_preservation stdout ----
[INFO] [stdout] 
[INFO] [stdout] thread 'linux_edge_cases::test_cwd_preservation' (402) panicked at tests/edge_cases.rs:66:43:
[INFO] [stdout] called `Result::unwrap()` on an `Err` value: Os { code: 30, kind: ReadOnlyFilesystem, message: "Read-only file system" }
[INFO] [stdout] stack backtrace:
[INFO] [stdout]    0:     0x60f86de597d1 - <<std[617be2ca0a6fd877]::sys::backtrace::BacktraceLock>::print::DisplayBacktrace as core[a373ad73a504971]::fmt::Display>::fmt
[INFO] [stdout]    1:     0x60f86de6dc0a - core[a373ad73a504971]::fmt::write
[INFO] [stdout]    2:     0x60f86de5dcbc - <alloc[2e1b2a31b91974c5]::vec::Vec<u8> as core[a373ad73a504971]::io::write::Write>::write_fmt
[INFO] [stdout]    3:     0x60f86de33e76 - std[617be2ca0a6fd877]::panicking::default_hook::{closure#0}
[INFO] [stdout]    4:     0x60f86de50e59 - std[617be2ca0a6fd877]::panicking::default_hook
[INFO] [stdout]    5:     0x60f86ddeada0 - test[aada8e7e76ba119b]::test_main_inner::{closure#0}
[INFO] [stdout]    6:     0x60f86de51012 - std[617be2ca0a6fd877]::panicking::panic_with_hook
[INFO] [stdout]    7:     0x60f86de33f22 - std[617be2ca0a6fd877]::panicking::panic_handler::{closure#0}
[INFO] [stdout]    8:     0x60f86de2ca19 - std[617be2ca0a6fd877]::sys::backtrace::__rust_end_short_backtrace::<std[617be2ca0a6fd877]::panicking::panic_handler::{closure#0}, !>
[INFO] [stdout]    9:     0x60f86de34c1d - __rustc[ea4f61d10b84890b]::rust_begin_unwind
[INFO] [stdout]   10:     0x60f86de6e33c - core[a373ad73a504971]::panicking::panic_fmt
[INFO] [stdout]   11:     0x60f86de6e112 - core[a373ad73a504971]::result::unwrap_failed
[INFO] [stdout]   12:     0x60f86ddd9f55 - <edge_cases[e5a01b14be43e3e9]::linux_edge_cases::test_cwd_preservation::{closure#0} as core[a373ad73a504971]::ops::function::FnOnce<()>>::call_once
[INFO] [stdout]   13:     0x60f86ddde1eb - test[aada8e7e76ba119b]::__rust_begin_short_backtrace::<core[a373ad73a504971]::result::Result<(), alloc[2e1b2a31b91974c5]::string::String>, fn() -> core[a373ad73a504971]::result::Result<(), alloc[2e1b2a31b91974c5]::string::String>>
[INFO] [stdout]   14:     0x60f86ddeb3c5 - test[aada8e7e76ba119b]::run_test::{closure#0}
[INFO] [stdout]   15:     0x60f86dde4cb4 - std[617be2ca0a6fd877]::sys::backtrace::__rust_begin_short_backtrace::<test[aada8e7e76ba119b]::run_test::{closure#1}, ()>
[INFO] [stdout]   16:     0x60f86ddee452 - <std[617be2ca0a6fd877]::thread::lifecycle::spawn_unchecked<test[aada8e7e76ba119b]::run_test::{closure#1}, ()>::{closure#1} as core[a373ad73a504971]::ops::function::FnOnce<()>>::call_once::{shim:vtable#0}
[INFO] [stdout]   17:     0x60f86de58e4f - <std[617be2ca0a6fd877]::sys::thread::unix::Thread>::new::thread_start
[INFO] [stdout]   18:     0x748973cd1dfa - <unknown>
[INFO] [stdout]   19:     0x748973d653d4 - clone
[INFO] [stdout]   20:                0x0 - <unknown>
[INFO] [stdout] 
[INFO] [stdout] ---- linux_edge_cases::test_indirect_symlink_to_cwd_with_subpath stdout ----
[INFO] [stdout] 
[INFO] [stdout] thread 'linux_edge_cases::test_indirect_symlink_to_cwd_with_subpath' (405) panicked at tests/edge_cases.rs:260:43:
[INFO] [stdout] called `Result::unwrap()` on an `Err` value: Os { code: 30, kind: ReadOnlyFilesystem, message: "Read-only file system" }
[INFO] [stdout] stack backtrace:
[INFO] [stdout]    0:     0x60f86de597d1 - <<std[617be2ca0a6fd877]::sys::backtrace::BacktraceLock>::print::DisplayBacktrace as core[a373ad73a504971]::fmt::Display>::fmt
[INFO] [stdout]    1:     0x60f86de6dc0a - core[a373ad73a504971]::fmt::write
[INFO] [stdout]    2:     0x60f86de5dcbc - <alloc[2e1b2a31b91974c5]::vec::Vec<u8> as core[a373ad73a504971]::io::write::Write>::write_fmt
[INFO] [stdout]    3:     0x60f86de33e76 - std[617be2ca0a6fd877]::panicking::default_hook::{closure#0}
[INFO] [stdout]    4:     0x60f86de50e59 - std[617be2ca0a6fd877]::panicking::default_hook
[INFO] [stdout]    5:     0x60f86ddeada0 - test[aada8e7e76ba119b]::test_main_inner::{closure#0}
[INFO] [stdout]    6:     0x60f86de51012 - std[617be2ca0a6fd877]::panicking::panic_with_hook
[INFO] [stdout]    7:     0x60f86de33f22 - std[617be2ca0a6fd877]::panicking::panic_handler::{closure#0}
[INFO] [stdout]    8:     0x60f86de2ca19 - std[617be2ca0a6fd877]::sys::backtrace::__rust_end_short_backtrace::<std[617be2ca0a6fd877]::panicking::panic_handler::{closure#0}, !>
[INFO] [stdout]    9:     0x60f86de34c1d - __rustc[ea4f61d10b84890b]::rust_begin_unwind
[INFO] [stdout]   10:     0x60f86de6e33c - core[a373ad73a504971]::panicking::panic_fmt
[INFO] [stdout]   11:     0x60f86de6e112 - core[a373ad73a504971]::result::unwrap_failed
[INFO] [stdout]   12:     0x60f86dddb972 - <edge_cases[e5a01b14be43e3e9]::linux_edge_cases::test_indirect_symlink_to_cwd_with_subpath::{closure#0} as core[a373ad73a504971]::ops::function::FnOnce<()>>::call_once
[INFO] [stdout]   13:     0x60f86ddde1eb - test[aada8e7e76ba119b]::__rust_begin_short_backtrace::<core[a373ad73a504971]::result::Result<(), alloc[2e1b2a31b91974c5]::string::String>, fn() -> core[a373ad73a504971]::result::Result<(), alloc[2e1b2a31b91974c5]::string::String>>
[INFO] [stdout]   14:     0x60f86ddeb3c5 - test[aada8e7e76ba119b]::run_test::{closure#0}
[INFO] [stdout]   15:     0x60f86dde4cb4 - std[617be2ca0a6fd877]::sys::backtrace::__rust_begin_short_backtrace::<test[aada8e7e76ba119b]::run_test::{closure#1}, ()>
[INFO] [stdout]   16:     0x60f86ddee452 - <std[617be2ca0a6fd877]::thread::lifecycle::spawn_unchecked<test[aada8e7e76ba119b]::run_test::{closure#1}, ()>::{closure#1} as core[a373ad73a504971]::ops::function::FnOnce<()>>::call_once::{shim:vtable#0}
[INFO] [stdout]   17:     0x60f86de58e4f - <std[617be2ca0a6fd877]::sys::thread::unix::Thread>::new::thread_start
[INFO] [stdout]   18:     0x748973cd1dfa - <unknown>
[INFO] [stdout]   19:     0x748973d653d4 - clone
[INFO] [stdout]   20:                0x0 - <unknown>
[INFO] [stdout] 
[INFO] [stdout] 
[INFO] [stdout] failures:
[INFO] [stdout]     linux_edge_cases::test_cwd_preservation
[INFO] [stdout]     linux_edge_cases::test_cwd_subdir_preservation
[INFO] [stdout]     linux_edge_cases::test_indirect_symlink_to_cwd_with_subpath
[INFO] [stdout]     linux_edge_cases::test_invariant_idempotency
[INFO] [stdout]     linux_edge_cases::test_symlink_inside_namespace_pointing_outside
[INFO] [stdout]     linux_edge_cases::test_symlink_within_cwd_namespace
[INFO] [stdout] 
[INFO] [stdout] test result: FAILED. 9 passed; 6 failed; 0 ignored; 0 measured; 0 filtered out; finished in 0.01s
[INFO] [stdout] 
[INFO] [stderr] error: test failed, to rerun pass `--test edge_cases`
[INFO] running `Command { std: "docker" "inspect" "4f17308159adabf581e6dbe6df1c864cf9c8bfd6c83d9cb462e3f09a49b72147", kill_on_drop: false }`
[INFO] running `Command { std: "docker" "rm" "-f" "4f17308159adabf581e6dbe6df1c864cf9c8bfd6c83d9cb462e3f09a49b72147", kill_on_drop: false }`
[INFO] [stdout] 4f17308159adabf581e6dbe6df1c864cf9c8bfd6c83d9cb462e3f09a49b72147
