[INFO] fetching crate prismpath-telemetry-rs 0.1.1...
[INFO] testing prismpath-telemetry-rs-0.1.1 against 1.100.0-beta.1+cargoflags=--release for beta-release-1.100-2
[INFO] extracting crate prismpath-telemetry-rs 0.1.1 into /workspace/builds/worker-3-tc2/source
[INFO] started tweaking crates.io crate prismpath-telemetry-rs 0.1.1
[INFO] removed 0 missing tests
[INFO] finished tweaking crates.io crate prismpath-telemetry-rs 0.1.1
[INFO] tweaked toml for crates.io crate prismpath-telemetry-rs 0.1.1 written to /workspace/builds/worker-3-tc2/source/Cargo.toml
[INFO] validating manifest of crates.io crate prismpath-telemetry-rs 0.1.1 on toolchain 1.100.0-beta.1
[INFO] running `Command { std: CARGO_HOME="/workspace/cargo-home" RUSTUP_HOME="/workspace/rustup-home" "/workspace/cargo-home/bin/cargo" "+1.100.0-beta.1" "metadata" "--manifest-path" "Cargo.toml" "--no-deps", kill_on_drop: false }`
[INFO] crate crates.io crate prismpath-telemetry-rs 0.1.1 already has a lockfile, it will not be regenerated
[INFO] running `Command { std: CARGO_HOME="/workspace/cargo-home" RUSTUP_HOME="/workspace/rustup-home" "/workspace/cargo-home/bin/cargo" "+1.100.0-beta.1" "fetch" "--manifest-path" "Cargo.toml", kill_on_drop: false }`
[INFO] running `Command { std: "docker" "create" "-v" "/var/lib/crater-agent-workspace/builds/worker-3-tc2/source:/opt/rustwide/workdir:ro,Z" "-v" "/var/lib/crater-agent-workspace/builds/worker-3-tc2/target:/opt/rustwide/target:rw,Z" "-v" "/var/lib/crater-agent-workspace/cargo-home:/opt/rustwide/cargo-home:ro,Z" "-v" "/var/lib/crater-agent-workspace/rustup-home:/opt/rustwide/rustup-home:ro,Z" "-m" "1610612736" "--network" "none" "ghcr.io/rust-lang/crates-build-env/linux@sha256:77db811e55d90add9212f6832c23229e3de5f1c1f9905e8cb07319ea15df73ac" "sleep" "infinity", kill_on_drop: false }`
[INFO] [stdout] 21460b81d723b54966c16eadf35e4b29019b891a360387760131ae3c79137421
[INFO] running `Command { std: "docker" "start" "21460b81d723b54966c16eadf35e4b29019b891a360387760131ae3c79137421", kill_on_drop: false }`
[INFO] running `Command { std: "docker" "inspect" "21460b81d723b54966c16eadf35e4b29019b891a360387760131ae3c79137421", kill_on_drop: false }`
[INFO] running `Command { std: "docker" "exec" "-e" "SOURCE_DIR=/opt/rustwide/workdir" "-e" "CARGO_HOME=/opt/rustwide/cargo-home" "-e" "RUSTUP_HOME=/opt/rustwide/rustup-home" "-e" "CARGO_TARGET_DIR=/opt/rustwide/target" "-w" "/opt/rustwide/workdir" "--user" "0:0" "21460b81d723b54966c16eadf35e4b29019b891a360387760131ae3c79137421" "/opt/rustwide/cargo-home/bin/cargo" "+1.100.0-beta.1" "metadata" "--no-deps" "--format-version=1", kill_on_drop: false }`
[INFO] running `Command { std: "docker" "inspect" "21460b81d723b54966c16eadf35e4b29019b891a360387760131ae3c79137421", kill_on_drop: false }`
[INFO] running `Command { std: "docker" "exec" "-e" "SOURCE_DIR=/opt/rustwide/workdir" "-e" "CARGO_HOME=/opt/rustwide/cargo-home" "-e" "RUSTUP_HOME=/opt/rustwide/rustup-home" "-e" "CARGO_TARGET_DIR=/opt/rustwide/target" "-e" "CARGO_INCREMENTAL=0" "-e" "RUST_BACKTRACE=full" "-e" "RUSTFLAGS=--cap-lints=warn" "-e" "RUSTDOCFLAGS=--cap-lints=warn" "-w" "/opt/rustwide/workdir" "--user" "0:0" "21460b81d723b54966c16eadf35e4b29019b891a360387760131ae3c79137421" "/opt/rustwide/cargo-home/bin/cargo" "+1.100.0-beta.1" "build" "--frozen" "--message-format=json" "--release", kill_on_drop: false }`
[INFO] [stderr]    Compiling proc-macro2 v1.0.107
[INFO] [stderr]    Compiling quote v1.0.47
[INFO] [stderr]    Compiling digest v0.10.7
[INFO] [stderr]    Compiling sha2 v0.10.9
[INFO] [stderr]    Compiling hmac v0.12.1
[INFO] [stderr]    Compiling syn v3.0.3
[INFO] [stderr]    Compiling serde_derive v1.0.229
[INFO] [stderr]    Compiling serde v1.0.229
[INFO] [stderr]    Compiling prismpath-rs v0.1.0
[INFO] [stderr]    Compiling prismpath-telemetry-rs v0.1.1 (/opt/rustwide/workdir)
[INFO] [stderr]     Finished `release` profile [optimized] target(s) in 18.99s
[INFO] running `Command { std: "docker" "inspect" "21460b81d723b54966c16eadf35e4b29019b891a360387760131ae3c79137421", kill_on_drop: false }`
[INFO] running `Command { std: "docker" "exec" "-e" "SOURCE_DIR=/opt/rustwide/workdir" "-e" "CARGO_HOME=/opt/rustwide/cargo-home" "-e" "RUSTUP_HOME=/opt/rustwide/rustup-home" "-e" "CARGO_TARGET_DIR=/opt/rustwide/target" "-e" "CARGO_INCREMENTAL=0" "-e" "RUST_BACKTRACE=full" "-e" "RUSTFLAGS=--cap-lints=warn" "-e" "RUSTDOCFLAGS=--cap-lints=warn" "-w" "/opt/rustwide/workdir" "--user" "0:0" "21460b81d723b54966c16eadf35e4b29019b891a360387760131ae3c79137421" "/opt/rustwide/cargo-home/bin/cargo" "+1.100.0-beta.1" "test" "--frozen" "--no-run" "--message-format=json" "--release", kill_on_drop: false }`
[INFO] [stderr]    Compiling prismpath-telemetry-rs v0.1.1 (/opt/rustwide/workdir)
[INFO] [stderr]     Finished `release` profile [optimized] target(s) in 6.34s
[INFO] running `Command { std: "docker" "inspect" "21460b81d723b54966c16eadf35e4b29019b891a360387760131ae3c79137421", kill_on_drop: false }`
[INFO] running `Command { std: "docker" "exec" "-e" "SOURCE_DIR=/opt/rustwide/workdir" "-e" "CARGO_HOME=/opt/rustwide/cargo-home" "-e" "RUSTUP_HOME=/opt/rustwide/rustup-home" "-e" "CARGO_TARGET_DIR=/opt/rustwide/target" "-e" "CARGO_INCREMENTAL=0" "-e" "RUST_BACKTRACE=full" "-e" "RUSTFLAGS=--cap-lints=warn" "-e" "RUSTDOCFLAGS=--cap-lints=warn" "-w" "/opt/rustwide/workdir" "--user" "0:0" "21460b81d723b54966c16eadf35e4b29019b891a360387760131ae3c79137421" "/opt/rustwide/cargo-home/bin/cargo" "+1.100.0-beta.1" "test" "--frozen" "--release", kill_on_drop: false }`
[INFO] [stderr]     Finished `release` profile [optimized] target(s) in 0.05s
[INFO] [stderr]      Running unittests src/lib.rs (/opt/rustwide/target/release/build/prismpath-telemetry-rs/eec90a352a99898e/out/prismpath_telemetry_rs-eec90a352a99898e)
[INFO] [stdout] 
[INFO] [stdout] running 0 tests
[INFO] [stdout] 
[INFO] [stdout] test result: ok. 0 passed; 0 failed; 0 ignored; 0 measured; 0 filtered out; finished in 0.00s
[INFO] [stdout] 
[INFO] [stderr]      Running tests/test_ackchannel.rs (/opt/rustwide/target/release/build/prismpath-telemetry-rs/3029fbc8b13fabde/out/test_ackchannel-3029fbc8b13fabde)
[INFO] [stdout] 
[INFO] [stdout] running 6 tests
[INFO] [stdout] test test_replay_is_rejected ... ok
[INFO] [stdout] test test_valid_ack_applies_drop ... ok
[INFO] [stdout] test test_forged_ack_drops_nothing ... ok
[INFO] [stdout] test test_sign_verify_round_trip ... ok
[INFO] [stdout] test test_tampered_root_rejected ... ok
[INFO] [stdout] test test_wrong_secret_rejected ... ok
[INFO] [stdout] 
[INFO] [stdout] test result: ok. 6 passed; 0 failed; 0 ignored; 0 measured; 0 filtered out; finished in 0.01s
[INFO] [stdout] 
[INFO] [stderr]      Running tests/test_conformance_decisions.rs (/opt/rustwide/target/release/build/prismpath-telemetry-rs/2e1bdbd3373bbb3d/out/test_conformance_decisions-2e1bdbd3373bbb3d)
[INFO] [stdout] 
[INFO] [stdout] running 4 tests
[INFO] [stdout] test test_wire_round_trip_is_stable ... FAILED
[INFO] [stdout] test test_engine_matches_frozen_routes ... FAILED
[INFO] [stdout] test test_corpus_pinned ... FAILED
[INFO] [stdout] test test_wire_round_trip_preserves_decisions ... FAILED
[INFO] [stderr] error: test failed, to rerun pass `--test test_conformance_decisions`
[INFO] [stdout] 
[INFO] [stdout] failures:
[INFO] [stdout] 
[INFO] [stdout] ---- test_wire_round_trip_is_stable stdout ----
[INFO] [stdout] 
[INFO] [stdout] thread 'test_wire_round_trip_is_stable' (821) panicked at tests/test_conformance_decisions.rs:8:49:
[INFO] [stdout] read decisions.json: Os { code: 2, kind: NotFound, message: "No such file or directory" }
[INFO] [stdout] stack backtrace:
[INFO] [stdout]    0:     0x5ea6815d3b61 - <<std[617be2ca0a6fd877]::sys::backtrace::BacktraceLock>::print::DisplayBacktrace as core[a373ad73a504971]::fmt::Display>::fmt
[INFO] [stdout]    1:     0x5ea6815e9d8a - core[a373ad73a504971]::fmt::write
[INFO] [stdout]    2:     0x5ea6815d7d7c - <alloc[2e1b2a31b91974c5]::vec::Vec<u8> as core[a373ad73a504971]::io::write::Write>::write_fmt
[INFO] [stdout]    3:     0x5ea6815afc66 - std[617be2ca0a6fd877]::panicking::default_hook::{closure#0}
[INFO] [stdout]    4:     0x5ea6815cbe99 - std[617be2ca0a6fd877]::panicking::default_hook
[INFO] [stdout]    5:     0x5ea681540890 - test[aada8e7e76ba119b]::test_main_inner::{closure#0}
[INFO] [stdout]    6:     0x5ea6815cc052 - std[617be2ca0a6fd877]::panicking::panic_with_hook
[INFO] [stdout]    7:     0x5ea6815afd12 - std[617be2ca0a6fd877]::panicking::panic_handler::{closure#0}
[INFO] [stdout]    8:     0x5ea6815a8899 - std[617be2ca0a6fd877]::sys::backtrace::__rust_end_short_backtrace::<std[617be2ca0a6fd877]::panicking::panic_handler::{closure#0}, !>
[INFO] [stdout]    9:     0x5ea6815b091d - __rustc[ea4f61d10b84890b]::rust_begin_unwind
[INFO] [stdout]   10:     0x5ea6815ea4bc - core[a373ad73a504971]::panicking::panic_fmt
[INFO] [stdout]   11:     0x5ea6815ea292 - core[a373ad73a504971]::result::unwrap_failed
[INFO] [stdout]   12:     0x5ea68152f21c - test_conformance_decisions[796deea73b813643]::load_decisions_corpus
[INFO] [stdout]   13:     0x5ea681530071 - <test_conformance_decisions[796deea73b813643]::test_wire_round_trip_is_stable::{closure#0} as core[a373ad73a504971]::ops::function::FnOnce<()>>::call_once
[INFO] [stdout]   14:     0x5ea681533cdb - test[aada8e7e76ba119b]::__rust_begin_short_backtrace::<core[a373ad73a504971]::result::Result<(), alloc[2e1b2a31b91974c5]::string::String>, fn() -> core[a373ad73a504971]::result::Result<(), alloc[2e1b2a31b91974c5]::string::String>>
[INFO] [stdout]   15:     0x5ea681540eb5 - test[aada8e7e76ba119b]::run_test::{closure#0}
[INFO] [stdout]   16:     0x5ea68153a7a4 - std[617be2ca0a6fd877]::sys::backtrace::__rust_begin_short_backtrace::<test[aada8e7e76ba119b]::run_test::{closure#1}, ()>
[INFO] [stdout]   17:     0x5ea681543f42 - <std[617be2ca0a6fd877]::thread::lifecycle::spawn_unchecked<test[aada8e7e76ba119b]::run_test::{closure#1}, ()>::{closure#1} as core[a373ad73a504971]::ops::function::FnOnce<()>>::call_once::{shim:vtable#0}
[INFO] [stdout]   18:     0x5ea6815d305f - <std[617be2ca0a6fd877]::sys::thread::unix::Thread>::new::thread_start
[INFO] [stdout]   19:     0x7ab8b9d2edfa - <unknown>
[INFO] [stdout]   20:     0x7ab8b9dc23d4 - clone
[INFO] [stdout]   21:                0x0 - <unknown>
[INFO] [stdout] 
[INFO] [stdout] ---- test_engine_matches_frozen_routes stdout ----
[INFO] [stdout] 
[INFO] [stdout] thread 'test_engine_matches_frozen_routes' (820) panicked at tests/test_conformance_decisions.rs:8:49:
[INFO] [stdout] read decisions.json: Os { code: 2, kind: NotFound, message: "No such file or directory" }
[INFO] [stdout] stack backtrace:
[INFO] [stdout]    0:     0x5ea6815d3b61 - <<std[617be2ca0a6fd877]::sys::backtrace::BacktraceLock>::print::DisplayBacktrace as core[a373ad73a504971]::fmt::Display>::fmt
[INFO] [stdout]    1:     0x5ea6815e9d8a - core[a373ad73a504971]::fmt::write
[INFO] [stdout]    2:     0x5ea6815d7d7c - <alloc[2e1b2a31b91974c5]::vec::Vec<u8> as core[a373ad73a504971]::io::write::Write>::write_fmt
[INFO] [stdout]    3:     0x5ea6815afc66 - std[617be2ca0a6fd877]::panicking::default_hook::{closure#0}
[INFO] [stdout]    4:     0x5ea6815cbe99 - std[617be2ca0a6fd877]::panicking::default_hook
[INFO] [stdout]    5:     0x5ea681540890 - test[aada8e7e76ba119b]::test_main_inner::{closure#0}
[INFO] [stdout]    6:     0x5ea6815cc052 - std[617be2ca0a6fd877]::panicking::panic_with_hook
[INFO] [stdout]    7:     0x5ea6815afd12 - std[617be2ca0a6fd877]::panicking::panic_handler::{closure#0}
[INFO] [stdout]    8:     0x5ea6815a8899 - std[617be2ca0a6fd877]::sys::backtrace::__rust_end_short_backtrace::<std[617be2ca0a6fd877]::panicking::panic_handler::{closure#0}, !>
[INFO] [stdout]    9:     0x5ea6815b091d - __rustc[ea4f61d10b84890b]::rust_begin_unwind
[INFO] [stdout]   10:     0x5ea6815ea4bc - core[a373ad73a504971]::panicking::panic_fmt
[INFO] [stdout]   11:     0x5ea6815ea292 - core[a373ad73a504971]::result::unwrap_failed
[INFO] [stdout]   12:     0x5ea68152f21c - test_conformance_decisions[796deea73b813643]::load_decisions_corpus
[INFO] [stdout]   13:     0x5ea681530536 - <test_conformance_decisions[796deea73b813643]::test_engine_matches_frozen_routes::{closure#0} as core[a373ad73a504971]::ops::function::FnOnce<()>>::call_once
[INFO] [stdout]   14:     0x5ea681533cdb - test[aada8e7e76ba119b]::__rust_begin_short_backtrace::<core[a373ad73a504971]::result::Result<(), alloc[2e1b2a31b91974c5]::string::String>, fn() -> core[a373ad73a504971]::result::Result<(), alloc[2e1b2a31b91974c5]::string::String>>
[INFO] [stdout]   15:     0x5ea681540eb5 - test[aada8e7e76ba119b]::run_test::{closure#0}
[INFO] [stdout]   16:     0x5ea68153a7a4 - std[617be2ca0a6fd877]::sys::backtrace::__rust_begin_short_backtrace::<test[aada8e7e76ba119b]::run_test::{closure#1}, ()>
[INFO] [stdout]   17:     0x5ea681543f42 - <std[617be2ca0a6fd877]::thread::lifecycle::spawn_unchecked<test[aada8e7e76ba119b]::run_test::{closure#1}, ()>::{closure#1} as core[a373ad73a504971]::ops::function::FnOnce<()>>::call_once::{shim:vtable#0}
[INFO] [stdout]   18:     0x5ea6815d305f - <std[617be2ca0a6fd877]::sys::thread::unix::Thread>::new::thread_start
[INFO] [stdout]   19:     0x7ab8b9d2edfa - <unknown>
[INFO] [stdout]   20:     0x7ab8b9dc23d4 - clone
[INFO] [stdout]   21:                0x0 - <unknown>
[INFO] [stdout] 
[INFO] [stdout] ---- test_corpus_pinned stdout ----
[INFO] [stdout] 
[INFO] [stdout] thread 'test_corpus_pinned' (819) panicked at tests/test_conformance_decisions.rs:8:49:
[INFO] [stdout] read decisions.json: Os { code: 2, kind: NotFound, message: "No such file or directory" }
[INFO] [stdout] stack backtrace:
[INFO] [stdout]    0:     0x5ea6815d3b61 - <<std[617be2ca0a6fd877]::sys::backtrace::BacktraceLock>::print::DisplayBacktrace as core[a373ad73a504971]::fmt::Display>::fmt
[INFO] [stdout]    1:     0x5ea6815e9d8a - core[a373ad73a504971]::fmt::write
[INFO] [stdout]    2:     0x5ea6815d7d7c - <alloc[2e1b2a31b91974c5]::vec::Vec<u8> as core[a373ad73a504971]::io::write::Write>::write_fmt
[INFO] [stdout]    3:     0x5ea6815afc66 - std[617be2ca0a6fd877]::panicking::default_hook::{closure#0}
[INFO] [stdout]    4:     0x5ea6815cbe99 - std[617be2ca0a6fd877]::panicking::default_hook
[INFO] [stdout]    5:     0x5ea681540890 - test[aada8e7e76ba119b]::test_main_inner::{closure#0}
[INFO] [stdout]    6:     0x5ea6815cc052 - std[617be2ca0a6fd877]::panicking::panic_with_hook
[INFO] [stdout]    7:     0x5ea6815afd12 - std[617be2ca0a6fd877]::panicking::panic_handler::{closure#0}
[INFO] [stdout]    8:     0x5ea6815a8899 - std[617be2ca0a6fd877]::sys::backtrace::__rust_end_short_backtrace::<std[617be2ca0a6fd877]::panicking::panic_handler::{closure#0}, !>
[INFO] [stdout]    9:     0x5ea6815b091d - __rustc[ea4f61d10b84890b]::rust_begin_unwind
[INFO] [stdout]   10:     0x5ea6815ea4bc - core[a373ad73a504971]::panicking::panic_fmt
[INFO] [stdout]   11:     0x5ea6815ea292 - core[a373ad73a504971]::result::unwrap_failed
[INFO] [stdout]   12:     0x5ea68152f21c - test_conformance_decisions[796deea73b813643]::load_decisions_corpus
[INFO] [stdout]   13:     0x5ea68152febb - <test_conformance_decisions[796deea73b813643]::test_corpus_pinned::{closure#0} as core[a373ad73a504971]::ops::function::FnOnce<()>>::call_once
[INFO] [stdout]   14:     0x5ea681533cdb - test[aada8e7e76ba119b]::__rust_begin_short_backtrace::<core[a373ad73a504971]::result::Result<(), alloc[2e1b2a31b91974c5]::string::String>, fn() -> core[a373ad73a504971]::result::Result<(), alloc[2e1b2a31b91974c5]::string::String>>
[INFO] [stdout]   15:     0x5ea681540eb5 - test[aada8e7e76ba119b]::run_test::{closure#0}
[INFO] [stdout]   16:     0x5ea68153a7a4 - std[617be2ca0a6fd877]::sys::backtrace::__rust_begin_short_backtrace::<test[aada8e7e76ba119b]::run_test::{closure#1}, ()>
[INFO] [stdout]   17:     0x5ea681543f42 - <std[617be2ca0a6fd877]::thread::lifecycle::spawn_unchecked<test[aada8e7e76ba119b]::run_test::{closure#1}, ()>::{closure#1} as core[a373ad73a504971]::ops::function::FnOnce<()>>::call_once::{shim:vtable#0}
[INFO] [stdout]   18:     0x5ea6815d305f - <std[617be2ca0a6fd877]::sys::thread::unix::Thread>::new::thread_start
[INFO] [stdout]   19:     0x7ab8b9d2edfa - <unknown>
[INFO] [stdout]   20:     0x7ab8b9dc23d4 - clone
[INFO] [stdout]   21:                0x0 - <unknown>
[INFO] [stdout] 
[INFO] [stdout] ---- test_wire_round_trip_preserves_decisions stdout ----
[INFO] [stdout] 
[INFO] [stdout] thread 'test_wire_round_trip_preserves_decisions' (822) panicked at tests/test_conformance_decisions.rs:8:49:
[INFO] [stdout] read decisions.json: Os { code: 2, kind: NotFound, message: "No such file or directory" }
[INFO] [stdout] stack backtrace:
[INFO] [stdout]    0:     0x5ea6815d3b61 - <<std[617be2ca0a6fd877]::sys::backtrace::BacktraceLock>::print::DisplayBacktrace as core[a373ad73a504971]::fmt::Display>::fmt
[INFO] [stdout]    1:     0x5ea6815e9d8a - core[a373ad73a504971]::fmt::write
[INFO] [stdout]    2:     0x5ea6815d7d7c - <alloc[2e1b2a31b91974c5]::vec::Vec<u8> as core[a373ad73a504971]::io::write::Write>::write_fmt
[INFO] [stdout]    3:     0x5ea6815afc66 - std[617be2ca0a6fd877]::panicking::default_hook::{closure#0}
[INFO] [stdout]    4:     0x5ea6815cbe99 - std[617be2ca0a6fd877]::panicking::default_hook
[INFO] [stdout]    5:     0x5ea681540890 - test[aada8e7e76ba119b]::test_main_inner::{closure#0}
[INFO] [stdout]    6:     0x5ea6815cc052 - std[617be2ca0a6fd877]::panicking::panic_with_hook
[INFO] [stdout]    7:     0x5ea6815afd12 - std[617be2ca0a6fd877]::panicking::panic_handler::{closure#0}
[INFO] [stdout]    8:     0x5ea6815a8899 - std[617be2ca0a6fd877]::sys::backtrace::__rust_end_short_backtrace::<std[617be2ca0a6fd877]::panicking::panic_handler::{closure#0}, !>
[INFO] [stdout]    9:     0x5ea6815b091d - __rustc[ea4f61d10b84890b]::rust_begin_unwind
[INFO] [stdout]   10:     0x5ea6815ea4bc - core[a373ad73a504971]::panicking::panic_fmt
[INFO] [stdout]   11:     0x5ea6815ea292 - core[a373ad73a504971]::result::unwrap_failed
[INFO] [stdout]   12:     0x5ea68152f21c - test_conformance_decisions[796deea73b813643]::load_decisions_corpus
[INFO] [stdout]   13:     0x5ea681530cc9 - <test_conformance_decisions[796deea73b813643]::test_wire_round_trip_preserves_decisions::{closure#0} as core[a373ad73a504971]::ops::function::FnOnce<()>>::call_once
[INFO] [stdout]   14:     0x5ea681533cdb - test[aada8e7e76ba119b]::__rust_begin_short_backtrace::<core[a373ad73a504971]::result::Result<(), alloc[2e1b2a31b91974c5]::string::String>, fn() -> core[a373ad73a504971]::result::Result<(), alloc[2e1b2a31b91974c5]::string::String>>
[INFO] [stdout]   15:     0x5ea681540eb5 - test[aada8e7e76ba119b]::run_test::{closure#0}
[INFO] [stdout]   16:     0x5ea68153a7a4 - std[617be2ca0a6fd877]::sys::backtrace::__rust_begin_short_backtrace::<test[aada8e7e76ba119b]::run_test::{closure#1}, ()>
[INFO] [stdout]   17:     0x5ea681543f42 - <std[617be2ca0a6fd877]::thread::lifecycle::spawn_unchecked<test[aada8e7e76ba119b]::run_test::{closure#1}, ()>::{closure#1} as core[a373ad73a504971]::ops::function::FnOnce<()>>::call_once::{shim:vtable#0}
[INFO] [stdout]   18:     0x5ea6815d305f - <std[617be2ca0a6fd877]::sys::thread::unix::Thread>::new::thread_start
[INFO] [stdout]   19:     0x7ab8b9d2edfa - <unknown>
[INFO] [stdout]   20:     0x7ab8b9dc23d4 - clone
[INFO] [stdout]   21:                0x0 - <unknown>
[INFO] [stdout] 
[INFO] [stdout] 
[INFO] [stdout] failures:
[INFO] [stdout]     test_corpus_pinned
[INFO] [stdout]     test_engine_matches_frozen_routes
[INFO] [stdout]     test_wire_round_trip_is_stable
[INFO] [stdout]     test_wire_round_trip_preserves_decisions
[INFO] [stdout] 
[INFO] [stdout] test result: FAILED. 0 passed; 4 failed; 0 ignored; 0 measured; 0 filtered out; finished in 0.01s
[INFO] [stdout] 
[INFO] running `Command { std: "docker" "inspect" "21460b81d723b54966c16eadf35e4b29019b891a360387760131ae3c79137421", kill_on_drop: false }`
[INFO] running `Command { std: "docker" "rm" "-f" "21460b81d723b54966c16eadf35e4b29019b891a360387760131ae3c79137421", kill_on_drop: false }`
[INFO] [stdout] 21460b81d723b54966c16eadf35e4b29019b891a360387760131ae3c79137421
