[INFO] fetching crate prism3-clock 0.1.0...
[INFO] testing prism3-clock-0.1.0 against 1.99.0-beta.8+cargoflags=--release for beta-release-1.100-2
[INFO] extracting crate prism3-clock 0.1.0 into /workspace/builds/worker-3-tc1/source
[INFO] started tweaking crates.io crate prism3-clock 0.1.0
[INFO] removed 0 missing examples
[INFO] removed 0 missing tests
[INFO] finished tweaking crates.io crate prism3-clock 0.1.0
[INFO] tweaked toml for crates.io crate prism3-clock 0.1.0 written to /workspace/builds/worker-3-tc1/source/Cargo.toml
[INFO] validating manifest of crates.io crate prism3-clock 0.1.0 on toolchain 1.99.0-beta.8
[INFO] running `Command { std: CARGO_HOME="/workspace/cargo-home" RUSTUP_HOME="/workspace/rustup-home" "/workspace/cargo-home/bin/cargo" "+1.99.0-beta.8" "metadata" "--manifest-path" "Cargo.toml" "--no-deps", kill_on_drop: false }`
[INFO] crate crates.io crate prism3-clock 0.1.0 already has a lockfile, it will not be regenerated
[INFO] running `Command { std: CARGO_HOME="/workspace/cargo-home" RUSTUP_HOME="/workspace/rustup-home" "/workspace/cargo-home/bin/cargo" "+1.99.0-beta.8" "fetch" "--manifest-path" "Cargo.toml", kill_on_drop: false }`
[INFO] running `Command { std: "docker" "create" "-v" "/var/lib/crater-agent-workspace/builds/worker-3-tc1/source:/opt/rustwide/workdir:ro,Z" "-v" "/var/lib/crater-agent-workspace/builds/worker-3-tc1/target:/opt/rustwide/target:rw,Z" "-v" "/var/lib/crater-agent-workspace/cargo-home:/opt/rustwide/cargo-home:ro,Z" "-v" "/var/lib/crater-agent-workspace/rustup-home:/opt/rustwide/rustup-home:ro,Z" "-m" "1610612736" "--network" "none" "ghcr.io/rust-lang/crates-build-env/linux@sha256:77db811e55d90add9212f6832c23229e3de5f1c1f9905e8cb07319ea15df73ac" "sleep" "infinity", kill_on_drop: false }`
[INFO] [stdout] 9983a26d20ea2c12700c8e1c6005fdef0ad6b32357f2e1236d2739bf77457435
[INFO] running `Command { std: "docker" "start" "9983a26d20ea2c12700c8e1c6005fdef0ad6b32357f2e1236d2739bf77457435", kill_on_drop: false }`
[INFO] running `Command { std: "docker" "inspect" "9983a26d20ea2c12700c8e1c6005fdef0ad6b32357f2e1236d2739bf77457435", kill_on_drop: false }`
[INFO] running `Command { std: "docker" "exec" "-e" "SOURCE_DIR=/opt/rustwide/workdir" "-e" "CARGO_HOME=/opt/rustwide/cargo-home" "-e" "RUSTUP_HOME=/opt/rustwide/rustup-home" "-e" "CARGO_TARGET_DIR=/opt/rustwide/target" "-w" "/opt/rustwide/workdir" "--user" "0:0" "9983a26d20ea2c12700c8e1c6005fdef0ad6b32357f2e1236d2739bf77457435" "/opt/rustwide/cargo-home/bin/cargo" "+1.99.0-beta.8" "metadata" "--no-deps" "--format-version=1", kill_on_drop: false }`
[INFO] running `Command { std: "docker" "inspect" "9983a26d20ea2c12700c8e1c6005fdef0ad6b32357f2e1236d2739bf77457435", kill_on_drop: false }`
[INFO] running `Command { std: "docker" "exec" "-e" "SOURCE_DIR=/opt/rustwide/workdir" "-e" "CARGO_HOME=/opt/rustwide/cargo-home" "-e" "RUSTUP_HOME=/opt/rustwide/rustup-home" "-e" "CARGO_TARGET_DIR=/opt/rustwide/target" "-e" "CARGO_INCREMENTAL=0" "-e" "RUST_BACKTRACE=full" "-e" "RUSTFLAGS=--cap-lints=warn" "-e" "RUSTDOCFLAGS=--cap-lints=warn" "-w" "/opt/rustwide/workdir" "--user" "0:0" "9983a26d20ea2c12700c8e1c6005fdef0ad6b32357f2e1236d2739bf77457435" "/opt/rustwide/cargo-home/bin/cargo" "+1.99.0-beta.8" "build" "--frozen" "--message-format=json" "--release", kill_on_drop: false }`
[INFO] [stderr]    Compiling serde_core v1.0.228
[INFO] [stderr]    Compiling serde v1.0.228
[INFO] [stderr]    Compiling phf_shared v0.12.1
[INFO] [stderr]    Compiling parking_lot_core v0.9.12
[INFO] [stderr]    Compiling phf v0.12.1
[INFO] [stderr]    Compiling parking_lot v0.12.5
[INFO] [stderr]    Compiling chrono v0.4.42
[INFO] [stderr]    Compiling chrono-tz v0.10.4
[INFO] [stderr]    Compiling prism3-clock v0.1.0 (/opt/rustwide/workdir)
[INFO] [stderr]     Finished `release` profile [optimized] target(s) in 13.68s
[INFO] running `Command { std: "docker" "inspect" "9983a26d20ea2c12700c8e1c6005fdef0ad6b32357f2e1236d2739bf77457435", kill_on_drop: false }`
[INFO] running `Command { std: "docker" "exec" "-e" "SOURCE_DIR=/opt/rustwide/workdir" "-e" "CARGO_HOME=/opt/rustwide/cargo-home" "-e" "RUSTUP_HOME=/opt/rustwide/rustup-home" "-e" "CARGO_TARGET_DIR=/opt/rustwide/target" "-e" "CARGO_INCREMENTAL=0" "-e" "RUST_BACKTRACE=full" "-e" "RUSTFLAGS=--cap-lints=warn" "-e" "RUSTDOCFLAGS=--cap-lints=warn" "-w" "/opt/rustwide/workdir" "--user" "0:0" "9983a26d20ea2c12700c8e1c6005fdef0ad6b32357f2e1236d2739bf77457435" "/opt/rustwide/cargo-home/bin/cargo" "+1.99.0-beta.8" "test" "--frozen" "--no-run" "--message-format=json" "--release", kill_on_drop: false }`
[INFO] [stderr]    Compiling serde v1.0.228
[INFO] [stderr]    Compiling serde_json v1.0.145
[INFO] [stderr]    Compiling chrono v0.4.42
[INFO] [stderr]    Compiling chrono-tz v0.10.4
[INFO] [stderr]    Compiling prism3-clock v0.1.0 (/opt/rustwide/workdir)
[INFO] [stderr]     Finished `release` profile [optimized] target(s) in 14.78s
[INFO] running `Command { std: "docker" "inspect" "9983a26d20ea2c12700c8e1c6005fdef0ad6b32357f2e1236d2739bf77457435", kill_on_drop: false }`
[INFO] running `Command { std: "docker" "exec" "-e" "SOURCE_DIR=/opt/rustwide/workdir" "-e" "CARGO_HOME=/opt/rustwide/cargo-home" "-e" "RUSTUP_HOME=/opt/rustwide/rustup-home" "-e" "CARGO_TARGET_DIR=/opt/rustwide/target" "-e" "CARGO_INCREMENTAL=0" "-e" "RUST_BACKTRACE=full" "-e" "RUSTFLAGS=--cap-lints=warn" "-e" "RUSTDOCFLAGS=--cap-lints=warn" "-w" "/opt/rustwide/workdir" "--user" "0:0" "9983a26d20ea2c12700c8e1c6005fdef0ad6b32357f2e1236d2739bf77457435" "/opt/rustwide/cargo-home/bin/cargo" "+1.99.0-beta.8" "test" "--frozen" "--release", kill_on_drop: false }`
[INFO] [stderr]     Finished `release` profile [optimized] target(s) in 0.04s
[INFO] [stderr]      Running unittests src/lib.rs (/opt/rustwide/target/release/deps/prism3_clock-64f5eaa76a7cd8c1)
[INFO] [stderr]      Running tests/clock_tests.rs (/opt/rustwide/target/release/deps/clock_tests-9dbc2b0baac67d13)
[INFO] [stdout] 
[INFO] [stdout] running 0 tests
[INFO] [stdout] 
[INFO] [stdout] test result: ok. 0 passed; 0 failed; 0 ignored; 0 measured; 0 filtered out; finished in 0.00s
[INFO] [stdout] 
[INFO] [stdout] 
[INFO] [stdout] running 6 tests
[INFO] [stdout] test test_clock_send_sync ... ok
[INFO] [stdout] test test_clock_millis_returns_positive ... ok
[INFO] [stdout] test test_clock_time_returns_valid_datetime ... ok
[INFO] [stdout] test test_clock_millis_and_time_consistency ... ok
[INFO] [stdout] test test_clock_trait_object ... ok
[INFO] [stdout] test test_clock_time_progresses ... ok
[INFO] [stdout] 
[INFO] [stdout] test result: ok. 6 passed; 0 failed; 0 ignored; 0 measured; 0 filtered out; finished in 0.10s
[INFO] [stdout] 
[INFO] [stdout] 
[INFO] [stderr]      Running tests/controllable_clock_tests.rs (/opt/rustwide/target/release/deps/controllable_clock_tests-bb977820ba75a033)
[INFO] [stdout] running 9 tests
[INFO] [stdout] test test_controllable_clock_trait_object ... ok
[INFO] [stdout] test test_controllable_clock_reset_after_set_time ... ok
[INFO] [stdout] test test_controllable_clock_set_time ... ok
[INFO] [stdout] test test_controllable_clock_add_duration_negative ... ok
[INFO] [stdout] test test_controllable_clock_add_duration_multiple_times ... ok
[INFO] [stdout] test test_controllable_clock_add_duration_positive ... ok
[INFO] [stdout] test test_controllable_clock_reset ... ok
[INFO] [stderr]      Running tests/meter_tests.rs (/opt/rustwide/target/release/deps/meter_tests-23fb70c802eeb0d0)
[INFO] [stdout] test test_controllable_clock_complex_scenario ... ok
[INFO] [stdout] test test_controllable_clock_set_time_multiple_times ... ok
[INFO] [stdout] 
[INFO] [stdout] test result: ok. 9 passed; 0 failed; 0 ignored; 0 measured; 0 filtered out; finished in 0.01s
[INFO] [stdout] 
[INFO] [stdout] 
[INFO] [stdout] running 93 tests
[INFO] [stdout] test meter::format_tests::test_format_duration_millis_hours_and_seconds_only ... ok
[INFO] [stdout] test meter::format_tests::test_format_duration_millis_zero ... ok
[INFO] [stdout] test meter::format_tests::test_format_duration_millis_large_values ... ok
[INFO] [stdout] test meter::format_tests::test_format_duration_nanos_seconds_and_above ... ok
[INFO] [stdout] test meter::format_tests::test_format_duration_nanos_zero ... ok
[INFO] [stdout] test meter::format_tests::test_format_duration_millis_seconds_with_fraction ... ok
[INFO] [stdout] test meter::format_tests::test_format_duration_nanos_microseconds ... ok
[INFO] [stdout] test meter::format_tests::test_format_duration_nanos_milliseconds ... ok
[INFO] [stdout] test meter::format_tests::test_format_duration_nanos_less_than_microsecond ... ok
[INFO] [stdout] test meter::format_tests::test_format_speed_negative_values ... ok
[INFO] [stdout] test meter::format_tests::test_format_duration_nanos_negative ... ok
[INFO] [stdout] test meter::format_tests::test_format_duration_millis_minutes_and_seconds ... ok
[INFO] [stdout] test meter::format_tests::test_format_speed_different_units ... ok
[INFO] [stdout] test meter::format_tests::test_format_speed_normal_values ... ok
[INFO] [stdout] test meter::nano_time_meter_tests::test_clock_accessors ... ok
[INFO] [stdout] test meter::format_tests::test_format_duration_millis_less_than_second ... ok
[INFO] [stdout] test meter::format_tests::test_format_duration_millis_hours_minutes_seconds ... ok
[INFO] [stdout] test meter::format_tests::test_format_speed_rounding ... ok
[INFO] [stdout] test meter::format_tests::test_format_speed_special_values ... ok
[INFO] [stdout] test meter::nano_time_meter_tests::test_formatted_speed_per_minute_zero_time ... ok
[INFO] [stdout] test meter::nano_time_meter_tests::test_micros ... ok
[INFO] [stdout] test meter::format_tests::test_format_duration_millis_negative ... ok
[INFO] [stdout] test meter::nano_time_meter_tests::test_nanos_not_started ... ok
[INFO] [stdout] test meter::nano_time_meter_tests::test_default_trait ... ok
[INFO] [stdout] test meter::nano_time_meter_tests::test_is_running_states ... ok
[INFO] [stdout] test meter::nano_time_meter_tests::test_nanos_running ... ok
[INFO] [stdout] test meter::nano_time_meter_tests::test_new ... ok
[INFO] [stdout] test meter::nano_time_meter_tests::test_is_stopped_states ... ok
[INFO] [stdout] test meter::nano_time_meter_tests::test_minutes ... ok
[INFO] [stdout] test meter::nano_time_meter_tests::test_readable_duration_nanoseconds ... ok
[INFO] [stdout] test meter::nano_time_meter_tests::test_formatted_speed_per_second_zero_time ... ok
[INFO] [stdout] test meter::nano_time_meter_tests::test_precision_comparison_with_millis ... ok
[INFO] [stdout] test meter::nano_time_meter_tests::test_reset ... ok
[INFO] [stdout] test meter::nano_time_meter_tests::test_multiple_start_calls ... ok
[INFO] [stdout] test meter::nano_time_meter_tests::test_speed_per_minute_zero_time ... ok
[INFO] [stdout] test meter::nano_time_meter_tests::test_nanos_stopped ... ok
[INFO] [stdout] test meter::nano_time_meter_tests::test_speed_per_second_zero_time ... ok
[INFO] [stdout] test meter::nano_time_meter_tests::test_start_and_stop ... ok
[INFO] [stdout] test meter::nano_time_meter_tests::test_start_now ... ok
[INFO] [stdout] test meter::nano_time_meter_tests::test_very_short_duration ... ok
[INFO] [stdout] test meter::nano_time_meter_tests::test_restart ... ok
[INFO] [stdout] test meter::nano_time_meter_tests::test_with_clock ... ok
[INFO] [stdout] test meter::nano_time_meter_tests::test_with_clock_started ... ok
[INFO] [stdout] test meter::time_meter_tests::test_clock_accessors ... ok
[INFO] [stdout] test meter::time_meter_tests::test_default_trait ... ok
[INFO] [stdout] test meter::time_meter_tests::test_duration ... ok
[INFO] [stdout] test meter::time_meter_tests::test_edge_case_large_count ... ok
[INFO] [stdout] test meter::time_meter_tests::test_edge_case_zero_count ... ok
[INFO] [stdout] test meter::time_meter_tests::test_formatted_speed_per_minute ... ok
[INFO] [stdout] test meter::time_meter_tests::test_formatted_speed_per_second ... ok
[INFO] [stdout] test meter::time_meter_tests::test_formatted_speed_per_minute_zero_time ... ok
[INFO] [stdout] test meter::time_meter_tests::test_formatted_speed_per_second_zero_time ... ok
[INFO] [stdout] test meter::time_meter_tests::test_is_running_states ... ok
[INFO] [stdout] test meter::time_meter_tests::test_is_running_with_end_time_set ... ok
[INFO] [stdout] test meter::time_meter_tests::test_is_stopped_states ... ok
[INFO] [stdout] test meter::time_meter_tests::test_millis_not_started ... ok
[INFO] [stdout] test meter::time_meter_tests::test_millis_running ... ok
[INFO] [stdout] test meter::time_meter_tests::test_millis_stopped ... ok
[INFO] [stdout] test meter::time_meter_tests::test_millis_uses_current_time_when_running ... ok
[INFO] [stdout] test meter::time_meter_tests::test_millis_when_not_started ... ok
[INFO] [stdout] test meter::time_meter_tests::test_millis_with_mock_clock ... ok
[INFO] [stdout] test meter::time_meter_tests::test_minutes ... ok
[INFO] [stdout] test meter::time_meter_tests::test_multiple_start_calls ... ok
[INFO] [stdout] test meter::time_meter_tests::test_readable_duration ... ok
[INFO] [stdout] test meter::time_meter_tests::test_new ... ok
[INFO] [stdout] test meter::nano_time_meter_tests::test_millis ... ok
[INFO] [stdout] test meter::nano_time_meter_tests::test_conversion_accuracy ... ok
[INFO] [stdout] test meter::nano_time_meter_tests::test_duration ... ok
[INFO] [stdout] test meter::nano_time_meter_tests::test_readable_duration_milliseconds ... ok
[INFO] [stdout] test meter::nano_time_meter_tests::test_real_time_measurement ... ok
[INFO] [stdout] test meter::time_meter_tests::test_speed_calculation_with_fractional_seconds ... ok
[INFO] [stdout] test meter::time_meter_tests::test_seconds ... ok
[INFO] [stdout] test meter::time_meter_tests::test_speed_per_minute_zero_time ... ok
[INFO] [stdout] test meter::time_meter_tests::test_speed_per_second ... ok
[INFO] [stdout] test meter::time_meter_tests::test_speed_per_minute ... ok
[INFO] [stdout] test meter::time_meter_tests::test_speed_per_second_zero_time ... ok
[INFO] [stdout] test meter::time_meter_tests::test_start_now ... ok
[INFO] [stdout] test meter::time_meter_tests::test_with_clock ... ok
[INFO] [stdout] test meter::time_meter_tests::test_start_and_stop ... ok
[INFO] [stdout] test meter::time_meter_tests::test_with_clock_started ... ok
[INFO] [stdout] test meter::time_meter_tests::test_reset ... ok
[INFO] [stdout] test meter::nano_time_meter_tests::test_real_time_without_stop ... ok
[INFO] [stdout] test meter::time_meter_tests::test_restart ... ok
[INFO] [stdout] test meter::time_meter_tests::test_real_time_without_stop ... ok
[INFO] [stdout] test meter::time_meter_tests::test_real_time_measurement ... ok
[INFO] [stdout] test meter::nano_time_meter_tests::test_edge_case_large_count ... ok
[INFO] [stdout] test meter::nano_time_meter_tests::test_formatted_speed_per_second ... ok
[INFO] [stdout] test meter::nano_time_meter_tests::test_formatted_speed_per_minute ... ok
[INFO] [stdout] test meter::nano_time_meter_tests::test_edge_case_zero_count ... ok
[INFO] [stdout] test meter::nano_time_meter_tests::test_seconds ... ok
[INFO] [stdout] test meter::nano_time_meter_tests::test_speed_per_minute ... ok
[INFO] [stdout] test meter::nano_time_meter_tests::test_speed_per_second ... ok
[INFO] [stdout] test meter::nano_time_meter_tests::test_speed_calculation_with_fractional_seconds ... ok
[INFO] [stderr]      Running tests/mock_tests.rs (/opt/rustwide/target/release/deps/mock_tests-e401f002d23098f7)
[INFO] [stdout] 
[INFO] [stdout] test result: ok. 93 passed; 0 failed; 0 ignored; 0 measured; 0 filtered out; finished in 1.51s
[INFO] [stdout] 
[INFO] [stdout] 
[INFO] [stdout] running 19 tests
[INFO] [stdout] test test_mock_clock_default ... ok
[INFO] [stdout] test test_mock_clock_reset ... ok
[INFO] [stdout] test test_mock_clock_reset_after_set_time ... ok
[INFO] [stdout] test test_mock_clock_reset_clears_add_every_time ... ok
[INFO] [stdout] test test_mock_clock_add_millis_once ... ok
[INFO] [stdout] test test_mock_clock_add_duration ... ok
[INFO] [stdout] test test_mock_clock_in_thread ... ok
[INFO] [stdout] test test_mock_clock_complex_scenario ... ok
[INFO] [stdout] test test_mock_clock_add_millis_negative ... ok
[INFO] [stdout] test test_mock_clock_clone ... ok
[INFO] [stdout] test test_mock_clock_new ... ok
[INFO] [stdout] test test_mock_clock_debug ... ok
[INFO] [stdout] test test_mock_clock_send_sync ... ok
[INFO] [stdout] test test_mock_clock_add_millis_every_time ... ok
[INFO] [stdout] test test_mock_clock_set_time ... ok
[INFO] [stdout] test test_mock_clock_set_time_multiple ... ok
[INFO] [stdout] test test_mock_clock_multiple_threads ... FAILED
[INFO] [stdout] test test_mock_clock_progresses_naturally ... ok
[INFO] [stderr] error: test failed, to rerun pass `--test mock_tests`
[INFO] [stdout] test test_mock_clock_progresses_after_set_time ... ok
[INFO] [stdout] 
[INFO] [stdout] failures:
[INFO] [stdout] 
[INFO] [stdout] ---- test_mock_clock_multiple_threads stdout ----
[INFO] [stdout] 
[INFO] [stdout] thread 'test_mock_clock_multiple_threads' (850) panicked at tests/mock_tests.rs:287:5:
[INFO] [stdout] assertion `left == right` failed
[INFO] [stdout]   left: 2024-01-02T21:00:00.003Z
[INFO] [stdout]  right: 2024-01-02T21:00:00Z
[INFO] [stdout] stack backtrace:
[INFO] [stdout]    0:     0x5c49abbc4481 - <<std[70759c8f55707aa4]::sys::backtrace::BacktraceLock>::print::DisplayBacktrace as core[df12db4294e9bfd3]::fmt::Display>::fmt
[INFO] [stdout]    1:     0x5c49abbd890a - core[df12db4294e9bfd3]::fmt::write
[INFO] [stdout]    2:     0x5c49abbc89cc - <alloc[2182bb758b4b3781]::vec::Vec<u8> as core[df12db4294e9bfd3]::io::write::Write>::write_fmt
[INFO] [stdout]    3:     0x5c49abba09c6 - std[70759c8f55707aa4]::panicking::default_hook::{closure#0}
[INFO] [stdout]    4:     0x5c49abbbcb39 - std[70759c8f55707aa4]::panicking::default_hook
[INFO] [stdout]    5:     0x5c49abb53920 - test[9d35eded1c95d3be]::test_main_inner::<test[9d35eded1c95d3be]::test_main_static::{closure#0}>::{closure#0}
[INFO] [stdout]    6:     0x5c49abbbccf2 - std[70759c8f55707aa4]::panicking::panic_with_hook
[INFO] [stdout]    7:     0x5c49abba0a72 - std[70759c8f55707aa4]::panicking::panic_handler::{closure#0}
[INFO] [stdout]    8:     0x5c49abb997f9 - std[70759c8f55707aa4]::sys::backtrace::__rust_end_short_backtrace::<std[70759c8f55707aa4]::panicking::panic_handler::{closure#0}, !>
[INFO] [stdout]    9:     0x5c49abba166d - __rustc[8fa7c3cbc660c2b3]::rust_begin_unwind
[INFO] [stdout]   10:     0x5c49abbd903c - core[df12db4294e9bfd3]::panicking::panic_fmt
[INFO] [stdout]   11:     0x5c49abbd8f53 - core[df12db4294e9bfd3]::panicking::assert_failed_inner
[INFO] [stdout]   12:     0x5c49abb427a7 - core[df12db4294e9bfd3]::panicking::assert_failed::<chrono[f704e81b21fc9c30]::datetime::DateTime<chrono[f704e81b21fc9c30]::offset::utc::Utc>, chrono[f704e81b21fc9c30]::datetime::DateTime<chrono[f704e81b21fc9c30]::offset::utc::Utc>>
[INFO] [stdout]   13:     0x5c49abb45ddc - <mock_tests[bb7b4c48f46c251c]::test_mock_clock_multiple_threads::{closure#0} as core[df12db4294e9bfd3]::ops::function::FnOnce<()>>::call_once
[INFO] [stdout]   14:     0x5c49abb46c0b - test[9d35eded1c95d3be]::__rust_begin_short_backtrace::<core[df12db4294e9bfd3]::result::Result<(), alloc[2182bb758b4b3781]::string::String>, fn() -> core[df12db4294e9bfd3]::result::Result<(), alloc[2182bb758b4b3781]::string::String>>
[INFO] [stdout]   15:     0x5c49abb54275 - test[9d35eded1c95d3be]::run_test::{closure#0}
[INFO] [stdout]   16:     0x5c49abb4db34 - std[70759c8f55707aa4]::sys::backtrace::__rust_begin_short_backtrace::<test[9d35eded1c95d3be]::run_test::{closure#1}, ()>
[INFO] [stdout]   17:     0x5c49abb573d2 - <std[70759c8f55707aa4]::thread::lifecycle::spawn_unchecked<test[9d35eded1c95d3be]::run_test::{closure#1}, ()>::{closure#1} as core[df12db4294e9bfd3]::ops::function::FnOnce<()>>::call_once::{shim:vtable#0}
[INFO] [stdout]   18:     0x5c49abbc3d59 - <std[70759c8f55707aa4]::sys::thread::unix::Thread>::new::thread_start
[INFO] [stdout]   19:     0x78d97c7cadfa - <unknown>
[INFO] [stdout]   20:     0x78d97c85e3d4 - clone
[INFO] [stdout]   21:                0x0 - <unknown>
[INFO] [stdout] 
[INFO] [stdout] 
[INFO] [stdout] failures:
[INFO] [stdout]     test_mock_clock_multiple_threads
[INFO] [stdout] 
[INFO] [stdout] test result: FAILED. 18 passed; 1 failed; 0 ignored; 0 measured; 0 filtered out; finished in 0.06s
[INFO] [stdout] 
[INFO] running `Command { std: "docker" "inspect" "9983a26d20ea2c12700c8e1c6005fdef0ad6b32357f2e1236d2739bf77457435", kill_on_drop: false }`
[INFO] running `Command { std: "docker" "rm" "-f" "9983a26d20ea2c12700c8e1c6005fdef0ad6b32357f2e1236d2739bf77457435", kill_on_drop: false }`
[INFO] [stdout] 9983a26d20ea2c12700c8e1c6005fdef0ad6b32357f2e1236d2739bf77457435
