[INFO] fetching crate printobserver-types 0.4.0...
[INFO] testing printobserver-types-0.4.0 against 1.99.0-beta.8+cargoflags=--release for beta-release-1.100-2
[INFO] extracting crate printobserver-types 0.4.0 into /workspace/builds/worker-1-tc1/source
[INFO] started tweaking crates.io crate printobserver-types 0.4.0
[INFO] removed 0 missing tests
[INFO] finished tweaking crates.io crate printobserver-types 0.4.0
[INFO] tweaked toml for crates.io crate printobserver-types 0.4.0 written to /workspace/builds/worker-1-tc1/source/Cargo.toml
[INFO] validating manifest of crates.io crate printobserver-types 0.4.0 on toolchain 1.99.0-beta.8
[INFO] running `Command { std: CARGO_HOME="/workspace/cargo-home" RUSTUP_HOME="/workspace/rustup-home" "/workspace/cargo-home/bin/cargo" "+1.99.0-beta.8" "metadata" "--manifest-path" "Cargo.toml" "--no-deps", kill_on_drop: false }`
[INFO] crate crates.io crate printobserver-types 0.4.0 already has a lockfile, it will not be regenerated
[INFO] running `Command { std: CARGO_HOME="/workspace/cargo-home" RUSTUP_HOME="/workspace/rustup-home" "/workspace/cargo-home/bin/cargo" "+1.99.0-beta.8" "fetch" "--manifest-path" "Cargo.toml", kill_on_drop: false }`
[INFO] [stderr]  Downloading crates ...
[INFO] [stderr]   Downloaded jsonschema v0.34.0
[INFO] [stderr]   Downloaded referencing v0.34.0
[INFO] running `Command { std: "docker" "create" "-v" "/var/lib/crater-agent-workspace/builds/worker-1-tc1/source:/opt/rustwide/workdir:ro,Z" "-v" "/var/lib/crater-agent-workspace/builds/worker-1-tc1/target:/opt/rustwide/target:rw,Z" "-v" "/var/lib/crater-agent-workspace/cargo-home:/opt/rustwide/cargo-home:ro,Z" "-v" "/var/lib/crater-agent-workspace/rustup-home:/opt/rustwide/rustup-home:ro,Z" "-m" "1610612736" "--network" "none" "ghcr.io/rust-lang/crates-build-env/linux@sha256:77db811e55d90add9212f6832c23229e3de5f1c1f9905e8cb07319ea15df73ac" "sleep" "infinity", kill_on_drop: false }`
[INFO] [stdout] 6969830672fbbd1ec9aa8c6d37781c401ff741c6dcaabf31630f965ea288d35a
[INFO] running `Command { std: "docker" "start" "6969830672fbbd1ec9aa8c6d37781c401ff741c6dcaabf31630f965ea288d35a", kill_on_drop: false }`
[INFO] running `Command { std: "docker" "inspect" "6969830672fbbd1ec9aa8c6d37781c401ff741c6dcaabf31630f965ea288d35a", kill_on_drop: false }`
[INFO] running `Command { std: "docker" "exec" "-e" "SOURCE_DIR=/opt/rustwide/workdir" "-e" "CARGO_HOME=/opt/rustwide/cargo-home" "-e" "RUSTUP_HOME=/opt/rustwide/rustup-home" "-e" "CARGO_TARGET_DIR=/opt/rustwide/target" "-w" "/opt/rustwide/workdir" "--user" "0:0" "6969830672fbbd1ec9aa8c6d37781c401ff741c6dcaabf31630f965ea288d35a" "/opt/rustwide/cargo-home/bin/cargo" "+1.99.0-beta.8" "metadata" "--no-deps" "--format-version=1", kill_on_drop: false }`
[INFO] running `Command { std: "docker" "inspect" "6969830672fbbd1ec9aa8c6d37781c401ff741c6dcaabf31630f965ea288d35a", kill_on_drop: false }`
[INFO] running `Command { std: "docker" "exec" "-e" "SOURCE_DIR=/opt/rustwide/workdir" "-e" "CARGO_HOME=/opt/rustwide/cargo-home" "-e" "RUSTUP_HOME=/opt/rustwide/rustup-home" "-e" "CARGO_TARGET_DIR=/opt/rustwide/target" "-e" "CARGO_INCREMENTAL=0" "-e" "RUST_BACKTRACE=full" "-e" "RUSTFLAGS=--cap-lints=warn" "-e" "RUSTDOCFLAGS=--cap-lints=warn" "-w" "/opt/rustwide/workdir" "--user" "0:0" "6969830672fbbd1ec9aa8c6d37781c401ff741c6dcaabf31630f965ea288d35a" "/opt/rustwide/cargo-home/bin/cargo" "+1.99.0-beta.8" "build" "--frozen" "--message-format=json" "--release", kill_on_drop: false }`
[INFO] [stderr]    Compiling libc v0.2.189
[INFO] [stderr]    Compiling ref-cast v1.0.27
[INFO] [stderr]    Compiling serde_json v1.0.151
[INFO] [stderr]    Compiling dyn-clone v1.0.20
[INFO] [stderr]    Compiling syn v3.0.5
[INFO] [stderr]    Compiling chrono v0.4.45
[INFO] [stderr]    Compiling getrandom v0.4.3
[INFO] [stderr]    Compiling uuid v1.26.0
[INFO] [stderr]    Compiling serde_derive_internals v0.30.0
[INFO] [stderr]    Compiling serde_derive v1.0.229
[INFO] [stderr]    Compiling ref-cast-impl v1.0.27
[INFO] [stderr]    Compiling schemars_derive v1.2.2
[INFO] [stderr]    Compiling serde v1.0.229
[INFO] [stderr]    Compiling schemars v1.2.2
[INFO] [stderr]    Compiling printobserver-types v0.4.0 (/opt/rustwide/workdir)
[INFO] [stderr]     Finished `release` profile [optimized] target(s) in 19.46s
[INFO] running `Command { std: "docker" "inspect" "6969830672fbbd1ec9aa8c6d37781c401ff741c6dcaabf31630f965ea288d35a", kill_on_drop: false }`
[INFO] running `Command { std: "docker" "exec" "-e" "SOURCE_DIR=/opt/rustwide/workdir" "-e" "CARGO_HOME=/opt/rustwide/cargo-home" "-e" "RUSTUP_HOME=/opt/rustwide/rustup-home" "-e" "CARGO_TARGET_DIR=/opt/rustwide/target" "-e" "CARGO_INCREMENTAL=0" "-e" "RUST_BACKTRACE=full" "-e" "RUSTFLAGS=--cap-lints=warn" "-e" "RUSTDOCFLAGS=--cap-lints=warn" "-w" "/opt/rustwide/workdir" "--user" "0:0" "6969830672fbbd1ec9aa8c6d37781c401ff741c6dcaabf31630f965ea288d35a" "/opt/rustwide/cargo-home/bin/cargo" "+1.99.0-beta.8" "test" "--frozen" "--no-run" "--message-format=json" "--release", kill_on_drop: false }`
[INFO] [stderr]    Compiling syn v3.0.5
[INFO] [stderr]    Compiling smallvec v1.16.0
[INFO] [stderr]    Compiling zerocopy v0.8.56
[INFO] [stderr]    Compiling bitflags v2.13.1
[INFO] [stderr]    Compiling proc-macro2 v1.0.107
[INFO] [stderr]    Compiling num-complex v0.4.6
[INFO] [stderr]    Compiling regex-automata v0.4.18
[INFO] [stderr]    Compiling borrow-or-share v0.2.4
[INFO] [stderr]    Compiling num-bigint v0.4.8
[INFO] [stderr]    Compiling num-iter v0.1.46
[INFO] [stderr]    Compiling unicode-general-category v1.1.0
[INFO] [stderr]    Compiling unicode-ident v1.0.24
[INFO] [stderr]    Compiling chrono v0.4.45
[INFO] [stderr]    Compiling uuid v1.26.0
[INFO] [stderr]    Compiling uuid-simd v0.8.0
[INFO] [stderr]    Compiling num-cmp v0.1.0
[INFO] [stderr]    Compiling bytecount v0.6.9
[INFO] [stderr]    Compiling rustix v1.1.4
[INFO] [stderr]    Compiling parking_lot_core v0.9.12
[INFO] [stderr]    Compiling parking_lot v0.12.5
[INFO] [stderr]    Compiling quote v1.0.47
[INFO] [stderr]    Compiling serde_derive_internals v0.30.0
[INFO] [stderr]    Compiling tempfile v3.27.0
[INFO] [stderr]    Compiling zerovec-derive v0.11.6
[INFO] [stderr]    Compiling displaydoc v0.2.7
[INFO] [stderr]    Compiling serde_derive v1.0.229
[INFO] [stderr]    Compiling ref-cast-impl v1.0.27
[INFO] [stderr]    Compiling rusty-fork v0.3.1
[INFO] [stderr]    Compiling ref-cast v1.0.27
[INFO] [stderr]    Compiling num-rational v0.4.2
[INFO] [stderr]    Compiling num v0.4.3
[INFO] [stderr]    Compiling fraction v0.15.4
[INFO] [stderr]    Compiling schemars_derive v1.2.2
[INFO] [stderr]    Compiling zerotrie v0.2.5
[INFO] [stderr]    Compiling zerovec v0.11.8
[INFO] [stderr]    Compiling tinystr v0.8.4
[INFO] [stderr]    Compiling potential_utf v0.1.6
[INFO] [stderr]    Compiling icu_collections v2.3.0
[INFO] [stderr]    Compiling icu_locale_core v2.3.0
[INFO] [stderr]    Compiling ppv-lite86 v0.2.21
[INFO] [stderr]    Compiling rand_chacha v0.9.0
[INFO] [stderr]    Compiling proptest v1.11.0
[INFO] [stderr]    Compiling icu_provider v2.3.1
[INFO] [stderr]    Compiling icu_normalizer v2.3.0
[INFO] [stderr]    Compiling icu_properties v2.3.0
[INFO] [stderr]    Compiling serde v1.0.229
[INFO] [stderr]    Compiling fluent-uri v0.4.1
[INFO] [stderr]    Compiling ahash v0.8.12
[INFO] [stderr]    Compiling referencing v0.34.0
[INFO] [stderr]    Compiling regex v1.13.1
[INFO] [stderr]    Compiling fancy-regex v0.16.2
[INFO] [stderr]    Compiling schemars v1.2.2
[INFO] [stderr]    Compiling email_address v0.2.9
[INFO] [stderr]    Compiling idna_adapter v1.2.2
[INFO] [stderr]    Compiling idna v1.1.0
[INFO] [stderr]    Compiling jsonschema v0.34.0
[INFO] [stderr]    Compiling printobserver-types v0.4.0 (/opt/rustwide/workdir)
[INFO] [stderr]     Finished `release` profile [optimized] target(s) in 1m 22s
[INFO] running `Command { std: "docker" "inspect" "6969830672fbbd1ec9aa8c6d37781c401ff741c6dcaabf31630f965ea288d35a", kill_on_drop: false }`
[INFO] running `Command { std: "docker" "exec" "-e" "SOURCE_DIR=/opt/rustwide/workdir" "-e" "CARGO_HOME=/opt/rustwide/cargo-home" "-e" "RUSTUP_HOME=/opt/rustwide/rustup-home" "-e" "CARGO_TARGET_DIR=/opt/rustwide/target" "-e" "CARGO_INCREMENTAL=0" "-e" "RUST_BACKTRACE=full" "-e" "RUSTFLAGS=--cap-lints=warn" "-e" "RUSTDOCFLAGS=--cap-lints=warn" "-w" "/opt/rustwide/workdir" "--user" "0:0" "6969830672fbbd1ec9aa8c6d37781c401ff741c6dcaabf31630f965ea288d35a" "/opt/rustwide/cargo-home/bin/cargo" "+1.99.0-beta.8" "test" "--frozen" "--release", kill_on_drop: false }`
[INFO] [stderr]     Finished `release` profile [optimized] target(s) in 0.16s
[INFO] [stderr]      Running unittests src/lib.rs (/opt/rustwide/target/release/deps/printobserver_types-736e40127d7aef2f)
[INFO] [stdout] 
[INFO] [stdout] running 0 tests
[INFO] [stdout] 
[INFO] [stdout] test result: ok. 0 passed; 0 failed; 0 ignored; 0 measured; 0 filtered out; finished in 0.00s
[INFO] [stdout] 
[INFO] [stderr]      Running tests/api.rs (/opt/rustwide/target/release/deps/api-c610feb72517749f)
[INFO] [stdout] 
[INFO] [stdout] running 8 tests
[INFO] [stdout] test a_reported_value_carries_what_it_was_given ... ok
[INFO] [stdout] test raw_bytes_are_held_exactly_as_received ... ok
[INFO] [stdout] test an_instant_is_the_utc_instant_it_was_built_from ... ok
[INFO] [stdout] test a_refused_identifier_says_which_type_refused_it ... ok
[INFO] [stdout] test a_minted_identifier_is_a_version_seven_uuid ... ok
[INFO] [stdout] test a_refused_instant_says_what_was_wrong ... ok
[INFO] [stdout] test the_envelope_sample_is_under_a_kind_of_its_own ... ok
[INFO] [stdout] test a_file_name_is_the_characters_it_was_given ... ok
[INFO] [stdout] 
[INFO] [stdout] test result: ok. 8 passed; 0 failed; 0 ignored; 0 measured; 0 filtered out; finished in 0.01s
[INFO] [stdout] 
[INFO] [stderr]      Running tests/declared_types.rs (/opt/rustwide/target/release/deps/declared_types-00de2ccbbf923db6)
[INFO] [stdout] 
[INFO] [stdout] running 3 tests
[INFO] [stdout] test the_contract_table_names_no_type_this_crate_does_not_declare ... ok
[INFO] [stdout] test each_declared_name_is_the_name_its_schema_carries ... ok
[INFO] [stdout] test every_declared_type_carries_exactly_the_stated_fields ... ok
[INFO] [stdout] 
[INFO] [stdout] test result: ok. 3 passed; 0 failed; 0 ignored; 0 measured; 0 filtered out; finished in 0.00s
[INFO] [stdout] 
[INFO] [stderr]      Running tests/event_seam.rs (/opt/rustwide/target/release/deps/event_seam-e7375b9f4430c0ec)
[INFO] [stdout] 
[INFO] [stdout] running 9 tests
[INFO] [stdout] test nothing_reads_back_under_another_kind ... ok
[INFO] [stdout] test the_pair_and_the_names_serialize_bare ... ok
[INFO] [stdout] test a_payload_of_the_wrong_shape_under_the_right_kind_is_a_parse_failure ... ok
[INFO] [stdout] test the_schema_marker_carries_the_kind ... ok
[INFO] [stdout] test a_record_under_an_undeclared_kind_survives_a_round_trip ... ok
[INFO] [stdout] test the_wire_form_is_the_eight_fields_and_nothing_else ... ok
[INFO] [stdout] test a_payload_reads_back_under_its_own_kind ... ok
[INFO] [stdout] test the_field_reader_reads_any_and_union ... ok
[INFO] [stderr]      Running tests/file_name.rs (/opt/rustwide/target/release/deps/file_name-19b9fda8b4f3f7c4)
[INFO] [stdout] test a_kind_name_outside_the_pattern_is_refused ... ok
[INFO] [stdout] 
[INFO] [stdout] test result: ok. 9 passed; 0 failed; 0 ignored; 0 measured; 0 filtered out; finished in 0.01s
[INFO] [stdout] 
[INFO] [stdout] 
[INFO] [stdout] running 6 tests
[INFO] [stdout] test the_fixed_accepted_corpus_is_accepted ... ok
[INFO] [stdout] test the_walk_ranges_over_every_declared_category ... ok
[INFO] [stdout] test each_declared_category_refuses_in_its_own_words ... ok
[INFO] [stdout] test the_canonical_name_is_accepted ... ok
[INFO] [stdout] test the_fixed_regression_corpus_is_refused ... ok
[INFO] [stdout] test generated_names_are_refused_for_every_forbidden_property ... ok
[INFO] [stdout] 
[INFO] [stdout] test result: ok. 6 passed; 0 failed; 0 ignored; 0 measured; 0 filtered out; finished in 0.05s
[INFO] [stdout] 
[INFO] [stderr]      Running tests/generated_schemas.rs (/opt/rustwide/target/release/deps/generated_schemas-3708ffc0382a1416)
[INFO] [stdout] 
[INFO] [stdout] running 1 test
[INFO] [stdout] test every_generated_schema_admits_its_own_canonical_values ... ok
[INFO] [stdout] 
[INFO] [stdout] test result: ok. 1 passed; 0 failed; 0 ignored; 0 measured; 0 filtered out; finished in 0.01s
[INFO] [stdout] 
[INFO] [stderr]      Running tests/ownership.rs (/opt/rustwide/target/release/deps/ownership-895579f572f06c5f)
[INFO] [stdout] 
[INFO] [stdout] running 3 tests
[INFO] [stdout] test the_declared_set_holds_every_type_that_can_emit_a_schema ... FAILED
[INFO] [stdout] test the_type_crate_declares_no_type_another_crate_checks_in ... FAILED
[INFO] [stdout] test the_ownership_reading_refuses_a_crate_declaring_another_crates_type ... FAILED
[INFO] [stdout] 
[INFO] [stdout] failures:
[INFO] [stdout] 
[INFO] [stdout] ---- the_declared_set_holds_every_type_that_can_emit_a_schema stdout ----
[INFO] [stdout] 
[INFO] [stdout] thread 'the_declared_set_holds_every_type_that_can_emit_a_schema' (1901) panicked at tests/support/surface.rs:100:33:
[INFO] [stdout] read /opt/rustwide/workdir/../printobserver-types/src: No such file or directory (os error 2)
[INFO] [stdout] stack backtrace:
[INFO] [stdout]    0:     0x5d42139f5321 - <<std[70759c8f55707aa4]::sys::backtrace::BacktraceLock>::print::DisplayBacktrace as core[df12db4294e9bfd3]::fmt::Display>::fmt
[INFO] [stdout]    1:     0x5d4213a09d4a - core[df12db4294e9bfd3]::fmt::write
[INFO] [stdout]    2:     0x5d42139f9afc - <alloc[2182bb758b4b3781]::vec::Vec<u8> as core[df12db4294e9bfd3]::io::write::Write>::write_fmt
[INFO] [stdout]    3:     0x5d42139d0906 - std[70759c8f55707aa4]::panicking::default_hook::{closure#0}
[INFO] [stdout]    4:     0x5d42139ed349 - std[70759c8f55707aa4]::panicking::default_hook
[INFO] [stdout]    5:     0x5d4213975490 - test[9d35eded1c95d3be]::test_main_inner::<test[9d35eded1c95d3be]::test_main_static::{closure#0}>::{closure#0}
[INFO] [stdout]    6:     0x5d42139ed672 - std[70759c8f55707aa4]::panicking::panic_with_hook
[INFO] [stdout]    7:     0x5d42139d09b2 - std[70759c8f55707aa4]::panicking::panic_handler::{closure#0}
[INFO] [stdout]    8:     0x5d42139c9509 - std[70759c8f55707aa4]::sys::backtrace::__rust_end_short_backtrace::<std[70759c8f55707aa4]::panicking::panic_handler::{closure#0}, !>
[INFO] [stdout]    9:     0x5d42139d15ad - __rustc[8fa7c3cbc660c2b3]::rust_begin_unwind
[INFO] [stdout]   10:     0x5d4213a0a4ac - core[df12db4294e9bfd3]::panicking::panic_fmt
[INFO] [stdout]   11:     0x5d4213819749 - ownership[4f072948cdc0022c]::surface::crate_sources::{closure#0}
[INFO] [stdout]   12:     0x5d4213819ded - ownership[4f072948cdc0022c]::surface::crate_sources
[INFO] [stdout]   13:     0x5d421381dffa - <ownership[4f072948cdc0022c]::the_declared_set_holds_every_type_that_can_emit_a_schema::{closure#0} as core[df12db4294e9bfd3]::ops::function::FnOnce<()>>::call_once
[INFO] [stdout]   14:     0x5d421396877b - test[9d35eded1c95d3be]::__rust_begin_short_backtrace::<core[df12db4294e9bfd3]::result::Result<(), alloc[2182bb758b4b3781]::string::String>, fn() -> core[df12db4294e9bfd3]::result::Result<(), alloc[2182bb758b4b3781]::string::String>>
[INFO] [stdout]   15:     0x5d4213975de5 - test[9d35eded1c95d3be]::run_test::{closure#0}
[INFO] [stdout]   16:     0x5d421396f6a4 - std[70759c8f55707aa4]::sys::backtrace::__rust_begin_short_backtrace::<test[9d35eded1c95d3be]::run_test::{closure#1}, ()>
[INFO] [stdout]   17:     0x5d4213978f42 - <std[70759c8f55707aa4]::thread::lifecycle::spawn_unchecked<test[9d35eded1c95d3be]::run_test::{closure#1}, ()>::{closure#1} as core[df12db4294e9bfd3]::ops::function::FnOnce<()>>::call_once::{shim:vtable#0}
[INFO] [stdout]   18:     0x5d42139f4879 - <std[70759c8f55707aa4]::sys::thread::unix::Thread>::new::thread_start
[INFO] [stdout]   19:     0x7812046b8dfa - <unknown>
[INFO] [stdout]   20:     0x78120474c3d4 - clone
[INFO] [stdout]   21:                0x0 - <unknown>
[INFO] [stdout] 
[INFO] [stdout] ---- the_type_crate_declares_no_type_another_crate_checks_in stdout ----
[INFO] [stdout] 
[INFO] [stdout] thread 'the_type_crate_declares_no_type_another_crate_checks_in' (1903) panicked at tests/support/surface.rs:100:33:
[INFO] [stdout] read /opt/rustwide/workdir/../printobserver-types/src: No such file or directory (os error 2)
[INFO] [stdout] stack backtrace:
[INFO] [stdout]    0:     0x5d42139f5321 - <<std[70759c8f55707aa4]::sys::backtrace::BacktraceLock>::print::DisplayBacktrace as core[df12db4294e9bfd3]::fmt::Display>::fmt
[INFO] [stdout]    1:     0x5d4213a09d4a - core[df12db4294e9bfd3]::fmt::write
[INFO] [stdout]    2:     0x5d42139f9afc - <alloc[2182bb758b4b3781]::vec::Vec<u8> as core[df12db4294e9bfd3]::io::write::Write>::write_fmt
[INFO] [stdout]    3:     0x5d42139d0906 - std[70759c8f55707aa4]::panicking::default_hook::{closure#0}
[INFO] [stdout]    4:     0x5d42139ed349 - std[70759c8f55707aa4]::panicking::default_hook
[INFO] [stdout]    5:     0x5d4213975490 - test[9d35eded1c95d3be]::test_main_inner::<test[9d35eded1c95d3be]::test_main_static::{closure#0}>::{closure#0}
[INFO] [stdout]    6:     0x5d42139ed672 - std[70759c8f55707aa4]::panicking::panic_with_hook
[INFO] [stdout]    7:     0x5d42139d09b2 - std[70759c8f55707aa4]::panicking::panic_handler::{closure#0}
[INFO] [stdout]    8:     0x5d42139c9509 - std[70759c8f55707aa4]::sys::backtrace::__rust_end_short_backtrace::<std[70759c8f55707aa4]::panicking::panic_handler::{closure#0}, !>
[INFO] [stdout]    9:     0x5d42139d15ad - __rustc[8fa7c3cbc660c2b3]::rust_begin_unwind
[INFO] [stdout]   10:     0x5d4213a0a4ac - core[df12db4294e9bfd3]::panicking::panic_fmt
[INFO] [stdout]   11:     0x5d4213819749 - ownership[4f072948cdc0022c]::surface::crate_sources::{closure#0}
[INFO] [stdout]   12:     0x5d4213819ded - ownership[4f072948cdc0022c]::surface::crate_sources
[INFO] [stdout]   13:     0x5d421381dc0a - <ownership[4f072948cdc0022c]::the_type_crate_declares_no_type_another_crate_checks_in::{closure#0} as core[df12db4294e9bfd3]::ops::function::FnOnce<()>>::call_once
[INFO] [stdout]   14:     0x5d421396877b - test[9d35eded1c95d3be]::__rust_begin_short_backtrace::<core[df12db4294e9bfd3]::result::Result<(), alloc[2182bb758b4b3781]::string::String>, fn() -> core[df12db4294e9bfd3]::result::Result<(), alloc[2182bb758b4b3781]::string::String>>
[INFO] [stdout]   15:     0x5d4213975de5 - test[9d35eded1c95d3be]::run_test::{closure#0}
[INFO] [stdout]   16:     0x5d421396f6a4 - std[70759c8f55707aa4]::sys::backtrace::__rust_begin_short_backtrace::<test[9d35eded1c95d3be]::run_test::{closure#1}, ()>
[INFO] [stdout]   17:     0x5d4213978f42 - <std[70759c8f55707aa4]::thread::lifecycle::spawn_unchecked<test[9d35eded1c95d3be]::run_test::{closure#1}, ()>::{closure#1} as core[df12db4294e9bfd3]::ops::function::FnOnce<()>>::call_once::{shim:vtable#0}
[INFO] [stdout]   18:     0x5d42139f4879 - <std[70759c8f55707aa4]::sys::thread::unix::Thread>::new::thread_start
[INFO] [stdout]   19:     0x7812046b8dfa - <unknown>
[INFO] [stdout]   20:     0x78120474c3d4 - clone
[INFO] [stdout]   21:                0x0 - <unknown>
[INFO] [stdout] 
[INFO] [stdout] ---- the_ownership_reading_refuses_a_crate_declaring_another_crates_type stdout ----
[INFO] [stdout] 
[INFO] [stdout] thread 'the_ownership_reading_refuses_a_crate_declaring_another_crates_type' (1902) panicked at tests/ownership.rs:36:55:
[INFO] [stdout] the schema tree is readable: Os { code: 2, kind: NotFound, message: "No such file or directory" }
[INFO] [stdout] stack backtrace:
[INFO] [stdout]    0:     0x5d42139f5321 - <<std[70759c8f55707aa4]::sys::backtrace::BacktraceLock>::print::DisplayBacktrace as core[df12db4294e9bfd3]::fmt::Display>::fmt
[INFO] [stdout]    1:     0x5d4213a09d4a - core[df12db4294e9bfd3]::fmt::write
[INFO] [stdout]    2:     0x5d42139f9afc - <alloc[2182bb758b4b3781]::vec::Vec<u8> as core[df12db4294e9bfd3]::io::write::Write>::write_fmt
[INFO] [stdout]    3:     0x5d42139d0906 - std[70759c8f55707aa4]::panicking::default_hook::{closure#0}
[INFO] [stdout]    4:     0x5d42139ed349 - std[70759c8f55707aa4]::panicking::default_hook
[INFO] [stdout]    5:     0x5d4213975490 - test[9d35eded1c95d3be]::test_main_inner::<test[9d35eded1c95d3be]::test_main_static::{closure#0}>::{closure#0}
[INFO] [stdout]    6:     0x5d42139ed672 - std[70759c8f55707aa4]::panicking::panic_with_hook
[INFO] [stdout]    7:     0x5d42139d09b2 - std[70759c8f55707aa4]::panicking::panic_handler::{closure#0}
[INFO] [stdout]    8:     0x5d42139c9509 - std[70759c8f55707aa4]::sys::backtrace::__rust_end_short_backtrace::<std[70759c8f55707aa4]::panicking::panic_handler::{closure#0}, !>
[INFO] [stdout]    9:     0x5d42139d15ad - __rustc[8fa7c3cbc660c2b3]::rust_begin_unwind
[INFO] [stdout]   10:     0x5d4213a0a4ac - core[df12db4294e9bfd3]::panicking::panic_fmt
[INFO] [stdout]   11:     0x5d4213a0a282 - core[df12db4294e9bfd3]::result::unwrap_failed
[INFO] [stdout]   12:     0x5d421381d386 - ownership[4f072948cdc0022c]::types_other_crates_check_in
[INFO] [stdout]   13:     0x5d421381e551 - <ownership[4f072948cdc0022c]::the_ownership_reading_refuses_a_crate_declaring_another_crates_type::{closure#0} as core[df12db4294e9bfd3]::ops::function::FnOnce<()>>::call_once
[INFO] [stdout]   14:     0x5d421396877b - test[9d35eded1c95d3be]::__rust_begin_short_backtrace::<core[df12db4294e9bfd3]::result::Result<(), alloc[2182bb758b4b3781]::string::String>, fn() -> core[df12db4294e9bfd3]::result::Result<(), alloc[2182bb758b4b3781]::string::String>>
[INFO] [stdout]   15:     0x5d4213975de5 - test[9d35eded1c95d3be]::run_test::{closure#0}
[INFO] [stdout]   16:     0x5d421396f6a4 - std[70759c8f55707aa4]::sys::backtrace::__rust_begin_short_backtrace::<test[9d35eded1c95d3be]::run_test::{closure#1}, ()>
[INFO] [stdout]   17:     0x5d4213978f42 - <std[70759c8f55707aa4]::thread::lifecycle::spawn_unchecked<test[9d35eded1c95d3be]::run_test::{closure#1}, ()>::{closure#1} as core[df12db4294e9bfd3]::ops::function::FnOnce<()>>::call_once::{shim:vtable#0}
[INFO] [stdout]   18:     0x5d42139f4879 - <std[70759c8f55707aa4]::sys::thread::unix::Thread>::new::thread_start
[INFO] [stdout]   19:     0x7812046b8dfa - <unknown>
[INFO] [stdout]   20:     0x78120474c3d4 - clone
[INFO] [stdout]   21:                0x0 - <unknown>
[INFO] [stdout] 
[INFO] [stdout] 
[INFO] [stdout] failures:
[INFO] [stdout]     the_declared_set_holds_every_type_that_can_emit_a_schema
[INFO] [stdout]     the_ownership_reading_refuses_a_crate_declaring_another_crates_type
[INFO] [stdout]     the_type_crate_declares_no_type_another_crate_checks_in
[INFO] [stdout] 
[INFO] [stdout] test result: FAILED. 0 passed; 3 failed; 0 ignored; 0 measured; 0 filtered out; finished in 0.00s
[INFO] [stdout] 
[INFO] [stderr] error: test failed, to rerun pass `--test ownership`
[INFO] running `Command { std: "docker" "inspect" "6969830672fbbd1ec9aa8c6d37781c401ff741c6dcaabf31630f965ea288d35a", kill_on_drop: false }`
[INFO] running `Command { std: "docker" "rm" "-f" "6969830672fbbd1ec9aa8c6d37781c401ff741c6dcaabf31630f965ea288d35a", kill_on_drop: false }`
[INFO] [stdout] 6969830672fbbd1ec9aa8c6d37781c401ff741c6dcaabf31630f965ea288d35a
