[INFO] fetching crate printobserver-store-sqlite 0.4.0...
[INFO] testing printobserver-store-sqlite-0.4.0 against 1.100.0-beta.1+cargoflags=--release for beta-release-1.100-2
[INFO] extracting crate printobserver-store-sqlite 0.4.0 into /workspace/builds/worker-4-tc2/source
[INFO] started tweaking crates.io crate printobserver-store-sqlite 0.4.0
[INFO] removed 0 missing tests
[INFO] finished tweaking crates.io crate printobserver-store-sqlite 0.4.0
[INFO] tweaked toml for crates.io crate printobserver-store-sqlite 0.4.0 written to /workspace/builds/worker-4-tc2/source/Cargo.toml
[INFO] validating manifest of crates.io crate printobserver-store-sqlite 0.4.0 on toolchain 1.100.0-beta.1
[INFO] running `Command { std: CARGO_HOME="/workspace/cargo-home" RUSTUP_HOME="/workspace/rustup-home" "/workspace/cargo-home/bin/cargo" "+1.100.0-beta.1" "metadata" "--manifest-path" "Cargo.toml" "--no-deps", kill_on_drop: false }`
[INFO] crate crates.io crate printobserver-store-sqlite 0.4.0 already has a lockfile, it will not be regenerated
[INFO] running `Command { std: CARGO_HOME="/workspace/cargo-home" RUSTUP_HOME="/workspace/rustup-home" "/workspace/cargo-home/bin/cargo" "+1.100.0-beta.1" "fetch" "--manifest-path" "Cargo.toml", kill_on_drop: false }`
[INFO] running `Command { std: "docker" "create" "-v" "/var/lib/crater-agent-workspace/builds/worker-4-tc2/source:/opt/rustwide/workdir:ro,Z" "-v" "/var/lib/crater-agent-workspace/builds/worker-4-tc2/target:/opt/rustwide/target:rw,Z" "-v" "/var/lib/crater-agent-workspace/cargo-home:/opt/rustwide/cargo-home:ro,Z" "-v" "/var/lib/crater-agent-workspace/rustup-home:/opt/rustwide/rustup-home:ro,Z" "-m" "1610612736" "--network" "none" "ghcr.io/rust-lang/crates-build-env/linux@sha256:77db811e55d90add9212f6832c23229e3de5f1c1f9905e8cb07319ea15df73ac" "sleep" "infinity", kill_on_drop: false }`
[INFO] [stdout] 260cff071ad1ab37bc4cef8123409c59c90ad5f17d6fccc2dc9b2854d5b214eb
[INFO] running `Command { std: "docker" "start" "260cff071ad1ab37bc4cef8123409c59c90ad5f17d6fccc2dc9b2854d5b214eb", kill_on_drop: false }`
[INFO] running `Command { std: "docker" "inspect" "260cff071ad1ab37bc4cef8123409c59c90ad5f17d6fccc2dc9b2854d5b214eb", kill_on_drop: false }`
[INFO] running `Command { std: "docker" "exec" "-e" "SOURCE_DIR=/opt/rustwide/workdir" "-e" "CARGO_HOME=/opt/rustwide/cargo-home" "-e" "RUSTUP_HOME=/opt/rustwide/rustup-home" "-e" "CARGO_TARGET_DIR=/opt/rustwide/target" "-w" "/opt/rustwide/workdir" "--user" "0:0" "260cff071ad1ab37bc4cef8123409c59c90ad5f17d6fccc2dc9b2854d5b214eb" "/opt/rustwide/cargo-home/bin/cargo" "+1.100.0-beta.1" "metadata" "--no-deps" "--format-version=1", kill_on_drop: false }`
[INFO] running `Command { std: "docker" "inspect" "260cff071ad1ab37bc4cef8123409c59c90ad5f17d6fccc2dc9b2854d5b214eb", kill_on_drop: false }`
[INFO] running `Command { std: "docker" "exec" "-e" "SOURCE_DIR=/opt/rustwide/workdir" "-e" "CARGO_HOME=/opt/rustwide/cargo-home" "-e" "RUSTUP_HOME=/opt/rustwide/rustup-home" "-e" "CARGO_TARGET_DIR=/opt/rustwide/target" "-e" "CARGO_INCREMENTAL=0" "-e" "RUST_BACKTRACE=full" "-e" "RUSTFLAGS=--cap-lints=warn" "-e" "RUSTDOCFLAGS=--cap-lints=warn" "-w" "/opt/rustwide/workdir" "--user" "0:0" "260cff071ad1ab37bc4cef8123409c59c90ad5f17d6fccc2dc9b2854d5b214eb" "/opt/rustwide/cargo-home/bin/cargo" "+1.100.0-beta.1" "build" "--frozen" "--message-format=json" "--release", kill_on_drop: false }`
[INFO] [stderr]    Compiling ref-cast v1.0.27
[INFO] [stderr]    Compiling syn v3.0.5
[INFO] [stderr]    Compiling find-msvc-tools v0.1.12
[INFO] [stderr]    Compiling uuid v1.26.0
[INFO] [stderr]    Compiling hashbrown v0.15.5
[INFO] [stderr]    Compiling smallvec v1.16.0
[INFO] [stderr]    Compiling sha2 v0.10.9
[INFO] [stderr]    Compiling cc v1.4.5
[INFO] [stderr]    Compiling hashlink v0.10.0
[INFO] [stderr]    Compiling libsqlite3-sys v0.35.0
[INFO] [stderr]    Compiling serde_derive_internals v0.30.0
[INFO] [stderr]    Compiling serde_derive v1.0.229
[INFO] [stderr]    Compiling ref-cast-impl v1.0.27
[INFO] [stderr]    Compiling schemars_derive v1.2.2
[INFO] [stderr]    Compiling serde v1.0.229
[INFO] [stderr]    Compiling schemars v1.2.2
[INFO] [stderr]    Compiling printobserver-types v0.4.0
[INFO] [stderr]    Compiling printobserver-vision-api v0.4.0
[INFO] [stderr]    Compiling printobserver-printer-api v0.4.0
[INFO] [stderr]    Compiling printobserver-supervisor-api v0.4.0
[INFO] [stderr]    Compiling printobserver-core v0.4.0
[INFO] [stderr]    Compiling rusqlite v0.37.0
[INFO] [stderr]    Compiling printobserver-store-sqlite v0.4.0 (/opt/rustwide/workdir)
[INFO] [stderr]     Finished `release` profile [optimized] target(s) in 2m 45s
[INFO] running `Command { std: "docker" "inspect" "260cff071ad1ab37bc4cef8123409c59c90ad5f17d6fccc2dc9b2854d5b214eb", kill_on_drop: false }`
[INFO] running `Command { std: "docker" "exec" "-e" "SOURCE_DIR=/opt/rustwide/workdir" "-e" "CARGO_HOME=/opt/rustwide/cargo-home" "-e" "RUSTUP_HOME=/opt/rustwide/rustup-home" "-e" "CARGO_TARGET_DIR=/opt/rustwide/target" "-e" "CARGO_INCREMENTAL=0" "-e" "RUST_BACKTRACE=full" "-e" "RUSTFLAGS=--cap-lints=warn" "-e" "RUSTDOCFLAGS=--cap-lints=warn" "-w" "/opt/rustwide/workdir" "--user" "0:0" "260cff071ad1ab37bc4cef8123409c59c90ad5f17d6fccc2dc9b2854d5b214eb" "/opt/rustwide/cargo-home/bin/cargo" "+1.100.0-beta.1" "test" "--frozen" "--no-run" "--message-format=json" "--release", kill_on_drop: false }`
[INFO] [stderr]    Compiling proc-macro2 v1.0.107
[INFO] [stderr]    Compiling quote v1.0.47
[INFO] [stderr]    Compiling getrandom v0.3.4
[INFO] [stderr]    Compiling rusqlite v0.37.0
[INFO] [stderr]    Compiling tempfile v3.27.0
[INFO] [stderr]    Compiling syn v3.0.5
[INFO] [stderr]    Compiling printobserver-store-sqlite v0.4.0 (/opt/rustwide/workdir)
[INFO] [stderr]     Finished `release` profile [optimized] target(s) in 1m 35s
[INFO] running `Command { std: "docker" "inspect" "260cff071ad1ab37bc4cef8123409c59c90ad5f17d6fccc2dc9b2854d5b214eb", kill_on_drop: false }`
[INFO] running `Command { std: "docker" "exec" "-e" "SOURCE_DIR=/opt/rustwide/workdir" "-e" "CARGO_HOME=/opt/rustwide/cargo-home" "-e" "RUSTUP_HOME=/opt/rustwide/rustup-home" "-e" "CARGO_TARGET_DIR=/opt/rustwide/target" "-e" "CARGO_INCREMENTAL=0" "-e" "RUST_BACKTRACE=full" "-e" "RUSTFLAGS=--cap-lints=warn" "-e" "RUSTDOCFLAGS=--cap-lints=warn" "-w" "/opt/rustwide/workdir" "--user" "0:0" "260cff071ad1ab37bc4cef8123409c59c90ad5f17d6fccc2dc9b2854d5b214eb" "/opt/rustwide/cargo-home/bin/cargo" "+1.100.0-beta.1" "test" "--frozen" "--release", kill_on_drop: false }`
[INFO] [stderr]     Finished `release` profile [optimized] target(s) in 0.08s
[INFO] [stderr]      Running unittests src/lib.rs (/opt/rustwide/target/release/build/printobserver-store-sqlite/d2317a06a356b0d0/out/printobserver_store_sqlite-d2317a06a356b0d0)
[INFO] [stderr]      Running tests/store.rs (/opt/rustwide/target/release/build/printobserver-store-sqlite/eca492eeb4576491/out/store-eca492eeb4576491)
[INFO] [stdout] 
[INFO] [stdout] running 0 tests
[INFO] [stdout] 
[INFO] [stdout] test result: ok. 0 passed; 0 failed; 0 ignored; 0 measured; 0 filtered out; finished in 0.00s
[INFO] [stdout] 
[INFO] [stdout] 
[INFO] [stdout] running 78 tests
[INFO] [stdout] test conformance::an_execution_against_no_action_is_refused_for_the_constraint ... ok
[INFO] [stdout] test conformance::a_print_is_read_by_either_identifier_and_ends_with_its_reason ... ok
[INFO] [stdout] test conformance::a_job_sighting_resets_the_start_and_only_raises_the_printing_time ... ok
[INFO] [stdout] test concurrency::the_store_opens_its_connections_in_write_ahead_logging_mode ... ok
[INFO] [stdout] test concurrency::a_second_store_on_the_same_directory_reads_what_the_first_wrote ... ok
[INFO] [stdout] test conformance::an_action_binds_to_the_open_print_and_is_refused_without_one ... ok
[INFO] [stdout] test conformance::an_expiry_and_a_supersession_cannot_both_take_effect ... ok
[INFO] [stdout] test concurrency::a_read_answers_the_pre_write_state_while_a_write_is_uncommitted ... ok
[INFO] [stdout] test conformance::an_intervention_settles_once_and_says_which_outcome_won ... ok
[INFO] [stdout] test conformance::events_a_fraction_of_a_second_apart_answer_newest_first ... ok
[INFO] [stdout] test conformance::an_image_whose_file_is_gone_is_answered_as_missing ... ok
[INFO] [stdout] test conformance::an_obico_identifier_attaches_once_and_is_refused_for_another ... ok
[INFO] [stdout] test durability::the_child_writes_one_of_every_record_kind ... ignored, run in a process of its own by every_record_kind_survives_the_process_that_wrote_it
[INFO] [stdout] test durability::the_coverage_check_refuses_a_walk_that_misses_a_record_kind ... FAILED
[INFO] [stdout] test conformance::every_print_is_listed_newest_first_whether_or_not_it_ended ... ok
[INFO] [stdout] test conformance::every_record_kind_is_written_and_read_back ... ok
[INFO] [stdout] test conformance::the_open_prints_answer_the_unended_prints_newest_first ... ok
[INFO] [stdout] test images::the_child_interrupts_an_image_write ... ignored, run in a process of its own by an_interrupted_write_leaves_no_row_and_no_file
[INFO] [stdout] test conformance::every_reference_the_port_can_name_is_refused ... ok
[INFO] [stdout] test durability::every_record_kind_survives_the_process_that_wrote_it ... FAILED
[INFO] [stdout] test images::a_row_whose_file_is_gone_is_answered_as_missing ... ok
[INFO] [stdout] test images::distinct_content_takes_a_distinct_address ... ok
[INFO] [stdout] test conformance::the_history_read_orders_filters_and_refuses ... ok
[INFO] [stdout] test conformance::the_audit_read_walks_the_whole_history_to_exhaustion ... ok
[INFO] [stdout] test images::an_interrupted_write_leaves_no_row_and_no_file ... ok
[INFO] [stdout] test ledger::a_charge_below_zero_is_recorded_and_one_against_a_retired_spool_applied ... ok
[INFO] [stdout] test ledger::a_charge_naming_no_spool_or_no_grams_is_recorded_and_debits_nothing ... ok
[INFO] [stdout] test images::the_same_content_takes_the_same_address_by_a_different_route ... ok
[INFO] [stdout] test images::the_same_bytes_twice_are_stored_once_under_two_rows ... ok
[INFO] [stdout] test ledger::a_correction_beside_a_taken_pending_charge_is_what_the_spool_reads ... ok
[INFO] [stdout] test ledger::a_pend_is_listed_held_once_and_debited_once_by_the_charge_that_takes_it ... ok
[INFO] [stdout] test ledger::a_charge_older_than_the_spools_last_change_leaves_its_instant ... ok
[INFO] [stdout] test ledger::a_charge_or_pend_refused_late_in_a_call_rolls_back_the_taking_before_it ... ok
[INFO] [stdout] test ledger::a_prints_charges_read_by_tool_then_segment_under_every_key_spelling ... ok
[INFO] [stdout] test ledger::a_print_is_settled_in_one_write_and_only_once ... ok
[INFO] [stdout] test ledger::a_registration_answers_the_spool_and_its_event_from_one_write ... ok
[INFO] [stdout] test ledger::a_retired_spool_takes_a_mark_and_refuses_a_clearing ... ok
[INFO] [stdout] test ledger::clearing_marks_the_spool_does_not_hold_changes_nothing ... ok
[INFO] [stdout] test ledger::a_refused_change_names_its_constraint_and_leaves_no_partial_write ... ok
[INFO] [stdout] test ledger::a_swap_leaves_exactly_one_spool_on_the_tool ... ok
[INFO] [stdout] test ledger::a_tally_keeps_its_generation_and_one_below_it_is_refused_writing_nothing ... ok
[INFO] [stdout] test ledger::a_replayed_charge_debits_nothing_and_writes_no_event_through_every_write ... ok
[INFO] [stdout] test ledger::marks_are_kept_per_reason_cleared_by_kind_and_wiped_by_a_correction ... ok
[INFO] [stdout] test ledger::retiring_a_loaded_spool_frees_its_tool ... ok
[INFO] [stdout] test ledger::settling_no_print_is_refused_as_not_found ... ok
[INFO] [stdout] test ledger::the_latest_file_position_is_kept_by_when_it_was_read ... ok
[INFO] [stdout] test ledger::two_prints_of_one_file_are_two_charges ... ok
[INFO] [stdout] test migrations::the_migrations_are_versioned_ascending_and_forward_only ... ok
[INFO] [stdout] test migrations::the_steps_that_shipped_before_the_ledger_are_unchanged ... ok
[INFO] [stdout] test ledger::the_timeline_answers_its_kinds_newest_first_under_every_filter ... ok
[INFO] [stdout] test port_coverage::the_conformance_suite_exercises_every_method_the_traits_declare ... FAILED
[INFO] [stdout] test ledger::the_timeline_breaks_ties_finds_a_spool_at_any_depth_and_carries_images ... ok
[INFO] [stdout] test ledger_durability::the_ledger_reads_back_unchanged_from_a_reopened_file_and_a_replay_writes_nothing ... ok
[INFO] [stdout] test schema::every_reference_the_contracts_declare_is_a_declared_and_enforced_foreign_key ... FAILED
[INFO] [stdout] test port_coverage::the_check_refuses_a_trait_method_the_suite_does_not_reach ... ok
[INFO] [stdout] test schema::an_event_is_written_as_the_bare_kind_and_the_pair_s_text ... ok
[INFO] [stdout] test schema::the_check_refuses_a_schema_with_a_reference_removed ... FAILED
[INFO] [stdout] test schema::an_execution_outcome_against_no_action_is_refused_for_the_constraint ... ok
[INFO] [stdout] test unbounded::a_pinned_write_whose_signature_changed_is_refused ... FAILED
[INFO] [stdout] test schema::the_action_rows_decision_column_admits_no_absent_value ... ok
[INFO] [stdout] test unbounded::every_pinned_write_stands_on_every_owner_as_pinned ... FAILED
[INFO] [stdout] test unbounded::an_unbounded_read_taking_an_event_draft_is_refused ... FAILED
[INFO] [stdout] test unbounded::no_exposed_method_answers_events_under_no_bound ... FAILED
[INFO] [stdout] test unbounded::the_enumeration_refuses_an_unbounded_method_added_to_this_crate ... FAILED
[INFO] [stdout] test unbounded::the_bounded_reads_take_the_ports_own_resolution ... FAILED
[INFO] [stdout] test schema::the_check_refuses_a_connection_that_does_not_enforce_them ... FAILED
[INFO] [stdout] test unreadable::a_migration_that_cannot_apply_is_reported_naming_its_version ... ok
[INFO] [stdout] test unreadable::a_state_directory_that_cannot_be_created_is_reported ... ok
[INFO] [stdout] test unreadable::an_unknown_print_reads_back_as_no_print ... ok
[INFO] [stdout] test unreadable::each_store_answers_the_state_directory_it_was_opened_on ... ok
[INFO] [stdout] test unreadable::recording_an_execution_twice_is_refused ... ok
[INFO] [stdout] test migrations::the_ledger_step_creates_exactly_the_stated_schema ... ok
[INFO] [stdout] test migrations::a_database_at_version_4_gains_an_empty_ledger_and_keeps_every_record ... ok
[INFO] [stdout] test unreadable::a_row_this_build_cannot_read_is_reported ... ok
[INFO] [stdout] test unreadable::a_ledger_row_this_build_cannot_read_is_reported ... ok
[INFO] [stdout] test migrations::a_database_from_a_later_version_is_refused_naming_both_versions ... ok
[INFO] [stdout] test migrations::a_database_at_each_prior_version_is_migrated_and_read_back ... ok
[INFO] [stdout] test timeline_volume::the_default_timeline_read_walks_an_index_over_five_years_of_history ... ok
[INFO] [stdout] 
[INFO] [stdout] failures:
[INFO] [stdout] 
[INFO] [stdout] ---- durability::the_coverage_check_refuses_a_walk_that_misses_a_record_kind stdout ----
[INFO] [stdout] 
[INFO] [stdout] thread 'durability::the_coverage_check_refuses_a_walk_that_misses_a_record_kind' (868) panicked at tests/support/surface.rs:84:33:
[INFO] [stdout] read /opt/rustwide/workdir/../printobserver-types/src: No such file or directory (os error 2)
[INFO] [stdout] stack backtrace:
[INFO] [stdout]    0:     0x615cb686dca1 - <<std[617be2ca0a6fd877]::sys::backtrace::BacktraceLock>::print::DisplayBacktrace as core[a373ad73a504971]::fmt::Display>::fmt
[INFO] [stdout]    1:     0x615cb68839fa - core[a373ad73a504971]::fmt::write
[INFO] [stdout]    2:     0x615cb687223c - <alloc[2e1b2a31b91974c5]::vec::Vec<u8> as core[a373ad73a504971]::io::write::Write>::write_fmt
[INFO] [stdout]    3:     0x615cb68472b6 - std[617be2ca0a6fd877]::panicking::default_hook::{closure#0}
[INFO] [stdout]    4:     0x615cb6864ba9 - std[617be2ca0a6fd877]::panicking::default_hook
[INFO] [stdout]    5:     0x615cb6555290 - test[aada8e7e76ba119b]::test_main_inner::{closure#0}
[INFO] [stdout]    6:     0x615cb6864ed2 - std[617be2ca0a6fd877]::panicking::panic_with_hook
[INFO] [stdout]    7:     0x615cb6847362 - std[617be2ca0a6fd877]::panicking::panic_handler::{closure#0}
[INFO] [stdout]    8:     0x615cb683fcc9 - std[617be2ca0a6fd877]::sys::backtrace::__rust_end_short_backtrace::<std[617be2ca0a6fd877]::panicking::panic_handler::{closure#0}, !>
[INFO] [stdout]    9:     0x615cb684805d - __rustc[ea4f61d10b84890b]::rust_begin_unwind
[INFO] [stdout]   10:     0x615cb688415c - core[a373ad73a504971]::panicking::panic_fmt
[INFO] [stdout]   11:     0x615cb63acb59 - store[193a725184156e93]::surface::sources_under::{closure#0}
[INFO] [stdout]   12:     0x615cb63adbd9 - store[193a725184156e93]::surface::sources_under
[INFO] [stdout]   13:     0x615cb63ada5e - store[193a725184156e93]::surface::crate_sources
[INFO] [stdout]   14:     0x615cb63b1387 - store[193a725184156e93]::contracts::record_sources
[INFO] [stdout]   15:     0x615cb63b0006 - store[193a725184156e93]::contracts::record_kinds
[INFO] [stdout]   16:     0x615cb641968e - <store[193a725184156e93]::durability::the_coverage_check_refuses_a_walk_that_misses_a_record_kind::{closure#0} as core[a373ad73a504971]::ops::function::FnOnce<()>>::call_once
[INFO] [stdout]   17:     0x615cb65486db - test[aada8e7e76ba119b]::__rust_begin_short_backtrace::<core[a373ad73a504971]::result::Result<(), alloc[2e1b2a31b91974c5]::string::String>, fn() -> core[a373ad73a504971]::result::Result<(), alloc[2e1b2a31b91974c5]::string::String>>
[INFO] [stdout]   18:     0x615cb65558b5 - test[aada8e7e76ba119b]::run_test::{closure#0}
[INFO] [stdout]   19:     0x615cb654f1a4 - std[617be2ca0a6fd877]::sys::backtrace::__rust_begin_short_backtrace::<test[aada8e7e76ba119b]::run_test::{closure#1}, ()>
[INFO] [stdout]   20:     0x615cb6558942 - <std[617be2ca0a6fd877]::thread::lifecycle::spawn_unchecked<test[aada8e7e76ba119b]::run_test::{closure#1}, ()>::{closure#1} as core[a373ad73a504971]::ops::function::FnOnce<()>>::call_once::{shim:vtable#0}
[INFO] [stdout]   21:     0x615cb686cc6f - <std[617be2ca0a6fd877]::sys::thread::unix::Thread>::new::thread_start
[INFO] [stdout]   22:     0x78cd0aa17dfa - <unknown>
[INFO] [stdout]   23:     0x78cd0aaab3d4 - clone
[INFO] [stdout]   24:                0x0 - <unknown>
[INFO] [stdout] 
[INFO] [stdout] ---- durability::every_record_kind_survives_the_process_that_wrote_it stdout ----
[INFO] [stdout] 
[INFO] [stdout] thread 'durability::every_record_kind_survives_the_process_that_wrote_it' (867) panicked at tests/support/surface.rs:84:33:
[INFO] [stdout] read /opt/rustwide/workdir/../printobserver-types/src: No such file or directory (os error 2)
[INFO] [stdout] stack backtrace:
[INFO] [stdout]    0:     0x615cb686dca1 - <<std[617be2ca0a6fd877]::sys::backtrace::BacktraceLock>::print::DisplayBacktrace as core[a373ad73a504971]::fmt::Display>::fmt
[INFO] [stdout]    1:     0x615cb68839fa - core[a373ad73a504971]::fmt::write
[INFO] [stdout]    2:     0x615cb687223c - <alloc[2e1b2a31b91974c5]::vec::Vec<u8> as core[a373ad73a504971]::io::write::Write>::write_fmt
[INFO] [stdout]    3:     0x615cb68472b6 - std[617be2ca0a6fd877]::panicking::default_hook::{closure#0}
[INFO] [stdout]    4:     0x615cb6864ba9 - std[617be2ca0a6fd877]::panicking::default_hook
[INFO] [stdout]    5:     0x615cb6555290 - test[aada8e7e76ba119b]::test_main_inner::{closure#0}
[INFO] [stdout]    6:     0x615cb6864ed2 - std[617be2ca0a6fd877]::panicking::panic_with_hook
[INFO] [stdout]    7:     0x615cb6847362 - std[617be2ca0a6fd877]::panicking::panic_handler::{closure#0}
[INFO] [stdout]    8:     0x615cb683fcc9 - std[617be2ca0a6fd877]::sys::backtrace::__rust_end_short_backtrace::<std[617be2ca0a6fd877]::panicking::panic_handler::{closure#0}, !>
[INFO] [stdout]    9:     0x615cb684805d - __rustc[ea4f61d10b84890b]::rust_begin_unwind
[INFO] [stdout]   10:     0x615cb688415c - core[a373ad73a504971]::panicking::panic_fmt
[INFO] [stdout]   11:     0x615cb63acb59 - store[193a725184156e93]::surface::sources_under::{closure#0}
[INFO] [stdout]   12:     0x615cb63adbd9 - store[193a725184156e93]::surface::sources_under
[INFO] [stdout]   13:     0x615cb63ada5e - store[193a725184156e93]::surface::crate_sources
[INFO] [stdout]   14:     0x615cb63b1387 - store[193a725184156e93]::contracts::record_sources
[INFO] [stdout]   15:     0x615cb63b0006 - store[193a725184156e93]::contracts::record_kinds
[INFO] [stdout]   16:     0x615cb6411f4c - store[193a725184156e93]::durability::every_record_kind_survives_the_process_that_wrote_it
[INFO] [stdout]   17:     0x615cb6419659 - <store[193a725184156e93]::durability::every_record_kind_survives_the_process_that_wrote_it::{closure#0} as core[a373ad73a504971]::ops::function::FnOnce<()>>::call_once
[INFO] [stdout]   18:     0x615cb65486db - test[aada8e7e76ba119b]::__rust_begin_short_backtrace::<core[a373ad73a504971]::result::Result<(), alloc[2e1b2a31b91974c5]::string::String>, fn() -> core[a373ad73a504971]::result::Result<(), alloc[2e1b2a31b91974c5]::string::String>>
[INFO] [stdout]   19:     0x615cb65558b5 - test[aada8e7e76ba119b]::run_test::{closure#0}
[INFO] [stdout]   20:     0x615cb654f1a4 - std[617be2ca0a6fd877]::sys::backtrace::__rust_begin_short_backtrace::<test[aada8e7e76ba119b]::run_test::{closure#1}, ()>
[INFO] [stdout]   21:     0x615cb6558942 - <std[617be2ca0a6fd877]::thread::lifecycle::spawn_unchecked<test[aada8e7e76ba119b]::run_test::{closure#1}, ()>::{closure#1} as core[a373ad73a504971]::ops::function::FnOnce<()>>::call_once::{shim:vtable#0}
[INFO] [stdout]   22:     0x615cb686cc6f - <std[617be2ca0a6fd877]::sys::thread::unix::Thread>::new::thread_start
[INFO] [stdout]   23:     0x78cd0aa17dfa - <unknown>
[INFO] [stdout]   24:     0x78cd0aaab3d4 - clone
[INFO] [stdout]   25:                0x0 - <unknown>
[INFO] [stdout] 
[INFO] [stdout] ---- port_coverage::the_conformance_suite_exercises_every_method_the_traits_declare stdout ----
[INFO] [stdout] 
[INFO] [stdout] thread 'port_coverage::the_conformance_suite_exercises_every_method_the_traits_declare' (909) panicked at tests/support/surface.rs:65:58:
[INFO] [stdout] read /opt/rustwide/workdir/../printobserver-core/src/store.rs: No such file or directory (os error 2)
[INFO] [stdout] stack backtrace:
[INFO] [stdout]    0:     0x615cb686dca1 - <<std[617be2ca0a6fd877]::sys::backtrace::BacktraceLock>::print::DisplayBacktrace as core[a373ad73a504971]::fmt::Display>::fmt
[INFO] [stdout]    1:     0x615cb68839fa - core[a373ad73a504971]::fmt::write
[INFO] [stdout]    2:     0x615cb687223c - <alloc[2e1b2a31b91974c5]::vec::Vec<u8> as core[a373ad73a504971]::io::write::Write>::write_fmt
[INFO] [stdout]    3:     0x615cb68472b6 - std[617be2ca0a6fd877]::panicking::default_hook::{closure#0}
[INFO] [stdout]    4:     0x615cb6864ba9 - std[617be2ca0a6fd877]::panicking::default_hook
[INFO] [stdout]    5:     0x615cb6555290 - test[aada8e7e76ba119b]::test_main_inner::{closure#0}
[INFO] [stdout]    6:     0x615cb6864ed2 - std[617be2ca0a6fd877]::panicking::panic_with_hook
[INFO] [stdout]    7:     0x615cb6847362 - std[617be2ca0a6fd877]::panicking::panic_handler::{closure#0}
[INFO] [stdout]    8:     0x615cb683fcc9 - std[617be2ca0a6fd877]::sys::backtrace::__rust_end_short_backtrace::<std[617be2ca0a6fd877]::panicking::panic_handler::{closure#0}, !>
[INFO] [stdout]    9:     0x615cb684805d - __rustc[ea4f61d10b84890b]::rust_begin_unwind
[INFO] [stdout]   10:     0x615cb688415c - core[a373ad73a504971]::panicking::panic_fmt
[INFO] [stdout]   11:     0x615cb63acbf9 - store[193a725184156e93]::surface::read::{closure#0}
[INFO] [stdout]   12:     0x615cb63b12cd - store[193a725184156e93]::contracts::store_source
[INFO] [stdout]   13:     0x615cb63e1fb4 - <store[193a725184156e93]::port_coverage::the_conformance_suite_exercises_every_method_the_traits_declare::{closure#0} as core[a373ad73a504971]::ops::function::FnOnce<()>>::call_once
[INFO] [stdout]   14:     0x615cb65486db - test[aada8e7e76ba119b]::__rust_begin_short_backtrace::<core[a373ad73a504971]::result::Result<(), alloc[2e1b2a31b91974c5]::string::String>, fn() -> core[a373ad73a504971]::result::Result<(), alloc[2e1b2a31b91974c5]::string::String>>
[INFO] [stdout]   15:     0x615cb65558b5 - test[aada8e7e76ba119b]::run_test::{closure#0}
[INFO] [stdout]   16:     0x615cb654f1a4 - std[617be2ca0a6fd877]::sys::backtrace::__rust_begin_short_backtrace::<test[aada8e7e76ba119b]::run_test::{closure#1}, ()>
[INFO] [stdout]   17:     0x615cb6558942 - <std[617be2ca0a6fd877]::thread::lifecycle::spawn_unchecked<test[aada8e7e76ba119b]::run_test::{closure#1}, ()>::{closure#1} as core[a373ad73a504971]::ops::function::FnOnce<()>>::call_once::{shim:vtable#0}
[INFO] [stdout]   18:     0x615cb686cc6f - <std[617be2ca0a6fd877]::sys::thread::unix::Thread>::new::thread_start
[INFO] [stdout]   19:     0x78cd0aa17dfa - <unknown>
[INFO] [stdout]   20:     0x78cd0aaab3d4 - clone
[INFO] [stdout]   21:                0x0 - <unknown>
[INFO] [stdout] 
[INFO] [stdout] ---- schema::every_reference_the_contracts_declare_is_a_declared_and_enforced_foreign_key stdout ----
[INFO] [stdout] 
[INFO] [stdout] thread 'schema::every_reference_the_contracts_declare_is_a_declared_and_enforced_foreign_key' (912) panicked at tests/support/surface.rs:84:33:
[INFO] [stdout] read /opt/rustwide/workdir/../printobserver-types/src: No such file or directory (os error 2)
[INFO] [stdout] stack backtrace:
[INFO] [stdout]    0:     0x615cb686dca1 - <<std[617be2ca0a6fd877]::sys::backtrace::BacktraceLock>::print::DisplayBacktrace as core[a373ad73a504971]::fmt::Display>::fmt
[INFO] [stdout]    1:     0x615cb68839fa - core[a373ad73a504971]::fmt::write
[INFO] [stdout]    2:     0x615cb687223c - <alloc[2e1b2a31b91974c5]::vec::Vec<u8> as core[a373ad73a504971]::io::write::Write>::write_fmt
[INFO] [stdout]    3:     0x615cb68472b6 - std[617be2ca0a6fd877]::panicking::default_hook::{closure#0}
[INFO] [stdout]    4:     0x615cb6864ba9 - std[617be2ca0a6fd877]::panicking::default_hook
[INFO] [stdout]    5:     0x615cb6555290 - test[aada8e7e76ba119b]::test_main_inner::{closure#0}
[INFO] [stdout]    6:     0x615cb6864ed2 - std[617be2ca0a6fd877]::panicking::panic_with_hook
[INFO] [stdout]    7:     0x615cb6847362 - std[617be2ca0a6fd877]::panicking::panic_handler::{closure#0}
[INFO] [stdout]    8:     0x615cb683fcc9 - std[617be2ca0a6fd877]::sys::backtrace::__rust_end_short_backtrace::<std[617be2ca0a6fd877]::panicking::panic_handler::{closure#0}, !>
[INFO] [stdout]    9:     0x615cb684805d - __rustc[ea4f61d10b84890b]::rust_begin_unwind
[INFO] [stdout]   10:     0x615cb688415c - core[a373ad73a504971]::panicking::panic_fmt
[INFO] [stdout]   11:     0x615cb63acb59 - store[193a725184156e93]::surface::sources_under::{closure#0}
[INFO] [stdout]   12:     0x615cb63adbd9 - store[193a725184156e93]::surface::sources_under
[INFO] [stdout]   13:     0x615cb63ada5e - store[193a725184156e93]::surface::crate_sources
[INFO] [stdout]   14:     0x615cb63b1387 - store[193a725184156e93]::contracts::record_sources
[INFO] [stdout]   15:     0x615cb63ae4d6 - store[193a725184156e93]::contracts::references
[INFO] [stdout]   16:     0x615cb63c2924 - <store[193a725184156e93]::schema::every_reference_the_contracts_declare_is_a_declared_and_enforced_foreign_key::{closure#0} as core[a373ad73a504971]::ops::function::FnOnce<()>>::call_once
[INFO] [stdout]   17:     0x615cb65486db - test[aada8e7e76ba119b]::__rust_begin_short_backtrace::<core[a373ad73a504971]::result::Result<(), alloc[2e1b2a31b91974c5]::string::String>, fn() -> core[a373ad73a504971]::result::Result<(), alloc[2e1b2a31b91974c5]::string::String>>
[INFO] [stdout]   18:     0x615cb65558b5 - test[aada8e7e76ba119b]::run_test::{closure#0}
[INFO] [stdout]   19:     0x615cb654f1a4 - std[617be2ca0a6fd877]::sys::backtrace::__rust_begin_short_backtrace::<test[aada8e7e76ba119b]::run_test::{closure#1}, ()>
[INFO] [stdout]   20:     0x615cb6558942 - <std[617be2ca0a6fd877]::thread::lifecycle::spawn_unchecked<test[aada8e7e76ba119b]::run_test::{closure#1}, ()>::{closure#1} as core[a373ad73a504971]::ops::function::FnOnce<()>>::call_once::{shim:vtable#0}
[INFO] [stdout]   21:     0x615cb686cc6f - <std[617be2ca0a6fd877]::sys::thread::unix::Thread>::new::thread_start
[INFO] [stdout]   22:     0x78cd0aa17dfa - <unknown>
[INFO] [stdout]   23:     0x78cd0aaab3d4 - clone
[INFO] [stdout]   24:                0x0 - <unknown>
[INFO] [stdout] 
[INFO] [stdout] ---- schema::the_check_refuses_a_schema_with_a_reference_removed stdout ----
[INFO] [stdout] 
[INFO] [stdout] thread 'schema::the_check_refuses_a_schema_with_a_reference_removed' (915) panicked at tests/support/surface.rs:84:33:
[INFO] [stdout] read /opt/rustwide/workdir/../printobserver-types/src: No such file or directory (os error 2)
[INFO] [stdout] stack backtrace:
[INFO] [stdout]    0:     0x615cb686dca1 - <<std[617be2ca0a6fd877]::sys::backtrace::BacktraceLock>::print::DisplayBacktrace as core[a373ad73a504971]::fmt::Display>::fmt
[INFO] [stdout]    1:     0x615cb68839fa - core[a373ad73a504971]::fmt::write
[INFO] [stdout]    2:     0x615cb687223c - <alloc[2e1b2a31b91974c5]::vec::Vec<u8> as core[a373ad73a504971]::io::write::Write>::write_fmt
[INFO] [stdout]    3:     0x615cb68472b6 - std[617be2ca0a6fd877]::panicking::default_hook::{closure#0}
[INFO] [stdout]    4:     0x615cb6864ba9 - std[617be2ca0a6fd877]::panicking::default_hook
[INFO] [stdout]    5:     0x615cb6555290 - test[aada8e7e76ba119b]::test_main_inner::{closure#0}
[INFO] [stdout]    6:     0x615cb6864ed2 - std[617be2ca0a6fd877]::panicking::panic_with_hook
[INFO] [stdout]    7:     0x615cb6847362 - std[617be2ca0a6fd877]::panicking::panic_handler::{closure#0}
[INFO] [stdout]    8:     0x615cb683fcc9 - std[617be2ca0a6fd877]::sys::backtrace::__rust_end_short_backtrace::<std[617be2ca0a6fd877]::panicking::panic_handler::{closure#0}, !>
[INFO] [stdout]    9:     0x615cb684805d - __rustc[ea4f61d10b84890b]::rust_begin_unwind
[INFO] [stdout]   10:     0x615cb688415c - core[a373ad73a504971]::panicking::panic_fmt
[INFO] [stdout]   11:     0x615cb63acb59 - store[193a725184156e93]::surface::sources_under::{closure#0}
[INFO] [stdout]   12:     0x615cb63adbd9 - store[193a725184156e93]::surface::sources_under
[INFO] [stdout]   13:     0x615cb63ada5e - store[193a725184156e93]::surface::crate_sources
[INFO] [stdout]   14:     0x615cb63b1387 - store[193a725184156e93]::contracts::record_sources
[INFO] [stdout]   15:     0x615cb63ae4d6 - store[193a725184156e93]::contracts::references
[INFO] [stdout]   16:     0x615cb63c03b1 - <store[193a725184156e93]::schema::the_check_refuses_a_schema_with_a_reference_removed::{closure#0} as core[a373ad73a504971]::ops::function::FnOnce<()>>::call_once
[INFO] [stdout]   17:     0x615cb65486db - test[aada8e7e76ba119b]::__rust_begin_short_backtrace::<core[a373ad73a504971]::result::Result<(), alloc[2e1b2a31b91974c5]::string::String>, fn() -> core[a373ad73a504971]::result::Result<(), alloc[2e1b2a31b91974c5]::string::String>>
[INFO] [stdout]   18:     0x615cb65558b5 - test[aada8e7e76ba119b]::run_test::{closure#0}
[INFO] [stdout]   19:     0x615cb654f1a4 - std[617be2ca0a6fd877]::sys::backtrace::__rust_begin_short_backtrace::<test[aada8e7e76ba119b]::run_test::{closure#1}, ()>
[INFO] [stdout]   20:     0x615cb6558942 - <std[617be2ca0a6fd877]::thread::lifecycle::spawn_unchecked<test[aada8e7e76ba119b]::run_test::{closure#1}, ()>::{closure#1} as core[a373ad73a504971]::ops::function::FnOnce<()>>::call_once::{shim:vtable#0}
[INFO] [stdout]   21:     0x615cb686cc6f - <std[617be2ca0a6fd877]::sys::thread::unix::Thread>::new::thread_start
[INFO] [stdout]   22:     0x78cd0aa17dfa - <unknown>
[INFO] [stdout]   23:     0x78cd0aaab3d4 - clone
[INFO] [stdout]   24:                0x0 - <unknown>
[INFO] [stdout] 
[INFO] [stdout] ---- unbounded::a_pinned_write_whose_signature_changed_is_refused stdout ----
[INFO] [stdout] 
[INFO] [stdout] thread 'unbounded::a_pinned_write_whose_signature_changed_is_refused' (917) panicked at tests/journeys/unbounded.rs:31:33:
[INFO] [stdout] read /opt/rustwide/workdir/../printobserver-store-sqlite/src: No such file or directory (os error 2)
[INFO] [stdout] stack backtrace:
[INFO] [stdout]    0:     0x615cb686dca1 - <<std[617be2ca0a6fd877]::sys::backtrace::BacktraceLock>::print::DisplayBacktrace as core[a373ad73a504971]::fmt::Display>::fmt
[INFO] [stdout]    1:     0x615cb68839fa - core[a373ad73a504971]::fmt::write
[INFO] [stdout]    2:     0x615cb687223c - <alloc[2e1b2a31b91974c5]::vec::Vec<u8> as core[a373ad73a504971]::io::write::Write>::write_fmt
[INFO] [stdout]    3:     0x615cb68472b6 - std[617be2ca0a6fd877]::panicking::default_hook::{closure#0}
[INFO] [stdout]    4:     0x615cb6864ba9 - std[617be2ca0a6fd877]::panicking::default_hook
[INFO] [stdout]    5:     0x615cb6555290 - test[aada8e7e76ba119b]::test_main_inner::{closure#0}
[INFO] [stdout]    6:     0x615cb6864ed2 - std[617be2ca0a6fd877]::panicking::panic_with_hook
[INFO] [stdout]    7:     0x615cb6847362 - std[617be2ca0a6fd877]::panicking::panic_handler::{closure#0}
[INFO] [stdout]    8:     0x615cb683fcc9 - std[617be2ca0a6fd877]::sys::backtrace::__rust_end_short_backtrace::<std[617be2ca0a6fd877]::panicking::panic_handler::{closure#0}, !>
[INFO] [stdout]    9:     0x615cb684805d - __rustc[ea4f61d10b84890b]::rust_begin_unwind
[INFO] [stdout]   10:     0x615cb688415c - core[a373ad73a504971]::panicking::panic_fmt
[INFO] [stdout]   11:     0x615cb63acc99 - store[193a725184156e93]::unbounded::sources_beneath::{closure#0}
[INFO] [stdout]   12:     0x615cb63b20fa - store[193a725184156e93]::unbounded::sources_beneath
[INFO] [stdout]   13:     0x615cb63b30ff - store[193a725184156e93]::unbounded::sources
[INFO] [stdout]   14:     0x615cb63b4deb - <store[193a725184156e93]::unbounded::a_pinned_write_whose_signature_changed_is_refused::{closure#0} as core[a373ad73a504971]::ops::function::FnOnce<()>>::call_once
[INFO] [stdout]   15:     0x615cb65486db - test[aada8e7e76ba119b]::__rust_begin_short_backtrace::<core[a373ad73a504971]::result::Result<(), alloc[2e1b2a31b91974c5]::string::String>, fn() -> core[a373ad73a504971]::result::Result<(), alloc[2e1b2a31b91974c5]::string::String>>
[INFO] [stdout]   16:     0x615cb65558b5 - test[aada8e7e76ba119b]::run_test::{closure#0}
[INFO] [stdout]   17:     0x615cb654f1a4 - std[617be2ca0a6fd877]::sys::backtrace::__rust_begin_short_backtrace::<test[aada8e7e76ba119b]::run_test::{closure#1}, ()>
[INFO] [stdout]   18:     0x615cb6558942 - <std[617be2ca0a6fd877]::thread::lifecycle::spawn_unchecked<test[aada8e7e76ba119b]::run_test::{closure#1}, ()>::{closure#1} as core[a373ad73a504971]::ops::function::FnOnce<()>>::call_once::{shim:vtable#0}
[INFO] [stdout]   19:     0x615cb686cc6f - <std[617be2ca0a6fd877]::sys::thread::unix::Thread>::new::thread_start
[INFO] [stdout]   20:     0x78cd0aa17dfa - <unknown>
[INFO] [stdout]   21:     0x78cd0aaab3d4 - clone
[INFO] [stdout]   22:                0x0 - <unknown>
[INFO] [stdout] 
[INFO] [stdout] ---- unbounded::every_pinned_write_stands_on_every_owner_as_pinned stdout ----
[INFO] [stdout] 
[INFO] [stdout] thread 'unbounded::every_pinned_write_stands_on_every_owner_as_pinned' (919) panicked at tests/journeys/unbounded.rs:31:33:
[INFO] [stdout] read /opt/rustwide/workdir/../printobserver-store-sqlite/src: No such file or directory (os error 2)
[INFO] [stdout] stack backtrace:
[INFO] [stdout]    0:     0x615cb686dca1 - <<std[617be2ca0a6fd877]::sys::backtrace::BacktraceLock>::print::DisplayBacktrace as core[a373ad73a504971]::fmt::Display>::fmt
[INFO] [stdout]    1:     0x615cb68839fa - core[a373ad73a504971]::fmt::write
[INFO] [stdout]    2:     0x615cb687223c - <alloc[2e1b2a31b91974c5]::vec::Vec<u8> as core[a373ad73a504971]::io::write::Write>::write_fmt
[INFO] [stdout]    3:     0x615cb68472b6 - std[617be2ca0a6fd877]::panicking::default_hook::{closure#0}
[INFO] [stdout]    4:     0x615cb6864ba9 - std[617be2ca0a6fd877]::panicking::default_hook
[INFO] [stdout]    5:     0x615cb6555290 - test[aada8e7e76ba119b]::test_main_inner::{closure#0}
[INFO] [stdout]    6:     0x615cb6864ed2 - std[617be2ca0a6fd877]::panicking::panic_with_hook
[INFO] [stdout]    7:     0x615cb6847362 - std[617be2ca0a6fd877]::panicking::panic_handler::{closure#0}
[INFO] [stdout]    8:     0x615cb683fcc9 - std[617be2ca0a6fd877]::sys::backtrace::__rust_end_short_backtrace::<std[617be2ca0a6fd877]::panicking::panic_handler::{closure#0}, !>
[INFO] [stdout]    9:     0x615cb684805d - __rustc[ea4f61d10b84890b]::rust_begin_unwind
[INFO] [stdout]   10:     0x615cb688415c - core[a373ad73a504971]::panicking::panic_fmt
[INFO] [stdout]   11:     0x615cb63acc99 - store[193a725184156e93]::unbounded::sources_beneath::{closure#0}
[INFO] [stdout]   12:     0x615cb63b20fa - store[193a725184156e93]::unbounded::sources_beneath
[INFO] [stdout]   13:     0x615cb63b30ff - store[193a725184156e93]::unbounded::sources
[INFO] [stdout]   14:     0x615cb63b55f6 - <store[193a725184156e93]::unbounded::every_pinned_write_stands_on_every_owner_as_pinned::{closure#0} as core[a373ad73a504971]::ops::function::FnOnce<()>>::call_once
[INFO] [stdout]   15:     0x615cb65486db - test[aada8e7e76ba119b]::__rust_begin_short_backtrace::<core[a373ad73a504971]::result::Result<(), alloc[2e1b2a31b91974c5]::string::String>, fn() -> core[a373ad73a504971]::result::Result<(), alloc[2e1b2a31b91974c5]::string::String>>
[INFO] [stdout]   16:     0x615cb65558b5 - test[aada8e7e76ba119b]::run_test::{closure#0}
[INFO] [stdout]   17:     0x615cb654f1a4 - std[617be2ca0a6fd877]::sys::backtrace::__rust_begin_short_backtrace::<test[aada8e7e76ba119b]::run_test::{closure#1}, ()>
[INFO] [stdout]   18:     0x615cb6558942 - <std[617be2ca0a6fd877]::thread::lifecycle::spawn_unchecked<test[aada8e7e76ba119b]::run_test::{closure#1}, ()>::{closure#1} as core[a373ad73a504971]::ops::function::FnOnce<()>>::call_once::{shim:vtable#0}
[INFO] [stdout]   19:     0x615cb686cc6f - <std[617be2ca0a6fd877]::sys::thread::unix::Thread>::new::thread_start
[INFO] [stdout]   20:     0x78cd0aa17dfa - <unknown>
[INFO] [stdout]   21:     0x78cd0aaab3d4 - clone
[INFO] [stdout]   22:                0x0 - <unknown>
[INFO] [stdout] 
[INFO] [stdout] ---- unbounded::an_unbounded_read_taking_an_event_draft_is_refused stdout ----
[INFO] [stdout] 
[INFO] [stdout] thread 'unbounded::an_unbounded_read_taking_an_event_draft_is_refused' (918) panicked at tests/journeys/unbounded.rs:31:33:
[INFO] [stdout] read /opt/rustwide/workdir/../printobserver-store-sqlite/src: No such file or directory (os error 2)
[INFO] [stdout] stack backtrace:
[INFO] [stdout]    0:     0x615cb686dca1 - <<std[617be2ca0a6fd877]::sys::backtrace::BacktraceLock>::print::DisplayBacktrace as core[a373ad73a504971]::fmt::Display>::fmt
[INFO] [stdout]    1:     0x615cb68839fa - core[a373ad73a504971]::fmt::write
[INFO] [stdout]    2:     0x615cb687223c - <alloc[2e1b2a31b91974c5]::vec::Vec<u8> as core[a373ad73a504971]::io::write::Write>::write_fmt
[INFO] [stdout]    3:     0x615cb68472b6 - std[617be2ca0a6fd877]::panicking::default_hook::{closure#0}
[INFO] [stdout]    4:     0x615cb6864ba9 - std[617be2ca0a6fd877]::panicking::default_hook
[INFO] [stdout]    5:     0x615cb6555290 - test[aada8e7e76ba119b]::test_main_inner::{closure#0}
[INFO] [stdout]    6:     0x615cb6864ed2 - std[617be2ca0a6fd877]::panicking::panic_with_hook
[INFO] [stdout]    7:     0x615cb6847362 - std[617be2ca0a6fd877]::panicking::panic_handler::{closure#0}
[INFO] [stdout]    8:     0x615cb683fcc9 - std[617be2ca0a6fd877]::sys::backtrace::__rust_end_short_backtrace::<std[617be2ca0a6fd877]::panicking::panic_handler::{closure#0}, !>
[INFO] [stdout]    9:     0x615cb684805d - __rustc[ea4f61d10b84890b]::rust_begin_unwind
[INFO] [stdout]   10:     0x615cb688415c - core[a373ad73a504971]::panicking::panic_fmt
[INFO] [stdout]   11:     0x615cb63acc99 - store[193a725184156e93]::unbounded::sources_beneath::{closure#0}
[INFO] [stdout]   12:     0x615cb63b20fa - store[193a725184156e93]::unbounded::sources_beneath
[INFO] [stdout]   13:     0x615cb63b30ff - store[193a725184156e93]::unbounded::sources
[INFO] [stdout]   14:     0x615cb63b51eb - <store[193a725184156e93]::unbounded::an_unbounded_read_taking_an_event_draft_is_refused::{closure#0} as core[a373ad73a504971]::ops::function::FnOnce<()>>::call_once
[INFO] [stdout]   15:     0x615cb65486db - test[aada8e7e76ba119b]::__rust_begin_short_backtrace::<core[a373ad73a504971]::result::Result<(), alloc[2e1b2a31b91974c5]::string::String>, fn() -> core[a373ad73a504971]::result::Result<(), alloc[2e1b2a31b91974c5]::string::String>>
[INFO] [stdout]   16:     0x615cb65558b5 - test[aada8e7e76ba119b]::run_test::{closure#0}
[INFO] [stdout]   17:     0x615cb654f1a4 - std[617be2ca0a6fd877]::sys::backtrace::__rust_begin_short_backtrace::<test[aada8e7e76ba119b]::run_test::{closure#1}, ()>
[INFO] [stdout]   18:     0x615cb6558942 - <std[617be2ca0a6fd877]::thread::lifecycle::spawn_unchecked<test[aada8e7e76ba119b]::run_test::{closure#1}, ()>::{closure#1} as core[a373ad73a504971]::ops::function::FnOnce<()>>::call_once::{shim:vtable#0}
[INFO] [stdout]   19:     0x615cb686cc6f - <std[617be2ca0a6fd877]::sys::thread::unix::Thread>::new::thread_start
[INFO] [stdout]   20:     0x78cd0aa17dfa - <unknown>
[INFO] [stdout]   21:     0x78cd0aaab3d4 - clone
[INFO] [stdout]   22:                0x0 - <unknown>
[INFO] [stdout] 
[INFO] [stdout] ---- unbounded::no_exposed_method_answers_events_under_no_bound stdout ----
[INFO] [stdout] 
[INFO] [stdout] thread 'unbounded::no_exposed_method_answers_events_under_no_bound' (920) panicked at tests/journeys/unbounded.rs:31:33:
[INFO] [stdout] read /opt/rustwide/workdir/../printobserver-store-sqlite/src: No such file or directory (os error 2)
[INFO] [stdout] stack backtrace:
[INFO] [stdout]    0:     0x615cb686dca1 - <<std[617be2ca0a6fd877]::sys::backtrace::BacktraceLock>::print::DisplayBacktrace as core[a373ad73a504971]::fmt::Display>::fmt
[INFO] [stdout]    1:     0x615cb68839fa - core[a373ad73a504971]::fmt::write
[INFO] [stdout]    2:     0x615cb687223c - <alloc[2e1b2a31b91974c5]::vec::Vec<u8> as core[a373ad73a504971]::io::write::Write>::write_fmt
[INFO] [stdout]    3:     0x615cb68472b6 - std[617be2ca0a6fd877]::panicking::default_hook::{closure#0}
[INFO] [stdout]    4:     0x615cb6864ba9 - std[617be2ca0a6fd877]::panicking::default_hook
[INFO] [stdout]    5:     0x615cb6555290 - test[aada8e7e76ba119b]::test_main_inner::{closure#0}
[INFO] [stdout]    6:     0x615cb6864ed2 - std[617be2ca0a6fd877]::panicking::panic_with_hook
[INFO] [stdout]    7:     0x615cb6847362 - std[617be2ca0a6fd877]::panicking::panic_handler::{closure#0}
[INFO] [stdout]    8:     0x615cb683fcc9 - std[617be2ca0a6fd877]::sys::backtrace::__rust_end_short_backtrace::<std[617be2ca0a6fd877]::panicking::panic_handler::{closure#0}, !>
[INFO] [stdout]    9:     0x615cb684805d - __rustc[ea4f61d10b84890b]::rust_begin_unwind
[INFO] [stdout]   10:     0x615cb688415c - core[a373ad73a504971]::panicking::panic_fmt
[INFO] [stdout]   11:     0x615cb63acc99 - store[193a725184156e93]::unbounded::sources_beneath::{closure#0}
[INFO] [stdout]   12:     0x615cb63b20fa - store[193a725184156e93]::unbounded::sources_beneath
[INFO] [stdout]   13:     0x615cb63b30ff - store[193a725184156e93]::unbounded::sources
[INFO] [stdout]   14:     0x615cb63b496b - <store[193a725184156e93]::unbounded::no_exposed_method_answers_events_under_no_bound::{closure#0} as core[a373ad73a504971]::ops::function::FnOnce<()>>::call_once
[INFO] [stdout]   15:     0x615cb65486db - test[aada8e7e76ba119b]::__rust_begin_short_backtrace::<core[a373ad73a504971]::result::Result<(), alloc[2e1b2a31b91974c5]::string::String>, fn() -> core[a373ad73a504971]::result::Result<(), alloc[2e1b2a31b91974c5]::string::String>>
[INFO] [stdout]   16:     0x615cb65558b5 - test[aada8e7e76ba119b]::run_test::{closure#0}
[INFO] [stdout]   17:     0x615cb654f1a4 - std[617be2ca0a6fd877]::sys::backtrace::__rust_begin_short_backtrace::<test[aada8e7e76ba119b]::run_test::{closure#1}, ()>
[INFO] [stdout]   18:     0x615cb6558942 - <std[617be2ca0a6fd877]::thread::lifecycle::spawn_unchecked<test[aada8e7e76ba119b]::run_test::{closure#1}, ()>::{closure#1} as core[a373ad73a504971]::ops::function::FnOnce<()>>::call_once::{shim:vtable#0}
[INFO] [stdout]   19:     0x615cb686cc6f - <std[617be2ca0a6fd877]::sys::thread::unix::Thread>::new::thread_start
[INFO] [stdout]   20:     0x78cd0aa17dfa - <unknown>
[INFO] [stdout]   21:     0x78cd0aaab3d4 - clone
[INFO] [stdout]   22:                0x0 - <unknown>
[INFO] [stdout] 
[INFO] [stdout] ---- unbounded::the_enumeration_refuses_an_unbounded_method_added_to_this_crate stdout ----
[INFO] [stdout] 
[INFO] [stdout] thread 'unbounded::the_enumeration_refuses_an_unbounded_method_added_to_this_crate' (922) panicked at tests/journeys/unbounded.rs:31:33:
[INFO] [stdout] read /opt/rustwide/workdir/../printobserver-store-sqlite/src: No such file or directory (os error 2)
[INFO] [stdout] stack backtrace:
[INFO] [stdout]    0:     0x615cb686dca1 - <<std[617be2ca0a6fd877]::sys::backtrace::BacktraceLock>::print::DisplayBacktrace as core[a373ad73a504971]::fmt::Display>::fmt
[INFO] [stdout]    1:     0x615cb68839fa - core[a373ad73a504971]::fmt::write
[INFO] [stdout]    2:     0x615cb687223c - <alloc[2e1b2a31b91974c5]::vec::Vec<u8> as core[a373ad73a504971]::io::write::Write>::write_fmt
[INFO] [stdout]    3:     0x615cb68472b6 - std[617be2ca0a6fd877]::panicking::default_hook::{closure#0}
[INFO] [stdout]    4:     0x615cb6864ba9 - std[617be2ca0a6fd877]::panicking::default_hook
[INFO] [stdout]    5:     0x615cb6555290 - test[aada8e7e76ba119b]::test_main_inner::{closure#0}
[INFO] [stdout]    6:     0x615cb6864ed2 - std[617be2ca0a6fd877]::panicking::panic_with_hook
[INFO] [stdout]    7:     0x615cb6847362 - std[617be2ca0a6fd877]::panicking::panic_handler::{closure#0}
[INFO] [stdout]    8:     0x615cb683fcc9 - std[617be2ca0a6fd877]::sys::backtrace::__rust_end_short_backtrace::<std[617be2ca0a6fd877]::panicking::panic_handler::{closure#0}, !>
[INFO] [stdout]    9:     0x615cb684805d - __rustc[ea4f61d10b84890b]::rust_begin_unwind
[INFO] [stdout]   10:     0x615cb688415c - core[a373ad73a504971]::panicking::panic_fmt
[INFO] [stdout]   11:     0x615cb63acc99 - store[193a725184156e93]::unbounded::sources_beneath::{closure#0}
[INFO] [stdout]   12:     0x615cb63b20fa - store[193a725184156e93]::unbounded::sources_beneath
[INFO] [stdout]   13:     0x615cb63b30ff - store[193a725184156e93]::unbounded::sources
[INFO] [stdout]   14:     0x615cb63b5deb - <store[193a725184156e93]::unbounded::the_enumeration_refuses_an_unbounded_method_added_to_this_crate::{closure#0} as core[a373ad73a504971]::ops::function::FnOnce<()>>::call_once
[INFO] [stdout]   15:     0x615cb65486db - test[aada8e7e76ba119b]::__rust_begin_short_backtrace::<core[a373ad73a504971]::result::Result<(), alloc[2e1b2a31b91974c5]::string::String>, fn() -> core[a373ad73a504971]::result::Result<(), alloc[2e1b2a31b91974c5]::string::String>>
[INFO] [stdout]   16:     0x615cb65558b5 - test[aada8e7e76ba119b]::run_test::{closure#0}
[INFO] [stdout]   17:     0x615cb654f1a4 - std[617be2ca0a6fd877]::sys::backtrace::__rust_begin_short_backtrace::<test[aada8e7e76ba119b]::run_test::{closure#1}, ()>
[INFO] [stdout]   18:     0x615cb6558942 - <std[617be2ca0a6fd877]::thread::lifecycle::spawn_unchecked<test[aada8e7e76ba119b]::run_test::{closure#1}, ()>::{closure#1} as core[a373ad73a504971]::ops::function::FnOnce<()>>::call_once::{shim:vtable#0}
[INFO] [stdout]   19:     0x615cb686cc6f - <std[617be2ca0a6fd877]::sys::thread::unix::Thread>::new::thread_start
[INFO] [stdout]   20:     0x78cd0aa17dfa - <unknown>
[INFO] [stdout]   21:     0x78cd0aaab3d4 - clone
[INFO] [stdout]   22:                0x0 - <unknown>
[INFO] [stdout] 
[INFO] [stdout] ---- unbounded::the_bounded_reads_take_the_ports_own_resolution stdout ----
[INFO] [stdout] 
[INFO] [stdout] thread 'unbounded::the_bounded_reads_take_the_ports_own_resolution' (921) panicked at tests/support/surface.rs:65:58:
[INFO] [stdout] read /opt/rustwide/workdir/../printobserver-store-sqlite/src/sqlite.rs: No such file or directory (os error 2)
[INFO] [stdout] stack backtrace:
[INFO] [stdout]    0:     0x615cb686dca1 - <<std[617be2ca0a6fd877]::sys::backtrace::BacktraceLock>::print::DisplayBacktrace as core[a373ad73a504971]::fmt::Display>::fmt
[INFO] [stdout]    1:     0x615cb68839fa - core[a373ad73a504971]::fmt::write
[INFO] [stdout]    2:     0x615cb687223c - <alloc[2e1b2a31b91974c5]::vec::Vec<u8> as core[a373ad73a504971]::io::write::Write>::write_fmt
[INFO] [stdout]    3:     0x615cb68472b6 - std[617be2ca0a6fd877]::panicking::default_hook::{closure#0}
[INFO] [stdout]    4:     0x615cb6864ba9 - std[617be2ca0a6fd877]::panicking::default_hook
[INFO] [stdout]    5:     0x615cb6555290 - test[aada8e7e76ba119b]::test_main_inner::{closure#0}
[INFO] [stdout]    6:     0x615cb6864ed2 - std[617be2ca0a6fd877]::panicking::panic_with_hook
[INFO] [stdout]    7:     0x615cb6847362 - std[617be2ca0a6fd877]::panicking::panic_handler::{closure#0}
[INFO] [stdout]    8:     0x615cb683fcc9 - std[617be2ca0a6fd877]::sys::backtrace::__rust_end_short_backtrace::<std[617be2ca0a6fd877]::panicking::panic_handler::{closure#0}, !>
[INFO] [stdout]    9:     0x615cb684805d - __rustc[ea4f61d10b84890b]::rust_begin_unwind
[INFO] [stdout]   10:     0x615cb688415c - core[a373ad73a504971]::panicking::panic_fmt
[INFO] [stdout]   11:     0x615cb63acbf9 - store[193a725184156e93]::surface::read::{closure#0}
[INFO] [stdout]   12:     0x615cb641bec2 - <alloc[2e1b2a31b91974c5]::string::String as core[a373ad73a504971]::iter::traits::collect::FromIterator<alloc[2e1b2a31b91974c5]::string::String>>::from_iter::<core[a373ad73a504971]::iter::adapters::map::Map<core[a373ad73a504971]::slice::iter::Iter<&str>, store[193a725184156e93]::unbounded::the_bounded_reads_take_the_ports_own_resolution::{closure#0}>>
[INFO] [stdout]   13:     0x615cb63b4c8d - <store[193a725184156e93]::unbounded::the_bounded_reads_take_the_ports_own_resolution::{closure#0} as core[a373ad73a504971]::ops::function::FnOnce<()>>::call_once
[INFO] [stdout]   14:     0x615cb65486db - test[aada8e7e76ba119b]::__rust_begin_short_backtrace::<core[a373ad73a504971]::result::Result<(), alloc[2e1b2a31b91974c5]::string::String>, fn() -> core[a373ad73a504971]::result::Result<(), alloc[2e1b2a31b91974c5]::string::String>>
[INFO] [stdout]   15:     0x615cb65558b5 - test[aada8e7e76ba119b]::run_test::{closure#0}
[INFO] [stdout]   16:     0x615cb654f1a4 - std[617be2ca0a6fd877]::sys::backtrace::__rust_begin_short_backtrace::<test[aada8e7e76ba119b]::run_test::{closure#1}, ()>
[INFO] [stdout]   17:     0x615cb6558942 - <std[617be2ca0a6fd877]::thread::lifecycle::spawn_unchecked<test[aada8e7e76ba119b]::run_test::{closure#1}, ()>::{closure#1} as core[a373ad73a504971]::ops::function::FnOnce<()>>::call_once::{shim:vtable#0}
[INFO] [stdout]   18:     0x615cb686cc6f - <std[617be2ca0a6fd877]::sys::thread::unix::Thread>::new::thread_start
[INFO] [stdout]   19:     0x78cd0aa17dfa - <unknown>
[INFO] [stdout]   20:     0x78cd0aaab3d4 - clone
[INFO] [stdout]   21:                0x0 - <unknown>
[INFO] [stdout] 
[INFO] [stdout] ---- schema::the_check_refuses_a_connection_that_does_not_enforce_them stdout ----
[INFO] [stdout] 
[INFO] [stdout] thread 'schema::the_check_refuses_a_connection_that_does_not_enforce_them' (914) panicked at tests/support/surface.rs:84:33:
[INFO] [stdout] read /opt/rustwide/workdir/../printobserver-types/src: No such file or directory (os error 2)
[INFO] [stdout] stack backtrace:
[INFO] [stdout]    0:     0x615cb686dca1 - <<std[617be2ca0a6fd877]::sys::backtrace::BacktraceLock>::print::DisplayBacktrace as core[a373ad73a504971]::fmt::Display>::fmt
[INFO] [stdout]    1:     0x615cb68839fa - core[a373ad73a504971]::fmt::write
[INFO] [stdout]    2:     0x615cb687223c - <alloc[2e1b2a31b91974c5]::vec::Vec<u8> as core[a373ad73a504971]::io::write::Write>::write_fmt
[INFO] [stdout]    3:     0x615cb68472b6 - std[617be2ca0a6fd877]::panicking::default_hook::{closure#0}
[INFO] [stdout]    4:     0x615cb6864ba9 - std[617be2ca0a6fd877]::panicking::default_hook
[INFO] [stdout]    5:     0x615cb6555290 - test[aada8e7e76ba119b]::test_main_inner::{closure#0}
[INFO] [stdout]    6:     0x615cb6864ed2 - std[617be2ca0a6fd877]::panicking::panic_with_hook
[INFO] [stdout]    7:     0x615cb6847362 - std[617be2ca0a6fd877]::panicking::panic_handler::{closure#0}
[INFO] [stdout]    8:     0x615cb683fcc9 - std[617be2ca0a6fd877]::sys::backtrace::__rust_end_short_backtrace::<std[617be2ca0a6fd877]::panicking::panic_handler::{closure#0}, !>
[INFO] [stdout]    9:     0x615cb684805d - __rustc[ea4f61d10b84890b]::rust_begin_unwind
[INFO] [stdout]   10:     0x615cb688415c - core[a373ad73a504971]::panicking::panic_fmt
[INFO] [stdout]   11:     0x615cb63acb59 - store[193a725184156e93]::surface::sources_under::{closure#0}
[INFO] [stdout]   12:     0x615cb63adbd9 - store[193a725184156e93]::surface::sources_under
[INFO] [stdout]   13:     0x615cb63ada5e - store[193a725184156e93]::surface::crate_sources
[INFO] [stdout]   14:     0x615cb63b1387 - store[193a725184156e93]::contracts::record_sources
[INFO] [stdout]   15:     0x615cb63ae4d6 - store[193a725184156e93]::contracts::references
[INFO] [stdout]   16:     0x615cb63c1e10 - <store[193a725184156e93]::schema::the_check_refuses_a_connection_that_does_not_enforce_them::{closure#0} as core[a373ad73a504971]::ops::function::FnOnce<()>>::call_once
[INFO] [stdout]   17:     0x615cb65486db - test[aada8e7e76ba119b]::__rust_begin_short_backtrace::<core[a373ad73a504971]::result::Result<(), alloc[2e1b2a31b91974c5]::string::String>, fn() -> core[a373ad73a504971]::result::Result<(), alloc[2e1b2a31b91974c5]::string::String>>
[INFO] [stdout]   18:     0x615cb65558b5 - test[aada8e7e76ba119b]::run_test::{closure#0}
[INFO] [stdout]   19:     0x615cb654f1a4 - std[617be2ca0a6fd877]::sys::backtrace::__rust_begin_short_backtrace::<test[aada8e7e76ba119b]::run_test::{closure#1}, ()>
[INFO] [stdout]   20:     0x615cb6558942 - <std[617be2ca0a6fd877]::thread::lifecycle::spawn_unchecked<test[aada8e7e76ba119b]::run_test::{closure#1}, ()>::{closure#1} as core[a373ad73a504971]::ops::function::FnOnce<()>>::call_once::{shim:vtable#0}
[INFO] [stdout]   21:     0x615cb686cc6f - <std[617be2ca0a6fd877]::sys::thread::unix::Thread>::new::thread_start
[INFO] [stdout]   22:     0x78cd0aa17dfa - <unknown>
[INFO] [stdout]   23:     0x78cd0aaab3d4 - clone
[INFO] [stdout]   24:                0x0 - <unknown>
[INFO] [stdout] 
[INFO] [stdout] 
[INFO] [stdout] failures:
[INFO] [stdout]     durability::every_record_kind_survives_the_process_that_wrote_it
[INFO] [stdout]     durability::the_coverage_check_refuses_a_walk_that_misses_a_record_kind
[INFO] [stdout]     port_coverage::the_conformance_suite_exercises_every_method_the_traits_declare
[INFO] [stdout]     schema::every_reference_the_contracts_declare_is_a_declared_and_enforced_foreign_key
[INFO] [stdout]     schema::the_check_refuses_a_connection_that_does_not_enforce_them
[INFO] [stdout]     schema::the_check_refuses_a_schema_with_a_reference_removed
[INFO] [stdout]     unbounded::a_pinned_write_whose_signature_changed_is_refused
[INFO] [stdout]     unbounded::an_unbounded_read_taking_an_event_draft_is_refused
[INFO] [stdout]     unbounded::every_pinned_write_stands_on_every_owner_as_pinned
[INFO] [stdout]     unbounded::no_exposed_method_answers_events_under_no_bound
[INFO] [stdout]     unbounded::the_bounded_reads_take_the_ports_own_resolution
[INFO] [stdout]     unbounded::the_enumeration_refuses_an_unbounded_method_added_to_this_crate
[INFO] [stdout] 
[INFO] [stdout] test result: FAILED. 64 passed; 12 failed; 2 ignored; 0 measured; 0 filtered out; finished in 24.70s
[INFO] [stdout] 
[INFO] [stderr] error: test failed, to rerun pass `--test store`
[INFO] running `Command { std: "docker" "inspect" "260cff071ad1ab37bc4cef8123409c59c90ad5f17d6fccc2dc9b2854d5b214eb", kill_on_drop: false }`
[INFO] running `Command { std: "docker" "rm" "-f" "260cff071ad1ab37bc4cef8123409c59c90ad5f17d6fccc2dc9b2854d5b214eb", kill_on_drop: false }`
[INFO] [stdout] 260cff071ad1ab37bc4cef8123409c59c90ad5f17d6fccc2dc9b2854d5b214eb
