[INFO] fetching crate printobserver-store-api 0.2.0...
[INFO] testing printobserver-store-api-0.2.0 against 1.99.0-beta.8+cargoflags=--release for beta-release-1.100-2
[INFO] extracting crate printobserver-store-api 0.2.0 into /workspace/builds/worker-4-tc1/source
[INFO] started tweaking crates.io crate printobserver-store-api 0.2.0
[INFO] removed 0 missing tests
[INFO] finished tweaking crates.io crate printobserver-store-api 0.2.0
[INFO] tweaked toml for crates.io crate printobserver-store-api 0.2.0 written to /workspace/builds/worker-4-tc1/source/Cargo.toml
[INFO] validating manifest of crates.io crate printobserver-store-api 0.2.0 on toolchain 1.99.0-beta.8
[INFO] running `Command { std: CARGO_HOME="/workspace/cargo-home" RUSTUP_HOME="/workspace/rustup-home" "/workspace/cargo-home/bin/cargo" "+1.99.0-beta.8" "metadata" "--manifest-path" "Cargo.toml" "--no-deps", kill_on_drop: false }`
[INFO] crate crates.io crate printobserver-store-api 0.2.0 already has a lockfile, it will not be regenerated
[INFO] running `Command { std: CARGO_HOME="/workspace/cargo-home" RUSTUP_HOME="/workspace/rustup-home" "/workspace/cargo-home/bin/cargo" "+1.99.0-beta.8" "fetch" "--manifest-path" "Cargo.toml", kill_on_drop: false }`
[INFO] [stderr]     Updating crates.io index
[INFO] [stderr]  Downloading crates ...
[INFO] [stderr]   Downloaded printobserver-types v0.2.0
[INFO] running `Command { std: "docker" "create" "-v" "/var/lib/crater-agent-workspace/builds/worker-4-tc1/source:/opt/rustwide/workdir:ro,Z" "-v" "/var/lib/crater-agent-workspace/builds/worker-4-tc1/target:/opt/rustwide/target:rw,Z" "-v" "/var/lib/crater-agent-workspace/cargo-home:/opt/rustwide/cargo-home:ro,Z" "-v" "/var/lib/crater-agent-workspace/rustup-home:/opt/rustwide/rustup-home:ro,Z" "-m" "1610612736" "--network" "none" "ghcr.io/rust-lang/crates-build-env/linux@sha256:77db811e55d90add9212f6832c23229e3de5f1c1f9905e8cb07319ea15df73ac" "sleep" "infinity", kill_on_drop: false }`
[INFO] [stdout] 150c092bb6e27ccbbc7e85e53f6f5d72d7a1326cc7d28f3b76e86c2f598de31c
[INFO] running `Command { std: "docker" "start" "150c092bb6e27ccbbc7e85e53f6f5d72d7a1326cc7d28f3b76e86c2f598de31c", kill_on_drop: false }`
[INFO] running `Command { std: "docker" "inspect" "150c092bb6e27ccbbc7e85e53f6f5d72d7a1326cc7d28f3b76e86c2f598de31c", kill_on_drop: false }`
[INFO] running `Command { std: "docker" "exec" "-e" "SOURCE_DIR=/opt/rustwide/workdir" "-e" "CARGO_HOME=/opt/rustwide/cargo-home" "-e" "RUSTUP_HOME=/opt/rustwide/rustup-home" "-e" "CARGO_TARGET_DIR=/opt/rustwide/target" "-w" "/opt/rustwide/workdir" "--user" "0:0" "150c092bb6e27ccbbc7e85e53f6f5d72d7a1326cc7d28f3b76e86c2f598de31c" "/opt/rustwide/cargo-home/bin/cargo" "+1.99.0-beta.8" "metadata" "--no-deps" "--format-version=1", kill_on_drop: false }`
[INFO] running `Command { std: "docker" "inspect" "150c092bb6e27ccbbc7e85e53f6f5d72d7a1326cc7d28f3b76e86c2f598de31c", kill_on_drop: false }`
[INFO] running `Command { std: "docker" "exec" "-e" "SOURCE_DIR=/opt/rustwide/workdir" "-e" "CARGO_HOME=/opt/rustwide/cargo-home" "-e" "RUSTUP_HOME=/opt/rustwide/rustup-home" "-e" "CARGO_TARGET_DIR=/opt/rustwide/target" "-e" "CARGO_INCREMENTAL=0" "-e" "RUST_BACKTRACE=full" "-e" "RUSTFLAGS=--cap-lints=warn" "-e" "RUSTDOCFLAGS=--cap-lints=warn" "-w" "/opt/rustwide/workdir" "--user" "0:0" "150c092bb6e27ccbbc7e85e53f6f5d72d7a1326cc7d28f3b76e86c2f598de31c" "/opt/rustwide/cargo-home/bin/cargo" "+1.99.0-beta.8" "build" "--frozen" "--message-format=json" "--release", kill_on_drop: false }`
[INFO] [stderr]    Compiling serde_derive v1.0.229
[INFO] [stderr]    Compiling ref-cast-impl v1.0.27
[INFO] [stderr]    Compiling serde_derive_internals v0.30.0
[INFO] [stderr]    Compiling serde_json v1.0.151
[INFO] [stderr]    Compiling uuid v1.26.0
[INFO] [stderr]    Compiling ref-cast v1.0.27
[INFO] [stderr]    Compiling schemars_derive v1.2.2
[INFO] [stderr]    Compiling serde v1.0.229
[INFO] [stderr]    Compiling schemars v1.2.2
[INFO] [stderr]    Compiling printobserver-types v0.2.0
[INFO] [stderr]    Compiling printobserver-store-api v0.2.0 (/opt/rustwide/workdir)
[INFO] [stderr]     Finished `release` profile [optimized] target(s) in 29.40s
[INFO] running `Command { std: "docker" "inspect" "150c092bb6e27ccbbc7e85e53f6f5d72d7a1326cc7d28f3b76e86c2f598de31c", kill_on_drop: false }`
[INFO] running `Command { std: "docker" "exec" "-e" "SOURCE_DIR=/opt/rustwide/workdir" "-e" "CARGO_HOME=/opt/rustwide/cargo-home" "-e" "RUSTUP_HOME=/opt/rustwide/rustup-home" "-e" "CARGO_TARGET_DIR=/opt/rustwide/target" "-e" "CARGO_INCREMENTAL=0" "-e" "RUST_BACKTRACE=full" "-e" "RUSTFLAGS=--cap-lints=warn" "-e" "RUSTDOCFLAGS=--cap-lints=warn" "-w" "/opt/rustwide/workdir" "--user" "0:0" "150c092bb6e27ccbbc7e85e53f6f5d72d7a1326cc7d28f3b76e86c2f598de31c" "/opt/rustwide/cargo-home/bin/cargo" "+1.99.0-beta.8" "test" "--frozen" "--no-run" "--message-format=json" "--release", kill_on_drop: false }`
[INFO] [stderr]    Compiling printobserver-store-api v0.2.0 (/opt/rustwide/workdir)
[INFO] [stderr]     Finished `release` profile [optimized] target(s) in 3.11s
[INFO] running `Command { std: "docker" "inspect" "150c092bb6e27ccbbc7e85e53f6f5d72d7a1326cc7d28f3b76e86c2f598de31c", kill_on_drop: false }`
[INFO] running `Command { std: "docker" "exec" "-e" "SOURCE_DIR=/opt/rustwide/workdir" "-e" "CARGO_HOME=/opt/rustwide/cargo-home" "-e" "RUSTUP_HOME=/opt/rustwide/rustup-home" "-e" "CARGO_TARGET_DIR=/opt/rustwide/target" "-e" "CARGO_INCREMENTAL=0" "-e" "RUST_BACKTRACE=full" "-e" "RUSTFLAGS=--cap-lints=warn" "-e" "RUSTDOCFLAGS=--cap-lints=warn" "-w" "/opt/rustwide/workdir" "--user" "0:0" "150c092bb6e27ccbbc7e85e53f6f5d72d7a1326cc7d28f3b76e86c2f598de31c" "/opt/rustwide/cargo-home/bin/cargo" "+1.99.0-beta.8" "test" "--frozen" "--release", kill_on_drop: false }`
[INFO] [stderr]     Finished `release` profile [optimized] target(s) in 0.07s
[INFO] [stderr]      Running unittests src/lib.rs (/opt/rustwide/target/release/deps/printobserver_store_api-81c1d1b8990a3240)
[INFO] [stdout] 
[INFO] [stdout] running 0 tests
[INFO] [stdout] 
[INFO] [stdout] test result: ok. 0 passed; 0 failed; 0 ignored; 0 measured; 0 filtered out; finished in 0.00s
[INFO] [stdout] 
[INFO] [stderr]      Running tests/history_limit.rs (/opt/rustwide/target/release/deps/history_limit-6d1015c88428b258)
[INFO] [stdout] 
[INFO] [stdout] running 6 tests
[INFO] [stdout] test a_draft_reads_its_kind_off_its_payload ... ok
[INFO] [stdout] test a_limit_at_the_maximum_is_taken_as_asked_for ... ok
[INFO] [stdout] test a_limit_above_the_maximum_is_refused_rather_than_clamped ... ok
[INFO] [stdout] test a_query_resolves_its_limit_by_the_same_rule ... ok
[INFO] [stdout] test an_absent_limit_takes_the_default_window ... ok
[INFO] [stderr]      Running tests/port.rs (/opt/rustwide/target/release/deps/port-6f0dde7420ac702c)
[INFO] [stdout] test the_default_window_is_below_the_maximum_limit ... ok
[INFO] [stdout] 
[INFO] [stdout] test result: ok. 6 passed; 0 failed; 0 ignored; 0 measured; 0 filtered out; finished in 0.01s
[INFO] [stdout] 
[INFO] [stdout] 
[INFO] [stdout] running 7 tests
[INFO] [stdout] test an_image_lookup_distinguishes_a_missing_file ... ok
[INFO] [stdout] test every_error_variant_says_what_it_is ... ok
[INFO] [stdout] test every_manifest_and_session_method_answers_its_declared_success_type ... ok
[INFO] [stdout] test every_image_action_and_intervention_method_answers_its_declared_success_type ... ok
[INFO] [stdout] test settling_twice_answers_the_outcome_that_won ... ok
[INFO] [stdout] test every_print_and_event_method_answers_its_declared_success_type ... ok
[INFO] [stdout] test the_trait_object_is_shareable_across_threads ... ok
[INFO] [stdout] 
[INFO] [stdout] test result: ok. 7 passed; 0 failed; 0 ignored; 0 measured; 0 filtered out; finished in 0.01s
[INFO] [stdout] 
[INFO] [stderr]      Running tests/schemas.rs (/opt/rustwide/target/release/deps/schemas-0355c47dd07fd406)
[INFO] [stdout] 
[INFO] [stdout] running 3 tests
[INFO] [stdout] test history_query_carries_exactly_the_stated_fields ... ok
[INFO] [stderr] error: test failed, to rerun pass `--test schemas`
[INFO] [stdout] test event_draft_carries_exactly_the_stated_fields ... ok
[INFO] [stdout] test the_checked_in_schemas_are_what_the_types_generate ... FAILED
[INFO] [stdout] 
[INFO] [stdout] failures:
[INFO] [stdout] 
[INFO] [stdout] ---- the_checked_in_schemas_are_what_the_types_generate stdout ----
[INFO] [stdout] 
[INFO] [stdout] thread 'the_checked_in_schemas_are_what_the_types_generate' (514) panicked at tests/schemas.rs:33:5:
[INFO] [stdout] the checked-in schemas have drifted:
[INFO] [stdout] /opt/rustwide/workdir/../../schemas/printobserver-store-api/EventDraft.json: No such file or directory (os error 2)
[INFO] [stdout] /opt/rustwide/workdir/../../schemas/printobserver-store-api/HistoryQuery.json: No such file or directory (os error 2)
[INFO] [stdout] /opt/rustwide/workdir/../../schemas/printobserver-store-api: No such file or directory (os error 2)
[INFO] [stdout] stack backtrace:
[INFO] [stdout]    0:     0x5fb011ef3911 - <<std[70759c8f55707aa4]::sys::backtrace::BacktraceLock>::print::DisplayBacktrace as core[df12db4294e9bfd3]::fmt::Display>::fmt
[INFO] [stdout]    1:     0x5fb011f07f8a - core[df12db4294e9bfd3]::fmt::write
[INFO] [stdout]    2:     0x5fb011ef809c - <alloc[2182bb758b4b3781]::vec::Vec<u8> as core[df12db4294e9bfd3]::io::write::Write>::write_fmt
[INFO] [stdout]    3:     0x5fb011eceb36 - std[70759c8f55707aa4]::panicking::default_hook::{closure#0}
[INFO] [stdout]    4:     0x5fb011eeb829 - std[70759c8f55707aa4]::panicking::default_hook
[INFO] [stdout]    5:     0x5fb011e2d680 - test[9d35eded1c95d3be]::test_main_inner::<test[9d35eded1c95d3be]::test_main_static::{closure#0}>::{closure#0}
[INFO] [stdout]    6:     0x5fb011eeb9e2 - std[70759c8f55707aa4]::panicking::panic_with_hook
[INFO] [stdout]    7:     0x5fb011ecebe2 - std[70759c8f55707aa4]::panicking::panic_handler::{closure#0}
[INFO] [stdout]    8:     0x5fb011ec7619 - std[70759c8f55707aa4]::sys::backtrace::__rust_end_short_backtrace::<std[70759c8f55707aa4]::panicking::panic_handler::{closure#0}, !>
[INFO] [stdout]    9:     0x5fb011ecf7dd - __rustc[8fa7c3cbc660c2b3]::rust_begin_unwind
[INFO] [stdout]   10:     0x5fb011f086bc - core[df12db4294e9bfd3]::panicking::panic_fmt
[INFO] [stdout]   11:     0x5fb011e20826 - <schemas[22a68c50abfc2f90]::the_checked_in_schemas_are_what_the_types_generate::{closure#0} as core[df12db4294e9bfd3]::ops::function::FnOnce<()>>::call_once
[INFO] [stdout]   12:     0x5fb011e2096b - test[9d35eded1c95d3be]::__rust_begin_short_backtrace::<core[df12db4294e9bfd3]::result::Result<(), alloc[2182bb758b4b3781]::string::String>, fn() -> core[df12db4294e9bfd3]::result::Result<(), alloc[2182bb758b4b3781]::string::String>>
[INFO] [stdout]   13:     0x5fb011e2dfd5 - test[9d35eded1c95d3be]::run_test::{closure#0}
[INFO] [stdout]   14:     0x5fb011e27894 - std[70759c8f55707aa4]::sys::backtrace::__rust_begin_short_backtrace::<test[9d35eded1c95d3be]::run_test::{closure#1}, ()>
[INFO] [stdout]   15:     0x5fb011e31132 - <std[70759c8f55707aa4]::thread::lifecycle::spawn_unchecked<test[9d35eded1c95d3be]::run_test::{closure#1}, ()>::{closure#1} as core[df12db4294e9bfd3]::ops::function::FnOnce<()>>::call_once::{shim:vtable#0}
[INFO] [stdout]   16:     0x5fb011ef2c89 - <std[70759c8f55707aa4]::sys::thread::unix::Thread>::new::thread_start
[INFO] [stdout]   17:     0x7725c8f76dfa - <unknown>
[INFO] [stdout]   18:     0x7725c900a3d4 - clone
[INFO] [stdout]   19:                0x0 - <unknown>
[INFO] [stdout] 
[INFO] [stdout] 
[INFO] [stdout] failures:
[INFO] [stdout]     the_checked_in_schemas_are_what_the_types_generate
[INFO] [stdout] 
[INFO] [stdout] test result: FAILED. 2 passed; 1 failed; 0 ignored; 0 measured; 0 filtered out; finished in 0.06s
[INFO] [stdout] 
[INFO] running `Command { std: "docker" "inspect" "150c092bb6e27ccbbc7e85e53f6f5d72d7a1326cc7d28f3b76e86c2f598de31c", kill_on_drop: false }`
[INFO] running `Command { std: "docker" "rm" "-f" "150c092bb6e27ccbbc7e85e53f6f5d72d7a1326cc7d28f3b76e86c2f598de31c", kill_on_drop: false }`
[INFO] [stdout] 150c092bb6e27ccbbc7e85e53f6f5d72d7a1326cc7d28f3b76e86c2f598de31c
