[INFO] fetching crate prikk-object 0.52.0...
[INFO] testing prikk-object-0.52.0 against 1.100.0-beta.1+cargoflags=--release for beta-release-1.100-2
[INFO] extracting crate prikk-object 0.52.0 into /workspace/builds/worker-6-tc2/source
[INFO] started tweaking crates.io crate prikk-object 0.52.0
[INFO] finished tweaking crates.io crate prikk-object 0.52.0
[INFO] tweaked toml for crates.io crate prikk-object 0.52.0 written to /workspace/builds/worker-6-tc2/source/Cargo.toml
[INFO] validating manifest of crates.io crate prikk-object 0.52.0 on toolchain 1.100.0-beta.1
[INFO] running `Command { std: CARGO_HOME="/workspace/cargo-home" RUSTUP_HOME="/workspace/rustup-home" "/workspace/cargo-home/bin/cargo" "+1.100.0-beta.1" "metadata" "--manifest-path" "Cargo.toml" "--no-deps", kill_on_drop: false }`
[INFO] crate crates.io crate prikk-object 0.52.0 already has a lockfile, it will not be regenerated
[INFO] running `Command { std: CARGO_HOME="/workspace/cargo-home" RUSTUP_HOME="/workspace/rustup-home" "/workspace/cargo-home/bin/cargo" "+1.100.0-beta.1" "fetch" "--manifest-path" "Cargo.toml", kill_on_drop: false }`
[INFO] running `Command { std: "docker" "create" "-v" "/var/lib/crater-agent-workspace/builds/worker-6-tc2/source:/opt/rustwide/workdir:ro,Z" "-v" "/var/lib/crater-agent-workspace/builds/worker-6-tc2/target:/opt/rustwide/target:rw,Z" "-v" "/var/lib/crater-agent-workspace/cargo-home:/opt/rustwide/cargo-home:ro,Z" "-v" "/var/lib/crater-agent-workspace/rustup-home:/opt/rustwide/rustup-home:ro,Z" "-m" "1610612736" "--network" "none" "ghcr.io/rust-lang/crates-build-env/linux@sha256:77db811e55d90add9212f6832c23229e3de5f1c1f9905e8cb07319ea15df73ac" "sleep" "infinity", kill_on_drop: false }`
[INFO] [stdout] 9b522197f4a33a6732883e2763a8e633722b17417221d1667cc13c609e077b3b
[INFO] running `Command { std: "docker" "start" "9b522197f4a33a6732883e2763a8e633722b17417221d1667cc13c609e077b3b", kill_on_drop: false }`
[INFO] running `Command { std: "docker" "inspect" "9b522197f4a33a6732883e2763a8e633722b17417221d1667cc13c609e077b3b", kill_on_drop: false }`
[INFO] running `Command { std: "docker" "exec" "-e" "SOURCE_DIR=/opt/rustwide/workdir" "-e" "CARGO_HOME=/opt/rustwide/cargo-home" "-e" "RUSTUP_HOME=/opt/rustwide/rustup-home" "-e" "CARGO_TARGET_DIR=/opt/rustwide/target" "-w" "/opt/rustwide/workdir" "--user" "0:0" "9b522197f4a33a6732883e2763a8e633722b17417221d1667cc13c609e077b3b" "/opt/rustwide/cargo-home/bin/cargo" "+1.100.0-beta.1" "metadata" "--no-deps" "--format-version=1", kill_on_drop: false }`
[INFO] running `Command { std: "docker" "inspect" "9b522197f4a33a6732883e2763a8e633722b17417221d1667cc13c609e077b3b", kill_on_drop: false }`
[INFO] running `Command { std: "docker" "exec" "-e" "SOURCE_DIR=/opt/rustwide/workdir" "-e" "CARGO_HOME=/opt/rustwide/cargo-home" "-e" "RUSTUP_HOME=/opt/rustwide/rustup-home" "-e" "CARGO_TARGET_DIR=/opt/rustwide/target" "-e" "CARGO_INCREMENTAL=0" "-e" "RUST_BACKTRACE=full" "-e" "RUSTFLAGS=--cap-lints=warn" "-e" "RUSTDOCFLAGS=--cap-lints=warn" "-w" "/opt/rustwide/workdir" "--user" "0:0" "9b522197f4a33a6732883e2763a8e633722b17417221d1667cc13c609e077b3b" "/opt/rustwide/cargo-home/bin/cargo" "+1.100.0-beta.1" "build" "--frozen" "--message-format=json" "--release", kill_on_drop: false }`
[INFO] [stderr]    Compiling prikk-error v0.52.0
[INFO] [stderr]    Compiling digest v0.11.3
[INFO] [stderr]    Compiling sha2 v0.11.0
[INFO] [stderr]    Compiling prikk-hash v0.52.0
[INFO] [stderr]    Compiling prikk-object v0.52.0 (/opt/rustwide/workdir)
[INFO] [stderr]     Finished `release` profile [optimized] target(s) in 4.07s
[INFO] running `Command { std: "docker" "inspect" "9b522197f4a33a6732883e2763a8e633722b17417221d1667cc13c609e077b3b", kill_on_drop: false }`
[INFO] running `Command { std: "docker" "exec" "-e" "SOURCE_DIR=/opt/rustwide/workdir" "-e" "CARGO_HOME=/opt/rustwide/cargo-home" "-e" "RUSTUP_HOME=/opt/rustwide/rustup-home" "-e" "CARGO_TARGET_DIR=/opt/rustwide/target" "-e" "CARGO_INCREMENTAL=0" "-e" "RUST_BACKTRACE=full" "-e" "RUSTFLAGS=--cap-lints=warn" "-e" "RUSTDOCFLAGS=--cap-lints=warn" "-w" "/opt/rustwide/workdir" "--user" "0:0" "9b522197f4a33a6732883e2763a8e633722b17417221d1667cc13c609e077b3b" "/opt/rustwide/cargo-home/bin/cargo" "+1.100.0-beta.1" "test" "--frozen" "--no-run" "--message-format=json" "--release", kill_on_drop: false }`
[INFO] [stderr]    Compiling zerocopy v0.8.54
[INFO] [stderr]    Compiling bitflags v2.13.0
[INFO] [stderr]    Compiling fastrand v2.4.1
[INFO] [stderr]    Compiling wait-timeout v0.2.1
[INFO] [stderr]    Compiling bit-vec v0.8.0
[INFO] [stderr]    Compiling quick-error v1.2.3
[INFO] [stderr]    Compiling getrandom v0.3.4
[INFO] [stderr]    Compiling unarray v0.1.4
[INFO] [stderr]    Compiling getrandom v0.4.3
[INFO] [stderr]    Compiling bit-set v0.8.0
[INFO] [stderr]    Compiling rand_core v0.9.5
[INFO] [stderr]    Compiling rustix v1.1.4
[INFO] [stderr]    Compiling rand v0.9.5
[INFO] [stderr]    Compiling rand_xorshift v0.4.0
[INFO] [stderr]    Compiling tempfile v3.27.0
[INFO] [stderr]    Compiling rusty-fork v0.3.1
[INFO] [stderr]    Compiling ppv-lite86 v0.2.21
[INFO] [stderr]    Compiling rand_chacha v0.9.0
[INFO] [stderr]    Compiling proptest v1.11.0
[INFO] [stderr]    Compiling prikk-object v0.52.0 (/opt/rustwide/workdir)
[INFO] [stderr]     Finished `release` profile [optimized] target(s) in 27.01s
[INFO] running `Command { std: "docker" "inspect" "9b522197f4a33a6732883e2763a8e633722b17417221d1667cc13c609e077b3b", kill_on_drop: false }`
[INFO] running `Command { std: "docker" "exec" "-e" "SOURCE_DIR=/opt/rustwide/workdir" "-e" "CARGO_HOME=/opt/rustwide/cargo-home" "-e" "RUSTUP_HOME=/opt/rustwide/rustup-home" "-e" "CARGO_TARGET_DIR=/opt/rustwide/target" "-e" "CARGO_INCREMENTAL=0" "-e" "RUST_BACKTRACE=full" "-e" "RUSTFLAGS=--cap-lints=warn" "-e" "RUSTDOCFLAGS=--cap-lints=warn" "-w" "/opt/rustwide/workdir" "--user" "0:0" "9b522197f4a33a6732883e2763a8e633722b17417221d1667cc13c609e077b3b" "/opt/rustwide/cargo-home/bin/cargo" "+1.100.0-beta.1" "test" "--frozen" "--release", kill_on_drop: false }`
[INFO] [stderr]     Finished `release` profile [optimized] target(s) in 0.09s
[INFO] [stderr]      Running unittests src/lib.rs (/opt/rustwide/target/release/build/prikk-object/76f60826b4e11db0/out/prikk_object-76f60826b4e11db0)
[INFO] [stdout] 
[INFO] [stdout] running 109 tests
[INFO] [stdout] test envelope::tests::strict_shape_matrix_preserves_structural_legacy_boundary ... ok
[INFO] [stdout] test envelope::tests::canonical_serializer_pins_shape_matrix_before_output ... ok
[INFO] [stdout] test envelope::tests::add_signature_rejects_every_invalid_predecessor_without_mutation ... ok
[INFO] [stdout] test id::tests::hex_roundtrip ... ok
[INFO] [stdout] test id::tests::object_id_is_deterministic ... ok
[INFO] [stdout] test envelope::tests::issues_distinguish_duplicate_from_descending_order ... ok
[INFO] [stdout] test payload::tests::attestation_results_reject_duplicate_plugin_id_differing_report_hash ... ok
[INFO] [stdout] test payload::tests::attestation_results_reject_duplicate_plugin_id_differing_version ... ok
[INFO] [stdout] test payload::tests::attestation_results_reject_reverse_order ... ok
[INFO] [stdout] test payload::tests::blob_decode_rejects_declared_size_mismatch ... ok
[INFO] [stdout] test path::tests::a_component_one_byte_over_the_limit_is_refused ... ok
[INFO] [stdout] test payload::attestation::tests::decode_refuses_truncated_bytes ... ok
[INFO] [stdout] test path::tests::a_component_at_the_limit_is_accepted ... ok
[INFO] [stdout] test payload::attestation::tests::encode_then_decode_round_trips ... ok
[INFO] [stdout] test payload::tests::attestation_results_accept_ascending_plugin_id ... ok
[INFO] [stdout] test path::tests::many_short_components_summing_past_the_total_cap_are_refused ... ok
[INFO] [stdout] test payload::tests::blob_encode_rejects_declared_size_mismatch ... ok
[INFO] [stdout] test envelope::tests::signature_does_not_change_object_id ... ok
[INFO] [stdout] test canonical::tests::rejects_decreasing_tags ... ok
[INFO] [stdout] test path::tests::many_short_components_within_the_total_cap_are_accepted ... ok
[INFO] [stdout] test object_type_table_binding_gate::every_data_model_lifecycle_table_row_is_a_real_object_type ... FAILED
[INFO] [stdout] test payload::tests::blob_round_trips_via_new ... ok
[INFO] [stdout] test payload::tests::blob_kind_from_code_rejects_invalid_and_unknown ... ok
[INFO] [stdout] test payload::tests::block_payload_decodes_its_canonical_bytes ... ok
[INFO] [stdout] test payload::tests::blob_payload_has_stable_object_id ... ok
[INFO] [stdout] test payload::tests::node_id_round_trips_bytes ... ok
[INFO] [stdout] test payload::tests::edit_text_rejects_hash_binding_violation ... ok
[INFO] [stdout] test payload::tests::node_id_try_from_bytes_rejects_all_zero ... ok
[INFO] [stdout] test payload::tests::patch_payload_rejects_some_empty_message ... ok
[INFO] [stdout] test payload::tests::patch_purpose_absent_decodes_as_normal ... ok
[INFO] [stdout] test payload::tests::patch_purpose_explicit_normal_is_rejected ... ok
[INFO] [stdout] test payload::tests::patch_purpose_decode_tolerates_a_present_message_field ... ok
[INFO] [stdout] test payload::tests::path_validation::opaque_target_fields_still_accept_arbitrary_utf8 ... ok
[INFO] [stdout] test payload::tests::path_validation::invalid_paths_fail_at_encode_for_every_kind ... ok
[INFO] [stdout] test payload::tests::path_validation::rename_path_rejects_a_bad_old_path_even_when_new_path_is_valid ... ok
[INFO] [stdout] test payload::tests::path_validation::valid_paths_encode_successfully_for_every_kind ... ok
[INFO] [stdout] test payload::tests::node_kind_derives_from_file_blob_kind ... ok
[INFO] [stdout] test payload::tests::node_kind_from_code_rejects_invalid_and_unknown ... ok
[INFO] [stdout] test payload::tests::patch_operations_must_be_contiguous ... ok
[INFO] [stdout] test object_type_table_binding_gate::every_object_type_is_named_in_the_data_model_lifecycle_table ... FAILED
[INFO] [stdout] test payload::attestation::tests::decode_refuses_a_duplicate_target_block_id_field ... ok
[INFO] [stdout] test envelope::tests::canonical_serializer_rejects_every_invalid_class_before_output ... ok
[INFO] [stdout] test payload::tests::proptest_decoders::blob_payload_round_trips ... ok
[INFO] [stdout] test payload::tests::proptest_decoders::ref_state_payload_round_trips ... ok
[INFO] [stdout] test payload::tests::proptest_decoders::ref_update_payload_decode_rejects_a_duplicate_ref_name_field ... ok
[INFO] [stdout] test payload::tests::proptest_decoders::ref_state_payload_decode_never_panics_on_arbitrary_bytes ... ok
[INFO] [stdout] test payload::tests::proptest_decoders::ref_state_payload_decode_rejects_a_duplicate_ref_name_field ... ok
[INFO] [stdout] test envelope::tests::insertion_order_has_one_canonical_encoding ... ok
[INFO] [stdout] test id::tests::a_retired_code_is_refused_with_a_distinct_message ... ok
[INFO] [stdout] test payload::tests::proptest_decoders::blob_payload_decode_never_panics_on_arbitrary_bytes ... ok
[INFO] [stdout] test payload::tests::proptest_decoders::block_payload_decode_never_panics_on_a_duplicated_field ... ok
[INFO] [stdout] test payload::tests::proptest_decoders::block_payload_decode_never_panics_on_arbitrary_bytes ... ok
[INFO] [stdout] test payload::tests::proptest_decoders::block_payload_decode_rejects_a_duplicate_kind_field ... ok
[INFO] [stdout] test payload::tests::proptest_decoders::block_payload_round_trips ... ok
[INFO] [stdout] test payload::tests::proptest_decoders::ref_update_payload_decode_never_panics_on_a_duplicated_field ... ok
[INFO] [stdout] test payload::tests::recognition_claim_payload_rejects_empty_patch_ids ... ok
[INFO] [stdout] test payload::tests::recognition_claim_payload_rejects_unknown_field_tag ... ok
[INFO] [stdout] test payload::tests::recognition_claim_payload_decodes_its_canonical_bytes ... ok
[INFO] [stdout] test payload::tests::recognition_claim_payload_preserves_duplicate_patch_ids_through_encode_and_decode ... ok
[INFO] [stdout] test payload::tests::recognition_claim_payload_preserves_parent_block_ids_order_and_duplicates ... ok
[INFO] [stdout] test payload::tests::ref_state_payload_decodes_its_canonical_bytes ... ok
[INFO] [stdout] test payload::tests::ref_state_payload_open_encoding_carries_no_field_seven ... ok
[INFO] [stdout] test payload::tests::patch_payload_rejects_empty_operations ... ok
[INFO] [stdout] test payload::tests::ref_update_payload_decodes_its_canonical_bytes ... ok
[INFO] [stdout] test payload::tests::proptest_decoders::ref_update_payload_decode_never_panics_on_arbitrary_bytes ... ok
[INFO] [stdout] test vectors::hard::blob_field_layout_matches_fdd_section_9_11 ... ok
[INFO] [stdout] test payload::tests::ref_state_payload_rejects_explicit_false_closed_field ... ok
[INFO] [stdout] test payload::tests::text_anchor_ids_are_validated ... ok
[INFO] [stdout] test payload::tests::tag_payload_requires_patch_count_field ... ok
[INFO] [stdout] test payload::tests::recognition_claim_payload_with_empty_parent_block_ids_is_not_an_error ... ok
[INFO] [stdout] test payload::tests::recognition_claim_payload_preserves_unsorted_order_through_encode_and_decode ... ok
[INFO] [stdout] test payload::tests::text_span_hash_is_stable ... ok
[INFO] [stdout] test payload::tests::ref_state_payload_closed_encoding_carries_field_seven_true ... ok
[INFO] [stdout] test payload::tests::ref_state_payload_rejects_closed_field_at_schema_one ... ok
[INFO] [stdout] test vectors::hard::attestation_field_layout_matches_fdd_section_9_9 ... ok
[INFO] [stdout] test vectors::hard::delete_node_file_record_layout_matches_fdd_section_9_3 ... ok
[INFO] [stdout] test vectors::hard::create_file_rejects_all_zero_node_id ... ok
[INFO] [stdout] test vectors::hard::change_perm_record_layout_matches_fdd_section_9_3 ... ok
[INFO] [stdout] test vectors::hard::create_file_record_layout_matches_fdd_section_9_3 ... ok
[INFO] [stdout] test payload::tests::proptest_decoders::ref_state_payload_decode_never_panics_on_a_duplicated_field ... ok
[INFO] [stdout] test payload::tests::tag_payload_requires_patch_set_digest_field ... ok
[INFO] [stdout] test vectors::hard::create_symlink_record_layout_matches_fdd_section_9_3 ... ok
[INFO] [stdout] test vectors::hard::codec_sample_object_id_is_stable ... ok
[INFO] [stdout] test vectors::hard::change_perm_rejects_all_zero_node_id ... ok
[INFO] [stdout] test vectors::hard::delete_node_rejects_all_zero_node_id ... ok
[INFO] [stdout] test vectors::hard::delete_node_rejects_kind_preimage_mismatch ... ok
[INFO] [stdout] test vectors::hard::delete_node_symlink_record_layout_matches_fdd_section_9_3 ... ok
[INFO] [stdout] test vectors::hard::create_symlink_rejects_all_zero_node_id ... ok
[INFO] [stdout] test vectors::hard::replace_binary_record_layout_matches_fdd_section_9_3 ... ok
[INFO] [stdout] test vectors::hard::object_type_codes_match_fdd_section_3 ... ok
[INFO] [stdout] test vectors::hard::patch_operations_field_uses_record_list_item ... ok
[INFO] [stdout] test vectors::hard::patch_payload_vector_is_stable ... ok
[INFO] [stdout] test vectors::hard::rename_path_rejects_all_zero_node_id ... ok
[INFO] [stdout] test vectors::hard::rollback_draft_patch_purpose_vector_is_stable ... ok
[INFO] [stdout] test vectors::hard::edit_text_record_layout_matches_fdd_section_9_3 ... ok
[INFO] [stdout] test vectors::hard::edit_text_record_layout_with_hints ... ok
[INFO] [stdout] test vectors::hard::edit_text_validators_reject_malformed_records ... ok
[INFO] [stdout] test vectors::hard::plugin_result_entry_layout_matches_fdd_section_9_10 ... ok
[INFO] [stdout] test vectors::hard::empty_patch_anchor_matches_fdd_golden_vector ... ok
[INFO] [stdout] test vectors::hard::rename_path_record_layout_matches_fdd_section_9_3 ... ok
[INFO] [stdout] test vectors::hard::value_type_codes_match_fdd_section_7_1 ... ok
[INFO] [stdout] test vectors::hard::replace_binary_rejects_all_zero_node_id ... ok
[INFO] [stdout] test payload::tests::proptest_decoders::ref_update_payload_round_trips ... ok
[INFO] [stdout] test vectors::negative::object_id_rejects_malformed_hex ... ok
[INFO] [stdout] test vectors::negative::unknown_object_type_code_is_rejected ... ok
[INFO] [stdout] test vectors::snapshot::generated_snapshot_matches_committed ... ok
[INFO] [stdout] test vectors::hard::refstate_field_layout_matches_fdd_section_9_5 ... ok
[INFO] [stdout] test payload::tests::recognition_claim_payload_rejects_parent_block_ids_over_the_declared_limit ... ok
[INFO] [stderr] error: test failed, to rerun pass `--lib`
[INFO] [stdout] test payload::tests::recognition_claim_payload_rejects_patch_ids_over_the_declared_limit ... ok
[INFO] [stdout] 
[INFO] [stdout] failures:
[INFO] [stdout] 
[INFO] [stdout] ---- object_type_table_binding_gate::every_data_model_lifecycle_table_row_is_a_real_object_type stdout ----
[INFO] [stdout] 
[INFO] [stdout] thread 'object_type_table_binding_gate::every_data_model_lifecycle_table_row_is_a_real_object_type' (496) panicked at src/object_type_table_binding_gate.rs:40:31:
[INFO] [stdout] docs/src/reference/data-model-lifecycle.md must read: No such file or directory (os error 2)
[INFO] [stdout] stack backtrace:
[INFO] [stdout]    0:     0x646d90c2fb41 - <<std[617be2ca0a6fd877]::sys::backtrace::BacktraceLock>::print::DisplayBacktrace as core[a373ad73a504971]::fmt::Display>::fmt
[INFO] [stdout]    1:     0x646d90c44fca - core[a373ad73a504971]::fmt::write
[INFO] [stdout]    2:     0x646d90c341bc - <alloc[2e1b2a31b91974c5]::vec::Vec<u8> as core[a373ad73a504971]::io::write::Write>::write_fmt
[INFO] [stdout]    3:     0x646d90c0a4b6 - std[617be2ca0a6fd877]::panicking::default_hook::{closure#0}
[INFO] [stdout]    4:     0x646d90c27a69 - std[617be2ca0a6fd877]::panicking::default_hook
[INFO] [stdout]    5:     0x646d90b6e860 - test[aada8e7e76ba119b]::test_main_inner::{closure#0}
[INFO] [stdout]    6:     0x646d90c27c22 - std[617be2ca0a6fd877]::panicking::panic_with_hook
[INFO] [stdout]    7:     0x646d90c0a562 - std[617be2ca0a6fd877]::panicking::panic_handler::{closure#0}
[INFO] [stdout]    8:     0x646d90c02f99 - std[617be2ca0a6fd877]::sys::backtrace::__rust_end_short_backtrace::<std[617be2ca0a6fd877]::panicking::panic_handler::{closure#0}, !>
[INFO] [stdout]    9:     0x646d90c0b16d - __rustc[ea4f61d10b84890b]::rust_begin_unwind
[INFO] [stdout]   10:     0x646d90c457ac - core[a373ad73a504971]::panicking::panic_fmt
[INFO] [stdout]   11:     0x646d90b30b91 - prikk_object[2b5f91c77e7ddd01]::object_type_table_binding_gate::read_data_model_lifecycle::{closure#0}
[INFO] [stdout]   12:     0x646d90b32007 - prikk_object[2b5f91c77e7ddd01]::object_type_table_binding_gate::read_data_model_lifecycle
[INFO] [stdout]   13:     0x646d90b32e56 - <prikk_object[2b5f91c77e7ddd01]::object_type_table_binding_gate::every_data_model_lifecycle_table_row_is_a_real_object_type::{closure#0} as core[a373ad73a504971]::ops::function::FnOnce<()>>::call_once
[INFO] [stdout]   14:     0x646d90b61cab - test[aada8e7e76ba119b]::__rust_begin_short_backtrace::<core[a373ad73a504971]::result::Result<(), alloc[2e1b2a31b91974c5]::string::String>, fn() -> core[a373ad73a504971]::result::Result<(), alloc[2e1b2a31b91974c5]::string::String>>
[INFO] [stdout]   15:     0x646d90b6ee85 - test[aada8e7e76ba119b]::run_test::{closure#0}
[INFO] [stdout]   16:     0x646d90b68774 - std[617be2ca0a6fd877]::sys::backtrace::__rust_begin_short_backtrace::<test[aada8e7e76ba119b]::run_test::{closure#1}, ()>
[INFO] [stdout]   17:     0x646d90b71f12 - <std[617be2ca0a6fd877]::thread::lifecycle::spawn_unchecked<test[aada8e7e76ba119b]::run_test::{closure#1}, ()>::{closure#1} as core[a373ad73a504971]::ops::function::FnOnce<()>>::call_once::{shim:vtable#0}
[INFO] [stdout]   18:     0x646d90c2ee5f - <std[617be2ca0a6fd877]::sys::thread::unix::Thread>::new::thread_start
[INFO] [stdout]   19:     0x7053f252fdfa - <unknown>
[INFO] [stdout]   20:     0x7053f25c33d4 - clone
[INFO] [stdout]   21:                0x0 - <unknown>
[INFO] [stdout] 
[INFO] [stdout] ---- object_type_table_binding_gate::every_object_type_is_named_in_the_data_model_lifecycle_table stdout ----
[INFO] [stdout] 
[INFO] [stdout] thread 'object_type_table_binding_gate::every_object_type_is_named_in_the_data_model_lifecycle_table' (497) panicked at src/object_type_table_binding_gate.rs:40:31:
[INFO] [stdout] docs/src/reference/data-model-lifecycle.md must read: No such file or directory (os error 2)
[INFO] [stdout] stack backtrace:
[INFO] [stdout]    0:     0x646d90c2fb41 - <<std[617be2ca0a6fd877]::sys::backtrace::BacktraceLock>::print::DisplayBacktrace as core[a373ad73a504971]::fmt::Display>::fmt
[INFO] [stdout]    1:     0x646d90c44fca - core[a373ad73a504971]::fmt::write
[INFO] [stdout]    2:     0x646d90c341bc - <alloc[2e1b2a31b91974c5]::vec::Vec<u8> as core[a373ad73a504971]::io::write::Write>::write_fmt
[INFO] [stdout]    3:     0x646d90c0a4b6 - std[617be2ca0a6fd877]::panicking::default_hook::{closure#0}
[INFO] [stdout]    4:     0x646d90c27a69 - std[617be2ca0a6fd877]::panicking::default_hook
[INFO] [stdout]    5:     0x646d90b6e860 - test[aada8e7e76ba119b]::test_main_inner::{closure#0}
[INFO] [stdout]    6:     0x646d90c27c22 - std[617be2ca0a6fd877]::panicking::panic_with_hook
[INFO] [stdout]    7:     0x646d90c0a562 - std[617be2ca0a6fd877]::panicking::panic_handler::{closure#0}
[INFO] [stdout]    8:     0x646d90c02f99 - std[617be2ca0a6fd877]::sys::backtrace::__rust_end_short_backtrace::<std[617be2ca0a6fd877]::panicking::panic_handler::{closure#0}, !>
[INFO] [stdout]    9:     0x646d90c0b16d - __rustc[ea4f61d10b84890b]::rust_begin_unwind
[INFO] [stdout]   10:     0x646d90c457ac - core[a373ad73a504971]::panicking::panic_fmt
[INFO] [stdout]   11:     0x646d90b30b91 - prikk_object[2b5f91c77e7ddd01]::object_type_table_binding_gate::read_data_model_lifecycle::{closure#0}
[INFO] [stdout]   12:     0x646d90b32007 - prikk_object[2b5f91c77e7ddd01]::object_type_table_binding_gate::read_data_model_lifecycle
[INFO] [stdout]   13:     0x646d90b33356 - <prikk_object[2b5f91c77e7ddd01]::object_type_table_binding_gate::every_object_type_is_named_in_the_data_model_lifecycle_table::{closure#0} as core[a373ad73a504971]::ops::function::FnOnce<()>>::call_once
[INFO] [stdout]   14:     0x646d90b61cab - test[aada8e7e76ba119b]::__rust_begin_short_backtrace::<core[a373ad73a504971]::result::Result<(), alloc[2e1b2a31b91974c5]::string::String>, fn() -> core[a373ad73a504971]::result::Result<(), alloc[2e1b2a31b91974c5]::string::String>>
[INFO] [stdout]   15:     0x646d90b6ee85 - test[aada8e7e76ba119b]::run_test::{closure#0}
[INFO] [stdout]   16:     0x646d90b68774 - std[617be2ca0a6fd877]::sys::backtrace::__rust_begin_short_backtrace::<test[aada8e7e76ba119b]::run_test::{closure#1}, ()>
[INFO] [stdout]   17:     0x646d90b71f12 - <std[617be2ca0a6fd877]::thread::lifecycle::spawn_unchecked<test[aada8e7e76ba119b]::run_test::{closure#1}, ()>::{closure#1} as core[a373ad73a504971]::ops::function::FnOnce<()>>::call_once::{shim:vtable#0}
[INFO] [stdout]   18:     0x646d90c2ee5f - <std[617be2ca0a6fd877]::sys::thread::unix::Thread>::new::thread_start
[INFO] [stdout]   19:     0x7053f252fdfa - <unknown>
[INFO] [stdout]   20:     0x7053f25c33d4 - clone
[INFO] [stdout]   21:                0x0 - <unknown>
[INFO] [stdout] 
[INFO] [stdout] 
[INFO] [stdout] failures:
[INFO] [stdout]     object_type_table_binding_gate::every_data_model_lifecycle_table_row_is_a_real_object_type
[INFO] [stdout]     object_type_table_binding_gate::every_object_type_is_named_in_the_data_model_lifecycle_table
[INFO] [stdout] 
[INFO] [stdout] test result: FAILED. 107 passed; 2 failed; 0 ignored; 0 measured; 0 filtered out; finished in 0.10s
[INFO] [stdout] 
[INFO] running `Command { std: "docker" "inspect" "9b522197f4a33a6732883e2763a8e633722b17417221d1667cc13c609e077b3b", kill_on_drop: false }`
[INFO] running `Command { std: "docker" "rm" "-f" "9b522197f4a33a6732883e2763a8e633722b17417221d1667cc13c609e077b3b", kill_on_drop: false }`
[INFO] [stdout] 9b522197f4a33a6732883e2763a8e633722b17417221d1667cc13c609e077b3b
