[INFO] fetching crate presto-pasta 0.0.8...
[INFO] testing presto-pasta-0.0.8 against 1.99.0-beta.8+cargoflags=--release for beta-release-1.100-2
[INFO] extracting crate presto-pasta 0.0.8 into /workspace/builds/worker-5-tc1/source
[INFO] started tweaking crates.io crate presto-pasta 0.0.8
[INFO] removed 0 missing tests
[INFO] finished tweaking crates.io crate presto-pasta 0.0.8
[INFO] tweaked toml for crates.io crate presto-pasta 0.0.8 written to /workspace/builds/worker-5-tc1/source/Cargo.toml
[INFO] validating manifest of crates.io crate presto-pasta 0.0.8 on toolchain 1.99.0-beta.8
[INFO] running `Command { std: CARGO_HOME="/workspace/cargo-home" RUSTUP_HOME="/workspace/rustup-home" "/workspace/cargo-home/bin/cargo" "+1.99.0-beta.8" "metadata" "--manifest-path" "Cargo.toml" "--no-deps", kill_on_drop: false }`
[INFO] crate crates.io crate presto-pasta 0.0.8 already has a lockfile, it will not be regenerated
[INFO] running `Command { std: CARGO_HOME="/workspace/cargo-home" RUSTUP_HOME="/workspace/rustup-home" "/workspace/cargo-home/bin/cargo" "+1.99.0-beta.8" "fetch" "--manifest-path" "Cargo.toml", kill_on_drop: false }`
[INFO] [stderr]  Downloading crates ...
[INFO] [stderr]   Downloaded io-uring v0.7.13
[INFO] running `Command { std: "docker" "create" "-v" "/var/lib/crater-agent-workspace/builds/worker-5-tc1/source:/opt/rustwide/workdir:ro,Z" "-v" "/var/lib/crater-agent-workspace/builds/worker-5-tc1/target:/opt/rustwide/target:rw,Z" "-v" "/var/lib/crater-agent-workspace/cargo-home:/opt/rustwide/cargo-home:ro,Z" "-v" "/var/lib/crater-agent-workspace/rustup-home:/opt/rustwide/rustup-home:ro,Z" "-m" "1610612736" "--network" "none" "ghcr.io/rust-lang/crates-build-env/linux@sha256:77db811e55d90add9212f6832c23229e3de5f1c1f9905e8cb07319ea15df73ac" "sleep" "infinity", kill_on_drop: false }`
[INFO] [stdout] ddc8964f79e1877b4b30047023cfd6f1eb7a850090a509dae6c7c2a8cd35dc53
[INFO] running `Command { std: "docker" "start" "ddc8964f79e1877b4b30047023cfd6f1eb7a850090a509dae6c7c2a8cd35dc53", kill_on_drop: false }`
[INFO] running `Command { std: "docker" "inspect" "ddc8964f79e1877b4b30047023cfd6f1eb7a850090a509dae6c7c2a8cd35dc53", kill_on_drop: false }`
[INFO] running `Command { std: "docker" "exec" "-e" "SOURCE_DIR=/opt/rustwide/workdir" "-e" "CARGO_HOME=/opt/rustwide/cargo-home" "-e" "RUSTUP_HOME=/opt/rustwide/rustup-home" "-e" "CARGO_TARGET_DIR=/opt/rustwide/target" "-w" "/opt/rustwide/workdir" "--user" "0:0" "ddc8964f79e1877b4b30047023cfd6f1eb7a850090a509dae6c7c2a8cd35dc53" "/opt/rustwide/cargo-home/bin/cargo" "+1.99.0-beta.8" "metadata" "--no-deps" "--format-version=1", kill_on_drop: false }`
[INFO] running `Command { std: "docker" "inspect" "ddc8964f79e1877b4b30047023cfd6f1eb7a850090a509dae6c7c2a8cd35dc53", kill_on_drop: false }`
[INFO] running `Command { std: "docker" "exec" "-e" "SOURCE_DIR=/opt/rustwide/workdir" "-e" "CARGO_HOME=/opt/rustwide/cargo-home" "-e" "RUSTUP_HOME=/opt/rustwide/rustup-home" "-e" "CARGO_TARGET_DIR=/opt/rustwide/target" "-e" "CARGO_INCREMENTAL=0" "-e" "RUST_BACKTRACE=full" "-e" "RUSTFLAGS=--cap-lints=warn" "-e" "RUSTDOCFLAGS=--cap-lints=warn" "-w" "/opt/rustwide/workdir" "--user" "0:0" "ddc8964f79e1877b4b30047023cfd6f1eb7a850090a509dae6c7c2a8cd35dc53" "/opt/rustwide/cargo-home/bin/cargo" "+1.99.0-beta.8" "build" "--frozen" "--message-format=json" "--release", kill_on_drop: false }`
[INFO] [stderr]    Compiling rustix v1.1.4
[INFO] [stderr]    Compiling bitflags v2.13.0
[INFO] [stderr]    Compiling io-uring v0.7.13
[INFO] [stderr]    Compiling linux-raw-sys v0.12.1
[INFO] [stderr]    Compiling presto-pasta v0.0.8 (/opt/rustwide/workdir)
[INFO] [stderr]     Finished `release` profile [optimized] target(s) in 5.79s
[INFO] running `Command { std: "docker" "inspect" "ddc8964f79e1877b4b30047023cfd6f1eb7a850090a509dae6c7c2a8cd35dc53", kill_on_drop: false }`
[INFO] running `Command { std: "docker" "exec" "-e" "SOURCE_DIR=/opt/rustwide/workdir" "-e" "CARGO_HOME=/opt/rustwide/cargo-home" "-e" "RUSTUP_HOME=/opt/rustwide/rustup-home" "-e" "CARGO_TARGET_DIR=/opt/rustwide/target" "-e" "CARGO_INCREMENTAL=0" "-e" "RUST_BACKTRACE=full" "-e" "RUSTFLAGS=--cap-lints=warn" "-e" "RUSTDOCFLAGS=--cap-lints=warn" "-w" "/opt/rustwide/workdir" "--user" "0:0" "ddc8964f79e1877b4b30047023cfd6f1eb7a850090a509dae6c7c2a8cd35dc53" "/opt/rustwide/cargo-home/bin/cargo" "+1.99.0-beta.8" "test" "--frozen" "--no-run" "--message-format=json" "--release", kill_on_drop: false }`
[INFO] [stderr]    Compiling rustix v1.1.4
[INFO] [stderr]    Compiling linux-raw-sys v0.12.1
[INFO] [stderr]    Compiling presto-pasta v0.0.8 (/opt/rustwide/workdir)
[INFO] [stderr]     Finished `release` profile [optimized] target(s) in 11.52s
[INFO] running `Command { std: "docker" "inspect" "ddc8964f79e1877b4b30047023cfd6f1eb7a850090a509dae6c7c2a8cd35dc53", kill_on_drop: false }`
[INFO] running `Command { std: "docker" "exec" "-e" "SOURCE_DIR=/opt/rustwide/workdir" "-e" "CARGO_HOME=/opt/rustwide/cargo-home" "-e" "RUSTUP_HOME=/opt/rustwide/rustup-home" "-e" "CARGO_TARGET_DIR=/opt/rustwide/target" "-e" "CARGO_INCREMENTAL=0" "-e" "RUST_BACKTRACE=full" "-e" "RUSTFLAGS=--cap-lints=warn" "-e" "RUSTDOCFLAGS=--cap-lints=warn" "-w" "/opt/rustwide/workdir" "--user" "0:0" "ddc8964f79e1877b4b30047023cfd6f1eb7a850090a509dae6c7c2a8cd35dc53" "/opt/rustwide/cargo-home/bin/cargo" "+1.99.0-beta.8" "test" "--frozen" "--release", kill_on_drop: false }`
[INFO] [stderr]     Finished `release` profile [optimized] target(s) in 0.04s
[INFO] [stderr]      Running unittests src/lib.rs (/opt/rustwide/target/release/deps/presto_pasta-af78ac338f8a7237)
[INFO] [stdout] 
[INFO] [stdout] running 22 tests
[INFO] [stdout] test flow::tests::expired_skips_active_and_closing ... ok
[INFO] [stdout] test dns::tests::no_nameserver ... ok
[INFO] [stdout] test flow::tests::lru_evictable_skips_tcp_and_closing ... ok
[INFO] [stdout] test proto::tests::ipv4_fragment_rejected ... ok
[INFO] [stdout] test proto::tests::ipv4_roundtrip ... ok
[INFO] [stdout] test proto::tests::checksum_known_vector ... ok
[INFO] [stdout] test proto::tests::ipv6_roundtrip ... ok
[INFO] [stdout] test proto::tests::sum2_matches_contiguous_sum ... ok
[INFO] [stdout] test dns::tests::parses_first_nameserver ... ok
[INFO] [stdout] test tests::public_destinations ... ok
[INFO] [stdout] test proto::tests::eth_roundtrip ... ok
[INFO] [stdout] test flow::tests::slots_are_reused_after_removal ... ok
[INFO] [stdout] test buf::tests::alloc_free_roundtrip ... ok
[INFO] [stdout] test dns::tests::extracts_well_known_prefix ... ok
[INFO] [stdout] test dns::tests::extracts_network_specific_prefix ... ok
[INFO] [stdout] test proto::tests::udp_short_length_rejected ... ok
[INFO] [stdout] test proto::tests::tcp_roundtrip_with_options ... ok
[INFO] [stdout] test flow::tests::mark_closing_unindexes_flow ... ok
[INFO] [stdout] test proto::tests::udp_checksum_matches_known_packet ... ok
[INFO] [stdout] test dns::tests::no_dns64_synthesis ... ok
[INFO] [stdout] test tests::nat64_target_embeds_v4_into_prefix ... ok
[INFO] [stdout] test tests::non_public_destinations ... ok
[INFO] [stdout] 
[INFO] [stdout] test result: ok. 22 passed; 0 failed; 0 ignored; 0 measured; 0 filtered out; finished in 0.01s
[INFO] [stdout] 
[INFO] [stderr]      Running tests/differential.rs (/opt/rustwide/target/release/deps/differential-bcd3136d5f211b6e)
[INFO] [stderr]      Running tests/netns.rs (/opt/rustwide/target/release/deps/netns-b493a8537d1e53fc)
[INFO] [stdout] 
[INFO] [stdout] running 2 tests
[INFO] [stdout] test differential_traffic ... ignored, differential fuzz, run explicitly
[INFO] [stdout] test frame_fuzz ... ignored, differential fuzz, run explicitly
[INFO] [stdout] 
[INFO] [stdout] test result: ok. 0 passed; 0 failed; 2 ignored; 0 measured; 0 filtered out; finished in 0.00s
[INFO] [stdout] 
[INFO] [stdout] 
[INFO] [stdout] running 9 tests
[INFO] [stdout] test bench ... ignored, benchmark, run explicitly
[INFO] [stdout] test bench_quic ... ignored, benchmark, run explicitly
[INFO] [stdout] test bench_udp ... ignored, benchmark, run explicitly
[INFO] [stdout] test udp_unreachable ... ok
[INFO] [stdout] test datapath ... ok
[INFO] [stdout] test nat64 ... ok
[INFO] [stdout] test flow_pressure ... ok
[INFO] [stdout] test flow_filter ... ok
[INFO] [stdout] test lossy_download ... ok
[INFO] [stdout] 
[INFO] [stdout] test result: ok. 6 passed; 0 failed; 3 ignored; 0 measured; 0 filtered out; finished in 0.01s
[INFO] [stdout] 
[INFO] [stderr]      Running tests/stop.rs (/opt/rustwide/target/release/deps/stop-fe380db9e82c8e7e)
[INFO] [stdout] 
[INFO] [stdout] running 2 tests
[INFO] [stdout] test stop_peer_hangs_up_when_presto_drops ... ok
[INFO] [stdout] test run_exits_when_the_stop_peer_closes ... FAILED
[INFO] [stdout] 
[INFO] [stdout] failures:
[INFO] [stdout] 
[INFO] [stdout] ---- run_exits_when_the_stop_peer_closes stdout ----
[INFO] [stdout] 
[INFO] [stdout] thread 'run_exits_when_the_stop_peer_closes' (502) panicked at tests/stop.rs:23:5:
[INFO] [stdout] run() exited before the stop fd fired
[INFO] [stdout] stack backtrace:
[INFO] [stdout]    0:     0x56c5940965e1 - <<std[70759c8f55707aa4]::sys::backtrace::BacktraceLock>::print::DisplayBacktrace as core[df12db4294e9bfd3]::fmt::Display>::fmt
[INFO] [stdout]    1:     0x56c5940aadaa - core[df12db4294e9bfd3]::fmt::write
[INFO] [stdout]    2:     0x56c59409aa7c - <alloc[2182bb758b4b3781]::vec::Vec<u8> as core[df12db4294e9bfd3]::io::write::Write>::write_fmt
[INFO] [stdout]    3:     0x56c594072376 - std[70759c8f55707aa4]::panicking::default_hook::{closure#0}
[INFO] [stdout]    4:     0x56c59408e5f9 - std[70759c8f55707aa4]::panicking::default_hook
[INFO] [stdout]    5:     0x56c59402a420 - test[9d35eded1c95d3be]::test_main_inner::<test[9d35eded1c95d3be]::test_main_static::{closure#0}>::{closure#0}
[INFO] [stdout]    6:     0x56c59408e7b2 - std[70759c8f55707aa4]::panicking::panic_with_hook
[INFO] [stdout]    7:     0x56c594072454 - std[70759c8f55707aa4]::panicking::panic_handler::{closure#0}
[INFO] [stdout]    8:     0x56c59406b019 - std[70759c8f55707aa4]::sys::backtrace::__rust_end_short_backtrace::<std[70759c8f55707aa4]::panicking::panic_handler::{closure#0}, !>
[INFO] [stdout]    9:     0x56c59407301d - __rustc[8fa7c3cbc660c2b3]::rust_begin_unwind
[INFO] [stdout]   10:     0x56c5940ab4dc - core[df12db4294e9bfd3]::panicking::panic_fmt
[INFO] [stdout]   11:     0x56c59401241b - <stop[750908f66d6251d4]::run_exits_when_the_stop_peer_closes::{closure#0} as core[df12db4294e9bfd3]::ops::function::FnOnce<()>>::call_once
[INFO] [stdout]   12:     0x56c59401d70b - test[9d35eded1c95d3be]::__rust_begin_short_backtrace::<core[df12db4294e9bfd3]::result::Result<(), alloc[2182bb758b4b3781]::string::String>, fn() -> core[df12db4294e9bfd3]::result::Result<(), alloc[2182bb758b4b3781]::string::String>>
[INFO] [stdout]   13:     0x56c59402ad75 - test[9d35eded1c95d3be]::run_test::{closure#0}
[INFO] [stdout]   14:     0x56c594024634 - std[70759c8f55707aa4]::sys::backtrace::__rust_begin_short_backtrace::<test[9d35eded1c95d3be]::run_test::{closure#1}, ()>
[INFO] [stdout]   15:     0x56c59402ded2 - <std[70759c8f55707aa4]::thread::lifecycle::spawn_unchecked<test[9d35eded1c95d3be]::run_test::{closure#1}, ()>::{closure#1} as core[df12db4294e9bfd3]::ops::function::FnOnce<()>>::call_once::{shim:vtable#0}
[INFO] [stdout]   16:     0x56c5940958c9 - <std[70759c8f55707aa4]::sys::thread::unix::Thread>::new::thread_start
[INFO] [stdout]   17:     0x7ef264b6ddfa - <unknown>
[INFO] [stdout]   18:     0x7ef264c013d4 - clone
[INFO] [stdout]   19:                0x0 - <unknown>
[INFO] [stdout] 
[INFO] [stdout] 
[INFO] [stdout] failures:
[INFO] [stdout]     run_exits_when_the_stop_peer_closes
[INFO] [stdout] 
[INFO] [stdout] test result: FAILED. 1 passed; 1 failed; 0 ignored; 0 measured; 0 filtered out; finished in 0.06s
[INFO] [stdout] 
[INFO] [stderr] error: test failed, to rerun pass `--test stop`
[INFO] running `Command { std: "docker" "inspect" "ddc8964f79e1877b4b30047023cfd6f1eb7a850090a509dae6c7c2a8cd35dc53", kill_on_drop: false }`
[INFO] running `Command { std: "docker" "rm" "-f" "ddc8964f79e1877b4b30047023cfd6f1eb7a850090a509dae6c7c2a8cd35dc53", kill_on_drop: false }`
[INFO] [stdout] ddc8964f79e1877b4b30047023cfd6f1eb7a850090a509dae6c7c2a8cd35dc53
