[INFO] fetching crate preset-compliance 0.1.2...
[INFO] testing preset-compliance-0.1.2 against 1.100.0-beta.1+cargoflags=--release for beta-release-1.100-2
[INFO] extracting crate preset-compliance 0.1.2 into /workspace/builds/worker-4-tc2/source
[INFO] started tweaking crates.io crate preset-compliance 0.1.2
[INFO] finished tweaking crates.io crate preset-compliance 0.1.2
[INFO] tweaked toml for crates.io crate preset-compliance 0.1.2 written to /workspace/builds/worker-4-tc2/source/Cargo.toml
[INFO] validating manifest of crates.io crate preset-compliance 0.1.2 on toolchain 1.100.0-beta.1
[INFO] running `Command { std: CARGO_HOME="/workspace/cargo-home" RUSTUP_HOME="/workspace/rustup-home" "/workspace/cargo-home/bin/cargo" "+1.100.0-beta.1" "metadata" "--manifest-path" "Cargo.toml" "--no-deps", kill_on_drop: false }`
[INFO] crate crates.io crate preset-compliance 0.1.2 already has a lockfile, it will not be regenerated
[INFO] running `Command { std: CARGO_HOME="/workspace/cargo-home" RUSTUP_HOME="/workspace/rustup-home" "/workspace/cargo-home/bin/cargo" "+1.100.0-beta.1" "fetch" "--manifest-path" "Cargo.toml", kill_on_drop: false }`
[INFO] running `Command { std: "docker" "create" "-v" "/var/lib/crater-agent-workspace/builds/worker-4-tc2/source:/opt/rustwide/workdir:ro,Z" "-v" "/var/lib/crater-agent-workspace/builds/worker-4-tc2/target:/opt/rustwide/target:rw,Z" "-v" "/var/lib/crater-agent-workspace/cargo-home:/opt/rustwide/cargo-home:ro,Z" "-v" "/var/lib/crater-agent-workspace/rustup-home:/opt/rustwide/rustup-home:ro,Z" "-m" "1610612736" "--network" "none" "ghcr.io/rust-lang/crates-build-env/linux@sha256:77db811e55d90add9212f6832c23229e3de5f1c1f9905e8cb07319ea15df73ac" "sleep" "infinity", kill_on_drop: false }`
[INFO] [stdout] 413385a76904b6cc325dab7333730e747ab547f880a0bbeea94c5bd0b83520de
[INFO] running `Command { std: "docker" "start" "413385a76904b6cc325dab7333730e747ab547f880a0bbeea94c5bd0b83520de", kill_on_drop: false }`
[INFO] running `Command { std: "docker" "inspect" "413385a76904b6cc325dab7333730e747ab547f880a0bbeea94c5bd0b83520de", kill_on_drop: false }`
[INFO] running `Command { std: "docker" "exec" "-e" "SOURCE_DIR=/opt/rustwide/workdir" "-e" "CARGO_HOME=/opt/rustwide/cargo-home" "-e" "RUSTUP_HOME=/opt/rustwide/rustup-home" "-e" "CARGO_TARGET_DIR=/opt/rustwide/target" "-w" "/opt/rustwide/workdir" "--user" "0:0" "413385a76904b6cc325dab7333730e747ab547f880a0bbeea94c5bd0b83520de" "/opt/rustwide/cargo-home/bin/cargo" "+1.100.0-beta.1" "metadata" "--no-deps" "--format-version=1", kill_on_drop: false }`
[INFO] running `Command { std: "docker" "inspect" "413385a76904b6cc325dab7333730e747ab547f880a0bbeea94c5bd0b83520de", kill_on_drop: false }`
[INFO] running `Command { std: "docker" "exec" "-e" "SOURCE_DIR=/opt/rustwide/workdir" "-e" "CARGO_HOME=/opt/rustwide/cargo-home" "-e" "RUSTUP_HOME=/opt/rustwide/rustup-home" "-e" "CARGO_TARGET_DIR=/opt/rustwide/target" "-e" "CARGO_INCREMENTAL=0" "-e" "RUST_BACKTRACE=full" "-e" "RUSTFLAGS=--cap-lints=warn" "-e" "RUSTDOCFLAGS=--cap-lints=warn" "-w" "/opt/rustwide/workdir" "--user" "0:0" "413385a76904b6cc325dab7333730e747ab547f880a0bbeea94c5bd0b83520de" "/opt/rustwide/cargo-home/bin/cargo" "+1.100.0-beta.1" "build" "--frozen" "--message-format=json" "--release", kill_on_drop: false }`
[INFO] [stderr]    Compiling zeroize v1.9.0
[INFO] [stderr]    Compiling httparse v1.10.1
[INFO] [stderr]    Compiling cc v1.5.1
[INFO] [stderr]    Compiling getrandom v0.2.17
[INFO] [stderr]    Compiling rustls v0.23.45
[INFO] [stderr]    Compiling http v1.5.0
[INFO] [stderr]    Compiling winnow v1.0.4
[INFO] [stderr]    Compiling clap_lex v1.1.1
[INFO] [stderr]    Compiling annotate-snippets v0.12.16
[INFO] [stderr]    Compiling clap_derive v4.6.7
[INFO] [stderr]    Compiling serde_spanned v1.1.1
[INFO] [stderr]    Compiling toml_datetime v1.1.1+spec-1.1.0
[INFO] [stderr]    Compiling utf8-zero v0.8.1
[INFO] [stderr]    Compiling toml_writer v1.1.2+spec-1.1.0
[INFO] [stderr]    Compiling serde_json v1.0.151
[INFO] [stderr]    Compiling serde v1.0.229
[INFO] [stderr]    Compiling spdx v0.13.5
[INFO] [stderr]    Compiling semver v1.0.28
[INFO] [stderr]    Compiling rustls-pki-types v1.15.1
[INFO] [stderr]    Compiling clap_builder v4.6.7
[INFO] [stderr]    Compiling toml_parser v1.1.3+spec-1.1.0
[INFO] [stderr]    Compiling webpki-roots v1.0.9
[INFO] [stderr]    Compiling serde-saphyr v1.1.0
[INFO] [stderr]    Compiling ureq-proto v0.6.4
[INFO] [stderr]    Compiling toml v1.1.6+spec-1.1.0
[INFO] [stderr]    Compiling ring v0.17.14
[INFO] [stderr]    Compiling clap v4.6.7
[INFO] [stderr]    Compiling rustls-webpki v0.103.15
[INFO] [stderr]    Compiling ureq v3.4.2
[INFO] [stderr]    Compiling preset-compliance v0.1.2 (/opt/rustwide/workdir)
[INFO] [stderr]     Finished `release` profile [optimized] target(s) in 1m 16s
[INFO] running `Command { std: "docker" "inspect" "413385a76904b6cc325dab7333730e747ab547f880a0bbeea94c5bd0b83520de", kill_on_drop: false }`
[INFO] running `Command { std: "docker" "exec" "-e" "SOURCE_DIR=/opt/rustwide/workdir" "-e" "CARGO_HOME=/opt/rustwide/cargo-home" "-e" "RUSTUP_HOME=/opt/rustwide/rustup-home" "-e" "CARGO_TARGET_DIR=/opt/rustwide/target" "-e" "CARGO_INCREMENTAL=0" "-e" "RUST_BACKTRACE=full" "-e" "RUSTFLAGS=--cap-lints=warn" "-e" "RUSTDOCFLAGS=--cap-lints=warn" "-w" "/opt/rustwide/workdir" "--user" "0:0" "413385a76904b6cc325dab7333730e747ab547f880a0bbeea94c5bd0b83520de" "/opt/rustwide/cargo-home/bin/cargo" "+1.100.0-beta.1" "test" "--frozen" "--no-run" "--message-format=json" "--release", kill_on_drop: false }`
[INFO] [stderr]    Compiling tempfile v3.27.0
[INFO] [stderr]    Compiling preset-compliance v0.1.2 (/opt/rustwide/workdir)
[INFO] [stderr]     Finished `release` profile [optimized] target(s) in 19.56s
[INFO] running `Command { std: "docker" "inspect" "413385a76904b6cc325dab7333730e747ab547f880a0bbeea94c5bd0b83520de", kill_on_drop: false }`
[INFO] running `Command { std: "docker" "exec" "-e" "SOURCE_DIR=/opt/rustwide/workdir" "-e" "CARGO_HOME=/opt/rustwide/cargo-home" "-e" "RUSTUP_HOME=/opt/rustwide/rustup-home" "-e" "CARGO_TARGET_DIR=/opt/rustwide/target" "-e" "CARGO_INCREMENTAL=0" "-e" "RUST_BACKTRACE=full" "-e" "RUSTFLAGS=--cap-lints=warn" "-e" "RUSTDOCFLAGS=--cap-lints=warn" "-w" "/opt/rustwide/workdir" "--user" "0:0" "413385a76904b6cc325dab7333730e747ab547f880a0bbeea94c5bd0b83520de" "/opt/rustwide/cargo-home/bin/cargo" "+1.100.0-beta.1" "test" "--frozen" "--release", kill_on_drop: false }`
[INFO] [stderr]     Finished `release` profile [optimized] target(s) in 0.14s
[INFO] [stderr]      Running unittests src/main.rs (/opt/rustwide/target/release/build/preset-compliance/72607905c2f6cf73/out/preset_compliance-72607905c2f6cf73)
[INFO] [stdout] 
[INFO] [stdout] running 58 tests
[INFO] [stdout] test adapters::pnpm::tests::declared_licence_forms ... ok
[INFO] [stdout] test adapters::cargo::tests::inputs_are_relative ... ok
[INFO] [stdout] test adapters::pnpm::tests::importer_sections_set_scope_and_strongest_wins ... ok
[INFO] [stdout] test adapters::pnpm::tests::scoped_keys_split_on_the_last_at ... ok
[INFO] [stdout] test adapters::cargo::tests::workspace_members_are_not_judged ... ok
[INFO] [stdout] test adapters::pnpm::tests::optional_platform_packages_are_judged ... ok
[INFO] [stdout] test adapters::uv::tests::declared_licence_forms ... ok
[INFO] [stdout] test adapters::cargo::tests::scopes_follow_edges ... ok
[INFO] [stdout] test check::tests::edited_lockfile_is_stale ... ok
[INFO] [stdout] test check::tests::clarified_licence_is_what_the_pin_is_matched_against ... ok
[INFO] [stdout] test adapters::cargo::tests::sources_carry_no_local_paths ... ok
[INFO] [stdout] test adapters::uv::tests::network_failure_is_an_error_not_empty_licences ... FAILED
[INFO] [stdout] test check::tests::dual_licence_is_not_the_pinned_licence ... ok
[INFO] [stdout] test check::tests::preset_exception_applies_and_is_counted_apart ... ok
[INFO] [stdout] test check::tests::new_lockfile_is_unrecorded ... ok
[INFO] [stdout] test check::tests::repo_exception_for_a_preset_excepted_crate_is_redundant ... ok
[INFO] [stdout] test check::tests::relicensed_package_fails_despite_the_preset_exception ... ok
[INFO] [stdout] test check::tests::permissive_1_ignores_preset_exceptions_entirely ... ok
[INFO] [stdout] test check::tests::mpl_is_fine_in_build_but_not_shipped ... ok
[INFO] [stdout] test config::tests::selector_version_ranges ... ok
[INFO] [stdout] test adapters::uv::tests::scope_comes_from_roots_and_groups ... FAILED
[INFO] [stdout] test check::tests::missing_licence_fails_until_clarified ... ok
[INFO] [stdout] test check::tests::repo_exception_still_covers_a_relicensed_preset_crate ... ok
[INFO] [stdout] test config::tests::exception_needs_a_reason ... ok
[INFO] [stdout] test adapters::uv::tests::own_packages_are_followed_not_judged ... FAILED
[INFO] [stdout] test check::tests::preset_exceptions_are_not_unused_in_a_repo_without_those_crates ... ok
[INFO] [stdout] test adapters::uv::tests::unusable_locks_are_refused ... ok
[INFO] [stdout] test config::tests::unknown_keys_are_refused ... ok
[INFO] [stdout] test licence::tests::and_needs_every_term ... ok
[INFO] [stdout] test adapters::pnpm::tests::peers_aliases_and_links ... ok
[INFO] [stdout] test licence::tests::trove_names_map_to_spdx_ids ... ok
[INFO] [stdout] test adapters::uv::tests::verdicts_need_clarify_for_free_text_and_missing ... FAILED
[INFO] [stdout] test onboard::tests::justfile_gets_recipe_and_check_calls_it ... ok
[INFO] [stdout] test licence::tests::classifier_names_map_to_spdx ... ok
[INFO] [stdout] test licence::tests::or_needs_one_allowed_branch ... ok
[INFO] [stdout] test licence::tests::slash_is_or ... ok
[INFO] [stdout] test licence::tests::with_exception_is_its_own_entry ... ok
[INFO] [stdout] test lock::tests::render_is_order_independent_and_round_trips ... ok
[INFO] [stdout] test check::tests::exceptions_apply_and_unused_ones_are_reported ... ok
[INFO] [stdout] test adapters::uv::tests::licence_sources_in_order_of_trust ... FAILED
[INFO] [stdout] test onboard::tests::init_writes_the_default_preset_and_it_loads ... ok
[INFO] [stdout] test licence::tests::every_mapping_is_valid_spdx ... ok
[INFO] [stdout] test onboard::tests::add_ci_writes_a_standalone_workflow_when_nothing_runs_just_check ... ok
[INFO] [stdout] test preset::tests::permissive_2_lists_match_permissive_1 ... ok
[INFO] [stdout] test preset::tests::unpinned_preset_is_refused ... ok
[INFO] [stdout] test detect::tests::finds_lockfiles_and_skips_installed_trees ... ok
[INFO] [stdout] test preset::tests::permissive_2_loads_with_the_four_mpl_exceptions ... ok
[INFO] [stdout] test preset::tests::unknown_preset_is_refused ... ok
[INFO] [stdout] test onboard::tests::lefthook_without_pre_commit_gets_one ... ok
[INFO] [stdout] test onboard::tests::lefthook_command_joins_an_existing_pre_commit ... ok
[INFO] [stdout] test config::tests::trailing_star_matches_a_prefix ... ok
[INFO] [stdout] test onboard::tests::recipe_names_ignore_bodies_and_settings ... ok
[INFO] [stdout] test preset::tests::every_built_in_entry_is_valid_spdx ... ok
[INFO] [stdout] test preset::tests::permissive_1_has_no_exceptions ... ok
[INFO] [stdout] test preset::tests::permissive_1_loads ... ok
[INFO] [stdout] test licence::tests::allowlist_entries_are_validated ... ok
[INFO] [stdout] test onboard::tests::workflow_installs_before_each_just_check ... ok
[INFO] [stdout] test licence::tests::unparseable_fails_closed ... ok
[INFO] [stdout] 
[INFO] [stdout] failures:
[INFO] [stdout] 
[INFO] [stdout] ---- adapters::uv::tests::network_failure_is_an_error_not_empty_licences stdout ----
[INFO] [stdout] 
[INFO] [stdout] thread 'adapters::uv::tests::network_failure_is_an_error_not_empty_licences' (1002) panicked at src/adapters/uv.rs:581:9:
[INFO] [stdout] reading uv.lock: No such file or directory (os error 2)
[INFO] [stdout] stack backtrace:
[INFO] [stdout]    0:     0x611d7b6ffcc1 - <<std[617be2ca0a6fd877]::sys::backtrace::BacktraceLock>::print::DisplayBacktrace as core[a373ad73a504971]::fmt::Display>::fmt
[INFO] [stdout]    1:     0x611d7b715e3a - core[a373ad73a504971]::fmt::write
[INFO] [stdout]    2:     0x611d7b70473c - <alloc[2e1b2a31b91974c5]::vec::Vec<u8> as core[a373ad73a504971]::io::write::Write>::write_fmt
[INFO] [stdout]    3:     0x611d7b6d9386 - std[617be2ca0a6fd877]::panicking::default_hook::{closure#0}
[INFO] [stdout]    4:     0x611d7b6f6f09 - std[617be2ca0a6fd877]::panicking::default_hook
[INFO] [stdout]    5:     0x611d7b67f460 - test[aada8e7e76ba119b]::test_main_inner::{closure#0}
[INFO] [stdout]    6:     0x611d7b6f7232 - std[617be2ca0a6fd877]::panicking::panic_with_hook
[INFO] [stdout]    7:     0x611d7b6d9432 - std[617be2ca0a6fd877]::panicking::panic_handler::{closure#0}
[INFO] [stdout]    8:     0x611d7b6d1869 - std[617be2ca0a6fd877]::sys::backtrace::__rust_end_short_backtrace::<std[617be2ca0a6fd877]::panicking::panic_handler::{closure#0}, !>
[INFO] [stdout]    9:     0x611d7b6da14d - __rustc[ea4f61d10b84890b]::rust_begin_unwind
[INFO] [stdout]   10:     0x611d7b7165dc - core[a373ad73a504971]::panicking::panic_fmt
[INFO] [stdout]   11:     0x611d7b51e3a7 - <preset_compliance[61b02ece7ce5fd8]::adapters::uv::tests::network_failure_is_an_error_not_empty_licences::{closure#0} as core[a373ad73a504971]::ops::function::FnOnce<()>>::call_once
[INFO] [stdout]   12:     0x611d7b6728ab - test[aada8e7e76ba119b]::__rust_begin_short_backtrace::<core[a373ad73a504971]::result::Result<(), alloc[2e1b2a31b91974c5]::string::String>, fn() -> core[a373ad73a504971]::result::Result<(), alloc[2e1b2a31b91974c5]::string::String>>
[INFO] [stdout]   13:     0x611d7b67fa85 - test[aada8e7e76ba119b]::run_test::{closure#0}
[INFO] [stdout]   14:     0x611d7b679374 - std[617be2ca0a6fd877]::sys::backtrace::__rust_begin_short_backtrace::<test[aada8e7e76ba119b]::run_test::{closure#1}, ()>
[INFO] [stdout]   15:     0x611d7b682b12 - <std[617be2ca0a6fd877]::thread::lifecycle::spawn_unchecked<test[aada8e7e76ba119b]::run_test::{closure#1}, ()>::{closure#1} as core[a373ad73a504971]::ops::function::FnOnce<()>>::call_once::{shim:vtable#0}
[INFO] [stdout]   16:     0x611d7b6fecbf - <std[617be2ca0a6fd877]::sys::thread::unix::Thread>::new::thread_start
[INFO] [stdout]   17:     0x7ed4432e5dfa - <unknown>
[INFO] [stdout]   18:     0x7ed4433793d4 - clone
[INFO] [stdout]   19:                0x0 - <unknown>
[INFO] [stdout] 
[INFO] [stdout] ---- adapters::uv::tests::scope_comes_from_roots_and_groups stdout ----
[INFO] [stdout] 
[INFO] [stdout] thread 'adapters::uv::tests::scope_comes_from_roots_and_groups' (1004) panicked at src/adapters/uv.rs:441:14:
[INFO] [stdout] called `Result::unwrap()` on an `Err` value: reading uv.lock
[INFO] [stdout] 
[INFO] [stdout] Caused by:
[INFO] [stdout]     No such file or directory (os error 2)
[INFO] [stdout] 
[INFO] [stdout] Stack backtrace:
[INFO] [stdout]    0: <core::io::error::Error as anyhow::context::ext::StdError>::ext_context::<alloc::string::String>
[INFO] [stdout]    1: <preset_compliance::adapters::uv::Uv as preset_compliance::adapters::Adapter>::resolve
[INFO] [stdout]    2: preset_compliance::adapters::uv::tests::resolved
[INFO] [stdout]    3: <preset_compliance::adapters::uv::tests::scope_comes_from_roots_and_groups::{closure#0} as core::ops::function::FnOnce<()>>::call_once
[INFO] [stdout]    4: test::__rust_begin_short_backtrace::<core::result::Result<(), alloc::string::String>, fn() -> core::result::Result<(), alloc::string::String>>
[INFO] [stdout]    5: test::run_test::{closure#0}
[INFO] [stdout]    6: std::sys::backtrace::__rust_begin_short_backtrace::<test::run_test::{closure#1}, ()>
[INFO] [stdout]    7: <std::thread::lifecycle::spawn_unchecked<test::run_test::{closure#1}, ()>::{closure#1} as core::ops::function::FnOnce<()>>::call_once::{shim:vtable#0}
[INFO] [stdout]    8: <std::sys::thread::unix::Thread>::new::thread_start
[INFO] [stdout]    9: <unknown>
[INFO] [stdout]   10: clone
[INFO] [stdout] stack backtrace:
[INFO] [stdout]    0:     0x611d7b6ffcc1 - <<std[617be2ca0a6fd877]::sys::backtrace::BacktraceLock>::print::DisplayBacktrace as core[a373ad73a504971]::fmt::Display>::fmt
[INFO] [stdout]    1:     0x611d7b715e3a - core[a373ad73a504971]::fmt::write
[INFO] [stdout]    2:     0x611d7b70473c - <alloc[2e1b2a31b91974c5]::vec::Vec<u8> as core[a373ad73a504971]::io::write::Write>::write_fmt
[INFO] [stdout]    3:     0x611d7b6d9386 - std[617be2ca0a6fd877]::panicking::default_hook::{closure#0}
[INFO] [stdout]    4:     0x611d7b6f6f09 - std[617be2ca0a6fd877]::panicking::default_hook
[INFO] [stdout]    5:     0x611d7b67f460 - test[aada8e7e76ba119b]::test_main_inner::{closure#0}
[INFO] [stdout]    6:     0x611d7b6f7232 - std[617be2ca0a6fd877]::panicking::panic_with_hook
[INFO] [stdout]    7:     0x611d7b6d9432 - std[617be2ca0a6fd877]::panicking::panic_handler::{closure#0}
[INFO] [stdout]    8:     0x611d7b6d1869 - std[617be2ca0a6fd877]::sys::backtrace::__rust_end_short_backtrace::<std[617be2ca0a6fd877]::panicking::panic_handler::{closure#0}, !>
[INFO] [stdout]    9:     0x611d7b6da14d - __rustc[ea4f61d10b84890b]::rust_begin_unwind
[INFO] [stdout]   10:     0x611d7b7165dc - core[a373ad73a504971]::panicking::panic_fmt
[INFO] [stdout]   11:     0x611d7b7163b2 - core[a373ad73a504971]::result::unwrap_failed
[INFO] [stdout]   12:     0x611d7b516ee0 - preset_compliance[61b02ece7ce5fd8]::adapters::uv::tests::resolved
[INFO] [stdout]   13:     0x611d7b51d918 - <preset_compliance[61b02ece7ce5fd8]::adapters::uv::tests::scope_comes_from_roots_and_groups::{closure#0} as core[a373ad73a504971]::ops::function::FnOnce<()>>::call_once
[INFO] [stdout]   14:     0x611d7b6728ab - test[aada8e7e76ba119b]::__rust_begin_short_backtrace::<core[a373ad73a504971]::result::Result<(), alloc[2e1b2a31b91974c5]::string::String>, fn() -> core[a373ad73a504971]::result::Result<(), alloc[2e1b2a31b91974c5]::string::String>>
[INFO] [stdout]   15:     0x611d7b67fa85 - test[aada8e7e76ba119b]::run_test::{closure#0}
[INFO] [stdout]   16:     0x611d7b679374 - std[617be2ca0a6fd877]::sys::backtrace::__rust_begin_short_backtrace::<test[aada8e7e76ba119b]::run_test::{closure#1}, ()>
[INFO] [stdout]   17:     0x611d7b682b12 - <std[617be2ca0a6fd877]::thread::lifecycle::spawn_unchecked<test[aada8e7e76ba119b]::run_test::{closure#1}, ()>::{closure#1} as core[a373ad73a504971]::ops::function::FnOnce<()>>::call_once::{shim:vtable#0}
[INFO] [stdout]   18:     0x611d7b6fecbf - <std[617be2ca0a6fd877]::sys::thread::unix::Thread>::new::thread_start
[INFO] [stdout]   19:     0x7ed4432e5dfa - <unknown>
[INFO] [stdout]   20:     0x7ed4433793d4 - clone
[INFO] [stdout]   21:                0x0 - <unknown>
[INFO] [stdout] 
[INFO] [stdout] ---- adapters::uv::tests::own_packages_are_followed_not_judged stdout ----
[INFO] [stdout] 
[INFO] [stdout] thread 'adapters::uv::tests::own_packages_are_followed_not_judged' (1003) panicked at src/adapters/uv.rs:441:14:
[INFO] [stdout] called `Result::unwrap()` on an `Err` value: reading uv.lock
[INFO] [stdout] 
[INFO] [stdout] Caused by:
[INFO] [stdout]     No such file or directory (os error 2)
[INFO] [stdout] 
[INFO] [stdout] Stack backtrace:
[INFO] [stdout]    0: <core::io::error::Error as anyhow::context::ext::StdError>::ext_context::<alloc::string::String>
[INFO] [stdout]    1: <preset_compliance::adapters::uv::Uv as preset_compliance::adapters::Adapter>::resolve
[INFO] [stdout]    2: preset_compliance::adapters::uv::tests::resolved
[INFO] [stdout]    3: <preset_compliance::adapters::uv::tests::own_packages_are_followed_not_judged::{closure#0} as core::ops::function::FnOnce<()>>::call_once
[INFO] [stdout]    4: test::__rust_begin_short_backtrace::<core::result::Result<(), alloc::string::String>, fn() -> core::result::Result<(), alloc::string::String>>
[INFO] [stdout]    5: test::run_test::{closure#0}
[INFO] [stdout]    6: std::sys::backtrace::__rust_begin_short_backtrace::<test::run_test::{closure#1}, ()>
[INFO] [stdout]    7: <std::thread::lifecycle::spawn_unchecked<test::run_test::{closure#1}, ()>::{closure#1} as core::ops::function::FnOnce<()>>::call_once::{shim:vtable#0}
[INFO] [stdout]    8: <std::sys::thread::unix::Thread>::new::thread_start
[INFO] [stdout]    9: <unknown>
[INFO] [stdout]   10: clone
[INFO] [stdout] stack backtrace:
[INFO] [stdout]    0:     0x611d7b6ffcc1 - <<std[617be2ca0a6fd877]::sys::backtrace::BacktraceLock>::print::DisplayBacktrace as core[a373ad73a504971]::fmt::Display>::fmt
[INFO] [stdout]    1:     0x611d7b715e3a - core[a373ad73a504971]::fmt::write
[INFO] [stdout]    2:     0x611d7b70473c - <alloc[2e1b2a31b91974c5]::vec::Vec<u8> as core[a373ad73a504971]::io::write::Write>::write_fmt
[INFO] [stdout]    3:     0x611d7b6d9386 - std[617be2ca0a6fd877]::panicking::default_hook::{closure#0}
[INFO] [stdout]    4:     0x611d7b6f6f09 - std[617be2ca0a6fd877]::panicking::default_hook
[INFO] [stdout]    5:     0x611d7b67f460 - test[aada8e7e76ba119b]::test_main_inner::{closure#0}
[INFO] [stdout]    6:     0x611d7b6f7232 - std[617be2ca0a6fd877]::panicking::panic_with_hook
[INFO] [stdout]    7:     0x611d7b6d9432 - std[617be2ca0a6fd877]::panicking::panic_handler::{closure#0}
[INFO] [stdout]    8:     0x611d7b6d1869 - std[617be2ca0a6fd877]::sys::backtrace::__rust_end_short_backtrace::<std[617be2ca0a6fd877]::panicking::panic_handler::{closure#0}, !>
[INFO] [stdout]    9:     0x611d7b6da14d - __rustc[ea4f61d10b84890b]::rust_begin_unwind
[INFO] [stdout]   10:     0x611d7b7165dc - core[a373ad73a504971]::panicking::panic_fmt
[INFO] [stdout]   11:     0x611d7b7163b2 - core[a373ad73a504971]::result::unwrap_failed
[INFO] [stdout]   12:     0x611d7b516ee0 - preset_compliance[61b02ece7ce5fd8]::adapters::uv::tests::resolved
[INFO] [stdout]   13:     0x611d7b51ddab - <preset_compliance[61b02ece7ce5fd8]::adapters::uv::tests::own_packages_are_followed_not_judged::{closure#0} as core[a373ad73a504971]::ops::function::FnOnce<()>>::call_once
[INFO] [stdout]   14:     0x611d7b6728ab - test[aada8e7e76ba119b]::__rust_begin_short_backtrace::<core[a373ad73a504971]::result::Result<(), alloc[2e1b2a31b91974c5]::string::String>, fn() -> core[a373ad73a504971]::result::Result<(), alloc[2e1b2a31b91974c5]::string::String>>
[INFO] [stdout]   15:     0x611d7b67fa85 - test[aada8e7e76ba119b]::run_test::{closure#0}
[INFO] [stdout]   16:     0x611d7b679374 - std[617be2ca0a6fd877]::sys::backtrace::__rust_begin_short_backtrace::<test[aada8e7e76ba119b]::run_test::{closure#1}, ()>
[INFO] [stdout]   17:     0x611d7b682b12 - <std[617be2ca0a6fd877]::thread::lifecycle::spawn_unchecked<test[aada8e7e76ba119b]::run_test::{closure#1}, ()>::{closure#1} as core[a373ad73a504971]::ops::function::FnOnce<()>>::call_once::{shim:vtable#0}
[INFO] [stdout]   18:     0x611d7b6fecbf - <std[617be2ca0a6fd877]::sys::thread::unix::Thread>::new::thread_start
[INFO] [stdout]   19:     0x7ed4432e5dfa - <unknown>
[INFO] [stdout]   20:     0x7ed4433793d4 - clone
[INFO] [stdout]   21:                0x0 - <unknown>
[INFO] [stdout] 
[INFO] [stdout] ---- adapters::uv::tests::verdicts_need_clarify_for_free_text_and_missing stdout ----
[INFO] [stdout] 
[INFO] [stdout] thread 'adapters::uv::tests::verdicts_need_clarify_for_free_text_and_missing' (1006) panicked at src/adapters/uv.rs:441:14:
[INFO] [stdout] called `Result::unwrap()` on an `Err` value: reading uv.lock
[INFO] [stdout] 
[INFO] [stdout] Caused by:
[INFO] [stdout]     No such file or directory (os error 2)
[INFO] [stdout] 
[INFO] [stdout] Stack backtrace:
[INFO] [stdout]    0: <core::io::error::Error as anyhow::context::ext::StdError>::ext_context::<alloc::string::String>
[INFO] [stdout]    1: <preset_compliance::adapters::uv::Uv as preset_compliance::adapters::Adapter>::resolve
[INFO] [stdout]    2: preset_compliance::adapters::uv::tests::resolved
[INFO] [stdout]    3: <preset_compliance::adapters::uv::tests::verdicts_need_clarify_for_free_text_and_missing::{closure#0} as core::ops::function::FnOnce<()>>::call_once
[INFO] [stdout]    4: test::__rust_begin_short_backtrace::<core::result::Result<(), alloc::string::String>, fn() -> core::result::Result<(), alloc::string::String>>
[INFO] [stdout]    5: test::run_test::{closure#0}
[INFO] [stdout]    6: std::sys::backtrace::__rust_begin_short_backtrace::<test::run_test::{closure#1}, ()>
[INFO] [stdout]    7: <std::thread::lifecycle::spawn_unchecked<test::run_test::{closure#1}, ()>::{closure#1} as core::ops::function::FnOnce<()>>::call_once::{shim:vtable#0}
[INFO] [stdout]    8: <std::sys::thread::unix::Thread>::new::thread_start
[INFO] [stdout]    9: <unknown>
[INFO] [stdout]   10: clone
[INFO] [stdout] stack backtrace:
[INFO] [stdout]    0:     0x611d7b6ffcc1 - <<std[617be2ca0a6fd877]::sys::backtrace::BacktraceLock>::print::DisplayBacktrace as core[a373ad73a504971]::fmt::Display>::fmt
[INFO] [stdout]    1:     0x611d7b715e3a - core[a373ad73a504971]::fmt::write
[INFO] [stdout]    2:     0x611d7b70473c - <alloc[2e1b2a31b91974c5]::vec::Vec<u8> as core[a373ad73a504971]::io::write::Write>::write_fmt
[INFO] [stdout]    3:     0x611d7b6d9386 - std[617be2ca0a6fd877]::panicking::default_hook::{closure#0}
[INFO] [stdout]    4:     0x611d7b6f6f09 - std[617be2ca0a6fd877]::panicking::default_hook
[INFO] [stdout]    5:     0x611d7b67f460 - test[aada8e7e76ba119b]::test_main_inner::{closure#0}
[INFO] [stdout]    6:     0x611d7b6f7232 - std[617be2ca0a6fd877]::panicking::panic_with_hook
[INFO] [stdout]    7:     0x611d7b6d9432 - std[617be2ca0a6fd877]::panicking::panic_handler::{closure#0}
[INFO] [stdout]    8:     0x611d7b6d1869 - std[617be2ca0a6fd877]::sys::backtrace::__rust_end_short_backtrace::<std[617be2ca0a6fd877]::panicking::panic_handler::{closure#0}, !>
[INFO] [stdout]    9:     0x611d7b6da14d - __rustc[ea4f61d10b84890b]::rust_begin_unwind
[INFO] [stdout]   10:     0x611d7b7165dc - core[a373ad73a504971]::panicking::panic_fmt
[INFO] [stdout]   11:     0x611d7b7163b2 - core[a373ad73a504971]::result::unwrap_failed
[INFO] [stdout]   12:     0x611d7b516ee0 - preset_compliance[61b02ece7ce5fd8]::adapters::uv::tests::resolved
[INFO] [stdout]   13:     0x611d7b51e44d - <preset_compliance[61b02ece7ce5fd8]::adapters::uv::tests::verdicts_need_clarify_for_free_text_and_missing::{closure#0} as core[a373ad73a504971]::ops::function::FnOnce<()>>::call_once
[INFO] [stdout]   14:     0x611d7b6728ab - test[aada8e7e76ba119b]::__rust_begin_short_backtrace::<core[a373ad73a504971]::result::Result<(), alloc[2e1b2a31b91974c5]::string::String>, fn() -> core[a373ad73a504971]::result::Result<(), alloc[2e1b2a31b91974c5]::string::String>>
[INFO] [stdout]   15:     0x611d7b67fa85 - test[aada8e7e76ba119b]::run_test::{closure#0}
[INFO] [stdout]   16:     0x611d7b679374 - std[617be2ca0a6fd877]::sys::backtrace::__rust_begin_short_backtrace::<test[aada8e7e76ba119b]::run_test::{closure#1}, ()>
[INFO] [stdout]   17:     0x611d7b682b12 - <std[617be2ca0a6fd877]::thread::lifecycle::spawn_unchecked<test[aada8e7e76ba119b]::run_test::{closure#1}, ()>::{closure#1} as core[a373ad73a504971]::ops::function::FnOnce<()>>::call_once::{shim:vtable#0}
[INFO] [stdout]   18:     0x611d7b6fecbf - <std[617be2ca0a6fd877]::sys::thread::unix::Thread>::new::thread_start
[INFO] [stdout]   19:     0x7ed4432e5dfa - <unknown>
[INFO] [stdout]   20:     0x7ed4433793d4 - clone
[INFO] [stdout]   21:                0x0 - <unknown>
[INFO] [stdout] 
[INFO] [stdout] ---- adapters::uv::tests::licence_sources_in_order_of_trust stdout ----
[INFO] [stdout] 
[INFO] [stdout] thread 'adapters::uv::tests::licence_sources_in_order_of_trust' (1001) panicked at src/adapters/uv.rs:441:14:
[INFO] [stdout] called `Result::unwrap()` on an `Err` value: reading uv.lock
[INFO] [stdout] 
[INFO] [stdout] Caused by:
[INFO] [stdout]     No such file or directory (os error 2)
[INFO] [stdout] 
[INFO] [stdout] Stack backtrace:
[INFO] [stdout]    0: <core::io::error::Error as anyhow::context::ext::StdError>::ext_context::<alloc::string::String>
[INFO] [stdout]    1: <preset_compliance::adapters::uv::Uv as preset_compliance::adapters::Adapter>::resolve
[INFO] [stdout]    2: preset_compliance::adapters::uv::tests::resolved
[INFO] [stdout]    3: <preset_compliance::adapters::uv::tests::licence_sources_in_order_of_trust::{closure#0} as core::ops::function::FnOnce<()>>::call_once
[INFO] [stdout]    4: test::__rust_begin_short_backtrace::<core::result::Result<(), alloc::string::String>, fn() -> core::result::Result<(), alloc::string::String>>
[INFO] [stdout]    5: test::run_test::{closure#0}
[INFO] [stdout]    6: std::sys::backtrace::__rust_begin_short_backtrace::<test::run_test::{closure#1}, ()>
[INFO] [stdout]    7: <std::thread::lifecycle::spawn_unchecked<test::run_test::{closure#1}, ()>::{closure#1} as core::ops::function::FnOnce<()>>::call_once::{shim:vtable#0}
[INFO] [stdout]    8: <std::sys::thread::unix::Thread>::new::thread_start
[INFO] [stdout]    9: <unknown>
[INFO] [stdout]   10: clone
[INFO] [stdout] stack backtrace:
[INFO] [stdout]    0:     0x611d7b6ffcc1 - <<std[617be2ca0a6fd877]::sys::backtrace::BacktraceLock>::print::DisplayBacktrace as core[a373ad73a504971]::fmt::Display>::fmt
[INFO] [stdout]    1:     0x611d7b715e3a - core[a373ad73a504971]::fmt::write
[INFO] [stdout]    2:     0x611d7b70473c - <alloc[2e1b2a31b91974c5]::vec::Vec<u8> as core[a373ad73a504971]::io::write::Write>::write_fmt
[INFO] [stdout]    3:     0x611d7b6d9386 - std[617be2ca0a6fd877]::panicking::default_hook::{closure#0}
[INFO] [stdout]    4:     0x611d7b6f6f09 - std[617be2ca0a6fd877]::panicking::default_hook
[INFO] [stdout]    5:     0x611d7b67f460 - test[aada8e7e76ba119b]::test_main_inner::{closure#0}
[INFO] [stdout]    6:     0x611d7b6f7232 - std[617be2ca0a6fd877]::panicking::panic_with_hook
[INFO] [stdout]    7:     0x611d7b6d9432 - std[617be2ca0a6fd877]::panicking::panic_handler::{closure#0}
[INFO] [stdout]    8:     0x611d7b6d1869 - std[617be2ca0a6fd877]::sys::backtrace::__rust_end_short_backtrace::<std[617be2ca0a6fd877]::panicking::panic_handler::{closure#0}, !>
[INFO] [stdout]    9:     0x611d7b6da14d - __rustc[ea4f61d10b84890b]::rust_begin_unwind
[INFO] [stdout]   10:     0x611d7b7165dc - core[a373ad73a504971]::panicking::panic_fmt
[INFO] [stdout]   11:     0x611d7b7163b2 - core[a373ad73a504971]::result::unwrap_failed
[INFO] [stdout]   12:     0x611d7b516ee0 - preset_compliance[61b02ece7ce5fd8]::adapters::uv::tests::resolved
[INFO] [stdout]   13:     0x611d7b51d03b - <preset_compliance[61b02ece7ce5fd8]::adapters::uv::tests::licence_sources_in_order_of_trust::{closure#0} as core[a373ad73a504971]::ops::function::FnOnce<()>>::call_once
[INFO] [stdout]   14:     0x611d7b6728ab - test[aada8e7e76ba119b]::__rust_begin_short_backtrace::<core[a373ad73a504971]::result::Result<(), alloc[2e1b2a31b91974c5]::string::String>, fn() -> core[a373ad73a504971]::result::Result<(), alloc[2e1b2a31b91974c5]::string::String>>
[INFO] [stdout]   15:     0x611d7b67fa85 - test[aada8e7e76ba119b]::run_test::{closure#0}
[INFO] [stdout]   16:     0x611d7b679374 - std[617be2ca0a6fd877]::sys::backtrace::__rust_begin_short_backtrace::<test[aada8e7e76ba119b]::run_test::{closure#1}, ()>
[INFO] [stdout]   17:     0x611d7b682b12 - <std[617be2ca0a6fd877]::thread::lifecycle::spawn_unchecked<test[aada8e7e76ba119b]::run_test::{closure#1}, ()>::{closure#1} as core[a373ad73a504971]::ops::function::FnOnce<()>>::call_once::{shim:vtable#0}
[INFO] [stdout]   18:     0x611d7b6fecbf - <std[617be2ca0a6fd877]::sys::thread::unix::Thread>::new::thread_start
[INFO] [stdout]   19:     0x7ed4432e5dfa - <unknown>
[INFO] [stdout]   20:     0x7ed4433793d4 - clone
[INFO] [stdout]   21:                0x0 - <unknown>
[INFO] [stdout] 
[INFO] [stdout] 
[INFO] [stdout] failures:
[INFO] [stdout]     adapters::uv::tests::licence_sources_in_order_of_trust
[INFO] [stdout]     adapters::uv::tests::network_failure_is_an_error_not_empty_licences
[INFO] [stdout]     adapters::uv::tests::own_packages_are_followed_not_judged
[INFO] [stdout]     adapters::uv::tests::scope_comes_from_roots_and_groups
[INFO] [stdout]     adapters::uv::tests::verdicts_need_clarify_for_free_text_and_missing
[INFO] [stdout] 
[INFO] [stdout] test result: FAILED. 53 passed; 5 failed; 0 ignored; 0 measured; 0 filtered out; finished in 0.01s
[INFO] [stdout] 
[INFO] [stderr] error: test failed, to rerun pass `--bin preset-compliance`
[INFO] running `Command { std: "docker" "inspect" "413385a76904b6cc325dab7333730e747ab547f880a0bbeea94c5bd0b83520de", kill_on_drop: false }`
[INFO] running `Command { std: "docker" "rm" "-f" "413385a76904b6cc325dab7333730e747ab547f880a0bbeea94c5bd0b83520de", kill_on_drop: false }`
[INFO] [stdout] 413385a76904b6cc325dab7333730e747ab547f880a0bbeea94c5bd0b83520de
