[INFO] fetching crate preflate-rs 0.7.6...
[INFO] testing preflate-rs-0.7.6 against 1.99.0-beta.8+cargoflags=--release for beta-release-1.100-2
[INFO] extracting crate preflate-rs 0.7.6 into /workspace/builds/worker-0-tc1/source
[INFO] started tweaking crates.io crate preflate-rs 0.7.6
[INFO] finished tweaking crates.io crate preflate-rs 0.7.6
[INFO] tweaked toml for crates.io crate preflate-rs 0.7.6 written to /workspace/builds/worker-0-tc1/source/Cargo.toml
[INFO] validating manifest of crates.io crate preflate-rs 0.7.6 on toolchain 1.99.0-beta.8
[INFO] running `Command { std: CARGO_HOME="/workspace/cargo-home" RUSTUP_HOME="/workspace/rustup-home" "/workspace/cargo-home/bin/cargo" "+1.99.0-beta.8" "metadata" "--manifest-path" "Cargo.toml" "--no-deps", kill_on_drop: false }`
[INFO] crate crates.io crate preflate-rs 0.7.6 already has a lockfile, it will not be regenerated
[INFO] running `Command { std: CARGO_HOME="/workspace/cargo-home" RUSTUP_HOME="/workspace/rustup-home" "/workspace/cargo-home/bin/cargo" "+1.99.0-beta.8" "fetch" "--manifest-path" "Cargo.toml", kill_on_drop: false }`
[INFO] [stderr]     Updating crates.io index
[INFO] [stderr]  Downloading crates ...
[INFO] [stderr]   Downloaded default-boxed v0.2.0
[INFO] [stderr]   Downloaded default-boxed-derive v0.2.0
[INFO] [stderr]   Downloaded cabac v0.15.0
[INFO] running `Command { std: "docker" "create" "-v" "/var/lib/crater-agent-workspace/builds/worker-0-tc1/source:/opt/rustwide/workdir:ro,Z" "-v" "/var/lib/crater-agent-workspace/builds/worker-0-tc1/target:/opt/rustwide/target:rw,Z" "-v" "/var/lib/crater-agent-workspace/cargo-home:/opt/rustwide/cargo-home:ro,Z" "-v" "/var/lib/crater-agent-workspace/rustup-home:/opt/rustwide/rustup-home:ro,Z" "-m" "1610612736" "--network" "none" "ghcr.io/rust-lang/crates-build-env/linux@sha256:77db811e55d90add9212f6832c23229e3de5f1c1f9905e8cb07319ea15df73ac" "sleep" "infinity", kill_on_drop: false }`
[INFO] [stdout] 26969534a57bfbb9170651c8b18b16cdca19aa5beb1b65ca387589d80b9b3018
[INFO] running `Command { std: "docker" "start" "26969534a57bfbb9170651c8b18b16cdca19aa5beb1b65ca387589d80b9b3018", kill_on_drop: false }`
[INFO] running `Command { std: "docker" "inspect" "26969534a57bfbb9170651c8b18b16cdca19aa5beb1b65ca387589d80b9b3018", kill_on_drop: false }`
[INFO] running `Command { std: "docker" "exec" "-e" "SOURCE_DIR=/opt/rustwide/workdir" "-e" "CARGO_HOME=/opt/rustwide/cargo-home" "-e" "RUSTUP_HOME=/opt/rustwide/rustup-home" "-e" "CARGO_TARGET_DIR=/opt/rustwide/target" "-w" "/opt/rustwide/workdir" "--user" "0:0" "26969534a57bfbb9170651c8b18b16cdca19aa5beb1b65ca387589d80b9b3018" "/opt/rustwide/cargo-home/bin/cargo" "+1.99.0-beta.8" "metadata" "--no-deps" "--format-version=1", kill_on_drop: false }`
[INFO] running `Command { std: "docker" "inspect" "26969534a57bfbb9170651c8b18b16cdca19aa5beb1b65ca387589d80b9b3018", kill_on_drop: false }`
[INFO] running `Command { std: "docker" "exec" "-e" "SOURCE_DIR=/opt/rustwide/workdir" "-e" "CARGO_HOME=/opt/rustwide/cargo-home" "-e" "RUSTUP_HOME=/opt/rustwide/rustup-home" "-e" "CARGO_TARGET_DIR=/opt/rustwide/target" "-e" "CARGO_INCREMENTAL=0" "-e" "RUST_BACKTRACE=full" "-e" "RUSTFLAGS=--cap-lints=warn" "-e" "RUSTDOCFLAGS=--cap-lints=warn" "-w" "/opt/rustwide/workdir" "--user" "0:0" "26969534a57bfbb9170651c8b18b16cdca19aa5beb1b65ca387589d80b9b3018" "/opt/rustwide/cargo-home/bin/cargo" "+1.99.0-beta.8" "build" "--frozen" "--message-format=json" "--release", kill_on_drop: false }`
[INFO] [stderr]    Compiling syn v1.0.109
[INFO] [stderr]    Compiling syn v2.0.117
[INFO] [stderr]    Compiling bytemuck v1.25.0
[INFO] [stderr]    Compiling deranged v0.5.8
[INFO] [stderr]    Compiling cabac v0.15.0
[INFO] [stderr]    Compiling default-boxed-derive v0.2.0
[INFO] [stderr]    Compiling default-boxed v0.2.0
[INFO] [stderr]    Compiling bitcode_derive v0.6.9
[INFO] [stderr]    Compiling bitcode v0.6.9
[INFO] [stderr]    Compiling preflate-rs v0.7.6 (/opt/rustwide/workdir)
[INFO] [stderr]     Finished `release` profile [optimized] target(s) in 22.71s
[INFO] running `Command { std: "docker" "inspect" "26969534a57bfbb9170651c8b18b16cdca19aa5beb1b65ca387589d80b9b3018", kill_on_drop: false }`
[INFO] running `Command { std: "docker" "exec" "-e" "SOURCE_DIR=/opt/rustwide/workdir" "-e" "CARGO_HOME=/opt/rustwide/cargo-home" "-e" "RUSTUP_HOME=/opt/rustwide/rustup-home" "-e" "CARGO_TARGET_DIR=/opt/rustwide/target" "-e" "CARGO_INCREMENTAL=0" "-e" "RUST_BACKTRACE=full" "-e" "RUSTFLAGS=--cap-lints=warn" "-e" "RUSTDOCFLAGS=--cap-lints=warn" "-w" "/opt/rustwide/workdir" "--user" "0:0" "26969534a57bfbb9170651c8b18b16cdca19aa5beb1b65ca387589d80b9b3018" "/opt/rustwide/cargo-home/bin/cargo" "+1.99.0-beta.8" "test" "--frozen" "--no-run" "--message-format=json" "--release", kill_on_drop: false }`
[INFO] [stderr]    Compiling aho-corasick v1.1.4
[INFO] [stderr]    Compiling anstyle-parse v0.2.7
[INFO] [stderr]    Compiling colorchoice v1.0.4
[INFO] [stderr]    Compiling anstyle v1.0.13
[INFO] [stderr]    Compiling jiff v0.2.23
[INFO] [stderr]    Compiling anstream v0.6.21
[INFO] [stderr]    Compiling regex-automata v0.4.14
[INFO] [stderr]    Compiling regex v1.12.3
[INFO] [stderr]    Compiling env_filter v1.0.0
[INFO] [stderr]    Compiling env_logger v0.11.9
[INFO] [stderr]    Compiling preflate-rs v0.7.6 (/opt/rustwide/workdir)
[INFO] [stderr]     Finished `release` profile [optimized] target(s) in 48.93s
[INFO] running `Command { std: "docker" "inspect" "26969534a57bfbb9170651c8b18b16cdca19aa5beb1b65ca387589d80b9b3018", kill_on_drop: false }`
[INFO] running `Command { std: "docker" "exec" "-e" "SOURCE_DIR=/opt/rustwide/workdir" "-e" "CARGO_HOME=/opt/rustwide/cargo-home" "-e" "RUSTUP_HOME=/opt/rustwide/rustup-home" "-e" "CARGO_TARGET_DIR=/opt/rustwide/target" "-e" "CARGO_INCREMENTAL=0" "-e" "RUST_BACKTRACE=full" "-e" "RUSTFLAGS=--cap-lints=warn" "-e" "RUSTDOCFLAGS=--cap-lints=warn" "-w" "/opt/rustwide/workdir" "--user" "0:0" "26969534a57bfbb9170651c8b18b16cdca19aa5beb1b65ca387589d80b9b3018" "/opt/rustwide/cargo-home/bin/cargo" "+1.99.0-beta.8" "test" "--frozen" "--release", kill_on_drop: false }`
[INFO] [stderr]     Finished `release` profile [optimized] target(s) in 0.10s
[INFO] [stdout] 
[INFO] [stderr]      Running unittests src/lib.rs (/opt/rustwide/target/release/deps/preflate_rs-93cfbfaf1f157a1f)
[INFO] [stdout] running 49 tests
[INFO] [stdout] test cabac_codec::roundtree_cabac_correction ... ok
[INFO] [stdout] test deflate::bit_writer::write_roundtrip ... ok
[INFO] [stdout] test cabac_codec::roundtrip_cabac_write_value ... ok
[INFO] [stdout] test deflate::bit_writer::write_simple ... ok
[INFO] [stdout] test cabac_codec::test_encode_decode_difference ... ok
[INFO] [stdout] test deflate::huffman_calc::calc_minzoxide::roundtrip_huffman_code ... ok
[INFO] [stdout] test deflate::huffman_calc::calc_zlib::roundtrip_huffman_code_normal ... ok
[INFO] [stdout] test deflate::huffman_calc::calc_zlib::roundtrip_huffman_code_simple ... ok
[INFO] [stdout] test deflate::huffman_calc::calc_zlib::sift_down_t ... ok
[INFO] [stdout] test deflate::deflate_reader::test_partial_read_plaintext ... FAILED
[INFO] [stdout] test deflate::deflate_writer::roundtrip_full_file ... FAILED
[INFO] [stdout] test deflate::deflate_writer::roundtrip_deflate_writer ... ok
[INFO] [stdout] test deflate::deflate_reader::test_partial_read ... FAILED
[INFO] [stdout] test deflate::huffman_calc::calc_zlib::roundtrip_huffman_code_overflow ... ok
[INFO] [stdout] test cabac_codec::roundtree_cabac_decoding ... ok
[INFO] [stdout] test deflate::huffman_encoding::roundtrip_complicated ... ok
[INFO] [stdout] test estimator::add_policy_estimator::verify_zlibng_level_recognition ... FAILED
[INFO] [stdout] test estimator::depth_estimator::verify_max_chain_length ... FAILED
[INFO] [stdout] test deflate::huffman_encoding::roundtrip_huffman_bitreadwrite ... ok
[INFO] [stdout] test estimator::preflate_parameter_estimator::verify_miniz_recognition ... FAILED
[INFO] [stdout] test estimator::add_policy_estimator::verify_libdeflate_level_recognition ... FAILED
[INFO] [stdout] test estimator::add_policy_estimator::verify_zlib_level_recognition ... FAILED
[INFO] [stdout] test hash_algorithm::roundtrip_hash_algorithm_to_int ... ok
[INFO] [stdout] test estimator::preflate_parameter_estimator::verify_zlib_recognition ... FAILED
[INFO] [stdout] test preflate_input::test_length_behavior ... ok
[INFO] [stdout] test preflate_error::test_error_translation ... ok
[INFO] [stdout] test deflate::huffman_encoding::roundtrip_huffman_table ... ok
[INFO] [stdout] test estimator::preflate_parameter_estimator::verify_zlibng_recognition ... FAILED
[INFO] [stdout] test stream_processor::verify_decompress_partial_gzip_deflate_body_roundtrip ... FAILED
[INFO] [stdout] test stream_processor::verify_longmatch ... FAILED
[INFO] [stdout] test stream_processor::verify_png_deflate ... FAILED
[INFO] [stdout] test stream_processor::verify_miniz ... FAILED
[INFO] [stdout] test deflate::huffman_encoding::roundtrip_huffman_code ... ok
[INFO] [stdout] test stream_processor::verify_partial_blocks ... FAILED
[INFO] [stdout] test stream_processor::verify_plain_text_limit ... FAILED
[INFO] [stdout] test estimator::add_policy_estimator::verify_miniz1_recognition ... FAILED
[INFO] [stdout] test token_predictor::test_predictor_incremental ... FAILED
[INFO] [stdout] test token_predictor::test_predictor_token_only ... FAILED
[INFO] [stdout] test stream_processor::verify_roundtrip_assert ... FAILED
[INFO] [stdout] test stream_processor::verify_roundtrip_flate2 ... FAILED
[INFO] [stdout] test token_predictor::test_predictor_block_perfect ... FAILED
[INFO] [stdout] test tree_predictor::encode_roundtrip_perfect ... ok
[INFO] [stdout] test tree_predictor::encode_totally_different_tree ... ok
[INFO] [stdout] test tree_predictor::encode_perfect_encoding ... ok
[INFO] [stdout] test stream_processor::verify_roundtrip_libdeflate ... FAILED
[INFO] [stdout] test stream_processor::verify_roundtrip_zlib ... FAILED
[INFO] [stdout] test stream_processor::verify_zlib_perfect_compression ... FAILED
[INFO] [stdout] test stream_processor::verify_zlibng ... FAILED
[INFO] [stdout] test tree_predictor::encode_tree_roundtrip ... ok
[INFO] [stdout] 
[INFO] [stdout] failures:
[INFO] [stdout] 
[INFO] [stdout] ---- deflate::deflate_reader::test_partial_read_plaintext stdout ----
[INFO] [stdout] reading /opt/rustwide/workdir/../samples/pptxplaintext.deflate
[INFO] [stdout] 
[INFO] [stdout] thread 'deflate::deflate_reader::test_partial_read_plaintext' (576) panicked at src/utils.rs:24:38:
[INFO] [stdout] called `Result::unwrap()` on an `Err` value: Os { code: 2, kind: NotFound, message: "No such file or directory" }
[INFO] [stdout] stack backtrace:
[INFO] [stdout]    0:     0x63347664a0e1 - <<std[70759c8f55707aa4]::sys::backtrace::BacktraceLock>::print::DisplayBacktrace as core[df12db4294e9bfd3]::fmt::Display>::fmt
[INFO] [stdout]    1:     0x63347666141a - core[df12db4294e9bfd3]::fmt::write
[INFO] [stdout]    2:     0x63347664ff7c - <alloc[2182bb758b4b3781]::vec::Vec<u8> as core[df12db4294e9bfd3]::io::write::Write>::write_fmt
[INFO] [stdout]    3:     0x6334766261c6 - std[70759c8f55707aa4]::panicking::default_hook::{closure#0}
[INFO] [stdout]    4:     0x633476642639 - std[70759c8f55707aa4]::panicking::default_hook
[INFO] [stdout]    5:     0x6334765d6c60 - test[9d35eded1c95d3be]::test_main_inner::<test[9d35eded1c95d3be]::test_main_static::{closure#0}>::{closure#0}
[INFO] [stdout]    6:     0x6334766427f2 - std[70759c8f55707aa4]::panicking::panic_with_hook
[INFO] [stdout]    7:     0x633476626272 - std[70759c8f55707aa4]::panicking::panic_handler::{closure#0}
[INFO] [stdout]    8:     0x63347661ef59 - std[70759c8f55707aa4]::sys::backtrace::__rust_end_short_backtrace::<std[70759c8f55707aa4]::panicking::panic_handler::{closure#0}, !>
[INFO] [stdout]    9:     0x633476626e6d - __rustc[8fa7c3cbc660c2b3]::rust_begin_unwind
[INFO] [stdout]   10:     0x633476661bfc - core[df12db4294e9bfd3]::panicking::panic_fmt
[INFO] [stdout]   11:     0x6334766619d2 - core[df12db4294e9bfd3]::result::unwrap_failed
[INFO] [stdout]   12:     0x6334764e7d94 - preflate_rs[8d2099d9af86c86f]::utils::read_file
[INFO] [stdout]   13:     0x6334764fa45e - <preflate_rs[8d2099d9af86c86f]::deflate::deflate_reader::test_partial_read_plaintext::{closure#0} as core[df12db4294e9bfd3]::ops::function::FnOnce<()>>::call_once
[INFO] [stdout]   14:     0x6334765c9f4b - test[9d35eded1c95d3be]::__rust_begin_short_backtrace::<core[df12db4294e9bfd3]::result::Result<(), alloc[2182bb758b4b3781]::string::String>, fn() -> core[df12db4294e9bfd3]::result::Result<(), alloc[2182bb758b4b3781]::string::String>>
[INFO] [stdout]   15:     0x6334765d75b5 - test[9d35eded1c95d3be]::run_test::{closure#0}
[INFO] [stdout]   16:     0x6334765d0e74 - std[70759c8f55707aa4]::sys::backtrace::__rust_begin_short_backtrace::<test[9d35eded1c95d3be]::run_test::{closure#1}, ()>
[INFO] [stdout]   17:     0x6334765da712 - <std[70759c8f55707aa4]::thread::lifecycle::spawn_unchecked<test[9d35eded1c95d3be]::run_test::{closure#1}, ()>::{closure#1} as core[df12db4294e9bfd3]::ops::function::FnOnce<()>>::call_once::{shim:vtable#0}
[INFO] [stdout]   18:     0x6334766499b9 - <std[70759c8f55707aa4]::sys::thread::unix::Thread>::new::thread_start
[INFO] [stdout]   19:     0x7b57165bbdfa - <unknown>
[INFO] [stdout]   20:     0x7b571664f3d4 - clone
[INFO] [stdout]   21:                0x0 - <unknown>
[INFO] [stdout] 
[INFO] [stdout] ---- deflate::deflate_writer::roundtrip_full_file stdout ----
[INFO] [stdout] 
[INFO] [stdout] thread 'deflate::deflate_writer::roundtrip_full_file' (578) panicked at src/utils.rs:118:48:
[INFO] [stdout] called `Result::unwrap()` on an `Err` value: Os { code: 2, kind: NotFound, message: "No such file or directory" }
[INFO] [stdout] stack backtrace:
[INFO] [stdout]    0:     0x63347664a0e1 - <<std[70759c8f55707aa4]::sys::backtrace::BacktraceLock>::print::DisplayBacktrace as core[df12db4294e9bfd3]::fmt::Display>::fmt
[INFO] [stdout]    1:     0x63347666141a - core[df12db4294e9bfd3]::fmt::write
[INFO] [stdout]    2:     0x63347664ff7c - <alloc[2182bb758b4b3781]::vec::Vec<u8> as core[df12db4294e9bfd3]::io::write::Write>::write_fmt
[INFO] [stdout]    3:     0x6334766261c6 - std[70759c8f55707aa4]::panicking::default_hook::{closure#0}
[INFO] [stdout]    4:     0x633476642639 - std[70759c8f55707aa4]::panicking::default_hook
[INFO] [stdout]    5:     0x6334765d6c60 - test[9d35eded1c95d3be]::test_main_inner::<test[9d35eded1c95d3be]::test_main_static::{closure#0}>::{closure#0}
[INFO] [stdout]    6:     0x6334766427f2 - std[70759c8f55707aa4]::panicking::panic_with_hook
[INFO] [stdout]    7:     0x633476626272 - std[70759c8f55707aa4]::panicking::panic_handler::{closure#0}
[INFO] [stdout]    8:     0x63347661ef59 - std[70759c8f55707aa4]::sys::backtrace::__rust_end_short_backtrace::<std[70759c8f55707aa4]::panicking::panic_handler::{closure#0}, !>
[INFO] [stdout]    9:     0x633476626e6d - __rustc[8fa7c3cbc660c2b3]::rust_begin_unwind
[INFO] [stdout]   10:     0x633476661bfc - core[df12db4294e9bfd3]::panicking::panic_fmt
[INFO] [stdout]   11:     0x6334766619d2 - core[df12db4294e9bfd3]::result::unwrap_failed
[INFO] [stdout]   12:     0x6334764e6efd - preflate_rs[8d2099d9af86c86f]::utils::test_on_all_deflate_files::<preflate_rs[8d2099d9af86c86f]::deflate::deflate_writer::roundtrip_full_file::{closure#0}>
[INFO] [stdout]   13:     0x6334764fa4c9 - <preflate_rs[8d2099d9af86c86f]::deflate::deflate_writer::roundtrip_full_file::{closure#0} as core[df12db4294e9bfd3]::ops::function::FnOnce<()>>::call_once
[INFO] [stdout]   14:     0x6334765c9f4b - test[9d35eded1c95d3be]::__rust_begin_short_backtrace::<core[df12db4294e9bfd3]::result::Result<(), alloc[2182bb758b4b3781]::string::String>, fn() -> core[df12db4294e9bfd3]::result::Result<(), alloc[2182bb758b4b3781]::string::String>>
[INFO] [stdout]   15:     0x6334765d75b5 - test[9d35eded1c95d3be]::run_test::{closure#0}
[INFO] [stdout]   16:     0x6334765d0e74 - std[70759c8f55707aa4]::sys::backtrace::__rust_begin_short_backtrace::<test[9d35eded1c95d3be]::run_test::{closure#1}, ()>
[INFO] [stdout]   17:     0x6334765da712 - <std[70759c8f55707aa4]::thread::lifecycle::spawn_unchecked<test[9d35eded1c95d3be]::run_test::{closure#1}, ()>::{closure#1} as core[df12db4294e9bfd3]::ops::function::FnOnce<()>>::call_once::{shim:vtable#0}
[INFO] [stdout]   18:     0x6334766499b9 - <std[70759c8f55707aa4]::sys::thread::unix::Thread>::new::thread_start
[INFO] [stdout]   19:     0x7b57165bbdfa - <unknown>
[INFO] [stdout]   20:     0x7b571664f3d4 - clone
[INFO] [stdout]   21:                0x0 - <unknown>
[INFO] [stdout] 
[INFO] [stdout] ---- deflate::deflate_reader::test_partial_read stdout ----
[INFO] [stdout] reading /opt/rustwide/workdir/../samples/compressed_zlib_level1.deflate
[INFO] [stdout] 
[INFO] [stdout] thread 'deflate::deflate_reader::test_partial_read' (575) panicked at src/utils.rs:24:38:
[INFO] [stdout] called `Result::unwrap()` on an `Err` value: Os { code: 2, kind: NotFound, message: "No such file or directory" }
[INFO] [stdout] stack backtrace:
[INFO] [stdout]    0:     0x63347664a0e1 - <<std[70759c8f55707aa4]::sys::backtrace::BacktraceLock>::print::DisplayBacktrace as core[df12db4294e9bfd3]::fmt::Display>::fmt
[INFO] [stdout]    1:     0x63347666141a - core[df12db4294e9bfd3]::fmt::write
[INFO] [stdout]    2:     0x63347664ff7c - <alloc[2182bb758b4b3781]::vec::Vec<u8> as core[df12db4294e9bfd3]::io::write::Write>::write_fmt
[INFO] [stdout]    3:     0x6334766261c6 - std[70759c8f55707aa4]::panicking::default_hook::{closure#0}
[INFO] [stdout]    4:     0x633476642639 - std[70759c8f55707aa4]::panicking::default_hook
[INFO] [stdout]    5:     0x6334765d6c60 - test[9d35eded1c95d3be]::test_main_inner::<test[9d35eded1c95d3be]::test_main_static::{closure#0}>::{closure#0}
[INFO] [stdout]    6:     0x6334766427f2 - std[70759c8f55707aa4]::panicking::panic_with_hook
[INFO] [stdout]    7:     0x633476626272 - std[70759c8f55707aa4]::panicking::panic_handler::{closure#0}
[INFO] [stdout]    8:     0x63347661ef59 - std[70759c8f55707aa4]::sys::backtrace::__rust_end_short_backtrace::<std[70759c8f55707aa4]::panicking::panic_handler::{closure#0}, !>
[INFO] [stdout]    9:     0x633476626e6d - __rustc[8fa7c3cbc660c2b3]::rust_begin_unwind
[INFO] [stdout]   10:     0x633476661bfc - core[df12db4294e9bfd3]::panicking::panic_fmt
[INFO] [stdout]   11:     0x6334766619d2 - core[df12db4294e9bfd3]::result::unwrap_failed
[INFO] [stdout]   12:     0x6334764e7d94 - preflate_rs[8d2099d9af86c86f]::utils::read_file
[INFO] [stdout]   13:     0x6334764fa3de - <preflate_rs[8d2099d9af86c86f]::deflate::deflate_reader::test_partial_read::{closure#0} as core[df12db4294e9bfd3]::ops::function::FnOnce<()>>::call_once
[INFO] [stdout]   14:     0x6334765c9f4b - test[9d35eded1c95d3be]::__rust_begin_short_backtrace::<core[df12db4294e9bfd3]::result::Result<(), alloc[2182bb758b4b3781]::string::String>, fn() -> core[df12db4294e9bfd3]::result::Result<(), alloc[2182bb758b4b3781]::string::String>>
[INFO] [stdout]   15:     0x6334765d75b5 - test[9d35eded1c95d3be]::run_test::{closure#0}
[INFO] [stdout]   16:     0x6334765d0e74 - std[70759c8f55707aa4]::sys::backtrace::__rust_begin_short_backtrace::<test[9d35eded1c95d3be]::run_test::{closure#1}, ()>
[INFO] [stdout]   17:     0x6334765da712 - <std[70759c8f55707aa4]::thread::lifecycle::spawn_unchecked<test[9d35eded1c95d3be]::run_test::{closure#1}, ()>::{closure#1} as core[df12db4294e9bfd3]::ops::function::FnOnce<()>>::call_once::{shim:vtable#0}
[INFO] [stdout]   18:     0x6334766499b9 - <std[70759c8f55707aa4]::sys::thread::unix::Thread>::new::thread_start
[INFO] [stdout]   19:     0x7b57165bbdfa - <unknown>
[INFO] [stdout]   20:     0x7b571664f3d4 - clone
[INFO] [stdout]   21:                0x0 - <unknown>
[INFO] [stdout] 
[INFO] [stdout] ---- estimator::add_policy_estimator::verify_zlibng_level_recognition stdout ----
[INFO] [stdout] reading /opt/rustwide/workdir/../samples/compressed_zlibng_level1.deflate
[INFO] [stdout] 
[INFO] [stdout] thread 'estimator::add_policy_estimator::verify_zlibng_level_recognition' (591) panicked at src/utils.rs:24:38:
[INFO] [stdout] called `Result::unwrap()` on an `Err` value: Os { code: 2, kind: NotFound, message: "No such file or directory" }
[INFO] [stdout] stack backtrace:
[INFO] [stdout]    0:     0x63347664a0e1 - <<std[70759c8f55707aa4]::sys::backtrace::BacktraceLock>::print::DisplayBacktrace as core[df12db4294e9bfd3]::fmt::Display>::fmt
[INFO] [stdout]    1:     0x63347666141a - core[df12db4294e9bfd3]::fmt::write
[INFO] [stdout]    2:     0x63347664ff7c - <alloc[2182bb758b4b3781]::vec::Vec<u8> as core[df12db4294e9bfd3]::io::write::Write>::write_fmt
[INFO] [stdout]    3:     0x6334766261c6 - std[70759c8f55707aa4]::panicking::default_hook::{closure#0}
[INFO] [stdout]    4:     0x633476642639 - std[70759c8f55707aa4]::panicking::default_hook
[INFO] [stdout]    5:     0x6334765d6c60 - test[9d35eded1c95d3be]::test_main_inner::<test[9d35eded1c95d3be]::test_main_static::{closure#0}>::{closure#0}
[INFO] [stdout]    6:     0x6334766427f2 - std[70759c8f55707aa4]::panicking::panic_with_hook
[INFO] [stdout]    7:     0x633476626272 - std[70759c8f55707aa4]::panicking::panic_handler::{closure#0}
[INFO] [stdout]    8:     0x63347661ef59 - std[70759c8f55707aa4]::sys::backtrace::__rust_end_short_backtrace::<std[70759c8f55707aa4]::panicking::panic_handler::{closure#0}, !>
[INFO] [stdout]    9:     0x633476626e6d - __rustc[8fa7c3cbc660c2b3]::rust_begin_unwind
[INFO] [stdout]   10:     0x633476661bfc - core[df12db4294e9bfd3]::panicking::panic_fmt
[INFO] [stdout]   11:     0x6334766619d2 - core[df12db4294e9bfd3]::result::unwrap_failed
[INFO] [stdout]   12:     0x6334764e7d94 - preflate_rs[8d2099d9af86c86f]::utils::read_file
[INFO] [stdout]   13:     0x6334764edeaa - preflate_rs[8d2099d9af86c86f]::estimator::add_policy_estimator::verify_zlibng_level_recognition
[INFO] [stdout]   14:     0x6334764fa629 - <preflate_rs[8d2099d9af86c86f]::estimator::add_policy_estimator::verify_zlibng_level_recognition::{closure#0} as core[df12db4294e9bfd3]::ops::function::FnOnce<()>>::call_once
[INFO] [stdout]   15:     0x6334765c9f4b - test[9d35eded1c95d3be]::__rust_begin_short_backtrace::<core[df12db4294e9bfd3]::result::Result<(), alloc[2182bb758b4b3781]::string::String>, fn() -> core[df12db4294e9bfd3]::result::Result<(), alloc[2182bb758b4b3781]::string::String>>
[INFO] [stdout]   16:     0x6334765d75b5 - test[9d35eded1c95d3be]::run_test::{closure#0}
[INFO] [stdout]   17:     0x6334765d0e74 - std[70759c8f55707aa4]::sys::backtrace::__rust_begin_short_backtrace::<test[9d35eded1c95d3be]::run_test::{closure#1}, ()>
[INFO] [stdout]   18:     0x6334765da712 - <std[70759c8f55707aa4]::thread::lifecycle::spawn_unchecked<test[9d35eded1c95d3be]::run_test::{closure#1}, ()>::{closure#1} as core[df12db4294e9bfd3]::ops::function::FnOnce<()>>::call_once::{shim:vtable#0}
[INFO] [stdout]   19:     0x6334766499b9 - <std[70759c8f55707aa4]::sys::thread::unix::Thread>::new::thread_start
[INFO] [stdout]   20:     0x7b57165bbdfa - <unknown>
[INFO] [stdout]   21:     0x7b571664f3d4 - clone
[INFO] [stdout]   22:                0x0 - <unknown>
[INFO] [stdout] 
[INFO] [stdout] ---- estimator::depth_estimator::verify_max_chain_length stdout ----
[INFO] [stdout] testing compressed_zlibng_level1.deflate
[INFO] [stdout] reading /opt/rustwide/workdir/../samples/compressed_zlibng_level1.deflate
[INFO] [stdout] 
[INFO] [stdout] thread 'estimator::depth_estimator::verify_max_chain_length' (592) panicked at src/utils.rs:24:38:
[INFO] [stdout] called `Result::unwrap()` on an `Err` value: Os { code: 2, kind: NotFound, message: "No such file or directory" }
[INFO] [stdout] stack backtrace:
[INFO] [stdout]    0:     0x63347664a0e1 - <<std[70759c8f55707aa4]::sys::backtrace::BacktraceLock>::print::DisplayBacktrace as core[df12db4294e9bfd3]::fmt::Display>::fmt
[INFO] [stdout]    1:     0x63347666141a - core[df12db4294e9bfd3]::fmt::write
[INFO] [stdout]    2:     0x63347664ff7c - <alloc[2182bb758b4b3781]::vec::Vec<u8> as core[df12db4294e9bfd3]::io::write::Write>::write_fmt
[INFO] [stdout]    3:     0x6334766261c6 - std[70759c8f55707aa4]::panicking::default_hook::{closure#0}
[INFO] [stdout]    4:     0x633476642639 - std[70759c8f55707aa4]::panicking::default_hook
[INFO] [stdout]    5:     0x6334765d6c60 - test[9d35eded1c95d3be]::test_main_inner::<test[9d35eded1c95d3be]::test_main_static::{closure#0}>::{closure#0}
[INFO] [stdout]    6:     0x6334766427f2 - std[70759c8f55707aa4]::panicking::panic_with_hook
[INFO] [stdout]    7:     0x633476626272 - std[70759c8f55707aa4]::panicking::panic_handler::{closure#0}
[INFO] [stdout]    8:     0x63347661ef59 - std[70759c8f55707aa4]::sys::backtrace::__rust_end_short_backtrace::<std[70759c8f55707aa4]::panicking::panic_handler::{closure#0}, !>
[INFO] [stdout]    9:     0x633476626e6d - __rustc[8fa7c3cbc660c2b3]::rust_begin_unwind
[INFO] [stdout]   10:     0x633476661bfc - core[df12db4294e9bfd3]::panicking::panic_fmt
[INFO] [stdout]   11:     0x6334766619d2 - core[df12db4294e9bfd3]::result::unwrap_failed
[INFO] [stdout]   12:     0x6334764e7d94 - preflate_rs[8d2099d9af86c86f]::utils::read_file
[INFO] [stdout]   13:     0x6334764d5bc9 - preflate_rs[8d2099d9af86c86f]::estimator::depth_estimator::verify_max_chain_length
[INFO] [stdout]   14:     0x6334764fa5c9 - <preflate_rs[8d2099d9af86c86f]::estimator::depth_estimator::verify_max_chain_length::{closure#0} as core[df12db4294e9bfd3]::ops::function::FnOnce<()>>::call_once
[INFO] [stdout]   15:     0x6334765c9f4b - test[9d35eded1c95d3be]::__rust_begin_short_backtrace::<core[df12db4294e9bfd3]::result::Result<(), alloc[2182bb758b4b3781]::string::String>, fn() -> core[df12db4294e9bfd3]::result::Result<(), alloc[2182bb758b4b3781]::string::String>>
[INFO] [stdout]   16:     0x6334765d75b5 - test[9d35eded1c95d3be]::run_test::{closure#0}
[INFO] [stdout]   17:     0x6334765d0e74 - std[70759c8f55707aa4]::sys::backtrace::__rust_begin_short_backtrace::<test[9d35eded1c95d3be]::run_test::{closure#1}, ()>
[INFO] [stdout]   18:     0x6334765da712 - <std[70759c8f55707aa4]::thread::lifecycle::spawn_unchecked<test[9d35eded1c95d3be]::run_test::{closure#1}, ()>::{closure#1} as core[df12db4294e9bfd3]::ops::function::FnOnce<()>>::call_once::{shim:vtable#0}
[INFO] [stdout]   19:     0x6334766499b9 - <std[70759c8f55707aa4]::sys::thread::unix::Thread>::new::thread_start
[INFO] [stdout]   20:     0x7b57165bbdfa - <unknown>
[INFO] [stdout]   21:     0x7b571664f3d4 - clone
[INFO] [stdout]   22:                0x0 - <unknown>
[INFO] [stdout] 
[INFO] [stdout] ---- estimator::preflate_parameter_estimator::verify_miniz_recognition stdout ----
[INFO] [stdout] reading /opt/rustwide/workdir/../samples/compressed_flate2_level0.deflate
[INFO] [stdout] 
[INFO] [stdout] thread 'estimator::preflate_parameter_estimator::verify_miniz_recognition' (593) panicked at src/utils.rs:24:38:
[INFO] [stdout] called `Result::unwrap()` on an `Err` value: Os { code: 2, kind: NotFound, message: "No such file or directory" }
[INFO] [stdout] stack backtrace:
[INFO] [stdout]    0:     0x63347664a0e1 - <<std[70759c8f55707aa4]::sys::backtrace::BacktraceLock>::print::DisplayBacktrace as core[df12db4294e9bfd3]::fmt::Display>::fmt
[INFO] [stdout]    1:     0x63347666141a - core[df12db4294e9bfd3]::fmt::write
[INFO] [stdout]    2:     0x63347664ff7c - <alloc[2182bb758b4b3781]::vec::Vec<u8> as core[df12db4294e9bfd3]::io::write::Write>::write_fmt
[INFO] [stdout]    3:     0x6334766261c6 - std[70759c8f55707aa4]::panicking::default_hook::{closure#0}
[INFO] [stdout]    4:     0x633476642639 - std[70759c8f55707aa4]::panicking::default_hook
[INFO] [stdout]    5:     0x6334765d6c60 - test[9d35eded1c95d3be]::test_main_inner::<test[9d35eded1c95d3be]::test_main_static::{closure#0}>::{closure#0}
[INFO] [stdout]    6:     0x6334766427f2 - std[70759c8f55707aa4]::panicking::panic_with_hook
[INFO] [stdout]    7:     0x633476626272 - std[70759c8f55707aa4]::panicking::panic_handler::{closure#0}
[INFO] [stdout]    8:     0x63347661ef59 - std[70759c8f55707aa4]::sys::backtrace::__rust_end_short_backtrace::<std[70759c8f55707aa4]::panicking::panic_handler::{closure#0}, !>
[INFO] [stdout]    9:     0x633476626e6d - __rustc[8fa7c3cbc660c2b3]::rust_begin_unwind
[INFO] [stdout]   10:     0x633476661bfc - core[df12db4294e9bfd3]::panicking::panic_fmt
[INFO] [stdout]   11:     0x6334766619d2 - core[df12db4294e9bfd3]::result::unwrap_failed
[INFO] [stdout]   12:     0x6334764e7d94 - preflate_rs[8d2099d9af86c86f]::utils::read_file
[INFO] [stdout]   13:     0x6334764ef925 - preflate_rs[8d2099d9af86c86f]::estimator::preflate_parameter_estimator::verify_miniz_recognition
[INFO] [stdout]   14:     0x6334764fa689 - <preflate_rs[8d2099d9af86c86f]::estimator::preflate_parameter_estimator::verify_miniz_recognition::{closure#0} as core[df12db4294e9bfd3]::ops::function::FnOnce<()>>::call_once
[INFO] [stdout]   15:     0x6334765c9f4b - test[9d35eded1c95d3be]::__rust_begin_short_backtrace::<core[df12db4294e9bfd3]::result::Result<(), alloc[2182bb758b4b3781]::string::String>, fn() -> core[df12db4294e9bfd3]::result::Result<(), alloc[2182bb758b4b3781]::string::String>>
[INFO] [stdout]   16:     0x6334765d75b5 - test[9d35eded1c95d3be]::run_test::{closure#0}
[INFO] [stdout]   17:     0x6334765d0e74 - std[70759c8f55707aa4]::sys::backtrace::__rust_begin_short_backtrace::<test[9d35eded1c95d3be]::run_test::{closure#1}, ()>
[INFO] [stdout]   18:     0x6334765da712 - <std[70759c8f55707aa4]::thread::lifecycle::spawn_unchecked<test[9d35eded1c95d3be]::run_test::{closure#1}, ()>::{closure#1} as core[df12db4294e9bfd3]::ops::function::FnOnce<()>>::call_once::{shim:vtable#0}
[INFO] [stdout]   19:     0x6334766499b9 - <std[70759c8f55707aa4]::sys::thread::unix::Thread>::new::thread_start
[INFO] [stdout]   20:     0x7b57165bbdfa - <unknown>
[INFO] [stdout]   21:     0x7b571664f3d4 - clone
[INFO] [stdout]   22:                0x0 - <unknown>
[INFO] [stdout] 
[INFO] [stdout] ---- estimator::add_policy_estimator::verify_libdeflate_level_recognition stdout ----
[INFO] [stdout] reading /opt/rustwide/workdir/../samples/compressed_libdeflate_level1.deflate
[INFO] [stdout] 
[INFO] [stdout] thread 'estimator::add_policy_estimator::verify_libdeflate_level_recognition' (588) panicked at src/utils.rs:24:38:
[INFO] [stdout] called `Result::unwrap()` on an `Err` value: Os { code: 2, kind: NotFound, message: "No such file or directory" }
[INFO] [stdout] stack backtrace:
[INFO] [stdout]    0:     0x63347664a0e1 - <<std[70759c8f55707aa4]::sys::backtrace::BacktraceLock>::print::DisplayBacktrace as core[df12db4294e9bfd3]::fmt::Display>::fmt
[INFO] [stdout]    1:     0x63347666141a - core[df12db4294e9bfd3]::fmt::write
[INFO] [stdout]    2:     0x63347664ff7c - <alloc[2182bb758b4b3781]::vec::Vec<u8> as core[df12db4294e9bfd3]::io::write::Write>::write_fmt
[INFO] [stdout]    3:     0x6334766261c6 - std[70759c8f55707aa4]::panicking::default_hook::{closure#0}
[INFO] [stdout]    4:     0x633476642639 - std[70759c8f55707aa4]::panicking::default_hook
[INFO] [stdout]    5:     0x6334765d6c60 - test[9d35eded1c95d3be]::test_main_inner::<test[9d35eded1c95d3be]::test_main_static::{closure#0}>::{closure#0}
[INFO] [stdout]    6:     0x6334766427f2 - std[70759c8f55707aa4]::panicking::panic_with_hook
[INFO] [stdout]    7:     0x633476626272 - std[70759c8f55707aa4]::panicking::panic_handler::{closure#0}
[INFO] [stdout]    8:     0x63347661ef59 - std[70759c8f55707aa4]::sys::backtrace::__rust_end_short_backtrace::<std[70759c8f55707aa4]::panicking::panic_handler::{closure#0}, !>
[INFO] [stdout]    9:     0x633476626e6d - __rustc[8fa7c3cbc660c2b3]::rust_begin_unwind
[INFO] [stdout]   10:     0x633476661bfc - core[df12db4294e9bfd3]::panicking::panic_fmt
[INFO] [stdout]   11:     0x6334766619d2 - core[df12db4294e9bfd3]::result::unwrap_failed
[INFO] [stdout]   12:     0x6334764e7d94 - preflate_rs[8d2099d9af86c86f]::utils::read_file
[INFO] [stdout]   13:     0x6334764ee709 - preflate_rs[8d2099d9af86c86f]::estimator::add_policy_estimator::verify_libdeflate_level_recognition
[INFO] [stdout]   14:     0x6334764fa649 - <preflate_rs[8d2099d9af86c86f]::estimator::add_policy_estimator::verify_libdeflate_level_recognition::{closure#0} as core[df12db4294e9bfd3]::ops::function::FnOnce<()>>::call_once
[INFO] [stdout]   15:     0x6334765c9f4b - test[9d35eded1c95d3be]::__rust_begin_short_backtrace::<core[df12db4294e9bfd3]::result::Result<(), alloc[2182bb758b4b3781]::string::String>, fn() -> core[df12db4294e9bfd3]::result::Result<(), alloc[2182bb758b4b3781]::string::String>>
[INFO] [stdout]   16:     0x6334765d75b5 - test[9d35eded1c95d3be]::run_test::{closure#0}
[INFO] [stdout]   17:     0x6334765d0e74 - std[70759c8f55707aa4]::sys::backtrace::__rust_begin_short_backtrace::<test[9d35eded1c95d3be]::run_test::{closure#1}, ()>
[INFO] [stdout]   18:     0x6334765da712 - <std[70759c8f55707aa4]::thread::lifecycle::spawn_unchecked<test[9d35eded1c95d3be]::run_test::{closure#1}, ()>::{closure#1} as core[df12db4294e9bfd3]::ops::function::FnOnce<()>>::call_once::{shim:vtable#0}
[INFO] [stdout]   19:     0x6334766499b9 - <std[70759c8f55707aa4]::sys::thread::unix::Thread>::new::thread_start
[INFO] [stdout]   20:     0x7b57165bbdfa - <unknown>
[INFO] [stdout]   21:     0x7b571664f3d4 - clone
[INFO] [stdout]   22:                0x0 - <unknown>
[INFO] [stdout] 
[INFO] [stdout] ---- estimator::add_policy_estimator::verify_zlib_level_recognition stdout ----
[INFO] [stdout] reading /opt/rustwide/workdir/../samples/compressed_zlib_level1.deflate
[INFO] [stdout] 
[INFO] [stdout] thread 'estimator::add_policy_estimator::verify_zlib_level_recognition' (590) panicked at src/utils.rs:24:38:
[INFO] [stdout] called `Result::unwrap()` on an `Err` value: Os { code: 2, kind: NotFound, message: "No such file or directory" }
[INFO] [stdout] stack backtrace:
[INFO] [stdout]    0:     0x63347664a0e1 - <<std[70759c8f55707aa4]::sys::backtrace::BacktraceLock>::print::DisplayBacktrace as core[df12db4294e9bfd3]::fmt::Display>::fmt
[INFO] [stdout]    1:     0x63347666141a - core[df12db4294e9bfd3]::fmt::write
[INFO] [stdout]    2:     0x63347664ff7c - <alloc[2182bb758b4b3781]::vec::Vec<u8> as core[df12db4294e9bfd3]::io::write::Write>::write_fmt
[INFO] [stdout]    3:     0x6334766261c6 - std[70759c8f55707aa4]::panicking::default_hook::{closure#0}
[INFO] [stdout]    4:     0x633476642639 - std[70759c8f55707aa4]::panicking::default_hook
[INFO] [stdout]    5:     0x6334765d6c60 - test[9d35eded1c95d3be]::test_main_inner::<test[9d35eded1c95d3be]::test_main_static::{closure#0}>::{closure#0}
[INFO] [stdout]    6:     0x6334766427f2 - std[70759c8f55707aa4]::panicking::panic_with_hook
[INFO] [stdout]    7:     0x633476626272 - std[70759c8f55707aa4]::panicking::panic_handler::{closure#0}
[INFO] [stdout]    8:     0x63347661ef59 - std[70759c8f55707aa4]::sys::backtrace::__rust_end_short_backtrace::<std[70759c8f55707aa4]::panicking::panic_handler::{closure#0}, !>
[INFO] [stdout]    9:     0x633476626e6d - __rustc[8fa7c3cbc660c2b3]::rust_begin_unwind
[INFO] [stdout]   10:     0x633476661bfc - core[df12db4294e9bfd3]::panicking::panic_fmt
[INFO] [stdout]   11:     0x6334766619d2 - core[df12db4294e9bfd3]::result::unwrap_failed
[INFO] [stdout]   12:     0x6334764e7d94 - preflate_rs[8d2099d9af86c86f]::utils::read_file
[INFO] [stdout]   13:     0x6334764edb5a - preflate_rs[8d2099d9af86c86f]::estimator::add_policy_estimator::verify_zlib_level_recognition
[INFO] [stdout]   14:     0x6334764fa609 - <preflate_rs[8d2099d9af86c86f]::estimator::add_policy_estimator::verify_zlib_level_recognition::{closure#0} as core[df12db4294e9bfd3]::ops::function::FnOnce<()>>::call_once
[INFO] [stdout]   15:     0x6334765c9f4b - test[9d35eded1c95d3be]::__rust_begin_short_backtrace::<core[df12db4294e9bfd3]::result::Result<(), alloc[2182bb758b4b3781]::string::String>, fn() -> core[df12db4294e9bfd3]::result::Result<(), alloc[2182bb758b4b3781]::string::String>>
[INFO] [stdout]   16:     0x6334765d75b5 - test[9d35eded1c95d3be]::run_test::{closure#0}
[INFO] [stdout]   17:     0x6334765d0e74 - std[70759c8f55707aa4]::sys::backtrace::__rust_begin_short_backtrace::<test[9d35eded1c95d3be]::run_test::{closure#1}, ()>
[INFO] [stdout]   18:     0x6334765da712 - <std[70759c8f55707aa4]::thread::lifecycle::spawn_unchecked<test[9d35eded1c95d3be]::run_test::{closure#1}, ()>::{closure#1} as core[df12db4294e9bfd3]::ops::function::FnOnce<()>>::call_once::{shim:vtable#0}
[INFO] [stdout]   19:     0x6334766499b9 - <std[70759c8f55707aa4]::sys::thread::unix::Thread>::new::thread_start
[INFO] [stdout]   20:     0x7b57165bbdfa - <unknown>
[INFO] [stdout]   21:     0x7b571664f3d4 - clone
[INFO] [stdout]   22:                0x0 - <unknown>
[INFO] [stdout] 
[INFO] [stdout] ---- estimator::preflate_parameter_estimator::verify_zlib_recognition stdout ----
[INFO] [stdout] reading /opt/rustwide/workdir/../samples/compressed_zlib_level0.deflate
[INFO] [stdout] 
[INFO] [stdout] thread 'estimator::preflate_parameter_estimator::verify_zlib_recognition' (594) panicked at src/utils.rs:24:38:
[INFO] [stdout] called `Result::unwrap()` on an `Err` value: Os { code: 2, kind: NotFound, message: "No such file or directory" }
[INFO] [stdout] stack backtrace:
[INFO] [stdout]    0:     0x63347664a0e1 - <<std[70759c8f55707aa4]::sys::backtrace::BacktraceLock>::print::DisplayBacktrace as core[df12db4294e9bfd3]::fmt::Display>::fmt
[INFO] [stdout]    1:     0x63347666141a - core[df12db4294e9bfd3]::fmt::write
[INFO] [stdout]    2:     0x63347664ff7c - <alloc[2182bb758b4b3781]::vec::Vec<u8> as core[df12db4294e9bfd3]::io::write::Write>::write_fmt
[INFO] [stdout]    3:     0x6334766261c6 - std[70759c8f55707aa4]::panicking::default_hook::{closure#0}
[INFO] [stdout]    4:     0x633476642639 - std[70759c8f55707aa4]::panicking::default_hook
[INFO] [stdout]    5:     0x6334765d6c60 - test[9d35eded1c95d3be]::test_main_inner::<test[9d35eded1c95d3be]::test_main_static::{closure#0}>::{closure#0}
[INFO] [stdout]    6:     0x6334766427f2 - std[70759c8f55707aa4]::panicking::panic_with_hook
[INFO] [stdout]    7:     0x633476626272 - std[70759c8f55707aa4]::panicking::panic_handler::{closure#0}
[INFO] [stdout]    8:     0x63347661ef59 - std[70759c8f55707aa4]::sys::backtrace::__rust_end_short_backtrace::<std[70759c8f55707aa4]::panicking::panic_handler::{closure#0}, !>
[INFO] [stdout]    9:     0x633476626e6d - __rustc[8fa7c3cbc660c2b3]::rust_begin_unwind
[INFO] [stdout]   10:     0x633476661bfc - core[df12db4294e9bfd3]::panicking::panic_fmt
[INFO] [stdout]   11:     0x6334766619d2 - core[df12db4294e9bfd3]::result::unwrap_failed
[INFO] [stdout]   12:     0x6334764e7d94 - preflate_rs[8d2099d9af86c86f]::utils::read_file
[INFO] [stdout]   13:     0x6334764ef295 - preflate_rs[8d2099d9af86c86f]::estimator::preflate_parameter_estimator::verify_zlib_recognition
[INFO] [stdout]   14:     0x6334764fa669 - <preflate_rs[8d2099d9af86c86f]::estimator::preflate_parameter_estimator::verify_zlib_recognition::{closure#0} as core[df12db4294e9bfd3]::ops::function::FnOnce<()>>::call_once
[INFO] [stdout]   15:     0x6334765c9f4b - test[9d35eded1c95d3be]::__rust_begin_short_backtrace::<core[df12db4294e9bfd3]::result::Result<(), alloc[2182bb758b4b3781]::string::String>, fn() -> core[df12db4294e9bfd3]::result::Result<(), alloc[2182bb758b4b3781]::string::String>>
[INFO] [stdout]   16:     0x6334765d75b5 - test[9d35eded1c95d3be]::run_test::{closure#0}
[INFO] [stdout]   17:     0x6334765d0e74 - std[70759c8f55707aa4]::sys::backtrace::__rust_begin_short_backtrace::<test[9d35eded1c95d3be]::run_test::{closure#1}, ()>
[INFO] [stdout]   18:     0x6334765da712 - <std[70759c8f55707aa4]::thread::lifecycle::spawn_unchecked<test[9d35eded1c95d3be]::run_test::{closure#1}, ()>::{closure#1} as core[df12db4294e9bfd3]::ops::function::FnOnce<()>>::call_once::{shim:vtable#0}
[INFO] [stdout]   19:     0x6334766499b9 - <std[70759c8f55707aa4]::sys::thread::unix::Thread>::new::thread_start
[INFO] [stdout]   20:     0x7b57165bbdfa - <unknown>
[INFO] [stdout]   21:     0x7b571664f3d4 - clone
[INFO] [stdout]   22:                0x0 - <unknown>
[INFO] [stdout] 
[INFO] [stdout] ---- estimator::preflate_parameter_estimator::verify_zlibng_recognition stdout ----
[INFO] [stdout] reading /opt/rustwide/workdir/../samples/compressed_zlibng_level1.deflate
[INFO] [stdout] 
[INFO] [stdout] thread 'estimator::preflate_parameter_estimator::verify_zlibng_recognition' (595) panicked at src/utils.rs:24:38:
[INFO] [stdout] called `Result::unwrap()` on an `Err` value: Os { code: 2, kind: NotFound, message: "No such file or directory" }
[INFO] [stdout] stack backtrace:
[INFO] [stdout]    0:     0x63347664a0e1 - <<std[70759c8f55707aa4]::sys::backtrace::BacktraceLock>::print::DisplayBacktrace as core[df12db4294e9bfd3]::fmt::Display>::fmt
[INFO] [stdout]    1:     0x63347666141a - core[df12db4294e9bfd3]::fmt::write
[INFO] [stdout]    2:     0x63347664ff7c - <alloc[2182bb758b4b3781]::vec::Vec<u8> as core[df12db4294e9bfd3]::io::write::Write>::write_fmt
[INFO] [stdout]    3:     0x6334766261c6 - std[70759c8f55707aa4]::panicking::default_hook::{closure#0}
[INFO] [stdout]    4:     0x633476642639 - std[70759c8f55707aa4]::panicking::default_hook
[INFO] [stdout]    5:     0x6334765d6c60 - test[9d35eded1c95d3be]::test_main_inner::<test[9d35eded1c95d3be]::test_main_static::{closure#0}>::{closure#0}
[INFO] [stdout]    6:     0x6334766427f2 - std[70759c8f55707aa4]::panicking::panic_with_hook
[INFO] [stdout]    7:     0x633476626272 - std[70759c8f55707aa4]::panicking::panic_handler::{closure#0}
[INFO] [stdout]    8:     0x63347661ef59 - std[70759c8f55707aa4]::sys::backtrace::__rust_end_short_backtrace::<std[70759c8f55707aa4]::panicking::panic_handler::{closure#0}, !>
[INFO] [stdout]    9:     0x633476626e6d - __rustc[8fa7c3cbc660c2b3]::rust_begin_unwind
[INFO] [stdout]   10:     0x633476661bfc - core[df12db4294e9bfd3]::panicking::panic_fmt
[INFO] [stdout]   11:     0x6334766619d2 - core[df12db4294e9bfd3]::result::unwrap_failed
[INFO] [stdout]   12:     0x6334764e7d94 - preflate_rs[8d2099d9af86c86f]::utils::read_file
[INFO] [stdout]   13:     0x6334764efce1 - preflate_rs[8d2099d9af86c86f]::estimator::preflate_parameter_estimator::verify_zlibng_recognition
[INFO] [stdout]   14:     0x6334764fa6a9 - <preflate_rs[8d2099d9af86c86f]::estimator::preflate_parameter_estimator::verify_zlibng_recognition::{closure#0} as core[df12db4294e9bfd3]::ops::function::FnOnce<()>>::call_once
[INFO] [stdout]   15:     0x6334765c9f4b - test[9d35eded1c95d3be]::__rust_begin_short_backtrace::<core[df12db4294e9bfd3]::result::Result<(), alloc[2182bb758b4b3781]::string::String>, fn() -> core[df12db4294e9bfd3]::result::Result<(), alloc[2182bb758b4b3781]::string::String>>
[INFO] [stdout]   16:     0x6334765d75b5 - test[9d35eded1c95d3be]::run_test::{closure#0}
[INFO] [stdout]   17:     0x6334765d0e74 - std[70759c8f55707aa4]::sys::backtrace::__rust_begin_short_backtrace::<test[9d35eded1c95d3be]::run_test::{closure#1}, ()>
[INFO] [stdout]   18:     0x6334765da712 - <std[70759c8f55707aa4]::thread::lifecycle::spawn_unchecked<test[9d35eded1c95d3be]::run_test::{closure#1}, ()>::{closure#1} as core[df12db4294e9bfd3]::ops::function::FnOnce<()>>::call_once::{shim:vtable#0}
[INFO] [stdout]   19:     0x6334766499b9 - <std[70759c8f55707aa4]::sys::thread::unix::Thread>::new::thread_start
[INFO] [stdout]   20:     0x7b57165bbdfa - <unknown>
[INFO] [stdout]   21:     0x7b571664f3d4 - clone
[INFO] [stdout]   22:                0x0 - <unknown>
[INFO] [stdout] 
[INFO] [stdout] ---- stream_processor::verify_decompress_partial_gzip_deflate_body_roundtrip stdout ----
[INFO] [stdout] reading /opt/rustwide/workdir/../samples/sample1.bin.gz
[INFO] [stdout] 
[INFO] [stdout] thread 'stream_processor::verify_decompress_partial_gzip_deflate_body_roundtrip' (599) panicked at src/utils.rs:24:38:
[INFO] [stdout] called `Result::unwrap()` on an `Err` value: Os { code: 2, kind: NotFound, message: "No such file or directory" }
[INFO] [stdout] stack backtrace:
[INFO] [stdout]    0:     0x63347664a0e1 - <<std[70759c8f55707aa4]::sys::backtrace::BacktraceLock>::print::DisplayBacktrace as core[df12db4294e9bfd3]::fmt::Display>::fmt
[INFO] [stdout]    1:     0x63347666141a - core[df12db4294e9bfd3]::fmt::write
[INFO] [stdout]    2:     0x63347664ff7c - <alloc[2182bb758b4b3781]::vec::Vec<u8> as core[df12db4294e9bfd3]::io::write::Write>::write_fmt
[INFO] [stdout]    3:     0x6334766261c6 - std[70759c8f55707aa4]::panicking::default_hook::{closure#0}
[INFO] [stdout]    4:     0x633476642639 - std[70759c8f55707aa4]::panicking::default_hook
[INFO] [stdout]    5:     0x6334765d6c60 - test[9d35eded1c95d3be]::test_main_inner::<test[9d35eded1c95d3be]::test_main_static::{closure#0}>::{closure#0}
[INFO] [stdout]    6:     0x6334766427f2 - std[70759c8f55707aa4]::panicking::panic_with_hook
[INFO] [stdout]    7:     0x633476626272 - std[70759c8f55707aa4]::panicking::panic_handler::{closure#0}
[INFO] [stdout]    8:     0x63347661ef59 - std[70759c8f55707aa4]::sys::backtrace::__rust_end_short_backtrace::<std[70759c8f55707aa4]::panicking::panic_handler::{closure#0}, !>
[INFO] [stdout]    9:     0x633476626e6d - __rustc[8fa7c3cbc660c2b3]::rust_begin_unwind
[INFO] [stdout]   10:     0x633476661bfc - core[df12db4294e9bfd3]::panicking::panic_fmt
[INFO] [stdout]   11:     0x6334766619d2 - core[df12db4294e9bfd3]::result::unwrap_failed
[INFO] [stdout]   12:     0x6334764e7d94 - preflate_rs[8d2099d9af86c86f]::utils::read_file
[INFO] [stdout]   13:     0x6334764c0a28 - preflate_rs[8d2099d9af86c86f]::stream_processor::verify_decompress_partial_gzip_deflate_body_roundtrip
[INFO] [stdout]   14:     0x6334764fa369 - <preflate_rs[8d2099d9af86c86f]::stream_processor::verify_decompress_partial_gzip_deflate_body_roundtrip::{closure#0} as core[df12db4294e9bfd3]::ops::function::FnOnce<()>>::call_once
[INFO] [stdout]   15:     0x6334765c9f4b - test[9d35eded1c95d3be]::__rust_begin_short_backtrace::<core[df12db4294e9bfd3]::result::Result<(), alloc[2182bb758b4b3781]::string::String>, fn() -> core[df12db4294e9bfd3]::result::Result<(), alloc[2182bb758b4b3781]::string::String>>
[INFO] [stdout]   16:     0x6334765d75b5 - test[9d35eded1c95d3be]::run_test::{closure#0}
[INFO] [stdout]   17:     0x6334765d0e74 - std[70759c8f55707aa4]::sys::backtrace::__rust_begin_short_backtrace::<test[9d35eded1c95d3be]::run_test::{closure#1}, ()>
[INFO] [stdout]   18:     0x6334765da712 - <std[70759c8f55707aa4]::thread::lifecycle::spawn_unchecked<test[9d35eded1c95d3be]::run_test::{closure#1}, ()>::{closure#1} as core[df12db4294e9bfd3]::ops::function::FnOnce<()>>::call_once::{shim:vtable#0}
[INFO] [stdout]   19:     0x6334766499b9 - <std[70759c8f55707aa4]::sys::thread::unix::Thread>::new::thread_start
[INFO] [stdout]   20:     0x7b57165bbdfa - <unknown>
[INFO] [stdout]   21:     0x7b571664f3d4 - clone
[INFO] [stdout]   22:                0x0 - <unknown>
[INFO] [stdout] 
[INFO] [stdout] ---- stream_processor::verify_longmatch stdout ----
[INFO] [stdout] reading /opt/rustwide/workdir/../samples/compressed_flate2_level1_longmatch.deflate
[INFO] [stdout] 
[INFO] [stdout] thread 'stream_processor::verify_longmatch' (600) panicked at src/utils.rs:24:38:
[INFO] [stdout] called `Result::unwrap()` on an `Err` value: Os { code: 2, kind: NotFound, message: "No such file or directory" }
[INFO] [stdout] stack backtrace:
[INFO] [stdout]    0:     0x63347664a0e1 - <<std[70759c8f55707aa4]::sys::backtrace::BacktraceLock>::print::DisplayBacktrace as core[df12db4294e9bfd3]::fmt::Display>::fmt
[INFO] [stdout]    1:     0x63347666141a - core[df12db4294e9bfd3]::fmt::write
[INFO] [stdout]    2:     0x63347664ff7c - <alloc[2182bb758b4b3781]::vec::Vec<u8> as core[df12db4294e9bfd3]::io::write::Write>::write_fmt
[INFO] [stdout]    3:     0x6334766261c6 - std[70759c8f55707aa4]::panicking::default_hook::{closure#0}
[INFO] [stdout]    4:     0x633476642639 - std[70759c8f55707aa4]::panicking::default_hook
[INFO] [stdout]    5:     0x6334765d6c60 - test[9d35eded1c95d3be]::test_main_inner::<test[9d35eded1c95d3be]::test_main_static::{closure#0}>::{closure#0}
[INFO] [stdout]    6:     0x6334766427f2 - std[70759c8f55707aa4]::panicking::panic_with_hook
[INFO] [stdout]    7:     0x633476626272 - std[70759c8f55707aa4]::panicking::panic_handler::{closure#0}
[INFO] [stdout]    8:     0x63347661ef59 - std[70759c8f55707aa4]::sys::backtrace::__rust_end_short_backtrace::<std[70759c8f55707aa4]::panicking::panic_handler::{closure#0}, !>
[INFO] [stdout]    9:     0x633476626e6d - __rustc[8fa7c3cbc660c2b3]::rust_begin_unwind
[INFO] [stdout]   10:     0x633476661bfc - core[df12db4294e9bfd3]::panicking::panic_fmt
[INFO] [stdout]   11:     0x6334766619d2 - core[df12db4294e9bfd3]::result::unwrap_failed
[INFO] [stdout]   12:     0x6334764e7d94 - preflate_rs[8d2099d9af86c86f]::utils::read_file
[INFO] [stdout]   13:     0x6334764be417 - preflate_rs[8d2099d9af86c86f]::stream_processor::verify_longmatch
[INFO] [stdout]   14:     0x6334764fa249 - <preflate_rs[8d2099d9af86c86f]::stream_processor::verify_longmatch::{closure#0} as core[df12db4294e9bfd3]::ops::function::FnOnce<()>>::call_once
[INFO] [stdout]   15:     0x6334765c9f4b - test[9d35eded1c95d3be]::__rust_begin_short_backtrace::<core[df12db4294e9bfd3]::result::Result<(), alloc[2182bb758b4b3781]::string::String>, fn() -> core[df12db4294e9bfd3]::result::Result<(), alloc[2182bb758b4b3781]::string::String>>
[INFO] [stdout]   16:     0x6334765d75b5 - test[9d35eded1c95d3be]::run_test::{closure#0}
[INFO] [stdout]   17:     0x6334765d0e74 - std[70759c8f55707aa4]::sys::backtrace::__rust_begin_short_backtrace::<test[9d35eded1c95d3be]::run_test::{closure#1}, ()>
[INFO] [stdout]   18:     0x6334765da712 - <std[70759c8f55707aa4]::thread::lifecycle::spawn_unchecked<test[9d35eded1c95d3be]::run_test::{closure#1}, ()>::{closure#1} as core[df12db4294e9bfd3]::ops::function::FnOnce<()>>::call_once::{shim:vtable#0}
[INFO] [stdout]   19:     0x6334766499b9 - <std[70759c8f55707aa4]::sys::thread::unix::Thread>::new::thread_start
[INFO] [stdout]   20:     0x7b57165bbdfa - <unknown>
[INFO] [stdout]   21:     0x7b571664f3d4 - clone
[INFO] [stdout]   22:                0x0 - <unknown>
[INFO] [stdout] 
[INFO] [stdout] ---- stream_processor::verify_png_deflate stdout ----
[INFO] [stdout] reading /opt/rustwide/workdir/../samples/treegdi.extract.deflate
[INFO] [stdout] 
[INFO] [stdout] thread 'stream_processor::verify_png_deflate' (604) panicked at src/utils.rs:24:38:
[INFO] [stdout] called `Result::unwrap()` on an `Err` value: Os { code: 2, kind: NotFound, message: "No such file or directory" }
[INFO] [stdout] stack backtrace:
[INFO] [stdout]    0:     0x63347664a0e1 - <<std[70759c8f55707aa4]::sys::backtrace::BacktraceLock>::print::DisplayBacktrace as core[df12db4294e9bfd3]::fmt::Display>::fmt
[INFO] [stdout]    1:     0x63347666141a - core[df12db4294e9bfd3]::fmt::write
[INFO] [stdout]    2:     0x63347664ff7c - <alloc[2182bb758b4b3781]::vec::Vec<u8> as core[df12db4294e9bfd3]::io::write::Write>::write_fmt
[INFO] [stdout]    3:     0x6334766261c6 - std[70759c8f55707aa4]::panicking::default_hook::{closure#0}
[INFO] [stdout]    4:     0x633476642639 - std[70759c8f55707aa4]::panicking::default_hook
[INFO] [stdout]    5:     0x6334765d6c60 - test[9d35eded1c95d3be]::test_main_inner::<test[9d35eded1c95d3be]::test_main_static::{closure#0}>::{closure#0}
[INFO] [stdout]    6:     0x6334766427f2 - std[70759c8f55707aa4]::panicking::panic_with_hook
[INFO] [stdout]    7:     0x633476626272 - std[70759c8f55707aa4]::panicking::panic_handler::{closure#0}
[INFO] [stdout]    8:     0x63347661ef59 - std[70759c8f55707aa4]::sys::backtrace::__rust_end_short_backtrace::<std[70759c8f55707aa4]::panicking::panic_handler::{closure#0}, !>
[INFO] [stdout]    9:     0x633476626e6d - __rustc[8fa7c3cbc660c2b3]::rust_begin_unwind
[INFO] [stdout]   10:     0x633476661bfc - core[df12db4294e9bfd3]::panicking::panic_fmt
[INFO] [stdout]   11:     0x6334766619d2 - core[df12db4294e9bfd3]::result::unwrap_failed
[INFO] [stdout]   12:     0x6334764e7d94 - preflate_rs[8d2099d9af86c86f]::utils::read_file
[INFO] [stdout]   13:     0x6334764be4c7 - preflate_rs[8d2099d9af86c86f]::stream_processor::verify_png_deflate
[INFO] [stdout]   14:     0x6334764fa269 - <preflate_rs[8d2099d9af86c86f]::stream_processor::verify_png_deflate::{closure#0} as core[df12db4294e9bfd3]::ops::function::FnOnce<()>>::call_once
[INFO] [stdout]   15:     0x6334765c9f4b - test[9d35eded1c95d3be]::__rust_begin_short_backtrace::<core[df12db4294e9bfd3]::result::Result<(), alloc[2182bb758b4b3781]::string::String>, fn() -> core[df12db4294e9bfd3]::result::Result<(), alloc[2182bb758b4b3781]::string::String>>
[INFO] [stdout]   16:     0x6334765d75b5 - test[9d35eded1c95d3be]::run_test::{closure#0}
[INFO] [stdout]   17:     0x6334765d0e74 - std[70759c8f55707aa4]::sys::backtrace::__rust_begin_short_backtrace::<test[9d35eded1c95d3be]::run_test::{closure#1}, ()>
[INFO] [stdout]   18:     0x6334765da712 - <std[70759c8f55707aa4]::thread::lifecycle::spawn_unchecked<test[9d35eded1c95d3be]::run_test::{closure#1}, ()>::{closure#1} as core[df12db4294e9bfd3]::ops::function::FnOnce<()>>::call_once::{shim:vtable#0}
[INFO] [stdout]   19:     0x6334766499b9 - <std[70759c8f55707aa4]::sys::thread::unix::Thread>::new::thread_start
[INFO] [stdout]   20:     0x7b57165bbdfa - <unknown>
[INFO] [stdout]   21:     0x7b571664f3d4 - clone
[INFO] [stdout]   22:                0x0 - <unknown>
[INFO] [stdout] 
[INFO] [stdout] ---- stream_processor::verify_miniz stdout ----
[INFO] [stdout] reading /opt/rustwide/workdir/../samples/compressed_minizoxide_level1.deflate
[INFO] [stdout] 
[INFO] [stdout] thread 'stream_processor::verify_miniz' (601) panicked at src/utils.rs:24:38:
[INFO] [stdout] called `Result::unwrap()` on an `Err` value: Os { code: 2, kind: NotFound, message: "No such file or directory" }
[INFO] [stdout] stack backtrace:
[INFO] [stdout]    0:     0x63347664a0e1 - <<std[70759c8f55707aa4]::sys::backtrace::BacktraceLock>::print::DisplayBacktrace as core[df12db4294e9bfd3]::fmt::Display>::fmt
[INFO] [stdout]    1:     0x63347666141a - core[df12db4294e9bfd3]::fmt::write
[INFO] [stdout]    2:     0x63347664ff7c - <alloc[2182bb758b4b3781]::vec::Vec<u8> as core[df12db4294e9bfd3]::io::write::Write>::write_fmt
[INFO] [stdout]    3:     0x6334766261c6 - std[70759c8f55707aa4]::panicking::default_hook::{closure#0}
[INFO] [stdout]    4:     0x633476642639 - std[70759c8f55707aa4]::panicking::default_hook
[INFO] [stdout]    5:     0x6334765d6c60 - test[9d35eded1c95d3be]::test_main_inner::<test[9d35eded1c95d3be]::test_main_static::{closure#0}>::{closure#0}
[INFO] [stdout]    6:     0x6334766427f2 - std[70759c8f55707aa4]::panicking::panic_with_hook
[INFO] [stdout]    7:     0x633476626272 - std[70759c8f55707aa4]::panicking::panic_handler::{closure#0}
[INFO] [stdout]    8:     0x63347661ef59 - std[70759c8f55707aa4]::sys::backtrace::__rust_end_short_backtrace::<std[70759c8f55707aa4]::panicking::panic_handler::{closure#0}, !>
[INFO] [stdout]    9:     0x633476626e6d - __rustc[8fa7c3cbc660c2b3]::rust_begin_unwind
[INFO] [stdout]   10:     0x633476661bfc - core[df12db4294e9bfd3]::panicking::panic_fmt
[INFO] [stdout]   11:     0x6334766619d2 - core[df12db4294e9bfd3]::result::unwrap_failed
[INFO] [stdout]   12:     0x6334764e7d94 - preflate_rs[8d2099d9af86c86f]::utils::read_file
[INFO] [stdout]   13:     0x6334764be2b7 - preflate_rs[8d2099d9af86c86f]::stream_processor::verify_miniz
[INFO] [stdout]   14:     0x6334764fa209 - <preflate_rs[8d2099d9af86c86f]::stream_processor::verify_miniz::{closure#0} as core[df12db4294e9bfd3]::ops::function::FnOnce<()>>::call_once
[INFO] [stdout]   15:     0x6334765c9f4b - test[9d35eded1c95d3be]::__rust_begin_short_backtrace::<core[df12db4294e9bfd3]::result::Result<(), alloc[2182bb758b4b3781]::string::String>, fn() -> core[df12db4294e9bfd3]::result::Result<(), alloc[2182bb758b4b3781]::string::String>>
[INFO] [stdout]   16:     0x6334765d75b5 - test[9d35eded1c95d3be]::run_test::{closure#0}
[INFO] [stdout]   17:     0x6334765d0e74 - std[70759c8f55707aa4]::sys::backtrace::__rust_begin_short_backtrace::<test[9d35eded1c95d3be]::run_test::{closure#1}, ()>
[INFO] [stdout]   18:     0x6334765da712 - <std[70759c8f55707aa4]::thread::lifecycle::spawn_unchecked<test[9d35eded1c95d3be]::run_test::{closure#1}, ()>::{closure#1} as core[df12db4294e9bfd3]::ops::function::FnOnce<()>>::call_once::{shim:vtable#0}
[INFO] [stdout]   19:     0x6334766499b9 - <std[70759c8f55707aa4]::sys::thread::unix::Thread>::new::thread_start
[INFO] [stdout]   20:     0x7b57165bbdfa - <unknown>
[INFO] [stdout]   21:     0x7b571664f3d4 - clone
[INFO] [stdout]   22:                0x0 - <unknown>
[INFO] [stdout] 
[INFO] [stdout] ---- stream_processor::verify_partial_blocks stdout ----
[INFO] [stdout] reading /opt/rustwide/workdir/../samples/compressed_zlib_level0.deflate
[INFO] [stdout] 
[INFO] [stdout] thread 'stream_processor::verify_partial_blocks' (602) panicked at src/utils.rs:24:38:
[INFO] [stdout] called `Result::unwrap()` on an `Err` value: Os { code: 2, kind: NotFound, message: "No such file or directory" }
[INFO] [stdout] stack backtrace:
[INFO] [stdout]    0:     0x63347664a0e1 - <<std[70759c8f55707aa4]::sys::backtrace::BacktraceLock>::print::DisplayBacktrace as core[df12db4294e9bfd3]::fmt::Display>::fmt
[INFO] [stdout]    1:     0x63347666141a - core[df12db4294e9bfd3]::fmt::write
[INFO] [stdout]    2:     0x63347664ff7c - <alloc[2182bb758b4b3781]::vec::Vec<u8> as core[df12db4294e9bfd3]::io::write::Write>::write_fmt
[INFO] [stdout]    3:     0x6334766261c6 - std[70759c8f55707aa4]::panicking::default_hook::{closure#0}
[INFO] [stdout]    4:     0x633476642639 - std[70759c8f55707aa4]::panicking::default_hook
[INFO] [stdout]    5:     0x6334765d6c60 - test[9d35eded1c95d3be]::test_main_inner::<test[9d35eded1c95d3be]::test_main_static::{closure#0}>::{closure#0}
[INFO] [stdout]    6:     0x6334766427f2 - std[70759c8f55707aa4]::panicking::panic_with_hook
[INFO] [stdout]    7:     0x633476626272 - std[70759c8f55707aa4]::panicking::panic_handler::{closure#0}
[INFO] [stdout]    8:     0x63347661ef59 - std[70759c8f55707aa4]::sys::backtrace::__rust_end_short_backtrace::<std[70759c8f55707aa4]::panicking::panic_handler::{closure#0}, !>
[INFO] [stdout]    9:     0x633476626e6d - __rustc[8fa7c3cbc660c2b3]::rust_begin_unwind
[INFO] [stdout]   10:     0x633476661bfc - core[df12db4294e9bfd3]::panicking::panic_fmt
[INFO] [stdout]   11:     0x6334766619d2 - core[df12db4294e9bfd3]::result::unwrap_failed
[INFO] [stdout]   12:     0x6334764e7d94 - preflate_rs[8d2099d9af86c86f]::utils::read_file
[INFO] [stdout]   13:     0x6334764be5d5 - preflate_rs[8d2099d9af86c86f]::stream_processor::verify_partial_blocks
[INFO] [stdout]   14:     0x6334764fa289 - <preflate_rs[8d2099d9af86c86f]::stream_processor::verify_partial_blocks::{closure#0} as core[df12db4294e9bfd3]::ops::function::FnOnce<()>>::call_once
[INFO] [stdout]   15:     0x6334765c9f4b - test[9d35eded1c95d3be]::__rust_begin_short_backtrace::<core[df12db4294e9bfd3]::result::Result<(), alloc[2182bb758b4b3781]::string::String>, fn() -> core[df12db4294e9bfd3]::result::Result<(), alloc[2182bb758b4b3781]::string::String>>
[INFO] [stdout]   16:     0x6334765d75b5 - test[9d35eded1c95d3be]::run_test::{closure#0}
[INFO] [stdout]   17:     0x6334765d0e74 - std[70759c8f55707aa4]::sys::backtrace::__rust_begin_short_backtrace::<test[9d35eded1c95d3be]::run_test::{closure#1}, ()>
[INFO] [stdout]   18:     0x6334765da712 - <std[70759c8f55707aa4]::thread::lifecycle::spawn_unchecked<test[9d35eded1c95d3be]::run_test::{closure#1}, ()>::{closure#1} as core[df12db4294e9bfd3]::ops::function::FnOnce<()>>::call_once::{shim:vtable#0}
[INFO] [stdout]   19:     0x6334766499b9 - <std[70759c8f55707aa4]::sys::thread::unix::Thread>::new::thread_start
[INFO] [stdout]   20:     0x7b57165bbdfa - <unknown>
[INFO] [stdout]   21:     0x7b571664f3d4 - clone
[INFO] [stdout]   22:                0x0 - <unknown>
[INFO] [stdout] 
[INFO] [stdout] ---- stream_processor::verify_plain_text_limit stdout ----
[INFO] [stdout] reading /opt/rustwide/workdir/../samples/compressed_zlib_level3.deflate
[INFO] [stdout] 
[INFO] [stdout] thread 'stream_processor::verify_plain_text_limit' (603) panicked at src/utils.rs:24:38:
[INFO] [stdout] called `Result::unwrap()` on an `Err` value: Os { code: 2, kind: NotFound, message: "No such file or directory" }
[INFO] [stdout] stack backtrace:
[INFO] [stdout]    0:     0x63347664a0e1 - <<std[70759c8f55707aa4]::sys::backtrace::BacktraceLock>::print::DisplayBacktrace as core[df12db4294e9bfd3]::fmt::Display>::fmt
[INFO] [stdout]    1:     0x63347666141a - core[df12db4294e9bfd3]::fmt::write
[INFO] [stdout]    2:     0x63347664ff7c - <alloc[2182bb758b4b3781]::vec::Vec<u8> as core[df12db4294e9bfd3]::io::write::Write>::write_fmt
[INFO] [stdout]    3:     0x6334766261c6 - std[70759c8f55707aa4]::panicking::default_hook::{closure#0}
[INFO] [stdout]    4:     0x633476642639 - std[70759c8f55707aa4]::panicking::default_hook
[INFO] [stdout]    5:     0x6334765d6c60 - test[9d35eded1c95d3be]::test_main_inner::<test[9d35eded1c95d3be]::test_main_static::{closure#0}>::{closure#0}
[INFO] [stdout]    6:     0x6334766427f2 - std[70759c8f55707aa4]::panicking::panic_with_hook
[INFO] [stdout]    7:     0x633476626272 - std[70759c8f55707aa4]::panicking::panic_handler::{closure#0}
[INFO] [stdout]    8:     0x63347661ef59 - std[70759c8f55707aa4]::sys::backtrace::__rust_end_short_backtrace::<std[70759c8f55707aa4]::panicking::panic_handler::{closure#0}, !>
[INFO] [stdout]    9:     0x633476626e6d - __rustc[8fa7c3cbc660c2b3]::rust_begin_unwind
[INFO] [stdout]   10:     0x633476661bfc - core[df12db4294e9bfd3]::panicking::panic_fmt
[INFO] [stdout]   11:     0x6334766619d2 - core[df12db4294e9bfd3]::result::unwrap_failed
[INFO] [stdout]   12:     0x6334764e7d94 - preflate_rs[8d2099d9af86c86f]::utils::read_file
[INFO] [stdout]   13:     0x6334764bea77 - preflate_rs[8d2099d9af86c86f]::stream_processor::verify_plain_text_limit
[INFO] [stdout]   14:     0x6334764fa2c9 - <preflate_rs[8d2099d9af86c86f]::stream_processor::verify_plain_text_limit::{closure#0} as core[df12db4294e9bfd3]::ops::function::FnOnce<()>>::call_once
[INFO] [stdout]   15:     0x6334765c9f4b - test[9d35eded1c95d3be]::__rust_begin_short_backtrace::<core[df12db4294e9bfd3]::result::Result<(), alloc[2182bb758b4b3781]::string::String>, fn() -> core[df12db4294e9bfd3]::result::Result<(), alloc[2182bb758b4b3781]::string::String>>
[INFO] [stdout]   16:     0x6334765d75b5 - test[9d35eded1c95d3be]::run_test::{closure#0}
[INFO] [stdout]   17:     0x6334765d0e74 - std[70759c8f55707aa4]::sys::backtrace::__rust_begin_short_backtrace::<test[9d35eded1c95d3be]::run_test::{closure#1}, ()>
[INFO] [stdout]   18:     0x6334765da712 - <std[70759c8f55707aa4]::thread::lifecycle::spawn_unchecked<test[9d35eded1c95d3be]::run_test::{closure#1}, ()>::{closure#1} as core[df12db4294e9bfd3]::ops::function::FnOnce<()>>::call_once::{shim:vtable#0}
[INFO] [stdout]   19:     0x6334766499b9 - <std[70759c8f55707aa4]::sys::thread::unix::Thread>::new::thread_start
[INFO] [stdout]   20:     0x7b57165bbdfa - <unknown>
[INFO] [stdout]   21:     0x7b571664f3d4 - clone
[INFO] [stdout]   22:                0x0 - <unknown>
[INFO] [stdout] 
[INFO] [stdout] ---- estimator::add_policy_estimator::verify_miniz1_recognition stdout ----
[INFO] [stdout] reading /opt/rustwide/workdir/../samples/compressed_minizoxide_level1.deflate
[INFO] [stdout] 
[INFO] [stdout] thread 'estimator::add_policy_estimator::verify_miniz1_recognition' (589) panicked at src/utils.rs:24:38:
[INFO] [stdout] called `Result::unwrap()` on an `Err` value: Os { code: 2, kind: NotFound, message: "No such file or directory" }
[INFO] [stdout] stack backtrace:
[INFO] [stdout]    0:     0x63347664a0e1 - <<std[70759c8f55707aa4]::sys::backtrace::BacktraceLock>::print::DisplayBacktrace as core[df12db4294e9bfd3]::fmt::Display>::fmt
[INFO] [stdout]    1:     0x63347666141a - core[df12db4294e9bfd3]::fmt::write
[INFO] [stdout]    2:     0x63347664ff7c - <alloc[2182bb758b4b3781]::vec::Vec<u8> as core[df12db4294e9bfd3]::io::write::Write>::write_fmt
[INFO] [stdout]    3:     0x6334766261c6 - std[70759c8f55707aa4]::panicking::default_hook::{closure#0}
[INFO] [stdout]    4:     0x633476642639 - std[70759c8f55707aa4]::panicking::default_hook
[INFO] [stdout]    5:     0x6334765d6c60 - test[9d35eded1c95d3be]::test_main_inner::<test[9d35eded1c95d3be]::test_main_static::{closure#0}>::{closure#0}
[INFO] [stdout]    6:     0x6334766427f2 - std[70759c8f55707aa4]::panicking::panic_with_hook
[INFO] [stdout]    7:     0x633476626272 - std[70759c8f55707aa4]::panicking::panic_handler::{closure#0}
[INFO] [stdout]    8:     0x63347661ef59 - std[70759c8f55707aa4]::sys::backtrace::__rust_end_short_backtrace::<std[70759c8f55707aa4]::panicking::panic_handler::{closure#0}, !>
[INFO] [stdout]    9:     0x633476626e6d - __rustc[8fa7c3cbc660c2b3]::rust_begin_unwind
[INFO] [stdout]   10:     0x633476661bfc - core[df12db4294e9bfd3]::panicking::panic_fmt
[INFO] [stdout]   11:     0x6334766619d2 - core[df12db4294e9bfd3]::result::unwrap_failed
[INFO] [stdout]   12:     0x6334764e7d94 - preflate_rs[8d2099d9af86c86f]::utils::read_file
[INFO] [stdout]   13:     0x6334764ed8d6 - preflate_rs[8d2099d9af86c86f]::estimator::add_policy_estimator::verify_miniz1_recognition
[INFO] [stdout]   14:     0x6334764fa5e9 - <preflate_rs[8d2099d9af86c86f]::estimator::add_policy_estimator::verify_miniz1_recognition::{closure#0} as core[df12db4294e9bfd3]::ops::function::FnOnce<()>>::call_once
[INFO] [stdout]   15:     0x6334765c9f4b - test[9d35eded1c95d3be]::__rust_begin_short_backtrace::<core[df12db4294e9bfd3]::result::Result<(), alloc[2182bb758b4b3781]::string::String>, fn() -> core[df12db4294e9bfd3]::result::Result<(), alloc[2182bb758b4b3781]::string::String>>
[INFO] [stdout]   16:     0x6334765d75b5 - test[9d35eded1c95d3be]::run_test::{closure#0}
[INFO] [stdout]   17:     0x6334765d0e74 - std[70759c8f55707aa4]::sys::backtrace::__rust_begin_short_backtrace::<test[9d35eded1c95d3be]::run_test::{closure#1}, ()>
[INFO] [stdout]   18:     0x6334765da712 - <std[70759c8f55707aa4]::thread::lifecycle::spawn_unchecked<test[9d35eded1c95d3be]::run_test::{closure#1}, ()>::{closure#1} as core[df12db4294e9bfd3]::ops::function::FnOnce<()>>::call_once::{shim:vtable#0}
[INFO] [stdout]   19:     0x6334766499b9 - <std[70759c8f55707aa4]::sys::thread::unix::Thread>::new::thread_start
[INFO] [stdout]   20:     0x7b57165bbdfa - <unknown>
[INFO] [stdout]   21:     0x7b571664f3d4 - clone
[INFO] [stdout]   22:                0x0 - <unknown>
[INFO] [stdout] 
[INFO] [stdout] ---- token_predictor::test_predictor_incremental stdout ----
[INFO] [stdout] reading /opt/rustwide/workdir/../samples/compressed_zlib_level1.deflate
[INFO] [stdout] 
[INFO] [stdout] thread 'token_predictor::test_predictor_incremental' (612) panicked at src/utils.rs:24:38:
[INFO] [stdout] called `Result::unwrap()` on an `Err` value: Os { code: 2, kind: NotFound, message: "No such file or directory" }
[INFO] [stdout] stack backtrace:
[INFO] [stdout]    0:     0x63347664a0e1 - <<std[70759c8f55707aa4]::sys::backtrace::BacktraceLock>::print::DisplayBacktrace as core[df12db4294e9bfd3]::fmt::Display>::fmt
[INFO] [stdout]    1:     0x63347666141a - core[df12db4294e9bfd3]::fmt::write
[INFO] [stdout]    2:     0x63347664ff7c - <alloc[2182bb758b4b3781]::vec::Vec<u8> as core[df12db4294e9bfd3]::io::write::Write>::write_fmt
[INFO] [stdout]    3:     0x6334766261c6 - std[70759c8f55707aa4]::panicking::default_hook::{closure#0}
[INFO] [stdout]    4:     0x633476642639 - std[70759c8f55707aa4]::panicking::default_hook
[INFO] [stdout]    5:     0x6334765d6c60 - test[9d35eded1c95d3be]::test_main_inner::<test[9d35eded1c95d3be]::test_main_static::{closure#0}>::{closure#0}
[INFO] [stdout]    6:     0x6334766427f2 - std[70759c8f55707aa4]::panicking::panic_with_hook
[INFO] [stdout]    7:     0x633476626272 - std[70759c8f55707aa4]::panicking::panic_handler::{closure#0}
[INFO] [stdout]    8:     0x63347661ef59 - std[70759c8f55707aa4]::sys::backtrace::__rust_end_short_backtrace::<std[70759c8f55707aa4]::panicking::panic_handler::{closure#0}, !>
[INFO] [stdout]    9:     0x633476626e6d - __rustc[8fa7c3cbc660c2b3]::rust_begin_unwind
[INFO] [stdout]   10:     0x633476661bfc - core[df12db4294e9bfd3]::panicking::panic_fmt
[INFO] [stdout]   11:     0x6334766619d2 - core[df12db4294e9bfd3]::result::unwrap_failed
[INFO] [stdout]   12:     0x6334764e7d94 - preflate_rs[8d2099d9af86c86f]::utils::read_file
[INFO] [stdout]   13:     0x6334764d3c5a - preflate_rs[8d2099d9af86c86f]::token_predictor::test_predictor_incremental
[INFO] [stdout]   14:     0x6334764fa1c9 - <preflate_rs[8d2099d9af86c86f]::token_predictor::test_predictor_incremental::{closure#0} as core[df12db4294e9bfd3]::ops::function::FnOnce<()>>::call_once
[INFO] [stdout]   15:     0x6334765c9f4b - test[9d35eded1c95d3be]::__rust_begin_short_backtrace::<core[df12db4294e9bfd3]::result::Result<(), alloc[2182bb758b4b3781]::string::String>, fn() -> core[df12db4294e9bfd3]::result::Result<(), alloc[2182bb758b4b3781]::string::String>>
[INFO] [stdout]   16:     0x6334765d75b5 - test[9d35eded1c95d3be]::run_test::{closure#0}
[INFO] [stdout]   17:     0x6334765d0e74 - std[70759c8f55707aa4]::sys::backtrace::__rust_begin_short_backtrace::<test[9d35eded1c95d3be]::run_test::{closure#1}, ()>
[INFO] [stdout]   18:     0x6334765da712 - <std[70759c8f55707aa4]::thread::lifecycle::spawn_unchecked<test[9d35eded1c95d3be]::run_test::{closure#1}, ()>::{closure#1} as core[df12db4294e9bfd3]::ops::function::FnOnce<()>>::call_once::{shim:vtable#0}
[INFO] [stdout]   19:     0x6334766499b9 - <std[70759c8f55707aa4]::sys::thread::unix::Thread>::new::thread_start
[INFO] [stdout]   20:     0x7b57165bbdfa - <unknown>
[INFO] [stdout]   21:     0x7b571664f3d4 - clone
[INFO] [stdout]   22:                0x0 - <unknown>
[INFO] [stdout] 
[INFO] [stdout] ---- token_predictor::test_predictor_token_only stdout ----
[INFO] [stdout] reading /opt/rustwide/workdir/../samples/compressed_zlib_level1.deflate
[INFO] [stdout] 
[INFO] [stdout] thread 'token_predictor::test_predictor_token_only' (613) panicked at src/utils.rs:24:38:
[INFO] [stdout] called `Result::unwrap()` on an `Err` value: Os { code: 2, kind: NotFound, message: "No such file or directory" }
[INFO] [stdout] stack backtrace:
[INFO] [stdout]    0:     0x63347664a0e1 - <<std[70759c8f55707aa4]::sys::backtrace::BacktraceLock>::print::DisplayBacktrace as core[df12db4294e9bfd3]::fmt::Display>::fmt
[INFO] [stdout]    1:     0x63347666141a - core[df12db4294e9bfd3]::fmt::write
[INFO] [stdout]    2:     0x63347664ff7c - <alloc[2182bb758b4b3781]::vec::Vec<u8> as core[df12db4294e9bfd3]::io::write::Write>::write_fmt
[INFO] [stdout]    3:     0x6334766261c6 - std[70759c8f55707aa4]::panicking::default_hook::{closure#0}
[INFO] [stdout]    4:     0x633476642639 - std[70759c8f55707aa4]::panicking::default_hook
[INFO] [stdout]    5:     0x6334765d6c60 - test[9d35eded1c95d3be]::test_main_inner::<test[9d35eded1c95d3be]::test_main_static::{closure#0}>::{closure#0}
[INFO] [stdout]    6:     0x6334766427f2 - std[70759c8f55707aa4]::panicking::panic_with_hook
[INFO] [stdout]    7:     0x633476626272 - std[70759c8f55707aa4]::panicking::panic_handler::{closure#0}
[INFO] [stdout]    8:     0x63347661ef59 - std[70759c8f55707aa4]::sys::backtrace::__rust_end_short_backtrace::<std[70759c8f55707aa4]::panicking::panic_handler::{closure#0}, !>
[INFO] [stdout]    9:     0x633476626e6d - __rustc[8fa7c3cbc660c2b3]::rust_begin_unwind
[INFO] [stdout]   10:     0x633476661bfc - core[df12db4294e9bfd3]::panicking::panic_fmt
[INFO] [stdout]   11:     0x6334766619d2 - core[df12db4294e9bfd3]::result::unwrap_failed
[INFO] [stdout]   12:     0x6334764e7d94 - preflate_rs[8d2099d9af86c86f]::utils::read_file
[INFO] [stdout]   13:     0x6334764d36ca - preflate_rs[8d2099d9af86c86f]::token_predictor::test_predictor_token_only
[INFO] [stdout]   14:     0x6334764fa1a9 - <preflate_rs[8d2099d9af86c86f]::token_predictor::test_predictor_token_only::{closure#0} as core[df12db4294e9bfd3]::ops::function::FnOnce<()>>::call_once
[INFO] [stdout]   15:     0x6334765c9f4b - test[9d35eded1c95d3be]::__rust_begin_short_backtrace::<core[df12db4294e9bfd3]::result::Result<(), alloc[2182bb758b4b3781]::string::String>, fn() -> core[df12db4294e9bfd3]::result::Result<(), alloc[2182bb758b4b3781]::string::String>>
[INFO] [stdout]   16:     0x6334765d75b5 - test[9d35eded1c95d3be]::run_test::{closure#0}
[INFO] [stdout]   17:     0x6334765d0e74 - std[70759c8f55707aa4]::sys::backtrace::__rust_begin_short_backtrace::<test[9d35eded1c95d3be]::run_test::{closure#1}, ()>
[INFO] [stdout]   18:     0x6334765da712 - <std[70759c8f55707aa4]::thread::lifecycle::spawn_unchecked<test[9d35eded1c95d3be]::run_test::{closure#1}, ()>::{closure#1} as core[df12db4294e9bfd3]::ops::function::FnOnce<()>>::call_once::{shim:vtable#0}
[INFO] [stdout]   19:     0x6334766499b9 - <std[70759c8f55707aa4]::sys::thread::unix::Thread>::new::thread_start
[INFO] [stdout]   20:     0x7b57165bbdfa - <unknown>
[INFO] [stdout]   21:     0x7b571664f3d4 - clone
[INFO] [stdout]   22:                0x0 - <unknown>
[INFO] [stdout] 
[INFO] [stdout] ---- stream_processor::verify_roundtrip_assert stdout ----
[INFO] [stdout] reading /opt/rustwide/workdir/../samples/compressed_zlib_level1.deflate
[INFO] [stdout] 
[INFO] [stdout] thread 'stream_processor::verify_roundtrip_assert' (605) panicked at src/utils.rs:24:38:
[INFO] [stdout] called `Result::unwrap()` on an `Err` value: Os { code: 2, kind: NotFound, message: "No such file or directory" }
[INFO] [stdout] stack backtrace:
[INFO] [stdout]    0:     0x63347664a0e1 - <<std[70759c8f55707aa4]::sys::backtrace::BacktraceLock>::print::DisplayBacktrace as core[df12db4294e9bfd3]::fmt::Display>::fmt
[INFO] [stdout]    1:     0x63347666141a - core[df12db4294e9bfd3]::fmt::write
[INFO] [stdout]    2:     0x63347664ff7c - <alloc[2182bb758b4b3781]::vec::Vec<u8> as core[df12db4294e9bfd3]::io::write::Write>::write_fmt
[INFO] [stdout]    3:     0x6334766261c6 - std[70759c8f55707aa4]::panicking::default_hook::{closure#0}
[INFO] [stdout]    4:     0x633476642639 - std[70759c8f55707aa4]::panicking::default_hook
[INFO] [stdout]    5:     0x6334765d6c60 - test[9d35eded1c95d3be]::test_main_inner::<test[9d35eded1c95d3be]::test_main_static::{closure#0}>::{closure#0}
[INFO] [stdout]    6:     0x6334766427f2 - std[70759c8f55707aa4]::panicking::panic_with_hook
[INFO] [stdout]    7:     0x633476626272 - std[70759c8f55707aa4]::panicking::panic_handler::{closure#0}
[INFO] [stdout]    8:     0x63347661ef59 - std[70759c8f55707aa4]::sys::backtrace::__rust_end_short_backtrace::<std[70759c8f55707aa4]::panicking::panic_handler::{closure#0}, !>
[INFO] [stdout]    9:     0x633476626e6d - __rustc[8fa7c3cbc660c2b3]::rust_begin_unwind
[INFO] [stdout]   10:     0x633476661bfc - core[df12db4294e9bfd3]::panicking::panic_fmt
[INFO] [stdout]   11:     0x6334766619d2 - core[df12db4294e9bfd3]::result::unwrap_failed
[INFO] [stdout]   12:     0x6334764e7d94 - preflate_rs[8d2099d9af86c86f]::utils::read_file
[INFO] [stdout]   13:     0x6334764beb94 - preflate_rs[8d2099d9af86c86f]::stream_processor::verify_roundtrip_assert
[INFO] [stdout]   14:     0x6334764fa2e9 - <preflate_rs[8d2099d9af86c86f]::stream_processor::verify_roundtrip_assert::{closure#0} as core[df12db4294e9bfd3]::ops::function::FnOnce<()>>::call_once
[INFO] [stdout]   15:     0x6334765c9f4b - test[9d35eded1c95d3be]::__rust_begin_short_backtrace::<core[df12db4294e9bfd3]::result::Result<(), alloc[2182bb758b4b3781]::string::String>, fn() -> core[df12db4294e9bfd3]::result::Result<(), alloc[2182bb758b4b3781]::string::String>>
[INFO] [stdout]   16:     0x6334765d75b5 - test[9d35eded1c95d3be]::run_test::{closure#0}
[INFO] [stdout]   17:     0x6334765d0e74 - std[70759c8f55707aa4]::sys::backtrace::__rust_begin_short_backtrace::<test[9d35eded1c95d3be]::run_test::{closure#1}, ()>
[INFO] [stdout]   18:     0x6334765da712 - <std[70759c8f55707aa4]::thread::lifecycle::spawn_unchecked<test[9d35eded1c95d3be]::run_test::{closure#1}, ()>::{closure#1} as core[df12db4294e9bfd3]::ops::function::FnOnce<()>>::call_once::{shim:vtable#0}
[INFO] [stdout]   19:     0x6334766499b9 - <std[70759c8f55707aa4]::sys::thread::unix::Thread>::new::thread_start
[INFO] [stdout]   20:     0x7b57165bbdfa - <unknown>
[INFO] [stdout]   21:     0x7b571664f3d4 - clone
[INFO] [stdout]   22:                0x0 - <unknown>
[INFO] [stdout] 
[INFO] [stdout] ---- stream_processor::verify_roundtrip_flate2 stdout ----
[INFO] [stdout] reading /opt/rustwide/workdir/../samples/compressed_flate2_level0.deflate
[INFO] [stdout] 
[INFO] [stdout] thread 'stream_processor::verify_roundtrip_flate2' (606) panicked at src/utils.rs:24:38:
[INFO] [stdout] called `Result::unwrap()` on an `Err` value: Os { code: 2, kind: NotFound, message: "No such file or directory" }
[INFO] [stdout] stack backtrace:
[INFO] [stdout]    0:     0x63347664a0e1 - <<std[70759c8f55707aa4]::sys::backtrace::BacktraceLock>::print::DisplayBacktrace as core[df12db4294e9bfd3]::fmt::Display>::fmt
[INFO] [stdout]    1:     0x63347666141a - core[df12db4294e9bfd3]::fmt::write
[INFO] [stdout]    2:     0x63347664ff7c - <alloc[2182bb758b4b3781]::vec::Vec<u8> as core[df12db4294e9bfd3]::io::write::Write>::write_fmt
[INFO] [stdout]    3:     0x6334766261c6 - std[70759c8f55707aa4]::panicking::default_hook::{closure#0}
[INFO] [stdout]    4:     0x633476642639 - std[70759c8f55707aa4]::panicking::default_hook
[INFO] [stdout]    5:     0x6334765d6c60 - test[9d35eded1c95d3be]::test_main_inner::<test[9d35eded1c95d3be]::test_main_static::{closure#0}>::{closure#0}
[INFO] [stdout]    6:     0x6334766427f2 - std[70759c8f55707aa4]::panicking::panic_with_hook
[INFO] [stdout]    7:     0x633476626272 - std[70759c8f55707aa4]::panicking::panic_handler::{closure#0}
[INFO] [stdout]    8:     0x63347661ef59 - std[70759c8f55707aa4]::sys::backtrace::__rust_end_short_backtrace::<std[70759c8f55707aa4]::panicking::panic_handler::{closure#0}, !>
[INFO] [stdout]    9:     0x633476626e6d - __rustc[8fa7c3cbc660c2b3]::rust_begin_unwind
[INFO] [stdout]   10:     0x633476661bfc - core[df12db4294e9bfd3]::panicking::panic_fmt
[INFO] [stdout]   11:     0x6334766619d2 - core[df12db4294e9bfd3]::result::unwrap_failed
[INFO] [stdout]   12:     0x6334764e7d94 - preflate_rs[8d2099d9af86c86f]::utils::read_file
[INFO] [stdout]   13:     0x6334764bc113 - preflate_rs[8d2099d9af86c86f]::stream_processor::verify_file
[INFO] [stdout]   14:     0x6334764bfbd5 - preflate_rs[8d2099d9af86c86f]::stream_processor::verify_roundtrip_flate2
[INFO] [stdout]   15:     0x6334764fa309 - <preflate_rs[8d2099d9af86c86f]::stream_processor::verify_roundtrip_flate2::{closure#0} as core[df12db4294e9bfd3]::ops::function::FnOnce<()>>::call_once
[INFO] [stdout]   16:     0x6334765c9f4b - test[9d35eded1c95d3be]::__rust_begin_short_backtrace::<core[df12db4294e9bfd3]::result::Result<(), alloc[2182bb758b4b3781]::string::String>, fn() -> core[df12db4294e9bfd3]::result::Result<(), alloc[2182bb758b4b3781]::string::String>>
[INFO] [stdout]   17:     0x6334765d75b5 - test[9d35eded1c95d3be]::run_test::{closure#0}
[INFO] [stdout]   18:     0x6334765d0e74 - std[70759c8f55707aa4]::sys::backtrace::__rust_begin_short_backtrace::<test[9d35eded1c95d3be]::run_test::{closure#1}, ()>
[INFO] [stdout]   19:     0x6334765da712 - <std[70759c8f55707aa4]::thread::lifecycle::spawn_unchecked<test[9d35eded1c95d3be]::run_test::{closure#1}, ()>::{closure#1} as core[df12db4294e9bfd3]::ops::function::FnOnce<()>>::call_once::{shim:vtable#0}
[INFO] [stdout]   20:     0x6334766499b9 - <std[70759c8f55707aa4]::sys::thread::unix::Thread>::new::thread_start
[INFO] [stdout]   21:     0x7b57165bbdfa - <unknown>
[INFO] [stdout]   22:     0x7b571664f3d4 - clone
[INFO] [stdout]   23:                0x0 - <unknown>
[INFO] [stdout] 
[INFO] [stdout] ---- token_predictor::test_predictor_block_perfect stdout ----
[INFO] [stdout] reading /opt/rustwide/workdir/../samples/compressed_zlib_level1.deflate
[INFO] [stdout] 
[INFO] [stdout] thread 'token_predictor::test_predictor_block_perfect' (611) panicked at src/utils.rs:24:38:
[INFO] [stdout] called `Result::unwrap()` on an `Err` value: Os { code: 2, kind: NotFound, message: "No such file or directory" }
[INFO] [stdout] stack backtrace:
[INFO] [stdout]    0:     0x63347664a0e1 - <<std[70759c8f55707aa4]::sys::backtrace::BacktraceLock>::print::DisplayBacktrace as core[df12db4294e9bfd3]::fmt::Display>::fmt
[INFO] [stdout]    1:     0x63347666141a - core[df12db4294e9bfd3]::fmt::write
[INFO] [stdout]    2:     0x63347664ff7c - <alloc[2182bb758b4b3781]::vec::Vec<u8> as core[df12db4294e9bfd3]::io::write::Write>::write_fmt
[INFO] [stdout]    3:     0x6334766261c6 - std[70759c8f55707aa4]::panicking::default_hook::{closure#0}
[INFO] [stdout]    4:     0x633476642639 - std[70759c8f55707aa4]::panicking::default_hook
[INFO] [stdout]    5:     0x6334765d6c60 - test[9d35eded1c95d3be]::test_main_inner::<test[9d35eded1c95d3be]::test_main_static::{closure#0}>::{closure#0}
[INFO] [stdout]    6:     0x6334766427f2 - std[70759c8f55707aa4]::panicking::panic_with_hook
[INFO] [stdout]    7:     0x633476626272 - std[70759c8f55707aa4]::panicking::panic_handler::{closure#0}
[INFO] [stdout]    8:     0x63347661ef59 - std[70759c8f55707aa4]::sys::backtrace::__rust_end_short_backtrace::<std[70759c8f55707aa4]::panicking::panic_handler::{closure#0}, !>
[INFO] [stdout]    9:     0x633476626e6d - __rustc[8fa7c3cbc660c2b3]::rust_begin_unwind
[INFO] [stdout]   10:     0x633476661bfc - core[df12db4294e9bfd3]::panicking::panic_fmt
[INFO] [stdout]   11:     0x6334766619d2 - core[df12db4294e9bfd3]::result::unwrap_failed
[INFO] [stdout]   12:     0x6334764e7d94 - preflate_rs[8d2099d9af86c86f]::utils::read_file
[INFO] [stdout]   13:     0x6334764d48fa - preflate_rs[8d2099d9af86c86f]::token_predictor::test_predictor_block_perfect
[INFO] [stdout]   14:     0x6334764fa1e9 - <preflate_rs[8d2099d9af86c86f]::token_predictor::test_predictor_block_perfect::{closure#0} as core[df12db4294e9bfd3]::ops::function::FnOnce<()>>::call_once
[INFO] [stdout]   15:     0x6334765c9f4b - test[9d35eded1c95d3be]::__rust_begin_short_backtrace::<core[df12db4294e9bfd3]::result::Result<(), alloc[2182bb758b4b3781]::string::String>, fn() -> core[df12db4294e9bfd3]::result::Result<(), alloc[2182bb758b4b3781]::string::String>>
[INFO] [stderr] error: test failed, to rerun pass `--lib`
[INFO] [stdout]   16:     0x6334765d75b5 - test[9d35eded1c95d3be]::run_test::{closure#0}
[INFO] [stdout]   17:     0x6334765d0e74 - std[70759c8f55707aa4]::sys::backtrace::__rust_begin_short_backtrace::<test[9d35eded1c95d3be]::run_test::{closure#1}, ()>
[INFO] [stdout]   18:     0x6334765da712 - <std[70759c8f55707aa4]::thread::lifecycle::spawn_unchecked<test[9d35eded1c95d3be]::run_test::{closure#1}, ()>::{closure#1} as core[df12db4294e9bfd3]::ops::function::FnOnce<()>>::call_once::{shim:vtable#0}
[INFO] [stdout]   19:     0x6334766499b9 - <std[70759c8f55707aa4]::sys::thread::unix::Thread>::new::thread_start
[INFO] [stdout]   20:     0x7b57165bbdfa - <unknown>
[INFO] [stdout]   21:     0x7b571664f3d4 - clone
[INFO] [stdout]   22:                0x0 - <unknown>
[INFO] [stdout] 
[INFO] [stdout] ---- stream_processor::verify_roundtrip_libdeflate stdout ----
[INFO] [stdout] reading /opt/rustwide/workdir/../samples/compressed_libdeflate_level0.deflate
[INFO] [stdout] 
[INFO] [stdout] thread 'stream_processor::verify_roundtrip_libdeflate' (607) panicked at src/utils.rs:24:38:
[INFO] [stdout] called `Result::unwrap()` on an `Err` value: Os { code: 2, kind: NotFound, message: "No such file or directory" }
[INFO] [stdout] stack backtrace:
[INFO] [stdout]    0:     0x63347664a0e1 - <<std[70759c8f55707aa4]::sys::backtrace::BacktraceLock>::print::DisplayBacktrace as core[df12db4294e9bfd3]::fmt::Display>::fmt
[INFO] [stdout]    1:     0x63347666141a - core[df12db4294e9bfd3]::fmt::write
[INFO] [stdout]    2:     0x63347664ff7c - <alloc[2182bb758b4b3781]::vec::Vec<u8> as core[df12db4294e9bfd3]::io::write::Write>::write_fmt
[INFO] [stdout]    3:     0x6334766261c6 - std[70759c8f55707aa4]::panicking::default_hook::{closure#0}
[INFO] [stdout]    4:     0x633476642639 - std[70759c8f55707aa4]::panicking::default_hook
[INFO] [stdout]    5:     0x6334765d6c60 - test[9d35eded1c95d3be]::test_main_inner::<test[9d35eded1c95d3be]::test_main_static::{closure#0}>::{closure#0}
[INFO] [stdout]    6:     0x6334766427f2 - std[70759c8f55707aa4]::panicking::panic_with_hook
[INFO] [stdout]    7:     0x633476626272 - std[70759c8f55707aa4]::panicking::panic_handler::{closure#0}
[INFO] [stdout]    8:     0x63347661ef59 - std[70759c8f55707aa4]::sys::backtrace::__rust_end_short_backtrace::<std[70759c8f55707aa4]::panicking::panic_handler::{closure#0}, !>
[INFO] [stdout]    9:     0x633476626e6d - __rustc[8fa7c3cbc660c2b3]::rust_begin_unwind
[INFO] [stdout]   10:     0x633476661bfc - core[df12db4294e9bfd3]::panicking::panic_fmt
[INFO] [stdout]   11:     0x6334766619d2 - core[df12db4294e9bfd3]::result::unwrap_failed
[INFO] [stdout]   12:     0x6334764e7d94 - preflate_rs[8d2099d9af86c86f]::utils::read_file
[INFO] [stdout]   13:     0x6334764bc113 - preflate_rs[8d2099d9af86c86f]::stream_processor::verify_file
[INFO] [stdout]   14:     0x6334764bff65 - preflate_rs[8d2099d9af86c86f]::stream_processor::verify_roundtrip_libdeflate
[INFO] [stdout]   15:     0x6334764fa329 - <preflate_rs[8d2099d9af86c86f]::stream_processor::verify_roundtrip_libdeflate::{closure#0} as core[df12db4294e9bfd3]::ops::function::FnOnce<()>>::call_once
[INFO] [stdout]   16:     0x6334765c9f4b - test[9d35eded1c95d3be]::__rust_begin_short_backtrace::<core[df12db4294e9bfd3]::result::Result<(), alloc[2182bb758b4b3781]::string::String>, fn() -> core[df12db4294e9bfd3]::result::Result<(), alloc[2182bb758b4b3781]::string::String>>
[INFO] [stdout]   17:     0x6334765d75b5 - test[9d35eded1c95d3be]::run_test::{closure#0}
[INFO] [stdout]   18:     0x6334765d0e74 - std[70759c8f55707aa4]::sys::backtrace::__rust_begin_short_backtrace::<test[9d35eded1c95d3be]::run_test::{closure#1}, ()>
[INFO] [stdout]   19:     0x6334765da712 - <std[70759c8f55707aa4]::thread::lifecycle::spawn_unchecked<test[9d35eded1c95d3be]::run_test::{closure#1}, ()>::{closure#1} as core[df12db4294e9bfd3]::ops::function::FnOnce<()>>::call_once::{shim:vtable#0}
[INFO] [stdout]   20:     0x6334766499b9 - <std[70759c8f55707aa4]::sys::thread::unix::Thread>::new::thread_start
[INFO] [stdout]   21:     0x7b57165bbdfa - <unknown>
[INFO] [stdout]   22:     0x7b571664f3d4 - clone
[INFO] [stdout]   23:                0x0 - <unknown>
[INFO] [stdout] 
[INFO] [stdout] ---- stream_processor::verify_roundtrip_zlib stdout ----
[INFO] [stdout] reading /opt/rustwide/workdir/../samples/compressed_zlib_level0.deflate
[INFO] [stdout] 
[INFO] [stdout] thread 'stream_processor::verify_roundtrip_zlib' (608) panicked at src/utils.rs:24:38:
[INFO] [stdout] called `Result::unwrap()` on an `Err` value: Os { code: 2, kind: NotFound, message: "No such file or directory" }
[INFO] [stdout] stack backtrace:
[INFO] [stdout]    0:     0x63347664a0e1 - <<std[70759c8f55707aa4]::sys::backtrace::BacktraceLock>::print::DisplayBacktrace as core[df12db4294e9bfd3]::fmt::Display>::fmt
[INFO] [stdout]    1:     0x63347666141a - core[df12db4294e9bfd3]::fmt::write
[INFO] [stdout]    2:     0x63347664ff7c - <alloc[2182bb758b4b3781]::vec::Vec<u8> as core[df12db4294e9bfd3]::io::write::Write>::write_fmt
[INFO] [stdout]    3:     0x6334766261c6 - std[70759c8f55707aa4]::panicking::default_hook::{closure#0}
[INFO] [stdout]    4:     0x633476642639 - std[70759c8f55707aa4]::panicking::default_hook
[INFO] [stdout]    5:     0x6334765d6c60 - test[9d35eded1c95d3be]::test_main_inner::<test[9d35eded1c95d3be]::test_main_static::{closure#0}>::{closure#0}
[INFO] [stdout]    6:     0x6334766427f2 - std[70759c8f55707aa4]::panicking::panic_with_hook
[INFO] [stdout]    7:     0x633476626272 - std[70759c8f55707aa4]::panicking::panic_handler::{closure#0}
[INFO] [stdout]    8:     0x63347661ef59 - std[70759c8f55707aa4]::sys::backtrace::__rust_end_short_backtrace::<std[70759c8f55707aa4]::panicking::panic_handler::{closure#0}, !>
[INFO] [stdout]    9:     0x633476626e6d - __rustc[8fa7c3cbc660c2b3]::rust_begin_unwind
[INFO] [stdout]   10:     0x633476661bfc - core[df12db4294e9bfd3]::panicking::panic_fmt
[INFO] [stdout]   11:     0x6334766619d2 - core[df12db4294e9bfd3]::result::unwrap_failed
[INFO] [stdout]   12:     0x6334764e7d94 - preflate_rs[8d2099d9af86c86f]::utils::read_file
[INFO] [stdout]   13:     0x6334764bc113 - preflate_rs[8d2099d9af86c86f]::stream_processor::verify_file
[INFO] [stdout]   14:     0x6334764be725 - preflate_rs[8d2099d9af86c86f]::stream_processor::verify_roundtrip_zlib
[INFO] [stdout]   15:     0x6334764fa2a9 - <preflate_rs[8d2099d9af86c86f]::stream_processor::verify_roundtrip_zlib::{closure#0} as core[df12db4294e9bfd3]::ops::function::FnOnce<()>>::call_once
[INFO] [stdout]   16:     0x6334765c9f4b - test[9d35eded1c95d3be]::__rust_begin_short_backtrace::<core[df12db4294e9bfd3]::result::Result<(), alloc[2182bb758b4b3781]::string::String>, fn() -> core[df12db4294e9bfd3]::result::Result<(), alloc[2182bb758b4b3781]::string::String>>
[INFO] [stdout]   17:     0x6334765d75b5 - test[9d35eded1c95d3be]::run_test::{closure#0}
[INFO] [stdout]   18:     0x6334765d0e74 - std[70759c8f55707aa4]::sys::backtrace::__rust_begin_short_backtrace::<test[9d35eded1c95d3be]::run_test::{closure#1}, ()>
[INFO] [stdout]   19:     0x6334765da712 - <std[70759c8f55707aa4]::thread::lifecycle::spawn_unchecked<test[9d35eded1c95d3be]::run_test::{closure#1}, ()>::{closure#1} as core[df12db4294e9bfd3]::ops::function::FnOnce<()>>::call_once::{shim:vtable#0}
[INFO] [stdout]   20:     0x6334766499b9 - <std[70759c8f55707aa4]::sys::thread::unix::Thread>::new::thread_start
[INFO] [stdout]   21:     0x7b57165bbdfa - <unknown>
[INFO] [stdout]   22:     0x7b571664f3d4 - clone
[INFO] [stdout]   23:                0x0 - <unknown>
[INFO] [stdout] 
[INFO] [stdout] ---- stream_processor::verify_zlib_perfect_compression stdout ----
[INFO] [stdout] iteration 1
[INFO] [stdout] reading /opt/rustwide/workdir/../samples/compressed_zlib_level1.deflate
[INFO] [stdout] 
[INFO] [stdout] thread 'stream_processor::verify_zlib_perfect_compression' (609) panicked at src/utils.rs:24:38:
[INFO] [stdout] called `Result::unwrap()` on an `Err` value: Os { code: 2, kind: NotFound, message: "No such file or directory" }
[INFO] [stdout] stack backtrace:
[INFO] [stdout]    0:     0x63347664a0e1 - <<std[70759c8f55707aa4]::sys::backtrace::BacktraceLock>::print::DisplayBacktrace as core[df12db4294e9bfd3]::fmt::Display>::fmt
[INFO] [stdout]    1:     0x63347666141a - core[df12db4294e9bfd3]::fmt::write
[INFO] [stdout]    2:     0x63347664ff7c - <alloc[2182bb758b4b3781]::vec::Vec<u8> as core[df12db4294e9bfd3]::io::write::Write>::write_fmt
[INFO] [stdout]    3:     0x6334766261c6 - std[70759c8f55707aa4]::panicking::default_hook::{closure#0}
[INFO] [stdout]    4:     0x633476642639 - std[70759c8f55707aa4]::panicking::default_hook
[INFO] [stdout]    5:     0x6334765d6c60 - test[9d35eded1c95d3be]::test_main_inner::<test[9d35eded1c95d3be]::test_main_static::{closure#0}>::{closure#0}
[INFO] [stdout]    6:     0x6334766427f2 - std[70759c8f55707aa4]::panicking::panic_with_hook
[INFO] [stdout]    7:     0x633476626272 - std[70759c8f55707aa4]::panicking::panic_handler::{closure#0}
[INFO] [stdout]    8:     0x63347661ef59 - std[70759c8f55707aa4]::sys::backtrace::__rust_end_short_backtrace::<std[70759c8f55707aa4]::panicking::panic_handler::{closure#0}, !>
[INFO] [stdout]    9:     0x633476626e6d - __rustc[8fa7c3cbc660c2b3]::rust_begin_unwind
[INFO] [stdout]   10:     0x633476661bfc - core[df12db4294e9bfd3]::panicking::panic_fmt
[INFO] [stdout]   11:     0x6334766619d2 - core[df12db4294e9bfd3]::result::unwrap_failed
[INFO] [stdout]   12:     0x6334764e7d94 - preflate_rs[8d2099d9af86c86f]::utils::read_file
[INFO] [stdout]   13:     0x6334764c034f - preflate_rs[8d2099d9af86c86f]::stream_processor::verify_zlib_perfect_compression
[INFO] [stdout]   14:     0x6334764fa349 - <preflate_rs[8d2099d9af86c86f]::stream_processor::verify_zlib_perfect_compression::{closure#0} as core[df12db4294e9bfd3]::ops::function::FnOnce<()>>::call_once
[INFO] [stdout]   15:     0x6334765c9f4b - test[9d35eded1c95d3be]::__rust_begin_short_backtrace::<core[df12db4294e9bfd3]::result::Result<(), alloc[2182bb758b4b3781]::string::String>, fn() -> core[df12db4294e9bfd3]::result::Result<(), alloc[2182bb758b4b3781]::string::String>>
[INFO] [stdout]   16:     0x6334765d75b5 - test[9d35eded1c95d3be]::run_test::{closure#0}
[INFO] [stdout]   17:     0x6334765d0e74 - std[70759c8f55707aa4]::sys::backtrace::__rust_begin_short_backtrace::<test[9d35eded1c95d3be]::run_test::{closure#1}, ()>
[INFO] [stdout]   18:     0x6334765da712 - <std[70759c8f55707aa4]::thread::lifecycle::spawn_unchecked<test[9d35eded1c95d3be]::run_test::{closure#1}, ()>::{closure#1} as core[df12db4294e9bfd3]::ops::function::FnOnce<()>>::call_once::{shim:vtable#0}
[INFO] [stdout]   19:     0x6334766499b9 - <std[70759c8f55707aa4]::sys::thread::unix::Thread>::new::thread_start
[INFO] [stdout]   20:     0x7b57165bbdfa - <unknown>
[INFO] [stdout]   21:     0x7b571664f3d4 - clone
[INFO] [stdout]   22:                0x0 - <unknown>
[INFO] [stdout] 
[INFO] [stdout] ---- stream_processor::verify_zlibng stdout ----
[INFO] [stdout] reading /opt/rustwide/workdir/../samples/compressed_zlibng_level1.deflate
[INFO] [stdout] 
[INFO] [stdout] thread 'stream_processor::verify_zlibng' (610) panicked at src/utils.rs:24:38:
[INFO] [stdout] called `Result::unwrap()` on an `Err` value: Os { code: 2, kind: NotFound, message: "No such file or directory" }
[INFO] [stdout] stack backtrace:
[INFO] [stdout]    0:     0x63347664a0e1 - <<std[70759c8f55707aa4]::sys::backtrace::BacktraceLock>::print::DisplayBacktrace as core[df12db4294e9bfd3]::fmt::Display>::fmt
[INFO] [stdout]    1:     0x63347666141a - core[df12db4294e9bfd3]::fmt::write
[INFO] [stdout]    2:     0x63347664ff7c - <alloc[2182bb758b4b3781]::vec::Vec<u8> as core[df12db4294e9bfd3]::io::write::Write>::write_fmt
[INFO] [stdout]    3:     0x6334766261c6 - std[70759c8f55707aa4]::panicking::default_hook::{closure#0}
[INFO] [stdout]    4:     0x633476642639 - std[70759c8f55707aa4]::panicking::default_hook
[INFO] [stdout]    5:     0x6334765d6c60 - test[9d35eded1c95d3be]::test_main_inner::<test[9d35eded1c95d3be]::test_main_static::{closure#0}>::{closure#0}
[INFO] [stdout]    6:     0x6334766427f2 - std[70759c8f55707aa4]::panicking::panic_with_hook
[INFO] [stdout]    7:     0x633476626272 - std[70759c8f55707aa4]::panicking::panic_handler::{closure#0}
[INFO] [stdout]    8:     0x63347661ef59 - std[70759c8f55707aa4]::sys::backtrace::__rust_end_short_backtrace::<std[70759c8f55707aa4]::panicking::panic_handler::{closure#0}, !>
[INFO] [stdout]    9:     0x633476626e6d - __rustc[8fa7c3cbc660c2b3]::rust_begin_unwind
[INFO] [stdout]   10:     0x633476661bfc - core[df12db4294e9bfd3]::panicking::panic_fmt
[INFO] [stdout]   11:     0x6334766619d2 - core[df12db4294e9bfd3]::result::unwrap_failed
[INFO] [stdout]   12:     0x6334764e7d94 - preflate_rs[8d2099d9af86c86f]::utils::read_file
[INFO] [stdout]   13:     0x6334764be367 - preflate_rs[8d2099d9af86c86f]::stream_processor::verify_zlibng
[INFO] [stdout]   14:     0x6334764fa229 - <preflate_rs[8d2099d9af86c86f]::stream_processor::verify_zlibng::{closure#0} as core[df12db4294e9bfd3]::ops::function::FnOnce<()>>::call_once
[INFO] [stdout]   15:     0x6334765c9f4b - test[9d35eded1c95d3be]::__rust_begin_short_backtrace::<core[df12db4294e9bfd3]::result::Result<(), alloc[2182bb758b4b3781]::string::String>, fn() -> core[df12db4294e9bfd3]::result::Result<(), alloc[2182bb758b4b3781]::string::String>>
[INFO] [stdout]   16:     0x6334765d75b5 - test[9d35eded1c95d3be]::run_test::{closure#0}
[INFO] [stdout]   17:     0x6334765d0e74 - std[70759c8f55707aa4]::sys::backtrace::__rust_begin_short_backtrace::<test[9d35eded1c95d3be]::run_test::{closure#1}, ()>
[INFO] [stdout]   18:     0x6334765da712 - <std[70759c8f55707aa4]::thread::lifecycle::spawn_unchecked<test[9d35eded1c95d3be]::run_test::{closure#1}, ()>::{closure#1} as core[df12db4294e9bfd3]::ops::function::FnOnce<()>>::call_once::{shim:vtable#0}
[INFO] [stdout]   19:     0x6334766499b9 - <std[70759c8f55707aa4]::sys::thread::unix::Thread>::new::thread_start
[INFO] [stdout]   20:     0x7b57165bbdfa - <unknown>
[INFO] [stdout]   21:     0x7b571664f3d4 - clone
[INFO] [stdout]   22:                0x0 - <unknown>
[INFO] [stdout] 
[INFO] [stdout] 
[INFO] [stdout] failures:
[INFO] [stdout]     deflate::deflate_reader::test_partial_read
[INFO] [stdout]     deflate::deflate_reader::test_partial_read_plaintext
[INFO] [stdout]     deflate::deflate_writer::roundtrip_full_file
[INFO] [stdout]     estimator::add_policy_estimator::verify_libdeflate_level_recognition
[INFO] [stdout]     estimator::add_policy_estimator::verify_miniz1_recognition
[INFO] [stdout]     estimator::add_policy_estimator::verify_zlib_level_recognition
[INFO] [stdout]     estimator::add_policy_estimator::verify_zlibng_level_recognition
[INFO] [stdout]     estimator::depth_estimator::verify_max_chain_length
[INFO] [stdout]     estimator::preflate_parameter_estimator::verify_miniz_recognition
[INFO] [stdout]     estimator::preflate_parameter_estimator::verify_zlib_recognition
[INFO] [stdout]     estimator::preflate_parameter_estimator::verify_zlibng_recognition
[INFO] [stdout]     stream_processor::verify_decompress_partial_gzip_deflate_body_roundtrip
[INFO] [stdout]     stream_processor::verify_longmatch
[INFO] [stdout]     stream_processor::verify_miniz
[INFO] [stdout]     stream_processor::verify_partial_blocks
[INFO] [stdout]     stream_processor::verify_plain_text_limit
[INFO] [stdout]     stream_processor::verify_png_deflate
[INFO] [stdout]     stream_processor::verify_roundtrip_assert
[INFO] [stdout]     stream_processor::verify_roundtrip_flate2
[INFO] [stdout]     stream_processor::verify_roundtrip_libdeflate
[INFO] [stdout]     stream_processor::verify_roundtrip_zlib
[INFO] [stdout]     stream_processor::verify_zlib_perfect_compression
[INFO] [stdout]     stream_processor::verify_zlibng
[INFO] [stdout]     token_predictor::test_predictor_block_perfect
[INFO] [stdout]     token_predictor::test_predictor_incremental
[INFO] [stdout]     token_predictor::test_predictor_token_only
[INFO] [stdout] 
[INFO] [stdout] test result: FAILED. 23 passed; 26 failed; 0 ignored; 0 measured; 0 filtered out; finished in 0.04s
[INFO] [stdout] 
[INFO] running `Command { std: "docker" "inspect" "26969534a57bfbb9170651c8b18b16cdca19aa5beb1b65ca387589d80b9b3018", kill_on_drop: false }`
[INFO] running `Command { std: "docker" "rm" "-f" "26969534a57bfbb9170651c8b18b16cdca19aa5beb1b65ca387589d80b9b3018", kill_on_drop: false }`
[INFO] [stdout] 26969534a57bfbb9170651c8b18b16cdca19aa5beb1b65ca387589d80b9b3018
