[INFO] fetching crate prefixe 0.5.0...
[INFO] testing prefixe-0.5.0 against 1.100.0-beta.1+cargoflags=--release for beta-release-1.100-2
[INFO] extracting crate prefixe 0.5.0 into /workspace/builds/worker-5-tc2/source
[INFO] started tweaking crates.io crate prefixe 0.5.0
[INFO] removed 0 missing tests
[INFO] finished tweaking crates.io crate prefixe 0.5.0
[INFO] tweaked toml for crates.io crate prefixe 0.5.0 written to /workspace/builds/worker-5-tc2/source/Cargo.toml
[INFO] validating manifest of crates.io crate prefixe 0.5.0 on toolchain 1.100.0-beta.1
[INFO] running `Command { std: CARGO_HOME="/workspace/cargo-home" RUSTUP_HOME="/workspace/rustup-home" "/workspace/cargo-home/bin/cargo" "+1.100.0-beta.1" "metadata" "--manifest-path" "Cargo.toml" "--no-deps", kill_on_drop: false }`
[INFO] crate crates.io crate prefixe 0.5.0 already has a lockfile, it will not be regenerated
[INFO] running `Command { std: CARGO_HOME="/workspace/cargo-home" RUSTUP_HOME="/workspace/rustup-home" "/workspace/cargo-home/bin/cargo" "+1.100.0-beta.1" "fetch" "--manifest-path" "Cargo.toml", kill_on_drop: false }`
[INFO] running `Command { std: "docker" "create" "-v" "/var/lib/crater-agent-workspace/builds/worker-5-tc2/source:/opt/rustwide/workdir:ro,Z" "-v" "/var/lib/crater-agent-workspace/builds/worker-5-tc2/target:/opt/rustwide/target:rw,Z" "-v" "/var/lib/crater-agent-workspace/cargo-home:/opt/rustwide/cargo-home:ro,Z" "-v" "/var/lib/crater-agent-workspace/rustup-home:/opt/rustwide/rustup-home:ro,Z" "-m" "1610612736" "--network" "none" "ghcr.io/rust-lang/crates-build-env/linux@sha256:77db811e55d90add9212f6832c23229e3de5f1c1f9905e8cb07319ea15df73ac" "sleep" "infinity", kill_on_drop: false }`
[INFO] [stdout] e9c546260e7486d757885123b7b1b415f84865b5405fadec92ae47e23836fb00
[INFO] running `Command { std: "docker" "start" "e9c546260e7486d757885123b7b1b415f84865b5405fadec92ae47e23836fb00", kill_on_drop: false }`
[INFO] running `Command { std: "docker" "inspect" "e9c546260e7486d757885123b7b1b415f84865b5405fadec92ae47e23836fb00", kill_on_drop: false }`
[INFO] running `Command { std: "docker" "exec" "-e" "SOURCE_DIR=/opt/rustwide/workdir" "-e" "CARGO_HOME=/opt/rustwide/cargo-home" "-e" "RUSTUP_HOME=/opt/rustwide/rustup-home" "-e" "CARGO_TARGET_DIR=/opt/rustwide/target" "-w" "/opt/rustwide/workdir" "--user" "0:0" "e9c546260e7486d757885123b7b1b415f84865b5405fadec92ae47e23836fb00" "/opt/rustwide/cargo-home/bin/cargo" "+1.100.0-beta.1" "metadata" "--no-deps" "--format-version=1", kill_on_drop: false }`
[INFO] running `Command { std: "docker" "inspect" "e9c546260e7486d757885123b7b1b415f84865b5405fadec92ae47e23836fb00", kill_on_drop: false }`
[INFO] running `Command { std: "docker" "exec" "-e" "SOURCE_DIR=/opt/rustwide/workdir" "-e" "CARGO_HOME=/opt/rustwide/cargo-home" "-e" "RUSTUP_HOME=/opt/rustwide/rustup-home" "-e" "CARGO_TARGET_DIR=/opt/rustwide/target" "-e" "CARGO_INCREMENTAL=0" "-e" "RUST_BACKTRACE=full" "-e" "RUSTFLAGS=--cap-lints=warn" "-e" "RUSTDOCFLAGS=--cap-lints=warn" "-w" "/opt/rustwide/workdir" "--user" "0:0" "e9c546260e7486d757885123b7b1b415f84865b5405fadec92ae47e23836fb00" "/opt/rustwide/cargo-home/bin/cargo" "+1.100.0-beta.1" "build" "--frozen" "--message-format=json" "--release", kill_on_drop: false }`
[INFO] [stderr]    Compiling glob v0.3.4
[INFO] [stderr]    Compiling syn v3.0.4
[INFO] [stderr]    Compiling syn v2.0.119
[INFO] [stderr]    Compiling thiserror-impl v1.0.69
[INFO] [stderr]    Compiling serde_derive v1.0.229
[INFO] [stderr]    Compiling thiserror v1.0.69
[INFO] [stderr]    Compiling serde v1.0.229
[INFO] [stderr]    Compiling serde_spanned v0.6.9
[INFO] [stderr]    Compiling toml_datetime v0.6.11
[INFO] [stderr]    Compiling toml_edit v0.22.27
[INFO] [stderr]    Compiling toml v0.8.23
[INFO] [stderr]    Compiling prefixe v0.5.0 (/opt/rustwide/workdir)
[INFO] [stderr]     Finished `release` profile [optimized] target(s) in 33.18s
[INFO] running `Command { std: "docker" "inspect" "e9c546260e7486d757885123b7b1b415f84865b5405fadec92ae47e23836fb00", kill_on_drop: false }`
[INFO] running `Command { std: "docker" "exec" "-e" "SOURCE_DIR=/opt/rustwide/workdir" "-e" "CARGO_HOME=/opt/rustwide/cargo-home" "-e" "RUSTUP_HOME=/opt/rustwide/rustup-home" "-e" "CARGO_TARGET_DIR=/opt/rustwide/target" "-e" "CARGO_INCREMENTAL=0" "-e" "RUST_BACKTRACE=full" "-e" "RUSTFLAGS=--cap-lints=warn" "-e" "RUSTDOCFLAGS=--cap-lints=warn" "-w" "/opt/rustwide/workdir" "--user" "0:0" "e9c546260e7486d757885123b7b1b415f84865b5405fadec92ae47e23836fb00" "/opt/rustwide/cargo-home/bin/cargo" "+1.100.0-beta.1" "test" "--frozen" "--no-run" "--message-format=json" "--release", kill_on_drop: false }`
[INFO] [stderr]    Compiling ppv-lite86 v0.2.21
[INFO] [stderr]    Compiling tempfile v3.27.0
[INFO] [stderr]    Compiling rand_xorshift v0.4.0
[INFO] [stderr]    Compiling rand v0.9.5
[INFO] [stderr]    Compiling rusty-fork v0.3.1
[INFO] [stderr]    Compiling rand_chacha v0.9.0
[INFO] [stderr]    Compiling proptest v1.11.0
[INFO] [stderr]    Compiling prefixe v0.5.0 (/opt/rustwide/workdir)
[INFO] [stderr]     Finished `release` profile [optimized] target(s) in 25.94s
[INFO] running `Command { std: "docker" "inspect" "e9c546260e7486d757885123b7b1b415f84865b5405fadec92ae47e23836fb00", kill_on_drop: false }`
[INFO] running `Command { std: "docker" "exec" "-e" "SOURCE_DIR=/opt/rustwide/workdir" "-e" "CARGO_HOME=/opt/rustwide/cargo-home" "-e" "RUSTUP_HOME=/opt/rustwide/rustup-home" "-e" "CARGO_TARGET_DIR=/opt/rustwide/target" "-e" "CARGO_INCREMENTAL=0" "-e" "RUST_BACKTRACE=full" "-e" "RUSTFLAGS=--cap-lints=warn" "-e" "RUSTDOCFLAGS=--cap-lints=warn" "-w" "/opt/rustwide/workdir" "--user" "0:0" "e9c546260e7486d757885123b7b1b415f84865b5405fadec92ae47e23836fb00" "/opt/rustwide/cargo-home/bin/cargo" "+1.100.0-beta.1" "test" "--frozen" "--release", kill_on_drop: false }`
[INFO] [stderr]     Finished `release` profile [optimized] target(s) in 0.07s
[INFO] [stderr]      Running unittests src/lib.rs (/opt/rustwide/target/release/build/prefixe/fa3ade18f844fa1c/out/prefixe-fa3ade18f844fa1c)
[INFO] [stdout] 
[INFO] [stdout] running 51 tests
[INFO] [stdout] test domain::tests::candidate_prefix_has_success_predicate ... ok
[INFO] [stdout] test domain::tests::prefix_config_uses_candidate_prefix_vec ... ok
[INFO] [stdout] test infra::toml_store::tests::file_stats_store_missing_file_returns_default ... ok
[INFO] [stdout] test infra::toml_store::tests::probe_entry_toml_round_trips_state_and_index ... ok
[INFO] [stdout] test infra::toml_store::tests::prefix_config_dto_round_trips_candidate_prefix ... ok
[INFO] [stdout] test tests::command_rewriter_trait_is_mockable ... ok
[INFO] [stdout] test tests::cwd_glob_condition_matches_current_dir ... ok
[INFO] [stdout] test tests::domain_prefix_config_has_no_serde_dependency ... ok
[INFO] [stdout] test infra::toml_store::tests::file_stats_store_round_trips ... ok
[INFO] [stdout] test tests::engine_rewrite_with_rules_applies_matching_rule ... ok
[INFO] [stdout] test tests::engine_rewrite_with_rules_skips_unmatched_condition ... ok
[INFO] [stdout] test tests::env_var_set_condition_fails_when_var_absent ... ok
[INFO] [stdout] test tests::env_var_set_condition_passes_when_var_present ... ok
[INFO] [stdout] test tests::equal_priority_preserves_definition_order ... ok
[INFO] [stdout] test tests::fake_probe_store_round_trip ... ok
[INFO] [stdout] test tests::explicit_path_resolver_returns_given_paths ... ok
[INFO] [stdout] test tests::fake_rewriter_returns_preset_result ... ok
[INFO] [stdout] test tests::fake_prefix_store_confirm_and_remove ... ok
[INFO] [stdout] test tests::fake_stats_store_round_trips ... ok
[INFO] [stdout] test tests::file_stores_from_resolver ... ok
[INFO] [stdout] test tests::lookup_skips_subshell ... ok
[INFO] [stdout] test tests::first_match_wins_no_further_rules_evaluated ... ok
[INFO] [stdout] test tests::original_command_from_str ... ok
[INFO] [stdout] test tests::prefix_counters_increment ... ok
[INFO] [stdout] test tests::lookup_no_match_returns_none ... ok
[INFO] [stdout] test tests::higher_priority_rule_wins ... ok
[INFO] [stdout] test tests::prefix_engine_implements_command_rewriter ... ok
[INFO] [stdout] test tests::prefix_engine_rewrite_confirmed ... ok
[INFO] [stdout] test tests::lookup_prefix_returns_none_for_unknown_command_even_with_candidates ... ok
[INFO] [stdout] test tests::lookup_single_word_key_matches ... ok
[INFO] [stdout] test tests::prefix_stats_defaults_to_zero ... ok
[INFO] [stdout] test tests::probe_entry_has_state_and_candidate_index ... ok
[INFO] [stdout] test tests::prefix_engine_audit_returns_sorted_mappings ... ok
[INFO] [stdout] test tests::git_root_condition_true_inside_repo ... FAILED
[INFO] [stdout] test tests::rewrite_compound_each_segment ... ok
[INFO] [stdout] test tests::prefix_store_confirm_and_remove ... ok
[INFO] [stdout] test tests::probe_state_probing_is_distinct_from_pending ... ok
[INFO] [stdout] test tests::lookup_two_word_key_wins_over_single ... ok
[INFO] [stdout] test tests::probe_store_remove_matching ... ok
[INFO] [stdout] test tests::rewrite_no_match_unchanged ... ok
[INFO] [stdout] test tests::rewrite_result_has_no_probes_field ... ok
[INFO] [stdout] test tests::probe_store_round_trips ... ok
[INFO] [stdout] test tests::rewrite_simple_confirmed ... ok
[INFO] [stdout] test tests::rule_with_no_conditions_always_applies ... ok
[INFO] [stdout] test tests::rewrite_unknown_command_unchanged_when_no_confirmed_mapping ... ok
[INFO] [stdout] test tests::split_and_and ... ok
[INFO] [stdout] test tests::rejoin_preserves_separators ... ok
[INFO] [stdout] test tests::rewrite_via_store_port_confirmed ... ok
[INFO] [stdout] test tests::split_or_or_beats_single_pipe_at_same_position ... ok
[INFO] [stdout] test tests::split_simple_pipeline ... ok
[INFO] [stdout] test tests::textual_splitter_splits_and_rejoins ... ok
[INFO] [stdout] 
[INFO] [stdout] failures:
[INFO] [stdout] 
[INFO] [stdout] ---- tests::git_root_condition_true_inside_repo stdout ----
[INFO] [stdout] 
[INFO] [stdout] thread 'tests::git_root_condition_true_inside_repo' (563) panicked at src/lib.rs:1139:9:
[INFO] [stdout] assertion failed: engine.evaluate_conditions(&rule.conditions)
[INFO] [stdout] stack backtrace:
[INFO] [stdout]    0:     0x56fd28150c61 - <<std[617be2ca0a6fd877]::sys::backtrace::BacktraceLock>::print::DisplayBacktrace as core[a373ad73a504971]::fmt::Display>::fmt
[INFO] [stdout]    1:     0x56fd281661aa - core[a373ad73a504971]::fmt::write
[INFO] [stdout]    2:     0x56fd281550fc - <alloc[2e1b2a31b91974c5]::vec::Vec<u8> as core[a373ad73a504971]::io::write::Write>::write_fmt
[INFO] [stdout]    3:     0x56fd2812b456 - std[617be2ca0a6fd877]::panicking::default_hook::{closure#0}
[INFO] [stdout]    4:     0x56fd281484e9 - std[617be2ca0a6fd877]::panicking::default_hook
[INFO] [stdout]    5:     0x56fd280e1800 - test[aada8e7e76ba119b]::test_main_inner::{closure#0}
[INFO] [stdout]    6:     0x56fd281486a2 - std[617be2ca0a6fd877]::panicking::panic_with_hook
[INFO] [stdout]    7:     0x56fd2812b534 - std[617be2ca0a6fd877]::panicking::panic_handler::{closure#0}
[INFO] [stdout]    8:     0x56fd28123dd9 - std[617be2ca0a6fd877]::sys::backtrace::__rust_end_short_backtrace::<std[617be2ca0a6fd877]::panicking::panic_handler::{closure#0}, !>
[INFO] [stdout]    9:     0x56fd2812c32d - __rustc[ea4f61d10b84890b]::rust_begin_unwind
[INFO] [stdout]   10:     0x56fd2816690c - core[a373ad73a504971]::panicking::panic_fmt
[INFO] [stdout]   11:     0x56fd281668d2 - core[a373ad73a504971]::panicking::panic
[INFO] [stdout]   12:     0x56fd28069775 - <prefixe[72b5edc452b4189e]::tests::git_root_condition_true_inside_repo::{closure#0} as core[a373ad73a504971]::ops::function::FnOnce<()>>::call_once
[INFO] [stdout]   13:     0x56fd280d4c4b - test[aada8e7e76ba119b]::__rust_begin_short_backtrace::<core[a373ad73a504971]::result::Result<(), alloc[2e1b2a31b91974c5]::string::String>, fn() -> core[a373ad73a504971]::result::Result<(), alloc[2e1b2a31b91974c5]::string::String>>
[INFO] [stdout]   14:     0x56fd280e1e25 - test[aada8e7e76ba119b]::run_test::{closure#0}
[INFO] [stdout]   15:     0x56fd280db714 - std[617be2ca0a6fd877]::sys::backtrace::__rust_begin_short_backtrace::<test[aada8e7e76ba119b]::run_test::{closure#1}, ()>
[INFO] [stdout]   16:     0x56fd280e4eb2 - <std[617be2ca0a6fd877]::thread::lifecycle::spawn_unchecked<test[aada8e7e76ba119b]::run_test::{closure#1}, ()>::{closure#1} as core[a373ad73a504971]::ops::function::FnOnce<()>>::call_once::{shim:vtable#0}
[INFO] [stdout]   17:     0x56fd2814ff7f - <std[617be2ca0a6fd877]::sys::thread::unix::Thread>::new::thread_start
[INFO] [stdout]   18:     0x74045f758dfa - <unknown>
[INFO] [stdout]   19:     0x74045f7ec3d4 - clone
[INFO] [stdout]   20:                0x0 - <unknown>
[INFO] [stdout] 
[INFO] [stdout] 
[INFO] [stdout] failures:
[INFO] [stdout]     tests::git_root_condition_true_inside_repo
[INFO] [stdout] 
[INFO] [stdout] test result: FAILED. 50 passed; 1 failed; 0 ignored; 0 measured; 0 filtered out; finished in 0.01s
[INFO] [stdout] 
[INFO] [stderr] error: test failed, to rerun pass `--lib`
[INFO] running `Command { std: "docker" "inspect" "e9c546260e7486d757885123b7b1b415f84865b5405fadec92ae47e23836fb00", kill_on_drop: false }`
[INFO] running `Command { std: "docker" "rm" "-f" "e9c546260e7486d757885123b7b1b415f84865b5405fadec92ae47e23836fb00", kill_on_drop: false }`
[INFO] [stdout] e9c546260e7486d757885123b7b1b415f84865b5405fadec92ae47e23836fb00
