[INFO] fetching crate predawn 0.9.0...
[INFO] testing predawn-0.9.0 against 1.99.0-beta.8+cargoflags=--release for beta-release-1.100-2
[INFO] extracting crate predawn 0.9.0 into /workspace/builds/worker-6-tc1/source
[INFO] started tweaking crates.io crate predawn 0.9.0
[INFO] finished tweaking crates.io crate predawn 0.9.0
[INFO] tweaked toml for crates.io crate predawn 0.9.0 written to /workspace/builds/worker-6-tc1/source/Cargo.toml
[INFO] validating manifest of crates.io crate predawn 0.9.0 on toolchain 1.99.0-beta.8
[INFO] running `Command { std: CARGO_HOME="/workspace/cargo-home" RUSTUP_HOME="/workspace/rustup-home" "/workspace/cargo-home/bin/cargo" "+1.99.0-beta.8" "metadata" "--manifest-path" "Cargo.toml" "--no-deps", kill_on_drop: false }`
[INFO] running `Command { std: CARGO_HOME="/workspace/cargo-home" RUSTUP_HOME="/workspace/rustup-home" "/workspace/cargo-home/bin/cargo" "+1.99.0-beta.8" "generate-lockfile" "--manifest-path" "Cargo.toml", kill_on_drop: false }`
[INFO] [stderr]     Updating crates.io index
[INFO] [stderr]      Locking 171 packages to highest compatible versions
[INFO] [stderr]       Adding config v0.14.1 (available: v0.15.27)
[INFO] [stderr]       Adding generic-array v0.14.7 (available: v0.14.9)
[INFO] [stderr]       Adding matchit v0.8.6 (available: v0.9.2)
[INFO] [stderr]       Adding reqwest v0.12.28 (available: v0.13.5)
[INFO] [stderr]       Adding serde_html_form v0.2.8 (available: v0.4.1)
[INFO] [stderr]       Adding snafu v0.8.9 (available: v0.9.2)
[INFO] [stderr]       Adding tokio-tungstenite v0.24.0 (available: v0.30.0)
[INFO] running `Command { std: CARGO_HOME="/workspace/cargo-home" RUSTUP_HOME="/workspace/rustup-home" "/workspace/cargo-home/bin/cargo" "+1.99.0-beta.8" "fetch" "--manifest-path" "Cargo.toml", kill_on_drop: false }`
[INFO] [stderr]  Downloading crates ...
[INFO] [stderr]   Downloaded from-attr-macro v0.1.3
[INFO] [stderr]   Downloaded rudi-macro v0.8.3
[INFO] [stderr]   Downloaded from-attr v0.1.3
[INFO] [stderr]   Downloaded rudi v0.8.3
[INFO] [stderr]   Downloaded rudi-core v0.1.0
[INFO] [stderr]   Downloaded predawn-schema v0.9.0
[INFO] [stderr]   Downloaded from-attr-core v0.1.3
[INFO] [stderr]   Downloaded predawn-core v0.9.0
[INFO] [stderr]   Downloaded predawn-macro v0.9.0
[INFO] [stderr]   Downloaded matchit v0.8.6
[INFO] [stderr]   Downloaded macro-v v0.1.4
[INFO] running `Command { std: "docker" "create" "-v" "/var/lib/crater-agent-workspace/builds/worker-6-tc1/source:/opt/rustwide/workdir:ro,Z" "-v" "/var/lib/crater-agent-workspace/builds/worker-6-tc1/target:/opt/rustwide/target:rw,Z" "-v" "/var/lib/crater-agent-workspace/cargo-home:/opt/rustwide/cargo-home:ro,Z" "-v" "/var/lib/crater-agent-workspace/rustup-home:/opt/rustwide/rustup-home:ro,Z" "-m" "1610612736" "--network" "none" "ghcr.io/rust-lang/crates-build-env/linux@sha256:77db811e55d90add9212f6832c23229e3de5f1c1f9905e8cb07319ea15df73ac" "sleep" "infinity", kill_on_drop: false }`
[INFO] [stdout] 8a1611184a791f640c122d8be63f5b2eb947957ff079d22370c6235c2e22502c
[INFO] running `Command { std: "docker" "start" "8a1611184a791f640c122d8be63f5b2eb947957ff079d22370c6235c2e22502c", kill_on_drop: false }`
[INFO] running `Command { std: "docker" "inspect" "8a1611184a791f640c122d8be63f5b2eb947957ff079d22370c6235c2e22502c", kill_on_drop: false }`
[INFO] running `Command { std: "docker" "exec" "-e" "SOURCE_DIR=/opt/rustwide/workdir" "-e" "CARGO_HOME=/opt/rustwide/cargo-home" "-e" "RUSTUP_HOME=/opt/rustwide/rustup-home" "-e" "CARGO_TARGET_DIR=/opt/rustwide/target" "-w" "/opt/rustwide/workdir" "--user" "0:0" "8a1611184a791f640c122d8be63f5b2eb947957ff079d22370c6235c2e22502c" "/opt/rustwide/cargo-home/bin/cargo" "+1.99.0-beta.8" "metadata" "--no-deps" "--format-version=1", kill_on_drop: false }`
[INFO] running `Command { std: "docker" "inspect" "8a1611184a791f640c122d8be63f5b2eb947957ff079d22370c6235c2e22502c", kill_on_drop: false }`
[INFO] running `Command { std: "docker" "exec" "-e" "SOURCE_DIR=/opt/rustwide/workdir" "-e" "CARGO_HOME=/opt/rustwide/cargo-home" "-e" "RUSTUP_HOME=/opt/rustwide/rustup-home" "-e" "CARGO_TARGET_DIR=/opt/rustwide/target" "-e" "CARGO_INCREMENTAL=0" "-e" "RUST_BACKTRACE=full" "-e" "RUSTFLAGS=--cap-lints=warn" "-e" "RUSTDOCFLAGS=--cap-lints=warn" "-w" "/opt/rustwide/workdir" "--user" "0:0" "8a1611184a791f640c122d8be63f5b2eb947957ff079d22370c6235c2e22502c" "/opt/rustwide/cargo-home/bin/cargo" "+1.99.0-beta.8" "build" "--frozen" "--message-format=json" "--release", kill_on_drop: false }`
[INFO] [stderr]    Compiling syn v3.0.9
[INFO] [stderr]    Compiling smallvec v1.16.3
[INFO] [stderr]    Compiling indexmap v2.14.2
[INFO] [stderr]    Compiling errno v0.3.14
[INFO] [stderr]    Compiling futures-util v0.3.34
[INFO] [stderr]    Compiling getrandom v0.2.17
[INFO] [stderr]    Compiling from-attr-core v0.1.3
[INFO] [stderr]    Compiling sha1 v0.10.7
[INFO] [stderr]    Compiling serde_json v1.0.154
[INFO] [stderr]    Compiling snafu-derive v0.8.9
[INFO] [stderr]    Compiling multer v3.1.0
[INFO] [stderr]    Compiling macro-v v0.1.4
[INFO] [stderr]    Compiling rudi-core v0.1.0
[INFO] [stderr]    Compiling sharded-slab v0.1.7
[INFO] [stderr]    Compiling http v1.5.0
[INFO] [stderr]    Compiling nom v7.1.3
[INFO] [stderr]    Compiling headers-core v0.3.0
[INFO] [stderr]    Compiling signal-hook-registry v1.4.8
[INFO] [stderr]    Compiling thread_local v1.1.10
[INFO] [stderr]    Compiling proc-macro-utils v0.10.0
[INFO] [stderr]    Compiling rand_core v0.6.4
[INFO] [stderr]    Compiling inventory v0.3.25
[INFO] [stderr]    Compiling headers v0.4.2
[INFO] [stderr]    Compiling matchit v0.8.6
[INFO] [stderr]    Compiling rand_chacha v0.3.1
[INFO] [stderr]    Compiling rand v0.8.8
[INFO] [stderr]    Compiling tracing-subscriber v0.3.23
[INFO] [stderr]    Compiling quote-use-macros v0.8.4
[INFO] [stderr]    Compiling quote-use v0.8.4
[INFO] [stderr]    Compiling tungstenite v0.24.0
[INFO] [stderr]    Compiling from-attr-macro v0.1.3
[INFO] [stderr]    Compiling serde_html_form v0.2.8
[INFO] [stderr]    Compiling snafu v0.8.9
[INFO] [stderr]    Compiling from-attr v0.1.3
[INFO] [stderr]    Compiling rudi-macro v0.8.3
[INFO] [stderr]    Compiling predawn-macro v0.9.0
[INFO] [stderr]    Compiling rudi v0.8.3
[INFO] [stderr]    Compiling synstructure v0.14.0
[INFO] [stderr]    Compiling zerovec-derive v0.11.6
[INFO] [stderr]    Compiling displaydoc v0.2.7
[INFO] [stderr]    Compiling serde_derive v1.0.229
[INFO] [stderr]    Compiling tokio-macros v2.7.2
[INFO] [stderr]    Compiling zerofrom-derive v0.1.8
[INFO] [stderr]    Compiling yoke-derive v0.8.4
[INFO] [stderr]    Compiling tokio v1.53.3
[INFO] [stderr]    Compiling zerofrom v0.1.8
[INFO] [stderr]    Compiling yoke v0.8.3
[INFO] [stderr]    Compiling zerovec v0.11.8
[INFO] [stderr]    Compiling zerotrie v0.2.5
[INFO] [stderr]    Compiling tinystr v0.8.4
[INFO] [stderr]    Compiling potential_utf v0.1.6
[INFO] [stderr]    Compiling icu_collections v2.3.0
[INFO] [stderr]    Compiling icu_locale_core v2.3.0
[INFO] [stderr]    Compiling serde v1.0.229
[INFO] [stderr]    Compiling serde_spanned v0.6.9
[INFO] [stderr]    Compiling toml_datetime v0.6.11
[INFO] [stderr]    Compiling openapiv3 v2.2.0
[INFO] [stderr]    Compiling serde_urlencoded v0.7.1
[INFO] [stderr]    Compiling icu_provider v2.3.1
[INFO] [stderr]    Compiling toml_edit v0.22.27
[INFO] [stderr]    Compiling icu_normalizer v2.3.0
[INFO] [stderr]    Compiling icu_properties v2.3.0
[INFO] [stderr]    Compiling tokio-util v0.7.20
[INFO] [stderr]    Compiling tower v0.5.3
[INFO] [stderr]    Compiling tokio-tungstenite v0.24.0
[INFO] [stderr]    Compiling predawn-schema v0.9.0
[INFO] [stderr]    Compiling idna_adapter v1.2.2
[INFO] [stderr]    Compiling idna v1.1.0
[INFO] [stderr]    Compiling h2 v0.4.20
[INFO] [stderr]    Compiling url v2.5.8
[INFO] [stderr]    Compiling toml v0.8.23
[INFO] [stderr]    Compiling tower-http v0.6.11
[INFO] [stderr]    Compiling config v0.14.1
[INFO] [stderr]    Compiling hyper v1.12.0
[INFO] [stderr]    Compiling hyper-util v0.1.21
[INFO] [stderr]    Compiling predawn-core v0.9.0
[INFO] [stderr]    Compiling reqwest v0.12.28
[INFO] [stderr]    Compiling predawn v0.9.0 (/opt/rustwide/workdir)
[INFO] [stderr]     Finished `release` profile [optimized] target(s) in 1m 07s
[INFO] running `Command { std: "docker" "inspect" "8a1611184a791f640c122d8be63f5b2eb947957ff079d22370c6235c2e22502c", kill_on_drop: false }`
[INFO] running `Command { std: "docker" "exec" "-e" "SOURCE_DIR=/opt/rustwide/workdir" "-e" "CARGO_HOME=/opt/rustwide/cargo-home" "-e" "RUSTUP_HOME=/opt/rustwide/rustup-home" "-e" "CARGO_TARGET_DIR=/opt/rustwide/target" "-e" "CARGO_INCREMENTAL=0" "-e" "RUST_BACKTRACE=full" "-e" "RUSTFLAGS=--cap-lints=warn" "-e" "RUSTDOCFLAGS=--cap-lints=warn" "-w" "/opt/rustwide/workdir" "--user" "0:0" "8a1611184a791f640c122d8be63f5b2eb947957ff079d22370c6235c2e22502c" "/opt/rustwide/cargo-home/bin/cargo" "+1.99.0-beta.8" "test" "--frozen" "--no-run" "--message-format=json" "--release", kill_on_drop: false }`
[INFO] [stderr]    Compiling predawn v0.9.0 (/opt/rustwide/workdir)
[INFO] [stderr]     Finished `release` profile [optimized] target(s) in 6.78s
[INFO] running `Command { std: "docker" "inspect" "8a1611184a791f640c122d8be63f5b2eb947957ff079d22370c6235c2e22502c", kill_on_drop: false }`
[INFO] running `Command { std: "docker" "exec" "-e" "SOURCE_DIR=/opt/rustwide/workdir" "-e" "CARGO_HOME=/opt/rustwide/cargo-home" "-e" "RUSTUP_HOME=/opt/rustwide/rustup-home" "-e" "CARGO_TARGET_DIR=/opt/rustwide/target" "-e" "CARGO_INCREMENTAL=0" "-e" "RUST_BACKTRACE=full" "-e" "RUSTFLAGS=--cap-lints=warn" "-e" "RUSTDOCFLAGS=--cap-lints=warn" "-w" "/opt/rustwide/workdir" "--user" "0:0" "8a1611184a791f640c122d8be63f5b2eb947957ff079d22370c6235c2e22502c" "/opt/rustwide/cargo-home/bin/cargo" "+1.99.0-beta.8" "test" "--frozen" "--release", kill_on_drop: false }`
[INFO] [stderr]     Finished `release` profile [optimized] target(s) in 0.09s
[INFO] [stderr]      Running unittests src/lib.rs (/opt/rustwide/target/release/deps/predawn-064cb8a36aed0524)
[INFO] [stdout] 
[INFO] [stdout] running 7 tests
[INFO] [stdout] test environment::tests::test_env_serialize ... ok
[INFO] [stdout] test environment::tests::test_display ... ok
[INFO] [stdout] test environment::tests::test_into ... ok
[INFO] [stdout] test normalized_path::tests::test_join_path ... ok
[INFO] [stdout] test normalized_path::tests::test_normalize_path ... ok
[INFO] [stdout] test response_error::tests::test_invalid_content_type ... ok
[INFO] [stdout] test environment::tests::test_resolve_from_env ... FAILED
[INFO] [stdout] 
[INFO] [stdout] failures:
[INFO] [stdout] 
[INFO] [stdout] ---- environment::tests::test_resolve_from_env stdout ----
[INFO] [stdout] 
[INFO] [stdout] thread 'environment::tests::test_resolve_from_env' (1604) panicked at src/environment.rs:100:9:
[INFO] [stdout] assertion `left == right` failed
[INFO] [stdout]   left: Prod
[INFO] [stdout]  right: Dev
[INFO] [stdout] stack backtrace:
[INFO] [stdout]    0:     0x58d8270f8ce1 - <<std[70759c8f55707aa4]::sys::backtrace::BacktraceLock>::print::DisplayBacktrace as core[df12db4294e9bfd3]::fmt::Display>::fmt
[INFO] [stdout]    1:     0x58d82710ee1a - core[df12db4294e9bfd3]::fmt::write
[INFO] [stdout]    2:     0x58d8270fd22c - <alloc[2182bb758b4b3781]::vec::Vec<u8> as core[df12db4294e9bfd3]::io::write::Write>::write_fmt
[INFO] [stdout]    3:     0x58d8270d4d86 - std[70759c8f55707aa4]::panicking::default_hook::{closure#0}
[INFO] [stdout]    4:     0x58d8270f1119 - std[70759c8f55707aa4]::panicking::default_hook
[INFO] [stdout]    5:     0x58d827075fd0 - test[9d35eded1c95d3be]::test_main_inner::<test[9d35eded1c95d3be]::test_main_static::{closure#0}>::{closure#0}
[INFO] [stdout]    6:     0x58d8270f12d2 - std[70759c8f55707aa4]::panicking::panic_with_hook
[INFO] [stdout]    7:     0x58d8270d4e32 - std[70759c8f55707aa4]::panicking::panic_handler::{closure#0}
[INFO] [stdout]    8:     0x58d8270cd979 - std[70759c8f55707aa4]::sys::backtrace::__rust_end_short_backtrace::<std[70759c8f55707aa4]::panicking::panic_handler::{closure#0}, !>
[INFO] [stdout]    9:     0x58d8270d5c4d - __rustc[8fa7c3cbc660c2b3]::rust_begin_unwind
[INFO] [stdout]   10:     0x58d82710f57c - core[df12db4294e9bfd3]::panicking::panic_fmt
[INFO] [stdout]   11:     0x58d82710f493 - core[df12db4294e9bfd3]::panicking::assert_failed_inner
[INFO] [stdout]   12:     0x58d82705bcec - core[df12db4294e9bfd3]::panicking::assert_failed::<predawn[aa3a202fff9be772]::environment::Environment, predawn[aa3a202fff9be772]::environment::Environment>
[INFO] [stdout]   13:     0x58d8270650e2 - predawn[aa3a202fff9be772]::environment::tests::test_resolve_from_env
[INFO] [stdout]   14:     0x58d82705a1c9 - <predawn[aa3a202fff9be772]::environment::tests::test_resolve_from_env::{closure#0} as core[df12db4294e9bfd3]::ops::function::FnOnce<()>>::call_once
[INFO] [stdout]   15:     0x58d8270692bb - test[9d35eded1c95d3be]::__rust_begin_short_backtrace::<core[df12db4294e9bfd3]::result::Result<(), alloc[2182bb758b4b3781]::string::String>, fn() -> core[df12db4294e9bfd3]::result::Result<(), alloc[2182bb758b4b3781]::string::String>>
[INFO] [stdout]   16:     0x58d827076925 - test[9d35eded1c95d3be]::run_test::{closure#0}
[INFO] [stdout]   17:     0x58d8270701e4 - std[70759c8f55707aa4]::sys::backtrace::__rust_begin_short_backtrace::<test[9d35eded1c95d3be]::run_test::{closure#1}, ()>
[INFO] [stdout]   18:     0x58d827079a82 - <std[70759c8f55707aa4]::thread::lifecycle::spawn_unchecked<test[9d35eded1c95d3be]::run_test::{closure#1}, ()>::{closure#1} as core[df12db4294e9bfd3]::ops::function::FnOnce<()>>::call_once::{shim:vtable#0}
[INFO] [stdout]   19:     0x58d8270f8589 - <std[70759c8f55707aa4]::sys::thread::unix::Thread>::new::thread_start
[INFO] [stdout]   20:     0x760f0dc26dfa - <unknown>
[INFO] [stdout]   21:     0x760f0dcba3d4 - clone
[INFO] [stdout]   22:                0x0 - <unknown>
[INFO] [stdout] 
[INFO] [stdout] 
[INFO] [stdout] failures:
[INFO] [stdout]     environment::tests::test_resolve_from_env
[INFO] [stdout] 
[INFO] [stdout] test result: FAILED. 6 passed; 1 failed; 0 ignored; 0 measured; 0 filtered out; finished in 0.00s
[INFO] [stdout] 
[INFO] [stderr] error: test failed, to rerun pass `--lib`
[INFO] running `Command { std: "docker" "inspect" "8a1611184a791f640c122d8be63f5b2eb947957ff079d22370c6235c2e22502c", kill_on_drop: false }`
[INFO] running `Command { std: "docker" "rm" "-f" "8a1611184a791f640c122d8be63f5b2eb947957ff079d22370c6235c2e22502c", kill_on_drop: false }`
[INFO] [stdout] 8a1611184a791f640c122d8be63f5b2eb947957ff079d22370c6235c2e22502c
