[INFO] fetching crate preamble 0.1.60...
[INFO] testing preamble-0.1.60 against 1.100.0-beta.1+cargoflags=--release for beta-release-1.100-2
[INFO] extracting crate preamble 0.1.60 into /workspace/builds/worker-1-tc2/source
[INFO] started tweaking crates.io crate preamble 0.1.60
[INFO] finished tweaking crates.io crate preamble 0.1.60
[INFO] tweaked toml for crates.io crate preamble 0.1.60 written to /workspace/builds/worker-1-tc2/source/Cargo.toml
[INFO] validating manifest of crates.io crate preamble 0.1.60 on toolchain 1.100.0-beta.1
[INFO] running `Command { std: CARGO_HOME="/workspace/cargo-home" RUSTUP_HOME="/workspace/rustup-home" "/workspace/cargo-home/bin/cargo" "+1.100.0-beta.1" "metadata" "--manifest-path" "Cargo.toml" "--no-deps", kill_on_drop: false }`
[INFO] running `Command { std: CARGO_HOME="/workspace/cargo-home" RUSTUP_HOME="/workspace/rustup-home" "/workspace/cargo-home/bin/cargo" "+1.100.0-beta.1" "generate-lockfile" "--manifest-path" "Cargo.toml", kill_on_drop: false }`
[INFO] [stderr]     Updating crates.io index
[INFO] [stderr]      Locking 289 packages to highest compatible versions
[INFO] [stderr]       Adding gitignores v2.12.0 (available: v4.8.9)
[INFO] [stderr]       Adding image v0.24.9 (available: v0.25.10)
[INFO] [stderr]       Adding inquire v0.6.2 (available: v0.9.4)
[INFO] [stderr]       Adding leon v2.0.1 (available: v3.0.3)
[INFO] [stderr]       Adding ptree v0.4.0 (available: v0.5.2)
[INFO] [stderr]       Adding reqwest v0.11.27 (available: v0.13.5)
[INFO] [stderr]       Adding toml_edit v0.20.7 (available: v0.25.17+spec-1.1.0)
[INFO] [stderr]       Adding whoami v1.6.1 (available: v2.1.3)
[INFO] running `Command { std: CARGO_HOME="/workspace/cargo-home" RUSTUP_HOME="/workspace/rustup-home" "/workspace/cargo-home/bin/cargo" "+1.100.0-beta.1" "fetch" "--manifest-path" "Cargo.toml", kill_on_drop: false }`
[INFO] [stderr] warning: `package.homepage` is redundant with `package.repository`
[INFO] [stderr]   --> Cargo.toml:70:12
[INFO] [stderr]    |
[INFO] [stderr] 70 | homepage = "https://github.com/refcell/amble"
[INFO] [stderr]    |            ^^^^^^^^^^^^^^^^^^^^^^^^^^^^^^^^^^
[INFO] [stderr] ...
[INFO] [stderr] 74 | repository = "https://github.com/refcell/amble"
[INFO] [stderr]    |              ----------------------------------
[INFO] [stderr]    |
[INFO] [stderr]    = note: `cargo::redundant_homepage` is set to `warn` by default
[INFO] [stderr] help: consider removing `package.homepage`
[INFO] [stderr] warning: `preamble` (manifest) generated 1 warning
[INFO] running `Command { std: "docker" "create" "-v" "/var/lib/crater-agent-workspace/builds/worker-1-tc2/source:/opt/rustwide/workdir:ro,Z" "-v" "/var/lib/crater-agent-workspace/builds/worker-1-tc2/target:/opt/rustwide/target:rw,Z" "-v" "/var/lib/crater-agent-workspace/cargo-home:/opt/rustwide/cargo-home:ro,Z" "-v" "/var/lib/crater-agent-workspace/rustup-home:/opt/rustwide/rustup-home:ro,Z" "-m" "1610612736" "--network" "none" "ghcr.io/rust-lang/crates-build-env/linux@sha256:77db811e55d90add9212f6832c23229e3de5f1c1f9905e8cb07319ea15df73ac" "sleep" "infinity", kill_on_drop: false }`
[INFO] [stdout] 88d0f35d65ef65c541ed4d8c82038bb414a3ffeac58354dbc32f08bc0b9ef5d8
[INFO] running `Command { std: "docker" "start" "88d0f35d65ef65c541ed4d8c82038bb414a3ffeac58354dbc32f08bc0b9ef5d8", kill_on_drop: false }`
[INFO] running `Command { std: "docker" "inspect" "88d0f35d65ef65c541ed4d8c82038bb414a3ffeac58354dbc32f08bc0b9ef5d8", kill_on_drop: false }`
[INFO] running `Command { std: "docker" "exec" "-e" "SOURCE_DIR=/opt/rustwide/workdir" "-e" "CARGO_HOME=/opt/rustwide/cargo-home" "-e" "RUSTUP_HOME=/opt/rustwide/rustup-home" "-e" "CARGO_TARGET_DIR=/opt/rustwide/target" "-w" "/opt/rustwide/workdir" "--user" "0:0" "88d0f35d65ef65c541ed4d8c82038bb414a3ffeac58354dbc32f08bc0b9ef5d8" "/opt/rustwide/cargo-home/bin/cargo" "+1.100.0-beta.1" "metadata" "--no-deps" "--format-version=1", kill_on_drop: false }`
[INFO] running `Command { std: "docker" "inspect" "88d0f35d65ef65c541ed4d8c82038bb414a3ffeac58354dbc32f08bc0b9ef5d8", kill_on_drop: false }`
[INFO] running `Command { std: "docker" "exec" "-e" "SOURCE_DIR=/opt/rustwide/workdir" "-e" "CARGO_HOME=/opt/rustwide/cargo-home" "-e" "RUSTUP_HOME=/opt/rustwide/rustup-home" "-e" "CARGO_TARGET_DIR=/opt/rustwide/target" "-e" "CARGO_INCREMENTAL=0" "-e" "RUST_BACKTRACE=full" "-e" "RUSTFLAGS=--cap-lints=warn" "-e" "RUSTDOCFLAGS=--cap-lints=warn" "-w" "/opt/rustwide/workdir" "--user" "0:0" "88d0f35d65ef65c541ed4d8c82038bb414a3ffeac58354dbc32f08bc0b9ef5d8" "/opt/rustwide/cargo-home/bin/cargo" "+1.100.0-beta.1" "build" "--frozen" "--message-format=json" "--release", kill_on_drop: false }`
[INFO] [stderr] warning: `package.homepage` is redundant with `package.repository`
[INFO] [stderr]   --> Cargo.toml:70:12
[INFO] [stderr]    |
[INFO] [stderr] 70 | homepage = "https://github.com/refcell/amble"
[INFO] [stderr]    |            ^^^^^^^^^^^^^^^^^^^^^^^^^^^^^^^^^^
[INFO] [stderr] ...
[INFO] [stderr] 74 | repository = "https://github.com/refcell/amble"
[INFO] [stderr]    |              ----------------------------------
[INFO] [stderr]    |
[INFO] [stderr]    = note: `cargo::redundant_homepage` is set to `warn` by default
[INFO] [stderr] help: consider removing `package.homepage`
[INFO] [stderr] warning: `preamble` (manifest) generated 1 warning
[INFO] [stderr]    Compiling cfg-if v1.0.5
[INFO] [stderr]    Compiling smallvec v1.16.3
[INFO] [stderr]    Compiling memchr v2.8.3
[INFO] [stderr]    Compiling num-traits v0.2.19
[INFO] [stderr]    Compiling syn v3.0.9
[INFO] [stderr]    Compiling syn v2.0.119
[INFO] [stderr]    Compiling errno v0.3.14
[INFO] [stderr]    Compiling serde_core v1.0.229
[INFO] [stderr]    Compiling log v0.4.34
[INFO] [stderr]    Compiling signal-hook-registry v1.4.8
[INFO] [stderr]    Compiling parking_lot_core v0.9.12
[INFO] [stderr]    Compiling pkg-config v0.3.34
[INFO] [stderr]    Compiling parking_lot v0.12.5
[INFO] [stderr]    Compiling crossbeam-utils v0.8.23
[INFO] [stderr]    Compiling openssl-sys v0.9.117
[INFO] [stderr]    Compiling bitflags v2.13.2
[INFO] [stderr]    Compiling crossbeam-epoch v0.9.21
[INFO] [stderr]    Compiling equivalent v1.0.3
[INFO] [stderr]    Compiling litemap v0.8.3
[INFO] [stderr]    Compiling simd-adler32 v0.3.10
[INFO] [stderr]    Compiling writeable v0.6.4
[INFO] [stderr]    Compiling indexmap v2.14.2
[INFO] [stderr]    Compiling socket2 v0.6.5
[INFO] [stderr]    Compiling mio v1.2.4
[INFO] [stderr]    Compiling futures-core v0.3.34
[INFO] [stderr]    Compiling icu_properties_data v2.3.0
[INFO] [stderr]    Compiling icu_normalizer_data v2.3.0
[INFO] [stderr]    Compiling crossbeam-deque v0.8.8
[INFO] [stderr]    Compiling openssl v0.10.81
[INFO] [stderr]    Compiling rustversion v1.0.23
[INFO] [stderr]    Compiling http v0.2.12
[INFO] [stderr]    Compiling proc-macro-error-attr v1.0.4
[INFO] [stderr]    Compiling futures-task v0.3.34
[INFO] [stderr]    Compiling native-tls v0.2.18
[INFO] [stderr]    Compiling crc32fast v1.5.2
[INFO] [stderr]    Compiling futures-io v0.3.34
[INFO] [stderr]    Compiling futures-sink v0.3.34
[INFO] [stderr]    Compiling futures-util v0.3.34
[INFO] [stderr]    Compiling rayon-core v1.13.0
[INFO] [stderr]    Compiling aho-corasick v1.1.5
[INFO] [stderr]    Compiling proc-macro-error v1.0.4
[INFO] [stderr]    Compiling libm v0.2.16
[INFO] [stderr]    Compiling bytemuck v1.25.2
[INFO] [stderr]    Compiling lexical-core v0.7.6
[INFO] [stderr]    Compiling zerocopy v0.8.63
[INFO] [stderr]    Compiling synstructure v0.14.0
[INFO] [stderr]    Compiling signal-hook v0.3.18
[INFO] [stderr]    Compiling want v0.3.2
[INFO] [stderr]    Compiling http-body v0.4.6
[INFO] [stderr]    Compiling encoding_rs v0.8.42
[INFO] [stderr]    Compiling serde_json v1.0.154
[INFO] [stderr]    Compiling regex-automata v0.4.18
[INFO] [stderr]    Compiling syn v1.0.109
[INFO] [stderr]    Compiling miniz_oxide v0.9.1
[INFO] [stderr]    Compiling zerofrom-derive v0.1.8
[INFO] [stderr]    Compiling yoke-derive v0.8.4
[INFO] [stderr]    Compiling zerovec-derive v0.11.6
[INFO] [stderr]    Compiling zerofrom v0.1.8
[INFO] [stderr]    Compiling displaydoc v0.2.7
[INFO] [stderr]    Compiling serde_derive v1.0.229
[INFO] [stderr]    Compiling tokio-macros v2.7.2
[INFO] [stderr]    Compiling yoke v0.8.3
[INFO] [stderr]    Compiling tracing-attributes v0.1.31
[INFO] [stderr]    Compiling zerovec v0.11.8
[INFO] [stderr]    Compiling zerotrie v0.2.5
[INFO] [stderr]    Compiling openssl-macros v0.1.1
[INFO] [stderr]    Compiling tokio v1.53.3
[INFO] [stderr]    Compiling thiserror-impl v1.0.69
[INFO] [stderr]    Compiling tinystr v0.8.4
[INFO] [stderr]    Compiling potential_utf v0.1.6
[INFO] [stderr]    Compiling icu_collections v2.3.0
[INFO] [stderr]    Compiling icu_locale_core v2.3.0
[INFO] [stderr]    Compiling tracing v0.1.44
[INFO] [stderr]    Compiling zerocopy-derive v0.8.63
[INFO] [stderr]    Compiling futures-channel v0.3.34
[INFO] [stderr]    Compiling icu_provider v2.3.1
[INFO] [stderr]    Compiling socket2 v0.5.10
[INFO] [stderr]    Compiling icu_properties v2.3.0
[INFO] [stderr]    Compiling serde v1.0.229
[INFO] [stderr]    Compiling icu_normalizer v2.3.0
[INFO] [stderr]    Compiling nom v5.1.3
[INFO] [stderr]    Compiling pulp v0.22.3
[INFO] [stderr]    Compiling either v1.19.0
[INFO] [stderr]    Compiling unicode-width v0.1.14
[INFO] [stderr]    Compiling arrayvec v0.5.2
[INFO] [stderr]    Compiling idna_adapter v1.2.2
[INFO] [stderr]    Compiling idna v1.1.0
[INFO] [stderr]    Compiling rayon v1.12.0
[INFO] [stderr]    Compiling thiserror v1.0.69
[INFO] [stderr]    Compiling regex v1.13.1
[INFO] [stderr]    Compiling flate2 v1.1.10
[INFO] [stderr]    Compiling tokio-util v0.7.20
[INFO] [stderr]    Compiling tokio-native-tls v0.3.1
[INFO] [stderr]    Compiling num-complex v0.4.6
[INFO] [stderr]    Compiling h2 v0.3.27
[INFO] [stderr]    Compiling miniz_oxide v0.8.9
[INFO] [stderr]    Compiling num-traits v0.1.43
[INFO] [stderr]    Compiling raw-cpuid v11.6.0
[INFO] [stderr]    Compiling mio v0.8.11
[INFO] [stderr]    Compiling dirs-sys-next v0.1.2
[INFO] [stderr]    Compiling multiversion_no_op v1.0.0
[INFO] [stderr]    Compiling pulp-wasm-simd-flag v0.1.1
[INFO] [stderr]    Compiling linked-hash-map v0.5.6
[INFO] [stderr]    Compiling reborrow v0.5.5
[INFO] [stderr]    Compiling simdutf8 v0.1.5
[INFO] [stderr]    Compiling weezl v0.1.12
[INFO] [stderr]    Compiling core_detect v1.0.0
[INFO] [stderr]    Compiling serde v0.8.23
[INFO] [stderr]    Compiling half v2.7.1
[INFO] [stderr]    Compiling serde-hjson v0.9.1
[INFO] [stderr]    Compiling anyhow v1.0.104
[INFO] [stderr]    Compiling hyper v0.14.32
[INFO] [stderr]    Compiling yaml-rust v0.4.5
[INFO] [stderr]    Compiling dirs-next v2.0.0
[INFO] [stderr]    Compiling signal-hook-mio v0.2.5
[INFO] [stderr]    Compiling jpeg-decoder v0.3.2
[INFO] [stderr]    Compiling hyper-tls v0.5.0
[INFO] [stderr]    Compiling merge_derive v0.1.0
[INFO] [stderr]    Compiling url v2.5.8
[INFO] [stderr]    Compiling toml v0.5.11
[INFO] [stderr]    Compiling serde_urlencoded v0.7.1
[INFO] [stderr]    Compiling miette-derive v5.10.0
[INFO] [stderr]    Compiling ordered-float v2.10.1
[INFO] [stderr]    Compiling zune-inflate v0.2.54
[INFO] [stderr]    Compiling fdeflate v0.3.7
[INFO] [stderr]    Compiling csv-core v0.1.13
[INFO] [stderr]    Compiling dirs-sys v0.3.7
[INFO] [stderr]    Compiling ipnet v2.12.2
[INFO] [stderr]    Compiling unicode-segmentation v1.13.3
[INFO] [stderr]    Compiling rust-ini v0.13.0
[INFO] [stderr]    Compiling lazy_static v0.2.11
[INFO] [stderr]    Compiling color_quant v1.1.0
[INFO] [stderr]    Compiling fixedbitset v0.4.2
[INFO] [stderr]    Compiling lebe v0.5.3
[INFO] [stderr]    Compiling bit_field v0.10.3
[INFO] [stderr]    Compiling reqwest v0.11.27
[INFO] [stderr]    Compiling exr v1.74.2
[INFO] [stderr]    Compiling config v0.11.0
[INFO] [stderr]    Compiling petgraph v0.6.5
[INFO] [stderr]    Compiling newline-converter v0.2.2
[INFO] [stderr]    Compiling gif v0.13.3
[INFO] [stderr]    Compiling tint v1.0.1
[INFO] [stderr]    Compiling miette v5.10.0
[INFO] [stderr]    Compiling directories v4.0.1
[INFO] [stderr]    Compiling png v0.17.16
[INFO] [stderr]    Compiling csv v1.4.0
[INFO] [stderr]    Compiling serde-value v0.7.0
[INFO] [stderr]    Compiling merge v0.1.0
[INFO] [stderr]    Compiling tiff v0.9.1
[INFO] [stderr]    Compiling crossterm v0.25.0
[INFO] [stderr]    Compiling term v0.7.0
[INFO] [stderr]    Compiling qoi v0.4.1
[INFO] [stderr]    Compiling sharded-slab v0.1.7
[INFO] [stderr]    Compiling tracing-log v0.2.0
[INFO] [stderr]    Compiling thread_local v1.1.10
[INFO] [stderr]    Compiling is-terminal v0.4.17
[INFO] [stderr]    Compiling atty v0.2.14
[INFO] [stderr]    Compiling ansi_term v0.12.1
[INFO] [stderr]    Compiling winnow v0.5.40
[INFO] [stderr]    Compiling toml_datetime v0.6.11
[INFO] [stderr]    Compiling encode_unicode v1.0.0
[INFO] [stderr]    Compiling ptree v0.4.0
[INFO] [stderr]    Compiling lice v0.1.4
[INFO] [stderr]    Compiling chrono v0.4.45
[INFO] [stderr]    Compiling prettytable v0.10.0
[INFO] [stderr]    Compiling tracing-subscriber v0.3.23
[INFO] [stderr]    Compiling toml_edit v0.20.7
[INFO] [stderr]    Compiling image v0.24.9
[INFO] [stderr]    Compiling inquire v0.6.2
[INFO] [stderr]    Compiling leon v2.0.1
[INFO] [stderr]    Compiling semver v1.0.28
[INFO] [stderr]    Compiling whoami v1.6.1
[INFO] [stderr]    Compiling gitignores v2.12.0
[INFO] [stderr]    Compiling preamble v0.1.60 (/opt/rustwide/workdir)
[INFO] [stderr] warning: unused dependency `semver`
[INFO] [stderr]   --> Cargo.toml:38:15
[INFO] [stderr]    |
[INFO] [stderr] 38 | [dependencies.semver]
[INFO] [stderr]    |               ^^^^^^^
[INFO] [stderr]    |
[INFO] [stderr]    = note: `cargo::unused_dependencies` is set to `warn` by default
[INFO] [stderr] help: consider removing the dependency on `semver`
[INFO] [stderr] warning: `preamble` (manifest) generated 1 warning
[INFO] [stderr]     Finished `release` profile [optimized] target(s) in 5m 35s
[INFO] running `Command { std: "docker" "inspect" "88d0f35d65ef65c541ed4d8c82038bb414a3ffeac58354dbc32f08bc0b9ef5d8", kill_on_drop: false }`
[INFO] running `Command { std: "docker" "exec" "-e" "SOURCE_DIR=/opt/rustwide/workdir" "-e" "CARGO_HOME=/opt/rustwide/cargo-home" "-e" "RUSTUP_HOME=/opt/rustwide/rustup-home" "-e" "CARGO_TARGET_DIR=/opt/rustwide/target" "-e" "CARGO_INCREMENTAL=0" "-e" "RUST_BACKTRACE=full" "-e" "RUSTFLAGS=--cap-lints=warn" "-e" "RUSTDOCFLAGS=--cap-lints=warn" "-w" "/opt/rustwide/workdir" "--user" "0:0" "88d0f35d65ef65c541ed4d8c82038bb414a3ffeac58354dbc32f08bc0b9ef5d8" "/opt/rustwide/cargo-home/bin/cargo" "+1.100.0-beta.1" "test" "--frozen" "--no-run" "--message-format=json" "--release", kill_on_drop: false }`
[INFO] [stderr] warning: `package.homepage` is redundant with `package.repository`
[INFO] [stderr]   --> Cargo.toml:70:12
[INFO] [stderr]    |
[INFO] [stderr] 70 | homepage = "https://github.com/refcell/amble"
[INFO] [stderr]    |            ^^^^^^^^^^^^^^^^^^^^^^^^^^^^^^^^^^
[INFO] [stderr] ...
[INFO] [stderr] 74 | repository = "https://github.com/refcell/amble"
[INFO] [stderr]    |              ----------------------------------
[INFO] [stderr]    |
[INFO] [stderr]    = note: `cargo::redundant_homepage` is set to `warn` by default
[INFO] [stderr] help: consider removing `package.homepage`
[INFO] [stderr] warning: `preamble` (manifest) generated 1 warning
[INFO] [stderr]    Compiling bitflags v2.13.2
[INFO] [stderr]    Compiling rustix v1.1.5
[INFO] [stderr]    Compiling getrandom v0.4.3
[INFO] [stderr]    Compiling openssl v0.10.81
[INFO] [stderr]    Compiling raw-cpuid v11.6.0
[INFO] [stderr]    Compiling pulp v0.22.3
[INFO] [stderr]    Compiling tempfile v3.27.0
[INFO] [stderr]    Compiling native-tls v0.2.18
[INFO] [stderr]    Compiling tokio-native-tls v0.3.1
[INFO] [stderr]    Compiling hyper-tls v0.5.0
[INFO] [stderr]    Compiling reqwest v0.11.27
[INFO] [stderr]    Compiling lice v0.1.4
[INFO] [stderr]    Compiling exr v1.74.2
[INFO] [stderr]    Compiling image v0.24.9
[INFO] [stderr]    Compiling preamble v0.1.60 (/opt/rustwide/workdir)
[INFO] [stderr] warning: unused dependency `semver`
[INFO] [stderr]   --> Cargo.toml:38:15
[INFO] [stderr]    |
[INFO] [stderr] 38 | [dependencies.semver]
[INFO] [stderr]    |               ^^^^^^^
[INFO] [stderr]    |
[INFO] [stderr]    = note: `cargo::unused_dependencies` is set to `warn` by default
[INFO] [stderr] help: consider removing the dependency on `semver`
[INFO] [stderr] help: to still use for development builds, move to `dev-dependencies`
[INFO] [stderr] warning: `preamble` (manifest) generated 1 warning
[INFO] [stderr]     Finished `release` profile [optimized] target(s) in 2m 24s
[INFO] running `Command { std: "docker" "inspect" "88d0f35d65ef65c541ed4d8c82038bb414a3ffeac58354dbc32f08bc0b9ef5d8", kill_on_drop: false }`
[INFO] running `Command { std: "docker" "exec" "-e" "SOURCE_DIR=/opt/rustwide/workdir" "-e" "CARGO_HOME=/opt/rustwide/cargo-home" "-e" "RUSTUP_HOME=/opt/rustwide/rustup-home" "-e" "CARGO_TARGET_DIR=/opt/rustwide/target" "-e" "CARGO_INCREMENTAL=0" "-e" "RUST_BACKTRACE=full" "-e" "RUSTFLAGS=--cap-lints=warn" "-e" "RUSTDOCFLAGS=--cap-lints=warn" "-w" "/opt/rustwide/workdir" "--user" "0:0" "88d0f35d65ef65c541ed4d8c82038bb414a3ffeac58354dbc32f08bc0b9ef5d8" "/opt/rustwide/cargo-home/bin/cargo" "+1.100.0-beta.1" "test" "--frozen" "--release", kill_on_drop: false }`
[INFO] [stderr] warning: `package.homepage` is redundant with `package.repository`
[INFO] [stderr]   --> Cargo.toml:70:12
[INFO] [stderr]    |
[INFO] [stderr] 70 | homepage = "https://github.com/refcell/amble"
[INFO] [stderr]    |            ^^^^^^^^^^^^^^^^^^^^^^^^^^^^^^^^^^
[INFO] [stderr] ...
[INFO] [stderr] 74 | repository = "https://github.com/refcell/amble"
[INFO] [stderr]    |              ----------------------------------
[INFO] [stderr]    |
[INFO] [stderr]    = note: `cargo::redundant_homepage` is set to `warn` by default
[INFO] [stderr] help: consider removing `package.homepage`
[INFO] [stderr] warning: `preamble` (manifest) generated 1 warning
[INFO] [stderr] warning: unused dependency `semver`
[INFO] [stderr]   --> Cargo.toml:38:15
[INFO] [stderr]    |
[INFO] [stderr] 38 | [dependencies.semver]
[INFO] [stderr]    |               ^^^^^^^
[INFO] [stderr]    |
[INFO] [stderr]    = note: `cargo::unused_dependencies` is set to `warn` by default
[INFO] [stderr] help: consider removing the dependency on `semver`
[INFO] [stderr] help: to still use for development builds, move to `dev-dependencies`
[INFO] [stderr] warning: `preamble` (manifest) generated 1 warning
[INFO] [stderr]     Finished `release` profile [optimized] target(s) in 0.35s
[INFO] [stderr]      Running unittests src/lib.rs (/opt/rustwide/target/release/build/preamble/24c6d18a108b1b41/out/preamble-24c6d18a108b1b41)
[INFO] [stdout] 
[INFO] [stdout] running 24 tests
[INFO] [stdout] test bins::tests::test_create_dry_run ... ok
[INFO] [stdout] test bins::tests::test_create ... ok
[INFO] [stdout] test ci::tests::test_write_github_workflows ... ok
[INFO] [stdout] test bins::tests::test_fill_cargo ... ok
[INFO] [stdout] test ci::tests::test_create ... ok
[INFO] [stdout] test etc::tests::test_create_etc ... ok
[INFO] [stdout] test libs::tests::test_create_dry_run ... ok
[INFO] [stdout] test gitignore::tests::test_create_gitignore ... ok
[INFO] [stdout] test libs::tests::test_fill_cargo ... ok
[INFO] [stdout] test libs::tests::test_create ... ok
[INFO] [stdout] test license::tests::test_impute_license ... ok
[INFO] [stdout] test git::tests::test_create ... ok
[INFO] [stdout] test root::tests::test_create_dry_run ... ok
[INFO] [stdout] test root::tests::test_fetch_version ... FAILED
[INFO] [stdout] test etc::tests::test_create_etc_with_assets ... FAILED
[INFO] [stdout] test license::tests::test_fetch_license ... FAILED
[INFO] [stdout] test license::tests::test_create_license ... FAILED
[INFO] [stdout] test root::tests::test_remove_table_quotes ... ok
[INFO] [stdout] test root::tests::test_format_template_readme ... ok
[INFO] [stdout] test root::tests::test_create ... ok
[INFO] [stdout] test cargo::tests::test_write_cargo_bin ... FAILED
[INFO] [stdout] test root::tests::test_fill_cargo ... ok
[INFO] [stdout] test cargo::tests::test_create_lib ... ok
[INFO] [stdout] test cargo::tests::test_create_bin ... ok
[INFO] [stdout] 
[INFO] [stdout] failures:
[INFO] [stdout] 
[INFO] [stdout] ---- root::tests::test_fetch_version stdout ----
[INFO] [stdout] 
[INFO] [stdout] thread 'root::tests::test_fetch_version' (3607) panicked at src/root.rs:265:47:
[INFO] [stdout] called `Option::unwrap()` on a `None` value
[INFO] [stdout] stack backtrace:
[INFO] [stdout]    0:     0x5564698fd441 - <<std[617be2ca0a6fd877]::sys::backtrace::BacktraceLock>::print::DisplayBacktrace as core[a373ad73a504971]::fmt::Display>::fmt
[INFO] [stdout]    1:     0x5564699176ea - core[a373ad73a504971]::fmt::write
[INFO] [stdout]    2:     0x5564699033bc - <alloc[2e1b2a31b91974c5]::vec::Vec<u8> as core[a373ad73a504971]::io::write::Write>::write_fmt
[INFO] [stdout]    3:     0x5564698d5126 - std[617be2ca0a6fd877]::panicking::default_hook::{closure#0}
[INFO] [stdout]    4:     0x5564698f3379 - std[617be2ca0a6fd877]::panicking::default_hook
[INFO] [stdout]    5:     0x55646969c890 - test[aada8e7e76ba119b]::test_main_inner::{closure#0}
[INFO] [stdout]    6:     0x5564698f36a2 - std[617be2ca0a6fd877]::panicking::panic_with_hook
[INFO] [stdout]    7:     0x5564698d5204 - std[617be2ca0a6fd877]::panicking::panic_handler::{closure#0}
[INFO] [stderr] error: test failed, to rerun pass `--lib`
[INFO] [stdout]    8:     0x5564698cd529 - std[617be2ca0a6fd877]::sys::backtrace::__rust_end_short_backtrace::<std[617be2ca0a6fd877]::panicking::panic_handler::{closure#0}, !>
[INFO] [stdout]    9:     0x5564698d60dd - __rustc[ea4f61d10b84890b]::rust_begin_unwind
[INFO] [stdout]   10:     0x556469917ecc - core[a373ad73a504971]::panicking::panic_fmt
[INFO] [stdout]   11:     0x556469917e92 - core[a373ad73a504971]::panicking::panic
[INFO] [stdout]   12:     0x556469917c49 - core[a373ad73a504971]::option::unwrap_failed
[INFO] [stdout]   13:     0x5564694eba2f - <preamble[68fcec644119c6cf]::root::tests::test_fetch_version::{closure#0} as core[a373ad73a504971]::ops::function::FnOnce<()>>::call_once
[INFO] [stdout]   14:     0x55646968fcdb - test[aada8e7e76ba119b]::__rust_begin_short_backtrace::<core[a373ad73a504971]::result::Result<(), alloc[2e1b2a31b91974c5]::string::String>, fn() -> core[a373ad73a504971]::result::Result<(), alloc[2e1b2a31b91974c5]::string::String>>
[INFO] [stdout]   15:     0x55646969ceb5 - test[aada8e7e76ba119b]::run_test::{closure#0}
[INFO] [stdout]   16:     0x5564696967a4 - std[617be2ca0a6fd877]::sys::backtrace::__rust_begin_short_backtrace::<test[aada8e7e76ba119b]::run_test::{closure#1}, ()>
[INFO] [stdout]   17:     0x55646969ff42 - <std[617be2ca0a6fd877]::thread::lifecycle::spawn_unchecked<test[aada8e7e76ba119b]::run_test::{closure#1}, ()>::{closure#1} as core[a373ad73a504971]::ops::function::FnOnce<()>>::call_once::{shim:vtable#0}
[INFO] [stdout]   18:     0x5564698fbe9f - <std[617be2ca0a6fd877]::sys::thread::unix::Thread>::new::thread_start
[INFO] [stdout]   19:     0x7840a37d1dfa - <unknown>
[INFO] [stdout]   20:     0x7840a38653d4 - clone
[INFO] [stdout]   21:                0x0 - <unknown>
[INFO] [stdout] 
[INFO] [stdout] ---- etc::tests::test_create_etc_with_assets stdout ----
[INFO] [stdout] 
[INFO] [stdout] thread 'etc::tests::test_create_etc_with_assets' (3528) panicked at src/etc.rs:73:49:
[INFO] [stdout] called `Result::unwrap()` on an `Err` value: error sending request for url (https://raw.githubusercontent.com/refcell/amble/main/etc/template/banner.png): error trying to connect: dns error: failed to lookup address information: Temporary failure in name resolution
[INFO] [stdout] 
[INFO] [stdout] Caused by:
[INFO] [stdout]     0: error trying to connect: dns error: failed to lookup address information: Temporary failure in name resolution
[INFO] [stdout]     1: dns error: failed to lookup address information: Temporary failure in name resolution
[INFO] [stdout]     2: failed to lookup address information: Temporary failure in name resolution
[INFO] [stdout] 
[INFO] [stdout] Stack backtrace:
[INFO] [stdout]    0: <anyhow::Error as core::convert::From<reqwest::error::Error>>::from
[INFO] [stdout]    1: preamble::etc::create
[INFO] [stdout]    2: <preamble::etc::tests::test_create_etc_with_assets::{closure#0} as core::ops::function::FnOnce<()>>::call_once
[INFO] [stdout]    3: test::__rust_begin_short_backtrace::<core::result::Result<(), alloc::string::String>, fn() -> core::result::Result<(), alloc::string::String>>
[INFO] [stdout]    4: test::run_test::{closure#0}
[INFO] [stdout]    5: std::sys::backtrace::__rust_begin_short_backtrace::<test::run_test::{closure#1}, ()>
[INFO] [stdout]    6: <std::thread::lifecycle::spawn_unchecked<test::run_test::{closure#1}, ()>::{closure#1} as core::ops::function::FnOnce<()>>::call_once::{shim:vtable#0}
[INFO] [stdout]    7: <std::sys::thread::unix::Thread>::new::thread_start
[INFO] [stdout]    8: <unknown>
[INFO] [stdout]    9: clone
[INFO] [stdout] stack backtrace:
[INFO] [stdout]    0:     0x5564698fd441 - <<std[617be2ca0a6fd877]::sys::backtrace::BacktraceLock>::print::DisplayBacktrace as core[a373ad73a504971]::fmt::Display>::fmt
[INFO] [stdout]    1:     0x5564699176ea - core[a373ad73a504971]::fmt::write
[INFO] [stdout]    2:     0x5564699033bc - <alloc[2e1b2a31b91974c5]::vec::Vec<u8> as core[a373ad73a504971]::io::write::Write>::write_fmt
[INFO] [stdout]    3:     0x5564698d5126 - std[617be2ca0a6fd877]::panicking::default_hook::{closure#0}
[INFO] [stdout]    4:     0x5564698f3379 - std[617be2ca0a6fd877]::panicking::default_hook
[INFO] [stdout]    5:     0x55646969c890 - test[aada8e7e76ba119b]::test_main_inner::{closure#0}
[INFO] [stdout]    6:     0x5564698f36a2 - std[617be2ca0a6fd877]::panicking::panic_with_hook
[INFO] [stdout]    7:     0x5564698d51d2 - std[617be2ca0a6fd877]::panicking::panic_handler::{closure#0}
[INFO] [stdout]    8:     0x5564698cd529 - std[617be2ca0a6fd877]::sys::backtrace::__rust_end_short_backtrace::<std[617be2ca0a6fd877]::panicking::panic_handler::{closure#0}, !>
[INFO] [stdout]    9:     0x5564698d60dd - __rustc[ea4f61d10b84890b]::rust_begin_unwind
[INFO] [stdout]   10:     0x556469917ecc - core[a373ad73a504971]::panicking::panic_fmt
[INFO] [stdout]   11:     0x556469917ca2 - core[a373ad73a504971]::result::unwrap_failed
[INFO] [stdout]   12:     0x5564694d0a3f - <preamble[68fcec644119c6cf]::etc::tests::test_create_etc_with_assets::{closure#0} as core[a373ad73a504971]::ops::function::FnOnce<()>>::call_once
[INFO] [stdout]   13:     0x55646968fcdb - test[aada8e7e76ba119b]::__rust_begin_short_backtrace::<core[a373ad73a504971]::result::Result<(), alloc[2e1b2a31b91974c5]::string::String>, fn() -> core[a373ad73a504971]::result::Result<(), alloc[2e1b2a31b91974c5]::string::String>>
[INFO] [stdout]   14:     0x55646969ceb5 - test[aada8e7e76ba119b]::run_test::{closure#0}
[INFO] [stdout]   15:     0x5564696967a4 - std[617be2ca0a6fd877]::sys::backtrace::__rust_begin_short_backtrace::<test[aada8e7e76ba119b]::run_test::{closure#1}, ()>
[INFO] [stdout]   16:     0x55646969ff42 - <std[617be2ca0a6fd877]::thread::lifecycle::spawn_unchecked<test[aada8e7e76ba119b]::run_test::{closure#1}, ()>::{closure#1} as core[a373ad73a504971]::ops::function::FnOnce<()>>::call_once::{shim:vtable#0}
[INFO] [stdout]   17:     0x5564698fbe9f - <std[617be2ca0a6fd877]::sys::thread::unix::Thread>::new::thread_start
[INFO] [stdout]   18:     0x7840a37d1dfa - <unknown>
[INFO] [stdout]   19:     0x7840a38653d4 - clone
[INFO] [stdout]   20:                0x0 - <unknown>
[INFO] [stdout] 
[INFO] [stdout] ---- license::tests::test_fetch_license stdout ----
[INFO] [stdout] 
[INFO] [stdout] thread 'license::tests::test_fetch_license' (3538) panicked at src/license.rs:93:14:
[INFO] [stdout] called `Result::unwrap()` on an `Err` value: error sending request for url (https://spdx.org/licenses/licenses.json): error trying to connect: dns error: failed to lookup address information: Temporary failure in name resolution
[INFO] [stdout] 
[INFO] [stdout] Caused by:
[INFO] [stdout]     0: error trying to connect: dns error: failed to lookup address information: Temporary failure in name resolution
[INFO] [stdout]     1: dns error: failed to lookup address information: Temporary failure in name resolution
[INFO] [stdout]     2: failed to lookup address information: Temporary failure in name resolution
[INFO] [stdout] 
[INFO] [stdout] Stack backtrace:
[INFO] [stdout]    0: <anyhow::Error as core::convert::From<reqwest::error::Error>>::from
[INFO] [stdout]    1: preamble::license::fetch_license::<&str>::{closure#0}
[INFO] [stdout]    2: preamble::license::tests::test_fetch_license::{closure#0}
[INFO] [stdout]    3: <tokio::runtime::scheduler::current_thread::Context>::enter::<core::task::poll::Poll<()>, <tokio::runtime::scheduler::current_thread::CoreGuard>::block_on<core::pin::Pin<&mut core::pin::Pin<&mut dyn core::future::future::Future<Output = ()>>>>::{closure#0}::{closure#0}>
[INFO] [stdout]    4: <tokio::runtime::context::scoped::Scoped<tokio::runtime::scheduler::Context>>::set::<<tokio::runtime::scheduler::current_thread::CoreGuard>::enter<<tokio::runtime::scheduler::current_thread::CoreGuard>::block_on<core::pin::Pin<&mut core::pin::Pin<&mut dyn core::future::future::Future<Output = ()>>>>::{closure#0}, core::option::Option<()>>::{closure#0}, (alloc::boxed::Box<tokio::runtime::scheduler::current_thread::Core>, core::option::Option<()>)>
[INFO] [stdout]    5: <tokio::runtime::scheduler::current_thread::CoreGuard>::block_on::<core::pin::Pin<&mut core::pin::Pin<&mut dyn core::future::future::Future<Output = ()>>>>
[INFO] [stdout]    6: tokio::runtime::context::runtime::enter_runtime::<<tokio::runtime::scheduler::current_thread::CurrentThread>::block_on<core::pin::Pin<&mut dyn core::future::future::Future<Output = ()>>>::{closure#0}, ()>
[INFO] [stdout]    7: <preamble::license::tests::test_fetch_license::{closure#0} as core::ops::function::FnOnce<()>>::call_once
[INFO] [stdout]    8: test::__rust_begin_short_backtrace::<core::result::Result<(), alloc::string::String>, fn() -> core::result::Result<(), alloc::string::String>>
[INFO] [stdout]    9: test::run_test::{closure#0}
[INFO] [stdout]   10: std::sys::backtrace::__rust_begin_short_backtrace::<test::run_test::{closure#1}, ()>
[INFO] [stdout]   11: <std::thread::lifecycle::spawn_unchecked<test::run_test::{closure#1}, ()>::{closure#1} as core::ops::function::FnOnce<()>>::call_once::{shim:vtable#0}
[INFO] [stdout]   12: <std::sys::thread::unix::Thread>::new::thread_start
[INFO] [stdout]   13: <unknown>
[INFO] [stdout]   14: clone
[INFO] [stdout] stack backtrace:
[INFO] [stdout]    0:     0x5564698fd441 - <<std[617be2ca0a6fd877]::sys::backtrace::BacktraceLock>::print::DisplayBacktrace as core[a373ad73a504971]::fmt::Display>::fmt
[INFO] [stdout]    1:     0x5564699176ea - core[a373ad73a504971]::fmt::write
[INFO] [stdout]    2:     0x5564699033bc - <alloc[2e1b2a31b91974c5]::vec::Vec<u8> as core[a373ad73a504971]::io::write::Write>::write_fmt
[INFO] [stdout]    3:     0x5564698d5126 - std[617be2ca0a6fd877]::panicking::default_hook::{closure#0}
[INFO] [stdout]    4:     0x5564698f3379 - std[617be2ca0a6fd877]::panicking::default_hook
[INFO] [stdout]    5:     0x55646969c890 - test[aada8e7e76ba119b]::test_main_inner::{closure#0}
[INFO] [stdout]    6:     0x5564698f36a2 - std[617be2ca0a6fd877]::panicking::panic_with_hook
[INFO] [stdout]    7:     0x5564698d51d2 - std[617be2ca0a6fd877]::panicking::panic_handler::{closure#0}
[INFO] [stdout]    8:     0x5564698cd529 - std[617be2ca0a6fd877]::sys::backtrace::__rust_end_short_backtrace::<std[617be2ca0a6fd877]::panicking::panic_handler::{closure#0}, !>
[INFO] [stdout]    9:     0x5564698d60dd - __rustc[ea4f61d10b84890b]::rust_begin_unwind
[INFO] [stdout]   10:     0x556469917ecc - core[a373ad73a504971]::panicking::panic_fmt
[INFO] [stdout]   11:     0x556469917ca2 - core[a373ad73a504971]::result::unwrap_failed
[INFO] [stdout]   12:     0x5564694e919a - preamble[68fcec644119c6cf]::license::tests::test_fetch_license::{closure#0}
[INFO] [stdout]   13:     0x5564694e2c33 - <tokio[6d42b074fde3f578]::runtime::scheduler::current_thread::Context>::enter::<core[a373ad73a504971]::task::poll::Poll<()>, <tokio[6d42b074fde3f578]::runtime::scheduler::current_thread::CoreGuard>::block_on<core[a373ad73a504971]::pin::Pin<&mut core[a373ad73a504971]::pin::Pin<&mut dyn core[a373ad73a504971]::future::future::Future<Output = ()>>>>::{closure#0}::{closure#0}>
[INFO] [stdout]   14:     0x5564694ed6dc - <tokio[6d42b074fde3f578]::runtime::context::scoped::Scoped<tokio[6d42b074fde3f578]::runtime::scheduler::Context>>::set::<<tokio[6d42b074fde3f578]::runtime::scheduler::current_thread::CoreGuard>::enter<<tokio[6d42b074fde3f578]::runtime::scheduler::current_thread::CoreGuard>::block_on<core[a373ad73a504971]::pin::Pin<&mut core[a373ad73a504971]::pin::Pin<&mut dyn core[a373ad73a504971]::future::future::Future<Output = ()>>>>::{closure#0}, core[a373ad73a504971]::option::Option<()>>::{closure#0}, (alloc[2e1b2a31b91974c5]::boxed::Box<tokio[6d42b074fde3f578]::runtime::scheduler::current_thread::Core>, core[a373ad73a504971]::option::Option<()>)>
[INFO] [stdout]   15:     0x5564694e3a17 - <tokio[6d42b074fde3f578]::runtime::scheduler::current_thread::CoreGuard>::block_on::<core[a373ad73a504971]::pin::Pin<&mut core[a373ad73a504971]::pin::Pin<&mut dyn core[a373ad73a504971]::future::future::Future<Output = ()>>>>
[INFO] [stdout]   16:     0x5564694f1709 - tokio[6d42b074fde3f578]::runtime::context::runtime::enter_runtime::<<tokio[6d42b074fde3f578]::runtime::scheduler::current_thread::CurrentThread>::block_on<core[a373ad73a504971]::pin::Pin<&mut dyn core[a373ad73a504971]::future::future::Future<Output = ()>>>::{closure#0}, ()>
[INFO] [stdout]   17:     0x5564694ec705 - <preamble[68fcec644119c6cf]::license::tests::test_fetch_license::{closure#0} as core[a373ad73a504971]::ops::function::FnOnce<()>>::call_once
[INFO] [stdout]   18:     0x55646968fcdb - test[aada8e7e76ba119b]::__rust_begin_short_backtrace::<core[a373ad73a504971]::result::Result<(), alloc[2e1b2a31b91974c5]::string::String>, fn() -> core[a373ad73a504971]::result::Result<(), alloc[2e1b2a31b91974c5]::string::String>>
[INFO] [stdout]   19:     0x55646969ceb5 - test[aada8e7e76ba119b]::run_test::{closure#0}
[INFO] [stdout]   20:     0x5564696967a4 - std[617be2ca0a6fd877]::sys::backtrace::__rust_begin_short_backtrace::<test[aada8e7e76ba119b]::run_test::{closure#1}, ()>
[INFO] [stdout]   21:     0x55646969ff42 - <std[617be2ca0a6fd877]::thread::lifecycle::spawn_unchecked<test[aada8e7e76ba119b]::run_test::{closure#1}, ()>::{closure#1} as core[a373ad73a504971]::ops::function::FnOnce<()>>::call_once::{shim:vtable#0}
[INFO] [stdout]   22:     0x5564698fbe9f - <std[617be2ca0a6fd877]::sys::thread::unix::Thread>::new::thread_start
[INFO] [stdout]   23:     0x7840a37d1dfa - <unknown>
[INFO] [stdout]   24:     0x7840a38653d4 - clone
[INFO] [stdout]   25:                0x0 - <unknown>
[INFO] [stdout] 
[INFO] [stdout] ---- license::tests::test_create_license stdout ----
[INFO] [stdout] 
[INFO] [stdout] thread 'license::tests::test_create_license' (3537) panicked at src/license.rs:116:50:
[INFO] [stdout] called `Result::unwrap()` on an `Err` value: The input device is not a TTY
[INFO] [stdout] 
[INFO] [stdout] Stack backtrace:
[INFO] [stdout]    0: <anyhow::Error as core::convert::From<inquire::error::InquireError>>::from
[INFO] [stdout]    1: preamble::license::create::<&str>
[INFO] [stdout]    2: <preamble::license::tests::test_create_license::{closure#0} as core::ops::function::FnOnce<()>>::call_once
[INFO] [stdout]    3: test::__rust_begin_short_backtrace::<core::result::Result<(), alloc::string::String>, fn() -> core::result::Result<(), alloc::string::String>>
[INFO] [stdout]    4: test::run_test::{closure#0}
[INFO] [stdout]    5: std::sys::backtrace::__rust_begin_short_backtrace::<test::run_test::{closure#1}, ()>
[INFO] [stdout]    6: <std::thread::lifecycle::spawn_unchecked<test::run_test::{closure#1}, ()>::{closure#1} as core::ops::function::FnOnce<()>>::call_once::{shim:vtable#0}
[INFO] [stdout]    7: <std::sys::thread::unix::Thread>::new::thread_start
[INFO] [stdout]    8: <unknown>
[INFO] [stdout]    9: clone
[INFO] [stdout] stack backtrace:
[INFO] [stdout]    0:     0x5564698fd441 - <<std[617be2ca0a6fd877]::sys::backtrace::BacktraceLock>::print::DisplayBacktrace as core[a373ad73a504971]::fmt::Display>::fmt
[INFO] [stdout]    1:     0x5564699176ea - core[a373ad73a504971]::fmt::write
[INFO] [stdout]    2:     0x5564699033bc - <alloc[2e1b2a31b91974c5]::vec::Vec<u8> as core[a373ad73a504971]::io::write::Write>::write_fmt
[INFO] [stdout]    3:     0x5564698d5126 - std[617be2ca0a6fd877]::panicking::default_hook::{closure#0}
[INFO] [stdout]    4:     0x5564698f3379 - std[617be2ca0a6fd877]::panicking::default_hook
[INFO] [stdout]    5:     0x55646969c890 - test[aada8e7e76ba119b]::test_main_inner::{closure#0}
[INFO] [stdout]    6:     0x5564698f36a2 - std[617be2ca0a6fd877]::panicking::panic_with_hook
[INFO] [stdout]    7:     0x5564698d51d2 - std[617be2ca0a6fd877]::panicking::panic_handler::{closure#0}
[INFO] [stdout]    8:     0x5564698cd529 - std[617be2ca0a6fd877]::sys::backtrace::__rust_end_short_backtrace::<std[617be2ca0a6fd877]::panicking::panic_handler::{closure#0}, !>
[INFO] [stdout]    9:     0x5564698d60dd - __rustc[ea4f61d10b84890b]::rust_begin_unwind
[INFO] [stdout]   10:     0x556469917ecc - core[a373ad73a504971]::panicking::panic_fmt
[INFO] [stdout]   11:     0x556469917ca2 - core[a373ad73a504971]::result::unwrap_failed
[INFO] [stdout]   12:     0x5564694ed093 - <preamble[68fcec644119c6cf]::license::tests::test_create_license::{closure#0} as core[a373ad73a504971]::ops::function::FnOnce<()>>::call_once
[INFO] [stdout]   13:     0x55646968fcdb - test[aada8e7e76ba119b]::__rust_begin_short_backtrace::<core[a373ad73a504971]::result::Result<(), alloc[2e1b2a31b91974c5]::string::String>, fn() -> core[a373ad73a504971]::result::Result<(), alloc[2e1b2a31b91974c5]::string::String>>
[INFO] [stdout]   14:     0x55646969ceb5 - test[aada8e7e76ba119b]::run_test::{closure#0}
[INFO] [stdout]   15:     0x5564696967a4 - std[617be2ca0a6fd877]::sys::backtrace::__rust_begin_short_backtrace::<test[aada8e7e76ba119b]::run_test::{closure#1}, ()>
[INFO] [stdout]   16:     0x55646969ff42 - <std[617be2ca0a6fd877]::thread::lifecycle::spawn_unchecked<test[aada8e7e76ba119b]::run_test::{closure#1}, ()>::{closure#1} as core[a373ad73a504971]::ops::function::FnOnce<()>>::call_once::{shim:vtable#0}
[INFO] [stdout]   17:     0x5564698fbe9f - <std[617be2ca0a6fd877]::sys::thread::unix::Thread>::new::thread_start
[INFO] [stdout]   18:     0x7840a37d1dfa - <unknown>
[INFO] [stdout]   19:     0x7840a38653d4 - clone
[INFO] [stdout]   20:                0x0 - <unknown>
[INFO] [stdout] 
[INFO] [stdout] ---- cargo::tests::test_write_cargo_bin stdout ----
[INFO] [stdout] 
[INFO] [stdout] thread 'cargo::tests::test_write_cargo_bin' (3523) panicked at src/cargo.rs:236:9:
[INFO] [stdout] assertion `left == right` failed
[INFO] [stdout]   left: "[package]\nname = \"example\"\ndescription = \"example binary\"\nversion = \"0.1.0\"\nedition = \"2021\"\nlicense = \"MIT\"\nauthors = [\"refcell\"]\nrepository = \"https://github.com/refcell/example\"\nhomepage = \"https://github.com/refcell/example\"\n\n[dependencies]\nanyhow = \"1.0\"\ninquire = \"0.6\"\ntracing = \"0.1\"\nserde = \"1.0\"\nserde_json = \"1.0\"\ntracing-subscriber = \"0.3\"\nclap = { version = \"4.4.3\", features = [\"derive\"] }\n"
[INFO] [stdout]  right: "[package]\nname = \"example\"\ndescription = \"example binary\"\nversion = \"0.1.0\"\nedition = \"2021\"\nlicense = \"MIT\"\nauthors = [\"refcell\"]\nrepository = \"https://github.com/refcell/example\"\nhomepage = \"https://github.com/refcell/example\"\n\n[dependencies]\nanyhow = \"1.0\"\ninquire = \"0.6.2\"\ntracing = \"0.1.39\"\nserde = \"1.0.189\"\nserde_json = \"1.0.107\"\ntracing-subscriber = \"0.3.17\"\nclap = { version = \"4.4.3\", features = [\"derive\"] }\n"
[INFO] [stdout] stack backtrace:
[INFO] [stdout]    0:     0x5564698fd441 - <<std[617be2ca0a6fd877]::sys::backtrace::BacktraceLock>::print::DisplayBacktrace as core[a373ad73a504971]::fmt::Display>::fmt
[INFO] [stdout]    1:     0x5564699176ea - core[a373ad73a504971]::fmt::write
[INFO] [stdout]    2:     0x5564699033bc - <alloc[2e1b2a31b91974c5]::vec::Vec<u8> as core[a373ad73a504971]::io::write::Write>::write_fmt
[INFO] [stdout]    3:     0x5564698d5126 - std[617be2ca0a6fd877]::panicking::default_hook::{closure#0}
[INFO] [stdout]    4:     0x5564698f3379 - std[617be2ca0a6fd877]::panicking::default_hook
[INFO] [stdout]    5:     0x55646969c890 - test[aada8e7e76ba119b]::test_main_inner::{closure#0}
[INFO] [stdout]    6:     0x5564698f36a2 - std[617be2ca0a6fd877]::panicking::panic_with_hook
[INFO] [stdout]    7:     0x5564698d51d2 - std[617be2ca0a6fd877]::panicking::panic_handler::{closure#0}
[INFO] [stdout]    8:     0x5564698cd529 - std[617be2ca0a6fd877]::sys::backtrace::__rust_end_short_backtrace::<std[617be2ca0a6fd877]::panicking::panic_handler::{closure#0}, !>
[INFO] [stdout]    9:     0x5564698d60dd - __rustc[ea4f61d10b84890b]::rust_begin_unwind
[INFO] [stdout]   10:     0x556469917ecc - core[a373ad73a504971]::panicking::panic_fmt
[INFO] [stdout]   11:     0x556469917de3 - core[a373ad73a504971]::panicking::assert_failed_inner
[INFO] [stdout]   12:     0x5564694d25e6 - core[a373ad73a504971]::panicking::assert_failed::<alloc[2e1b2a31b91974c5]::string::String, alloc[2e1b2a31b91974c5]::string::String>
[INFO] [stdout]   13:     0x5564695082fe - <preamble[68fcec644119c6cf]::cargo::tests::test_write_cargo_bin::{closure#0} as core[a373ad73a504971]::ops::function::FnOnce<()>>::call_once
[INFO] [stdout]   14:     0x55646968fcdb - test[aada8e7e76ba119b]::__rust_begin_short_backtrace::<core[a373ad73a504971]::result::Result<(), alloc[2e1b2a31b91974c5]::string::String>, fn() -> core[a373ad73a504971]::result::Result<(), alloc[2e1b2a31b91974c5]::string::String>>
[INFO] [stdout]   15:     0x55646969ceb5 - test[aada8e7e76ba119b]::run_test::{closure#0}
[INFO] [stdout]   16:     0x5564696967a4 - std[617be2ca0a6fd877]::sys::backtrace::__rust_begin_short_backtrace::<test[aada8e7e76ba119b]::run_test::{closure#1}, ()>
[INFO] [stdout]   17:     0x55646969ff42 - <std[617be2ca0a6fd877]::thread::lifecycle::spawn_unchecked<test[aada8e7e76ba119b]::run_test::{closure#1}, ()>::{closure#1} as core[a373ad73a504971]::ops::function::FnOnce<()>>::call_once::{shim:vtable#0}
[INFO] [stdout]   18:     0x5564698fbe9f - <std[617be2ca0a6fd877]::sys::thread::unix::Thread>::new::thread_start
[INFO] [stdout]   19:     0x7840a37d1dfa - <unknown>
[INFO] [stdout]   20:     0x7840a38653d4 - clone
[INFO] [stdout]   21:                0x0 - <unknown>
[INFO] [stdout] 
[INFO] [stdout] 
[INFO] [stdout] failures:
[INFO] [stdout]     cargo::tests::test_write_cargo_bin
[INFO] [stdout]     etc::tests::test_create_etc_with_assets
[INFO] [stdout]     license::tests::test_create_license
[INFO] [stdout]     license::tests::test_fetch_license
[INFO] [stdout]     root::tests::test_fetch_version
[INFO] [stdout] 
[INFO] [stdout] test result: FAILED. 19 passed; 5 failed; 0 ignored; 0 measured; 0 filtered out; finished in 1.66s
[INFO] [stdout] 
[INFO] running `Command { std: "docker" "inspect" "88d0f35d65ef65c541ed4d8c82038bb414a3ffeac58354dbc32f08bc0b9ef5d8", kill_on_drop: false }`
[INFO] running `Command { std: "docker" "rm" "-f" "88d0f35d65ef65c541ed4d8c82038bb414a3ffeac58354dbc32f08bc0b9ef5d8", kill_on_drop: false }`
[INFO] [stdout] 88d0f35d65ef65c541ed4d8c82038bb414a3ffeac58354dbc32f08bc0b9ef5d8
