[INFO] fetching crate pray-cli 1.20.0...
[INFO] testing pray-cli-1.20.0 against 1.100.0-beta.1+cargoflags=--release for beta-release-1.100-2
[INFO] extracting crate pray-cli 1.20.0 into /workspace/builds/worker-7-tc2/source
[INFO] started tweaking crates.io crate pray-cli 1.20.0
[INFO] removed 0 missing tests
[INFO] finished tweaking crates.io crate pray-cli 1.20.0
[INFO] tweaked toml for crates.io crate pray-cli 1.20.0 written to /workspace/builds/worker-7-tc2/source/Cargo.toml
[INFO] validating manifest of crates.io crate pray-cli 1.20.0 on toolchain 1.100.0-beta.1
[INFO] running `Command { std: CARGO_HOME="/workspace/cargo-home" RUSTUP_HOME="/workspace/rustup-home" "/workspace/cargo-home/bin/cargo" "+1.100.0-beta.1" "metadata" "--manifest-path" "Cargo.toml" "--no-deps", kill_on_drop: false }`
[INFO] crate crates.io crate pray-cli 1.20.0 already has a lockfile, it will not be regenerated
[INFO] running `Command { std: CARGO_HOME="/workspace/cargo-home" RUSTUP_HOME="/workspace/rustup-home" "/workspace/cargo-home/bin/cargo" "+1.100.0-beta.1" "fetch" "--manifest-path" "Cargo.toml", kill_on_drop: false }`
[INFO] running `Command { std: "docker" "create" "-v" "/var/lib/crater-agent-workspace/builds/worker-7-tc2/source:/opt/rustwide/workdir:ro,Z" "-v" "/var/lib/crater-agent-workspace/builds/worker-7-tc2/target:/opt/rustwide/target:rw,Z" "-v" "/var/lib/crater-agent-workspace/cargo-home:/opt/rustwide/cargo-home:ro,Z" "-v" "/var/lib/crater-agent-workspace/rustup-home:/opt/rustwide/rustup-home:ro,Z" "-m" "1610612736" "--network" "none" "ghcr.io/rust-lang/crates-build-env/linux@sha256:77db811e55d90add9212f6832c23229e3de5f1c1f9905e8cb07319ea15df73ac" "sleep" "infinity", kill_on_drop: false }`
[INFO] [stdout] 7e971befc0254c74779b7e2141235d45d346a77a4c59c4c5565d033d649f490c
[INFO] running `Command { std: "docker" "start" "7e971befc0254c74779b7e2141235d45d346a77a4c59c4c5565d033d649f490c", kill_on_drop: false }`
[INFO] running `Command { std: "docker" "inspect" "7e971befc0254c74779b7e2141235d45d346a77a4c59c4c5565d033d649f490c", kill_on_drop: false }`
[INFO] running `Command { std: "docker" "exec" "-e" "SOURCE_DIR=/opt/rustwide/workdir" "-e" "CARGO_HOME=/opt/rustwide/cargo-home" "-e" "RUSTUP_HOME=/opt/rustwide/rustup-home" "-e" "CARGO_TARGET_DIR=/opt/rustwide/target" "-w" "/opt/rustwide/workdir" "--user" "0:0" "7e971befc0254c74779b7e2141235d45d346a77a4c59c4c5565d033d649f490c" "/opt/rustwide/cargo-home/bin/cargo" "+1.100.0-beta.1" "metadata" "--no-deps" "--format-version=1", kill_on_drop: false }`
[INFO] running `Command { std: "docker" "inspect" "7e971befc0254c74779b7e2141235d45d346a77a4c59c4c5565d033d649f490c", kill_on_drop: false }`
[INFO] running `Command { std: "docker" "exec" "-e" "SOURCE_DIR=/opt/rustwide/workdir" "-e" "CARGO_HOME=/opt/rustwide/cargo-home" "-e" "RUSTUP_HOME=/opt/rustwide/rustup-home" "-e" "CARGO_TARGET_DIR=/opt/rustwide/target" "-e" "CARGO_INCREMENTAL=0" "-e" "RUST_BACKTRACE=full" "-e" "RUSTFLAGS=--cap-lints=warn" "-e" "RUSTDOCFLAGS=--cap-lints=warn" "-w" "/opt/rustwide/workdir" "--user" "0:0" "7e971befc0254c74779b7e2141235d45d346a77a4c59c4c5565d033d649f490c" "/opt/rustwide/cargo-home/bin/cargo" "+1.100.0-beta.1" "build" "--frozen" "--message-format=json" "--release", kill_on_drop: false }`
[INFO] [stderr]    Compiling aws-lc-rs v1.18.1
[INFO] [stderr]    Compiling futures-sink v0.3.32
[INFO] [stderr]    Compiling rustls-pki-types v1.14.1
[INFO] [stderr]    Compiling subtle v2.6.1
[INFO] [stderr]    Compiling http-body v1.0.1
[INFO] [stderr]    Compiling syn v2.0.118
[INFO] [stderr]    Compiling jobserver v0.1.34
[INFO] [stderr]    Compiling socket2 v0.6.4
[INFO] [stderr]    Compiling mio v1.2.1
[INFO] [stderr]    Compiling hybrid-array v0.4.13
[INFO] [stderr]    Compiling syn v3.0.3
[INFO] [stderr]    Compiling bitflags v2.13.0
[INFO] [stderr]    Compiling rustls v0.23.45
[INFO] [stderr]    Compiling curve25519-dalek v5.0.0
[INFO] [stderr]    Compiling tracing v0.1.44
[INFO] [stderr]    Compiling sync_wrapper v1.0.2
[INFO] [stderr]    Compiling futures-util v0.3.32
[INFO] [stderr]    Compiling futures-channel v0.3.32
[INFO] [stderr]    Compiling zstd-safe v8.0.0
[INFO] [stderr]    Compiling ipnet v2.12.0
[INFO] [stderr]    Compiling openssl-probe v0.2.1
[INFO] [stderr]    Compiling hashbrown v0.17.1
[INFO] [stderr]    Compiling rustix v1.1.4
[INFO] [stderr]    Compiling cc v1.2.65
[INFO] [stderr]    Compiling signature v3.0.0
[INFO] [stderr]    Compiling winnow v1.0.4
[INFO] [stderr]    Compiling ed25519 v3.0.0
[INFO] [stderr]    Compiling serde_json v1.0.151
[INFO] [stderr]    Compiling http-body-util v0.1.3
[INFO] [stderr]    Compiling serde_spanned v1.1.1
[INFO] [stderr]    Compiling toml_datetime v1.1.1+spec-1.1.0
[INFO] [stderr]    Compiling hashlink v0.12.1
[INFO] [stderr]    Compiling toml_writer v1.1.2+spec-1.1.0
[INFO] [stderr]    Compiling rustls-native-certs v0.8.4
[INFO] [stderr]    Compiling toml_parser v1.1.3+spec-1.1.0
[INFO] [stderr]    Compiling semver v1.0.28
[INFO] [stderr]    Compiling block-buffer v0.12.1
[INFO] [stderr]    Compiling crypto-common v0.2.2
[INFO] [stderr]    Compiling toml v1.1.6+spec-1.1.0
[INFO] [stderr]    Compiling cmake v0.1.58
[INFO] [stderr]    Compiling xattr v1.6.1
[INFO] [stderr]    Compiling tar v0.4.46
[INFO] [stderr]    Compiling digest v0.11.3
[INFO] [stderr]    Compiling aws-lc-sys v0.45.0
[INFO] [stderr]    Compiling zstd-sys v2.1.0+zstd.1.5.7
[INFO] [stderr]    Compiling libsqlite3-sys v0.38.2
[INFO] [stderr]    Compiling sha2 v0.11.0
[INFO] [stderr]    Compiling serde_derive v1.0.229
[INFO] [stderr]    Compiling thiserror-impl v2.0.20
[INFO] [stderr]    Compiling async-trait v0.1.92
[INFO] [stderr]    Compiling synstructure v0.13.2
[INFO] [stderr]    Compiling zerofrom-derive v0.1.7
[INFO] [stderr]    Compiling yoke-derive v0.8.2
[INFO] [stderr]    Compiling zerovec-derive v0.11.3
[INFO] [stderr]    Compiling zerofrom v0.1.8
[INFO] [stderr]    Compiling displaydoc v0.2.6
[INFO] [stderr]    Compiling yoke v0.8.3
[INFO] [stderr]    Compiling tokio-macros v2.7.0
[INFO] [stderr]    Compiling zerotrie v0.2.4
[INFO] [stderr]    Compiling curve25519-dalek-derive v0.1.1
[INFO] [stderr]    Compiling thiserror v2.0.20
[INFO] [stderr]    Compiling tokio v1.53.1
[INFO] [stderr]    Compiling zerovec v0.11.6
[INFO] [stderr]    Compiling serde v1.0.229
[INFO] [stderr]    Compiling tinystr v0.8.3
[INFO] [stderr]    Compiling potential_utf v0.1.5
[INFO] [stderr]    Compiling icu_collections v2.2.0
[INFO] [stderr]    Compiling icu_locale_core v2.2.0
[INFO] [stderr]    Compiling ed25519-dalek v3.0.0
[INFO] [stderr]    Compiling icu_provider v2.2.0
[INFO] [stderr]    Compiling icu_properties v2.2.0
[INFO] [stderr]    Compiling icu_normalizer v2.2.0
[INFO] [stderr]    Compiling idna_adapter v1.2.2
[INFO] [stderr]    Compiling idna v1.1.0
[INFO] [stderr]    Compiling url v2.5.8
[INFO] [stderr]    Compiling hyper v1.11.1
[INFO] [stderr]    Compiling tower v0.5.3
[INFO] [stderr]    Compiling tower-http v0.6.11
[INFO] [stderr]    Compiling hyper-util v0.1.20
[INFO] [stderr]    Compiling zstd v0.14.0
[INFO] [stderr]    Compiling rustls-webpki v0.103.15
[INFO] [stderr]    Compiling tokio-rustls v0.26.4
[INFO] [stderr]    Compiling rustls-platform-verifier v0.7.0
[INFO] [stderr]    Compiling hyper-rustls v0.27.9
[INFO] [stderr]    Compiling reqwest v0.13.5
[INFO] [stderr]    Compiling rusqlite v0.40.2
[INFO] [stderr]    Compiling pray-core v1.20.0
[INFO] [stderr]    Compiling pray-transport v1.20.0
[INFO] [stderr]    Compiling pray-cli v1.20.0 (/opt/rustwide/workdir)
[INFO] [stderr]     Finished `release` profile [optimized] target(s) in 4m 25s
[INFO] running `Command { std: "docker" "inspect" "7e971befc0254c74779b7e2141235d45d346a77a4c59c4c5565d033d649f490c", kill_on_drop: false }`
[INFO] running `Command { std: "docker" "exec" "-e" "SOURCE_DIR=/opt/rustwide/workdir" "-e" "CARGO_HOME=/opt/rustwide/cargo-home" "-e" "RUSTUP_HOME=/opt/rustwide/rustup-home" "-e" "CARGO_TARGET_DIR=/opt/rustwide/target" "-e" "CARGO_INCREMENTAL=0" "-e" "RUST_BACKTRACE=full" "-e" "RUSTFLAGS=--cap-lints=warn" "-e" "RUSTDOCFLAGS=--cap-lints=warn" "-w" "/opt/rustwide/workdir" "--user" "0:0" "7e971befc0254c74779b7e2141235d45d346a77a4c59c4c5565d033d649f490c" "/opt/rustwide/cargo-home/bin/cargo" "+1.100.0-beta.1" "test" "--frozen" "--no-run" "--message-format=json" "--release", kill_on_drop: false }`
[INFO] [stderr]    Compiling pray-cli v1.20.0 (/opt/rustwide/workdir)
[INFO] [stderr]     Finished `release` profile [optimized] target(s) in 24.04s
[INFO] running `Command { std: "docker" "inspect" "7e971befc0254c74779b7e2141235d45d346a77a4c59c4c5565d033d649f490c", kill_on_drop: false }`
[INFO] running `Command { std: "docker" "exec" "-e" "SOURCE_DIR=/opt/rustwide/workdir" "-e" "CARGO_HOME=/opt/rustwide/cargo-home" "-e" "RUSTUP_HOME=/opt/rustwide/rustup-home" "-e" "CARGO_TARGET_DIR=/opt/rustwide/target" "-e" "CARGO_INCREMENTAL=0" "-e" "RUST_BACKTRACE=full" "-e" "RUSTFLAGS=--cap-lints=warn" "-e" "RUSTDOCFLAGS=--cap-lints=warn" "-w" "/opt/rustwide/workdir" "--user" "0:0" "7e971befc0254c74779b7e2141235d45d346a77a4c59c4c5565d033d649f490c" "/opt/rustwide/cargo-home/bin/cargo" "+1.100.0-beta.1" "test" "--frozen" "--release", kill_on_drop: false }`
[INFO] [stderr]     Finished `release` profile [optimized] target(s) in 0.24s
[INFO] [stderr]      Running unittests src/main.rs (/opt/rustwide/target/release/build/pray-cli/82a41fe4d952e737/out/pray-82a41fe4d952e737)
[INFO] [stdout] 
[INFO] [stdout] running 18 tests
[INFO] [stdout] test apply_report::tests::plan_lists_each_provisioned_path ... ok
[INFO] [stdout] test server_http::http_rpc_bridge_tests::apply_byte_range_returns_partial_content ... ok
[INFO] [stdout] test completion::tests::zsh_and_fish_scripts_list_shells ... ok
[INFO] [stdout] test apply_report::tests::target_verb_uses_past_tense_for_apply ... ok
[INFO] [stdout] test server_http::http_rpc_bridge_tests::apply_byte_range_accepts_a_range_from_the_first_byte ... ok
[INFO] [stdout] test server_auth::server_auth_handler_tests::email_session_and_public_key_enrollment_require_authenticated_workflow ... ok
[INFO] [stdout] test server_http::http_rpc_bridge_tests::missing_static_file_returns_not_found ... ok
[INFO] [stdout] test apply_report::lines::tests::summary_counts_local_checksum_lines_apart_from_packages ... ok
[INFO] [stdout] test server_http::http_rpc_bridge_tests::apply_byte_range_rejects_unsatisfiable_range ... ok
[INFO] [stdout] test completion::tests::bash_script_mentions_complete_and_install ... ok
[INFO] [stdout] test apply_report::tests::target_verb_uses_plan_tense_for_dry_run ... ok
[INFO] [stdout] test apply_report::lines::tests::summary_reports_up_to_date_when_nothing_changes ... ok
[INFO] [stdout] test server_http::http_rpc_bridge_tests::rpc_response_round_trips_through_http_envelope ... ok
[INFO] [stdout] test server_http::http_rpc_bridge_tests::handle_rpc_and_http_dispatch_share_sync_package_path ... ok
[INFO] [stdout] test server_http::http_rpc_bridge_tests::http_discovery_matches_direct_handler ... ok
[INFO] [stdout] test server_auth::server_auth_handler_tests::disabled_key_methods_reject_login_challenges ... ok
[INFO] [stdout] test server_auth::server_auth_handler_tests::registration_delivers_code_outside_http_body ... ok
[INFO] [stdout] test server_auth::server_auth_handler_tests::verified_bearer_enrolls_passkey_and_ssh_key ... ok
[INFO] [stderr]      Running tests/auth/main.rs (/opt/rustwide/target/release/build/pray-cli/f438c9c3f7a258bd/out/auth-f438c9c3f7a258bd)
[INFO] [stdout] 
[INFO] [stdout] test result: ok. 18 passed; 0 failed; 0 ignored; 0 measured; 0 filtered out; finished in 0.22s
[INFO] [stdout] 
[INFO] [stdout] 
[INFO] [stdout] running 2 tests
[INFO] [stdout] test rejects_invalid_passkey_and_ssh_signatures ... ok
[INFO] [stderr]      Running tests/cache_cleaning.rs (/opt/rustwide/target/release/build/pray-cli/b2920ab58db2b8ee/out/cache_cleaning-b2920ab58db2b8ee)
[INFO] [stdout] test exercises_registration_session_passkey_and_ssh_key_over_http ... ok
[INFO] [stdout] 
[INFO] [stdout] test result: ok. 2 passed; 0 failed; 0 ignored; 0 measured; 0 filtered out; finished in 0.44s
[INFO] [stdout] 
[INFO] [stdout] 
[INFO] [stdout] running 6 tests
[INFO] [stdout] test clean_unused_rejects_incomplete_lockfile_before_deleting ... ok
[INFO] [stdout] test clean_unused_requires_a_readable_parseable_lockfile ... ok
[INFO] [stdout] test clean_rejects_unrelated_arguments ... ok
[INFO] [stdout] test clean_unused_does_not_follow_registry_symlinks ... ok
[INFO] [stdout] test clean_unused_retains_only_locked_registry_entries ... ok
[INFO] [stdout] test clean_uses_the_selected_project_root ... ok
[INFO] [stdout] 
[INFO] [stdout] test result: ok. 6 passed; 0 failed; 0 ignored; 0 measured; 0 filtered out; finished in 0.13s
[INFO] [stdout] 
[INFO] [stderr]      Running tests/cli_exit_codes.rs (/opt/rustwide/target/release/build/pray-cli/be516b07c44811b4/out/cli_exit_codes-be516b07c44811b4)
[INFO] [stdout] 
[INFO] [stdout] running 4 tests
[INFO] [stdout] test dependency_cycle_exits_resolution ... ok
[INFO] [stdout] test unknown_command_exits_usage ... ok
[INFO] [stdout] test missing_prayfile_exits_nonzero ... ok
[INFO] [stdout] test legacy_target_output_agent_emit_deprecation_warnings ... ok
[INFO] [stdout] 
[INFO] [stdout] test result: ok. 4 passed; 0 failed; 0 ignored; 0 measured; 0 filtered out; finished in 0.03s
[INFO] [stdout] 
[INFO] [stderr]      Running tests/cli_upgrade.rs (/opt/rustwide/target/release/build/pray-cli/ac6cc83aa320ac6b/out/cli_upgrade-ac6cc83aa320ac6b)
[INFO] [stdout] 
[INFO] [stdout] running 3 tests
[INFO] [stdout] test concise_help_lists_upgrade_command ... ok
[INFO] [stdout] test upgrade_notice_uses_changelog_link ... FAILED
[INFO] [stdout] test upgrade_command_is_documented_in_help ... ok
[INFO] [stdout] 
[INFO] [stdout] failures:
[INFO] [stdout] 
[INFO] [stdout] ---- upgrade_notice_uses_changelog_link stdout ----
[INFO] [stdout] 
[INFO] [stdout] thread 'upgrade_notice_uses_changelog_link' (4615) panicked at tests/cli_upgrade.rs:54:5:
[INFO] [stdout] pray list failed: manifest error: missing Prayfile; run pray init to create one
[INFO] [stdout] 
[INFO] [stdout] stack backtrace:
[INFO] [stdout]    0:     0x5f1fa346f461 - <<std[617be2ca0a6fd877]::sys::backtrace::BacktraceLock>::print::DisplayBacktrace as core[a373ad73a504971]::fmt::Display>::fmt
[INFO] [stdout]    1:     0x5f1fa348335a - core[a373ad73a504971]::fmt::write
[INFO] [stdout]    2:     0x5f1fa347367c - <alloc[2e1b2a31b91974c5]::vec::Vec<u8> as core[a373ad73a504971]::io::write::Write>::write_fmt
[INFO] [stdout]    3:     0x5f1fa344b596 - std[617be2ca0a6fd877]::panicking::default_hook::{closure#0}
[INFO] [stdout]    4:     0x5f1fa3467a59 - std[617be2ca0a6fd877]::panicking::default_hook
[INFO] [stdout]    5:     0x5f1fa3403e70 - test[aada8e7e76ba119b]::test_main_inner::{closure#0}
[INFO] [stdout]    6:     0x5f1fa3467c12 - std[617be2ca0a6fd877]::panicking::panic_with_hook
[INFO] [stdout]    7:     0x5f1fa344b642 - std[617be2ca0a6fd877]::panicking::panic_handler::{closure#0}
[INFO] [stdout]    8:     0x5f1fa3444359 - std[617be2ca0a6fd877]::sys::backtrace::__rust_end_short_backtrace::<std[617be2ca0a6fd877]::panicking::panic_handler::{closure#0}, !>
[INFO] [stdout]    9:     0x5f1fa344c24d - __rustc[ea4f61d10b84890b]::rust_begin_unwind
[INFO] [stdout]   10:     0x5f1fa3483a8c - core[a373ad73a504971]::panicking::panic_fmt
[INFO] [stdout]   11:     0x5f1fa33f6fea - <cli_upgrade[50791ff9b490f019]::upgrade_notice_uses_changelog_link::{closure#0} as core[a373ad73a504971]::ops::function::FnOnce<()>>::call_once
[INFO] [stdout]   12:     0x5f1fa33f72bb - test[aada8e7e76ba119b]::__rust_begin_short_backtrace::<core[a373ad73a504971]::result::Result<(), alloc[2e1b2a31b91974c5]::string::String>, fn() -> core[a373ad73a504971]::result::Result<(), alloc[2e1b2a31b91974c5]::string::String>>
[INFO] [stdout]   13:     0x5f1fa3404495 - test[aada8e7e76ba119b]::run_test::{closure#0}
[INFO] [stdout]   14:     0x5f1fa33fdd84 - std[617be2ca0a6fd877]::sys::backtrace::__rust_begin_short_backtrace::<test[aada8e7e76ba119b]::run_test::{closure#1}, ()>
[INFO] [stdout]   15:     0x5f1fa3407522 - <std[617be2ca0a6fd877]::thread::lifecycle::spawn_unchecked<test[aada8e7e76ba119b]::run_test::{closure#1}, ()>::{closure#1} as core[a373ad73a504971]::ops::function::FnOnce<()>>::call_once::{shim:vtable#0}
[INFO] [stdout]   16:     0x5f1fa346ecbf - <std[617be2ca0a6fd877]::sys::thread::unix::Thread>::new::thread_start
[INFO] [stdout]   17:     0x782b6fc31dfa - <unknown>
[INFO] [stdout]   18:     0x782b6fcc53d4 - clone
[INFO] [stdout]   19:                0x0 - <unknown>
[INFO] [stdout] 
[INFO] [stdout] 
[INFO] [stdout] failures:
[INFO] [stdout]     upgrade_notice_uses_changelog_link
[INFO] [stdout] 
[INFO] [stdout] test result: FAILED. 2 passed; 1 failed; 0 ignored; 0 measured; 0 filtered out; finished in 0.01s
[INFO] [stdout] 
[INFO] [stderr] error: test failed, to rerun pass `--test cli_upgrade`
[INFO] running `Command { std: "docker" "inspect" "7e971befc0254c74779b7e2141235d45d346a77a4c59c4c5565d033d649f490c", kill_on_drop: false }`
[INFO] running `Command { std: "docker" "rm" "-f" "7e971befc0254c74779b7e2141235d45d346a77a4c59c4c5565d033d649f490c", kill_on_drop: false }`
[INFO] [stdout] 7e971befc0254c74779b7e2141235d45d346a77a4c59c4c5565d033d649f490c
