[INFO] fetching crate praxis-mir 0.3.0...
[INFO] testing praxis-mir-0.3.0 against 1.99.0-beta.8+cargoflags=--release for beta-release-1.100-2
[INFO] extracting crate praxis-mir 0.3.0 into /workspace/builds/worker-0-tc1/source
[INFO] started tweaking crates.io crate praxis-mir 0.3.0
[INFO] finished tweaking crates.io crate praxis-mir 0.3.0
[INFO] tweaked toml for crates.io crate praxis-mir 0.3.0 written to /workspace/builds/worker-0-tc1/source/Cargo.toml
[INFO] validating manifest of crates.io crate praxis-mir 0.3.0 on toolchain 1.99.0-beta.8
[INFO] running `Command { std: CARGO_HOME="/workspace/cargo-home" RUSTUP_HOME="/workspace/rustup-home" "/workspace/cargo-home/bin/cargo" "+1.99.0-beta.8" "metadata" "--manifest-path" "Cargo.toml" "--no-deps", kill_on_drop: false }`
[INFO] crate crates.io crate praxis-mir 0.3.0 already has a lockfile, it will not be regenerated
[INFO] running `Command { std: CARGO_HOME="/workspace/cargo-home" RUSTUP_HOME="/workspace/rustup-home" "/workspace/cargo-home/bin/cargo" "+1.99.0-beta.8" "fetch" "--manifest-path" "Cargo.toml", kill_on_drop: false }`
[INFO] [stderr]     Updating crates.io index
[INFO] [stderr]  Downloading crates ...
[INFO] [stderr]   Downloaded praxis-typeck v0.3.0
[INFO] [stderr]   Downloaded praxis-stdlib v0.3.0
[INFO] [stderr]   Downloaded praxis-ast v0.3.0
[INFO] [stderr]   Downloaded praxis-source v0.3.0
[INFO] [stderr]   Downloaded praxis-syntax v0.3.0
[INFO] [stderr]   Downloaded praxis-input-parser v0.3.0
[INFO] [stderr]   Downloaded praxis-parser v0.3.0
[INFO] [stderr]   Downloaded praxis-hir v0.3.0
[INFO] [stderr]   Downloaded praxis-runtime v0.3.0
[INFO] running `Command { std: "docker" "create" "-v" "/var/lib/crater-agent-workspace/builds/worker-0-tc1/source:/opt/rustwide/workdir:ro,Z" "-v" "/var/lib/crater-agent-workspace/builds/worker-0-tc1/target:/opt/rustwide/target:rw,Z" "-v" "/var/lib/crater-agent-workspace/cargo-home:/opt/rustwide/cargo-home:ro,Z" "-v" "/var/lib/crater-agent-workspace/rustup-home:/opt/rustwide/rustup-home:ro,Z" "-m" "1610612736" "--network" "none" "ghcr.io/rust-lang/crates-build-env/linux@sha256:77db811e55d90add9212f6832c23229e3de5f1c1f9905e8cb07319ea15df73ac" "sleep" "infinity", kill_on_drop: false }`
[INFO] [stdout] 69b566c8b7bb4000196babadaa4706e07e926f77bb317d65b895b605b79f0d3a
[INFO] running `Command { std: "docker" "start" "69b566c8b7bb4000196babadaa4706e07e926f77bb317d65b895b605b79f0d3a", kill_on_drop: false }`
[INFO] running `Command { std: "docker" "inspect" "69b566c8b7bb4000196babadaa4706e07e926f77bb317d65b895b605b79f0d3a", kill_on_drop: false }`
[INFO] running `Command { std: "docker" "exec" "-e" "SOURCE_DIR=/opt/rustwide/workdir" "-e" "CARGO_HOME=/opt/rustwide/cargo-home" "-e" "RUSTUP_HOME=/opt/rustwide/rustup-home" "-e" "CARGO_TARGET_DIR=/opt/rustwide/target" "-w" "/opt/rustwide/workdir" "--user" "0:0" "69b566c8b7bb4000196babadaa4706e07e926f77bb317d65b895b605b79f0d3a" "/opt/rustwide/cargo-home/bin/cargo" "+1.99.0-beta.8" "metadata" "--no-deps" "--format-version=1", kill_on_drop: false }`
[INFO] running `Command { std: "docker" "inspect" "69b566c8b7bb4000196babadaa4706e07e926f77bb317d65b895b605b79f0d3a", kill_on_drop: false }`
[INFO] running `Command { std: "docker" "exec" "-e" "SOURCE_DIR=/opt/rustwide/workdir" "-e" "CARGO_HOME=/opt/rustwide/cargo-home" "-e" "RUSTUP_HOME=/opt/rustwide/rustup-home" "-e" "CARGO_TARGET_DIR=/opt/rustwide/target" "-e" "CARGO_INCREMENTAL=0" "-e" "RUST_BACKTRACE=full" "-e" "RUSTFLAGS=--cap-lints=warn" "-e" "RUSTDOCFLAGS=--cap-lints=warn" "-w" "/opt/rustwide/workdir" "--user" "0:0" "69b566c8b7bb4000196babadaa4706e07e926f77bb317d65b895b605b79f0d3a" "/opt/rustwide/cargo-home/bin/cargo" "+1.99.0-beta.8" "build" "--frozen" "--message-format=json" "--release", kill_on_drop: false }`
[INFO] [stderr]    Compiling praxis-source v0.3.0
[INFO] [stderr]    Compiling text-size v1.1.1
[INFO] [stderr]    Compiling hashbrown v0.14.5
[INFO] [stderr]    Compiling countme v3.0.1
[INFO] [stderr]    Compiling praxis-stdlib v0.3.0
[INFO] [stderr]    Compiling praxis-typeck v0.3.0
[INFO] [stderr]    Compiling rowan v0.16.1
[INFO] [stderr]    Compiling praxis-syntax v0.3.0
[INFO] [stderr]    Compiling praxis-input-parser v0.3.0
[INFO] [stderr]    Compiling praxis-ast v0.3.0
[INFO] [stderr]    Compiling praxis-hir v0.3.0
[INFO] [stderr]    Compiling praxis-runtime v0.3.0
[INFO] [stderr]    Compiling praxis-mir v0.3.0 (/opt/rustwide/workdir)
[INFO] [stderr]     Finished `release` profile [optimized] target(s) in 25.33s
[INFO] running `Command { std: "docker" "inspect" "69b566c8b7bb4000196babadaa4706e07e926f77bb317d65b895b605b79f0d3a", kill_on_drop: false }`
[INFO] running `Command { std: "docker" "exec" "-e" "SOURCE_DIR=/opt/rustwide/workdir" "-e" "CARGO_HOME=/opt/rustwide/cargo-home" "-e" "RUSTUP_HOME=/opt/rustwide/rustup-home" "-e" "CARGO_TARGET_DIR=/opt/rustwide/target" "-e" "CARGO_INCREMENTAL=0" "-e" "RUST_BACKTRACE=full" "-e" "RUSTFLAGS=--cap-lints=warn" "-e" "RUSTDOCFLAGS=--cap-lints=warn" "-w" "/opt/rustwide/workdir" "--user" "0:0" "69b566c8b7bb4000196babadaa4706e07e926f77bb317d65b895b605b79f0d3a" "/opt/rustwide/cargo-home/bin/cargo" "+1.99.0-beta.8" "test" "--frozen" "--no-run" "--message-format=json" "--release", kill_on_drop: false }`
[INFO] [stderr]    Compiling praxis-parser v0.3.0
[INFO] [stderr]    Compiling praxis-mir v0.3.0 (/opt/rustwide/workdir)
[INFO] [stderr]     Finished `release` profile [optimized] target(s) in 13.20s
[INFO] running `Command { std: "docker" "inspect" "69b566c8b7bb4000196babadaa4706e07e926f77bb317d65b895b605b79f0d3a", kill_on_drop: false }`
[INFO] running `Command { std: "docker" "exec" "-e" "SOURCE_DIR=/opt/rustwide/workdir" "-e" "CARGO_HOME=/opt/rustwide/cargo-home" "-e" "RUSTUP_HOME=/opt/rustwide/rustup-home" "-e" "CARGO_TARGET_DIR=/opt/rustwide/target" "-e" "CARGO_INCREMENTAL=0" "-e" "RUST_BACKTRACE=full" "-e" "RUSTFLAGS=--cap-lints=warn" "-e" "RUSTDOCFLAGS=--cap-lints=warn" "-w" "/opt/rustwide/workdir" "--user" "0:0" "69b566c8b7bb4000196babadaa4706e07e926f77bb317d65b895b605b79f0d3a" "/opt/rustwide/cargo-home/bin/cargo" "+1.99.0-beta.8" "test" "--frozen" "--release", kill_on_drop: false }`
[INFO] [stderr]     Finished `release` profile [optimized] target(s) in 0.04s
[INFO] [stderr]      Running unittests src/lib.rs (/opt/rustwide/target/release/deps/praxis_mir-b7544e3ccce8d088)
[INFO] [stdout] 
[INFO] [stdout] running 159 tests
[INFO] [stdout] test build::tests::a_char_literal_above_the_table_still_allocates ... ok
[INFO] [stdout] test build::tests::a_compound_store_through_a_subscript_reads_once_and_writes_once ... ok
[INFO] [stdout] test build::tests::a_conditional_breakpoint_is_the_bare_call_under_a_branch ... ok
[INFO] [stdout] test build::tests::a_destructuring_closure_parameter_is_not_a_binding ... ok
[INFO] [stdout] test build::tests::a_conversion_fuses_into_the_target_collection ... ok
[INFO] [stdout] test build::tests::a_direct_calls_local_records_the_function_it_targets ... ok
[INFO] [stdout] test build::tests::a_field_store_writes_one_slot_and_a_compound_one_reads_it_first ... ok
[INFO] [stdout] test build::tests::a_breakpoint_is_one_bare_call_where_the_statement_ended ... ok
[INFO] [stdout] test build::tests::a_float_literal_outside_a_loop_is_not_moved ... ok
[INFO] [stdout] test build::tests::a_fn_used_as_a_value_gets_one_adapter_per_function ... ok
[INFO] [stdout] test build::tests::a_barrier_materializes_a_non_vec_receiver_before_the_wrapper ... ok
[INFO] [stdout] test build::tests::a_direct_call_does_not_go_through_a_function_value ... ok
[INFO] [stdout] test build::tests::a_float_literal_in_a_loop_body_is_allocated_once_in_the_preheader ... ok
[INFO] [stdout] test annot::tests::an_annotated_empty_set_is_not_an_unannotated_one ... ok
[INFO] [stdout] test build::tests::a_bitset_membership_test_is_its_own_instruction_and_never_a_call ... ok
[INFO] [stdout] test build::tests::a_destructuring_for_names_each_component_and_not_the_item ... ok
[INFO] [stdout] test build::tests::a_for_over_a_text_names_the_text_accessors_and_takes_no_snapshot ... ok
[INFO] [stdout] test build::tests::a_bool_pattern_reads_its_scrutinee_at_a_bools_width ... ok
[INFO] [stdout] test build::tests::a_for_bindings_slot_carries_its_written_name ... ok
[INFO] [stdout] test build::tests::a_for_bindings_slot_carries_the_iterators_element_type ... ok
[INFO] [stdout] test build::tests::a_closure_prologue_reads_its_captures_by_immediate_index ... ok
[INFO] [stdout] test annot::tests::an_unannotated_set_is_empty_and_says_so ... ok
[INFO] [stdout] test build::tests::a_float_literal_in_a_while_condition_is_hoisted_like_one_in_the_body ... ok
[INFO] [stdout] test build::tests::a_for_snapshots_once_before_the_loop_or_not_at_all ... ok
[INFO] [stdout] test build::tests::a_char_pattern_emits_a_comparison_and_not_a_jump ... ok
[INFO] [stdout] test build::tests::a_closure_and_its_indirect_call_carry_their_types ... ok
[INFO] [stdout] test build::tests::a_parse_plan_id_rides_the_interned_table_when_the_table_holds_it ... ok
[INFO] [stdout] test build::tests::a_bind_over_a_named_binding_does_not_steal_its_name ... ok
[INFO] [stdout] test build::tests::a_sized_vec_lowers_to_one_filled_allocation_followed_by_a_fault_check ... ok
[INFO] [stdout] test build::tests::a_float_compound_assignment_lowers_to_float_arithmetic ... ok
[INFO] [stdout] test build::tests::a_lifted_closure_carries_its_literals_span ... ok
[INFO] [stdout] test build::tests::a_small_int_literal_is_a_const_gc_and_not_a_safepoint ... ok
[INFO] [stdout] test build::tests::a_large_int_literal_still_allocates_and_is_still_a_safepoint ... ok
[INFO] [stdout] test build::tests::a_take_bound_is_evaluated_once_before_the_loop ... ok
[INFO] [stdout] test build::tests::a_marker_on_a_branching_statement_stops_once_on_the_join ... ok
[INFO] [stdout] test build::tests::a_text_literal_allocation_is_not_a_fault_check_site ... ok
[INFO] [stdout] test build::tests::a_hoisted_literal_lands_before_the_preheaders_jump ... ok
[INFO] [stdout] test build::tests::a_sized_grid_lowers_to_the_grid_wrapper_and_an_empty_one_still_does_not ... ok
[INFO] [stdout] test build::tests::a_list_literal_is_still_an_empty_allocation ... ok
[INFO] [stdout] test build::tests::a_list_literal_allocates_a_vec_then_pushes_each_element ... ok
[INFO] [stdout] test build::tests::a_text_literal_in_a_loop_is_hoisted_now_that_its_alloc_cannot_fault ... ok
[INFO] [stdout] test build::tests::a_record_pattern_reads_fields_and_a_tuple_pattern_reads_elements ... ok
[INFO] [stdout] test build::tests::an_out_of_range_int_literal_in_a_loop_is_hoisted_too ... ok
[INFO] [stdout] test build::tests::a_match_arm_payload_is_a_named_user_local ... ok
[INFO] [stdout] test build::tests::a_fused_pipeline_opens_its_source_the_way_a_for_does ... ok
[INFO] [stdout] test build::tests::dynamic_take_argument_does_not_silently_lower_to_unit ... ok
[INFO] [stdout] test build::tests::enumerate_tuple_allocation_carries_a_real_two_element_type ... ok
[INFO] [stdout] test build::tests::lowers_arithmetic_with_extract_and_materialize ... ok
[INFO] [stdout] test build::tests::for_continue_targets_the_increment_block_not_the_header ... ok
[INFO] [stdout] test build::tests::dynamic_skip_argument_does_not_silently_lower_to_unit ... ok
[INFO] [stdout] test build::tests::a_literal_in_a_nested_loop_is_hoisted_to_the_innermost_preheader ... ok
[INFO] [stdout] test build::tests::lowers_constant_int_fn_to_one_function ... ok
[INFO] [stdout] test build::tests::pipeline_runtime_call_destinations_retain_vec_and_unit_types ... ok
[INFO] [stdout] test build::tests::the_lowering_branch_falls_exactly_on_the_interned_range ... ok
[INFO] [stdout] test build::tests::the_unit_predicate_recognizes_what_lowering_emits ... ok
[INFO] [stdout] test build::tests::lowers_if_into_three_blocks ... ok
[INFO] [stdout] test build::tests::a_nan_float_literal_may_not_be_shared_between_evaluations ... ok
[INFO] [stdout] test build::tests::lowers_recursive_call ... ok
[INFO] [stdout] test build::tests::call_result_locals_retain_their_inferred_static_types ... ok
[INFO] [stdout] test build::tests::lowers_unit_literal_to_the_unit_singleton ... ok
[INFO] [stdout] test build::tests::lowers_while_loop_with_backedge ... ok
[INFO] [stdout] test build::tests::an_ascii_char_literal_is_a_const_gc ... ok
[INFO] [stdout] test build::tests::no_lowering_produces_a_nameless_binding_slot ... ok
[INFO] [stdout] test build::tests::an_updating_store_is_one_call_and_reads_nothing ... ok
[INFO] [stdout] test forward::tests::a_small_int_literal_becomes_an_immediate_instead_of_a_table_read ... ok
[INFO] [stdout] test forward::tests::a_while_condition_branches_on_the_comparison_instead_of_boxing_it ... ok
[INFO] [stdout] test forward::tests::a_hoisted_literal_is_not_forwarded_across_the_block_boundary ... ok
[INFO] [stdout] test forward::tests::an_elided_box_learns_which_scalar_holds_the_word_it_would_have_boxed ... ok
[INFO] [stdout] test forward::tests::an_elided_box_leaves_its_expression_span_on_the_scalar_that_replaced_it ... ok
[INFO] [stdout] test forward::tests::a_box_read_from_two_blocks_keeps_both_reloads ... ok
[INFO] [stdout] test build::tests::the_plan_id_and_an_int_literal_take_the_same_branch ... ok
[INFO] [stdout] test build::tests::intrinsics_are_all_recognized_so_there_is_no_second_lowering ... ok
[INFO] [stdout] test build::tests::closure_capture_indices_never_flow_through_gc_locals ... ok
[INFO] [stdout] test forward::tests::a_const_gc_char_reload_becomes_an_immediate ... ok
[INFO] [stdout] test forward::tests::an_if_condition_and_a_negation_both_branch_on_their_scalar ... ok
[INFO] [stdout] test ir::tests::a_gc_const_char_cannot_name_a_slot_the_table_does_not_have ... ok
[INFO] [stdout] test forward::tests::a_box_the_pass_kept_is_never_given_a_scalar_source ... ok
[INFO] [stdout] test ir::tests::a_gc_const_small_int_cannot_name_a_slot_the_table_does_not_have ... ok
[INFO] [stdout] test forward::tests::an_elided_small_int_literal_is_fed_by_the_const_int_that_replaced_it ... ok
[INFO] [stdout] test forward::tests::an_interior_arithmetic_node_is_neither_boxed_nor_reloaded ... ok
[INFO] [stdout] test forward::tests::the_measurement_toggle_decides_whether_the_pass_runs ... ok
[INFO] [stdout] test forward::tests::an_out_of_range_int_literal_is_forwarded_through_its_alloc ... ok
[INFO] [stdout] test liveness::tests::annotate_runs_on_empty_function ... ok
[INFO] [stdout] test forward::tests::a_loop_carried_accumulator_survives_the_pass_and_the_verifier ... ok
[INFO] [stdout] test forward::tests::the_part_two_toggle_decides_whether_a_box_learns_its_scalar ... ok
[INFO] [stdout] test ir::tests::every_wired_scalar_kind_names_both_of_its_wrappers ... ok
[INFO] [stdout] test ir::tests::boxing_a_byte_payload_is_refused_because_there_is_no_byte_wrapper - should panic ... ok
[INFO] [stdout] test ir::tests::new_local_and_block_increment_ids ... ok
[INFO] [stdout] test ir::tests::reading_a_byte_payload_is_refused_because_there_is_no_byte_wrapper - should panic ... ok
[INFO] [stdout] test liveness::tests::local_dead_after_its_last_use_is_not_rooted_at_a_later_safepoint ... ok
[INFO] [stdout] test liveness::tests::the_debug_set_still_shows_what_the_root_set_dropped ... ok
[INFO] [stdout] test liveness::tests::check_fault_carries_an_annotated_debug_set ... ok
[INFO] [stdout] test liveness::tests::a_slot_spilled_at_one_safepoint_is_nulled_once_its_local_dies ... ok
[INFO] [stdout] test liveness::tests::the_live_and_dead_sets_of_a_safepoint_are_disjoint ... ok
[INFO] [stdout] test forward::tests::mandelbrots_inner_loop_boxes_two_floats_where_it_boxed_ten ... FAILED
[INFO] [stdout] test forward::tests::every_benchmark_still_verifies_after_the_pass ... FAILED
[INFO] [stdout] test forward::tests::collatzs_inner_loop_is_an_int_and_bool_win_with_no_float_in_it ... FAILED
[INFO] [stdout] test promote::tests::a_char_binding_is_not_promoted ... ok
[INFO] [stdout] test promote::tests::a_while_conditions_bool_is_promoted_out_of_existence ... ok
[INFO] [stdout] test forward::tests::an_elided_box_keeps_its_slot_and_the_count_is_a_fifth_of_them ... FAILED
[INFO] [stdout] test promote::tests::a_binding_with_nothing_but_boxed_uses_is_declined ... ok
[INFO] [stdout] test promote::tests::a_loop_accumulator_printed_once_is_still_worth_promoting ... ok
[INFO] [stdout] test liveness::tests::dead_local_is_not_in_safepoint_roots ... ok
[INFO] [stdout] test liveness::tests::exact_roots_shrink_between_two_safepoints_in_one_block ... ok
[INFO] [stdout] test provable::tests::a_call_result_is_not_provable_because_the_runtime_chose_its_descriptor ... ok
[INFO] [stdout] test provable::tests::a_move_gc_chain_resolves_to_the_class_at_its_root ... ok
[INFO] [stdout] test provable::census::the_census_over_the_whole_suite_is_a_different_answer_in_each_column ... FAILED
[INFO] [stdout] test promote::tests::the_measurement_toggle_decides_whether_the_pass_runs ... ok
[INFO] [stdout] test provable::census::the_inner_loop_census_measures_what_two_hand_counts_only_estimated ... FAILED
[INFO] [stdout] test provable::tests::a_const_gc_proves_the_class_of_the_immortal_it_names ... ok
[INFO] [stdout] test provable::tests::a_parameter_has_no_definition_and_is_therefore_not_provable ... ok
[INFO] [stdout] test build::tests::zip_tuple_allocation_carries_a_real_two_element_type ... ok
[INFO] [stdout] test promote::tests::a_loop_carried_float_is_promoted ... ok
[INFO] [stdout] test promote::tests::the_pass_is_idempotent ... ok
[INFO] [stdout] test promote::tests::a_promoted_binding_keeps_its_box_in_the_table_for_the_debugger ... ok
[INFO] [stdout] test provable::tests::an_alloc_and_a_materialize_each_prove_their_own_class ... ok
[INFO] [stdout] test promote::tests::an_if_expressions_result_is_promoted_across_its_arms ... ok
[INFO] [stdout] test promote::tests::every_move_scalar_joins_two_scalar_slots_of_its_own_width ... ok
[INFO] [stdout] test provable::tests::two_producers_that_disagree_meet_to_no_proof ... ok
[INFO] [stdout] test test_support::tests::a_census_keys_an_allocation_by_the_wrapper_it_calls ... ok
[INFO] [stdout] test test_support::tests::a_loop_region_holds_its_body_and_not_the_block_it_exits_to ... ok
[INFO] [stdout] test test_support::tests::a_needle_in_two_places_is_refused_rather_than_resolved_to_the_first - should panic ... ok
[INFO] [stdout] test promote::tests::the_canonical_loop_keeps_no_int_box_in_its_body ... ok
[INFO] [stdout] test provable::tests::a_pair_of_loop_variables_that_define_each_other_is_still_provable ... ok
[INFO] [stdout] test test_support::tests::a_census_tells_a_float_materialize_from_a_bool_one ... ok
[INFO] [stdout] test verify::tests::a_bounded_division_is_rejected ... ok
[INFO] [stdout] test verify::tests::a_const_gc_verifies_and_may_not_be_fault_checked ... ok
[INFO] [stdout] test test_support::tests::mandelbrots_inner_loop_materializes_two_floats_where_the_builder_wrote_ten ... FAILED
[INFO] [stdout] test test_support::tests::an_empty_census_is_empty_and_answers_zero_rather_than_refusing ... ok
[INFO] [stdout] test test_support::tests::a_file_of_top_level_statements_has_the_synthetic_entry_as_its_entry_point ... ok
[INFO] [stdout] test test_support::tests::the_per_block_censuses_sum_to_the_whole_functions ... FAILED
[INFO] [stdout] test test_support::tests::a_straight_line_function_has_no_loop_region ... ok
[INFO] [stdout] test test_support::tests::three_nested_while_loops_are_three_regions_nested_by_containment ... FAILED
[INFO] [stdout] test test_support::tests::a_generic_function_is_censused_as_its_monomorphic_clones ... ok
[INFO] [stdout] test test_support::tests::mandelbrots_inner_loop_extracts_fourteen_float_payloads_where_the_builder_wrote_22 ... FAILED
[INFO] [stdout] test test_support::tests::a_file_of_declarations_alone_has_no_entry_point - should panic ... ok
[INFO] [stdout] test verify::tests::an_out_of_range_operand_is_rejected ... ok
[INFO] [stdout] test tests::filled_at_milestone_is_4 ... ok
[INFO] [stdout] test verify::tests::a_binding_slot_with_no_name_is_rejected ... ok
[INFO] [stdout] test verify::tests::a_move_gc_out_of_a_scalar_is_rejected ... ok
[INFO] [stdout] test verify::tests::a_named_binding_slot_verifies ... ok
[INFO] [stdout] test verify::tests::a_nameless_temp_verifies ... ok
[INFO] [stdout] test verify::tests::an_alloc_hoisted_out_of_its_using_block_still_verifies ... ok
[INFO] [stdout] test forward::tests::a_char_box_is_not_forwarded_because_its_check_fault_would_be_orphaned ... ok
[INFO] [stdout] test verify::tests::an_annotated_function_verifies ... ok
[INFO] [stdout] test verify::tests::an_out_of_range_jump_target_is_rejected ... ok
[INFO] [stdout] test test_support::tests::naming_a_loop_by_its_source_survives_a_shift_in_the_block_numbering ... ok
[INFO] [stdout] test verify::tests::an_unannotated_safepoint_is_rejected ... ok
[INFO] [stdout] test verify::tests::extracting_a_bool_from_a_proved_bool_verifies ... ok
[INFO] [stdout] test test_support::tests::a_needle_no_local_spans_is_refused - should panic ... ok
[INFO] [stdout] test verify::tests::extracting_a_payload_from_a_parameter_is_not_an_error_because_nothing_is_proved ... ok
[INFO] [stdout] test verify::tests::extracting_a_char_from_a_proved_char_verifies ... ok
[INFO] [stdout] test verify::tests::extracting_an_int_from_a_proved_char_is_rejected ... ok
[INFO] [stdout] test verify::tests::extracting_a_payload_from_a_call_result_is_not_an_error ... ok
[INFO] [stdout] test verify::tests::extracting_an_int_from_a_proved_bool_is_rejected ... ok
[INFO] [stdout] test verify::tests::returning_a_scalar_is_rejected ... ok
[INFO] [stdout] test verify::tests::the_proof_reaches_a_user_variable_through_the_move_gc_a_let_lowers_to ... ok
[INFO] [stdout] test verify::tests::extracting_an_int_from_a_proved_unit_is_rejected ... ok
[INFO] [stderr] error: test failed, to rerun pass `--lib`
[INFO] [stdout] test verify::tests::a_scalar_local_in_the_root_set_is_rejected ... ok
[INFO] [stdout] 
[INFO] [stdout] failures:
[INFO] [stdout] 
[INFO] [stdout] ---- forward::tests::mandelbrots_inner_loop_boxes_two_floats_where_it_boxed_ten stdout ----
[INFO] [stdout] 
[INFO] [stdout] thread 'forward::tests::mandelbrots_inner_loop_boxes_two_floats_where_it_boxed_ten' (534) panicked at src/test_support.rs:673:55:
[INFO] [stdout] /opt/benchmarks/praxis/mandelbrot.px: No such file or directory (os error 2)
[INFO] [stdout] stack backtrace:
[INFO] [stdout]    0:     0x634181866b91 - <<std[70759c8f55707aa4]::sys::backtrace::BacktraceLock>::print::DisplayBacktrace as core[df12db4294e9bfd3]::fmt::Display>::fmt
[INFO] [stdout]    1:     0x63418187cc4a - core[df12db4294e9bfd3]::fmt::write
[INFO] [stdout]    2:     0x63418186b04c - <alloc[2182bb758b4b3781]::vec::Vec<u8> as core[df12db4294e9bfd3]::io::write::Write>::write_fmt
[INFO] [stdout]    3:     0x634181842c86 - std[70759c8f55707aa4]::panicking::default_hook::{closure#0}
[INFO] [stdout]    4:     0x63418185ef89 - std[70759c8f55707aa4]::panicking::default_hook
[INFO] [stdout]    5:     0x634181711f40 - test[9d35eded1c95d3be]::test_main_inner::<test[9d35eded1c95d3be]::test_main_static::{closure#0}>::{closure#0}
[INFO] [stdout]    6:     0x63418185f142 - std[70759c8f55707aa4]::panicking::panic_with_hook
[INFO] [stdout]    7:     0x634181842d32 - std[70759c8f55707aa4]::panicking::panic_handler::{closure#0}
[INFO] [stdout]    8:     0x63418183b929 - std[70759c8f55707aa4]::sys::backtrace::__rust_end_short_backtrace::<std[70759c8f55707aa4]::panicking::panic_handler::{closure#0}, !>
[INFO] [stdout]    9:     0x63418184392d - __rustc[8fa7c3cbc660c2b3]::rust_begin_unwind
[INFO] [stdout]   10:     0x63418187d37c - core[df12db4294e9bfd3]::panicking::panic_fmt
[INFO] [stdout]   11:     0x6341816e2b89 - praxis_mir[8967d219c6b6240d]::test_support::benchmark_source::{closure#0}
[INFO] [stdout]   12:     0x6341816e42ca - praxis_mir[8967d219c6b6240d]::test_support::benchmark_source
[INFO] [stdout]   13:     0x6341816d4ce6 - praxis_mir[8967d219c6b6240d]::forward::tests::mandelbrots_inner_loop_boxes_two_floats_where_it_boxed_ten
[INFO] [stdout]   14:     0x6341816cf759 - <praxis_mir[8967d219c6b6240d]::forward::tests::mandelbrots_inner_loop_boxes_two_floats_where_it_boxed_ten::{closure#0} as core[df12db4294e9bfd3]::ops::function::FnOnce<()>>::call_once
[INFO] [stdout]   15:     0x63418170522b - test[9d35eded1c95d3be]::__rust_begin_short_backtrace::<core[df12db4294e9bfd3]::result::Result<(), alloc[2182bb758b4b3781]::string::String>, fn() -> core[df12db4294e9bfd3]::result::Result<(), alloc[2182bb758b4b3781]::string::String>>
[INFO] [stdout]   16:     0x634181712895 - test[9d35eded1c95d3be]::run_test::{closure#0}
[INFO] [stdout]   17:     0x63418170c154 - std[70759c8f55707aa4]::sys::backtrace::__rust_begin_short_backtrace::<test[9d35eded1c95d3be]::run_test::{closure#1}, ()>
[INFO] [stdout]   18:     0x6341817159f2 - <std[70759c8f55707aa4]::thread::lifecycle::spawn_unchecked<test[9d35eded1c95d3be]::run_test::{closure#1}, ()>::{closure#1} as core[df12db4294e9bfd3]::ops::function::FnOnce<()>>::call_once::{shim:vtable#0}
[INFO] [stdout]   19:     0x6341818660f9 - <std[70759c8f55707aa4]::sys::thread::unix::Thread>::new::thread_start
[INFO] [stdout]   20:     0x74218a03cdfa - <unknown>
[INFO] [stdout]   21:     0x74218a0d03d4 - clone
[INFO] [stdout]   22:                0x0 - <unknown>
[INFO] [stdout] 
[INFO] [stdout] ---- forward::tests::every_benchmark_still_verifies_after_the_pass stdout ----
[INFO] [stdout] 
[INFO] [stdout] thread 'forward::tests::every_benchmark_still_verifies_after_the_pass' (533) panicked at src/test_support.rs:673:55:
[INFO] [stdout] /opt/benchmarks/praxis/bfs.px: No such file or directory (os error 2)
[INFO] [stdout] stack backtrace:
[INFO] [stdout]    0:     0x634181866b91 - <<std[70759c8f55707aa4]::sys::backtrace::BacktraceLock>::print::DisplayBacktrace as core[df12db4294e9bfd3]::fmt::Display>::fmt
[INFO] [stdout]    1:     0x63418187cc4a - core[df12db4294e9bfd3]::fmt::write
[INFO] [stdout]    2:     0x63418186b04c - <alloc[2182bb758b4b3781]::vec::Vec<u8> as core[df12db4294e9bfd3]::io::write::Write>::write_fmt
[INFO] [stdout]    3:     0x634181842c86 - std[70759c8f55707aa4]::panicking::default_hook::{closure#0}
[INFO] [stdout]    4:     0x63418185ef89 - std[70759c8f55707aa4]::panicking::default_hook
[INFO] [stdout]    5:     0x634181711f40 - test[9d35eded1c95d3be]::test_main_inner::<test[9d35eded1c95d3be]::test_main_static::{closure#0}>::{closure#0}
[INFO] [stdout]    6:     0x63418185f142 - std[70759c8f55707aa4]::panicking::panic_with_hook
[INFO] [stdout]    7:     0x634181842d32 - std[70759c8f55707aa4]::panicking::panic_handler::{closure#0}
[INFO] [stdout]    8:     0x63418183b929 - std[70759c8f55707aa4]::sys::backtrace::__rust_end_short_backtrace::<std[70759c8f55707aa4]::panicking::panic_handler::{closure#0}, !>
[INFO] [stdout]    9:     0x63418184392d - __rustc[8fa7c3cbc660c2b3]::rust_begin_unwind
[INFO] [stdout]   10:     0x63418187d37c - core[df12db4294e9bfd3]::panicking::panic_fmt
[INFO] [stdout]   11:     0x6341816e2b89 - praxis_mir[8967d219c6b6240d]::test_support::benchmark_source::{closure#0}
[INFO] [stdout]   12:     0x6341816e42ca - praxis_mir[8967d219c6b6240d]::test_support::benchmark_source
[INFO] [stdout]   13:     0x6341816d3e80 - praxis_mir[8967d219c6b6240d]::forward::tests::every_benchmark_still_verifies_after_the_pass
[INFO] [stdout]   14:     0x6341816cf699 - <praxis_mir[8967d219c6b6240d]::forward::tests::every_benchmark_still_verifies_after_the_pass::{closure#0} as core[df12db4294e9bfd3]::ops::function::FnOnce<()>>::call_once
[INFO] [stdout]   15:     0x63418170522b - test[9d35eded1c95d3be]::__rust_begin_short_backtrace::<core[df12db4294e9bfd3]::result::Result<(), alloc[2182bb758b4b3781]::string::String>, fn() -> core[df12db4294e9bfd3]::result::Result<(), alloc[2182bb758b4b3781]::string::String>>
[INFO] [stdout]   16:     0x634181712895 - test[9d35eded1c95d3be]::run_test::{closure#0}
[INFO] [stdout]   17:     0x63418170c154 - std[70759c8f55707aa4]::sys::backtrace::__rust_begin_short_backtrace::<test[9d35eded1c95d3be]::run_test::{closure#1}, ()>
[INFO] [stdout]   18:     0x6341817159f2 - <std[70759c8f55707aa4]::thread::lifecycle::spawn_unchecked<test[9d35eded1c95d3be]::run_test::{closure#1}, ()>::{closure#1} as core[df12db4294e9bfd3]::ops::function::FnOnce<()>>::call_once::{shim:vtable#0}
[INFO] [stdout]   19:     0x6341818660f9 - <std[70759c8f55707aa4]::sys::thread::unix::Thread>::new::thread_start
[INFO] [stdout]   20:     0x74218a03cdfa - <unknown>
[INFO] [stdout]   21:     0x74218a0d03d4 - clone
[INFO] [stdout]   22:                0x0 - <unknown>
[INFO] [stdout] 
[INFO] [stdout] ---- forward::tests::collatzs_inner_loop_is_an_int_and_bool_win_with_no_float_in_it stdout ----
[INFO] [stdout] 
[INFO] [stdout] thread 'forward::tests::collatzs_inner_loop_is_an_int_and_bool_win_with_no_float_in_it' (532) panicked at src/test_support.rs:673:55:
[INFO] [stdout] /opt/benchmarks/praxis/collatz.px: No such file or directory (os error 2)
[INFO] [stdout] stack backtrace:
[INFO] [stdout]    0:     0x634181866b91 - <<std[70759c8f55707aa4]::sys::backtrace::BacktraceLock>::print::DisplayBacktrace as core[df12db4294e9bfd3]::fmt::Display>::fmt
[INFO] [stdout]    1:     0x63418187cc4a - core[df12db4294e9bfd3]::fmt::write
[INFO] [stdout]    2:     0x63418186b04c - <alloc[2182bb758b4b3781]::vec::Vec<u8> as core[df12db4294e9bfd3]::io::write::Write>::write_fmt
[INFO] [stdout]    3:     0x634181842c86 - std[70759c8f55707aa4]::panicking::default_hook::{closure#0}
[INFO] [stdout]    4:     0x63418185ef89 - std[70759c8f55707aa4]::panicking::default_hook
[INFO] [stdout]    5:     0x634181711f40 - test[9d35eded1c95d3be]::test_main_inner::<test[9d35eded1c95d3be]::test_main_static::{closure#0}>::{closure#0}
[INFO] [stdout]    6:     0x63418185f142 - std[70759c8f55707aa4]::panicking::panic_with_hook
[INFO] [stdout]    7:     0x634181842d32 - std[70759c8f55707aa4]::panicking::panic_handler::{closure#0}
[INFO] [stdout]    8:     0x63418183b929 - std[70759c8f55707aa4]::sys::backtrace::__rust_end_short_backtrace::<std[70759c8f55707aa4]::panicking::panic_handler::{closure#0}, !>
[INFO] [stdout]    9:     0x63418184392d - __rustc[8fa7c3cbc660c2b3]::rust_begin_unwind
[INFO] [stdout]   10:     0x63418187d37c - core[df12db4294e9bfd3]::panicking::panic_fmt
[INFO] [stdout]   11:     0x6341816e2b89 - praxis_mir[8967d219c6b6240d]::test_support::benchmark_source::{closure#0}
[INFO] [stdout]   12:     0x6341816e42ca - praxis_mir[8967d219c6b6240d]::test_support::benchmark_source
[INFO] [stdout]   13:     0x6341816d5b76 - praxis_mir[8967d219c6b6240d]::forward::tests::collatzs_inner_loop_is_an_int_and_bool_win_with_no_float_in_it
[INFO] [stdout]   14:     0x6341816cf7f9 - <praxis_mir[8967d219c6b6240d]::forward::tests::collatzs_inner_loop_is_an_int_and_bool_win_with_no_float_in_it::{closure#0} as core[df12db4294e9bfd3]::ops::function::FnOnce<()>>::call_once
[INFO] [stdout]   15:     0x63418170522b - test[9d35eded1c95d3be]::__rust_begin_short_backtrace::<core[df12db4294e9bfd3]::result::Result<(), alloc[2182bb758b4b3781]::string::String>, fn() -> core[df12db4294e9bfd3]::result::Result<(), alloc[2182bb758b4b3781]::string::String>>
[INFO] [stdout]   16:     0x634181712895 - test[9d35eded1c95d3be]::run_test::{closure#0}
[INFO] [stdout]   17:     0x63418170c154 - std[70759c8f55707aa4]::sys::backtrace::__rust_begin_short_backtrace::<test[9d35eded1c95d3be]::run_test::{closure#1}, ()>
[INFO] [stdout]   18:     0x6341817159f2 - <std[70759c8f55707aa4]::thread::lifecycle::spawn_unchecked<test[9d35eded1c95d3be]::run_test::{closure#1}, ()>::{closure#1} as core[df12db4294e9bfd3]::ops::function::FnOnce<()>>::call_once::{shim:vtable#0}
[INFO] [stdout]   19:     0x6341818660f9 - <std[70759c8f55707aa4]::sys::thread::unix::Thread>::new::thread_start
[INFO] [stdout]   20:     0x74218a03cdfa - <unknown>
[INFO] [stdout]   21:     0x74218a0d03d4 - clone
[INFO] [stdout]   22:                0x0 - <unknown>
[INFO] [stdout] 
[INFO] [stdout] ---- forward::tests::an_elided_box_keeps_its_slot_and_the_count_is_a_fifth_of_them stdout ----
[INFO] [stdout] 
[INFO] [stdout] thread 'forward::tests::an_elided_box_keeps_its_slot_and_the_count_is_a_fifth_of_them' (525) panicked at src/test_support.rs:673:55:
[INFO] [stdout] /opt/benchmarks/praxis/mandelbrot.px: No such file or directory (os error 2)
[INFO] [stdout] stack backtrace:
[INFO] [stdout]    0:     0x634181866b91 - <<std[70759c8f55707aa4]::sys::backtrace::BacktraceLock>::print::DisplayBacktrace as core[df12db4294e9bfd3]::fmt::Display>::fmt
[INFO] [stdout]    1:     0x63418187cc4a - core[df12db4294e9bfd3]::fmt::write
[INFO] [stdout]    2:     0x63418186b04c - <alloc[2182bb758b4b3781]::vec::Vec<u8> as core[df12db4294e9bfd3]::io::write::Write>::write_fmt
[INFO] [stdout]    3:     0x634181842c86 - std[70759c8f55707aa4]::panicking::default_hook::{closure#0}
[INFO] [stdout]    4:     0x63418185ef89 - std[70759c8f55707aa4]::panicking::default_hook
[INFO] [stdout]    5:     0x634181711f40 - test[9d35eded1c95d3be]::test_main_inner::<test[9d35eded1c95d3be]::test_main_static::{closure#0}>::{closure#0}
[INFO] [stdout]    6:     0x63418185f142 - std[70759c8f55707aa4]::panicking::panic_with_hook
[INFO] [stdout]    7:     0x634181842d32 - std[70759c8f55707aa4]::panicking::panic_handler::{closure#0}
[INFO] [stdout]    8:     0x63418183b929 - std[70759c8f55707aa4]::sys::backtrace::__rust_end_short_backtrace::<std[70759c8f55707aa4]::panicking::panic_handler::{closure#0}, !>
[INFO] [stdout]    9:     0x63418184392d - __rustc[8fa7c3cbc660c2b3]::rust_begin_unwind
[INFO] [stdout]   10:     0x63418187d37c - core[df12db4294e9bfd3]::panicking::panic_fmt
[INFO] [stdout]   11:     0x6341816e2b89 - praxis_mir[8967d219c6b6240d]::test_support::benchmark_source::{closure#0}
[INFO] [stdout]   12:     0x6341816e42ca - praxis_mir[8967d219c6b6240d]::test_support::benchmark_source
[INFO] [stdout]   13:     0x6341816d5747 - praxis_mir[8967d219c6b6240d]::forward::tests::an_elided_box_keeps_its_slot_and_the_count_is_a_fifth_of_them
[INFO] [stdout]   14:     0x6341816cf7d9 - <praxis_mir[8967d219c6b6240d]::forward::tests::an_elided_box_keeps_its_slot_and_the_count_is_a_fifth_of_them::{closure#0} as core[df12db4294e9bfd3]::ops::function::FnOnce<()>>::call_once
[INFO] [stdout]   15:     0x63418170522b - test[9d35eded1c95d3be]::__rust_begin_short_backtrace::<core[df12db4294e9bfd3]::result::Result<(), alloc[2182bb758b4b3781]::string::String>, fn() -> core[df12db4294e9bfd3]::result::Result<(), alloc[2182bb758b4b3781]::string::String>>
[INFO] [stdout]   16:     0x634181712895 - test[9d35eded1c95d3be]::run_test::{closure#0}
[INFO] [stdout]   17:     0x63418170c154 - std[70759c8f55707aa4]::sys::backtrace::__rust_begin_short_backtrace::<test[9d35eded1c95d3be]::run_test::{closure#1}, ()>
[INFO] [stdout]   18:     0x6341817159f2 - <std[70759c8f55707aa4]::thread::lifecycle::spawn_unchecked<test[9d35eded1c95d3be]::run_test::{closure#1}, ()>::{closure#1} as core[df12db4294e9bfd3]::ops::function::FnOnce<()>>::call_once::{shim:vtable#0}
[INFO] [stdout]   19:     0x6341818660f9 - <std[70759c8f55707aa4]::sys::thread::unix::Thread>::new::thread_start
[INFO] [stdout]   20:     0x74218a03cdfa - <unknown>
[INFO] [stdout]   21:     0x74218a0d03d4 - clone
[INFO] [stdout]   22:                0x0 - <unknown>
[INFO] [stdout] 
[INFO] [stdout] ---- provable::census::the_census_over_the_whole_suite_is_a_different_answer_in_each_column stdout ----
[INFO] [stdout] 
[INFO] [stdout] ExtractScalar sites, whole module, per benchmark:
[INFO] [stdout] 
[INFO] [stdout] thread 'provable::census::the_census_over_the_whole_suite_is_a_different_answer_in_each_column' (562) panicked at src/test_support.rs:673:55:
[INFO] [stdout] /opt/benchmarks/praxis/bfs.px: No such file or directory (os error 2)
[INFO] [stdout] stack backtrace:
[INFO] [stdout]    0:     0x634181866b91 - <<std[70759c8f55707aa4]::sys::backtrace::BacktraceLock>::print::DisplayBacktrace as core[df12db4294e9bfd3]::fmt::Display>::fmt
[INFO] [stdout]    1:     0x63418187cc4a - core[df12db4294e9bfd3]::fmt::write
[INFO] [stdout]    2:     0x63418186b04c - <alloc[2182bb758b4b3781]::vec::Vec<u8> as core[df12db4294e9bfd3]::io::write::Write>::write_fmt
[INFO] [stdout]    3:     0x634181842c86 - std[70759c8f55707aa4]::panicking::default_hook::{closure#0}
[INFO] [stdout]    4:     0x63418185ef89 - std[70759c8f55707aa4]::panicking::default_hook
[INFO] [stdout]    5:     0x634181711f40 - test[9d35eded1c95d3be]::test_main_inner::<test[9d35eded1c95d3be]::test_main_static::{closure#0}>::{closure#0}
[INFO] [stdout]    6:     0x63418185f142 - std[70759c8f55707aa4]::panicking::panic_with_hook
[INFO] [stdout]    7:     0x634181842d32 - std[70759c8f55707aa4]::panicking::panic_handler::{closure#0}
[INFO] [stdout]    8:     0x63418183b929 - std[70759c8f55707aa4]::sys::backtrace::__rust_end_short_backtrace::<std[70759c8f55707aa4]::panicking::panic_handler::{closure#0}, !>
[INFO] [stdout]    9:     0x63418184392d - __rustc[8fa7c3cbc660c2b3]::rust_begin_unwind
[INFO] [stdout]   10:     0x63418187d37c - core[df12db4294e9bfd3]::panicking::panic_fmt
[INFO] [stdout]   11:     0x6341816e2b89 - praxis_mir[8967d219c6b6240d]::test_support::benchmark_source::{closure#0}
[INFO] [stdout]   12:     0x6341816e42ca - praxis_mir[8967d219c6b6240d]::test_support::benchmark_source
[INFO] [stdout]   13:     0x6341816ebf10 - praxis_mir[8967d219c6b6240d]::provable::census::the_census_over_the_whole_suite_is_a_different_answer_in_each_column
[INFO] [stdout]   14:     0x6341816d1bf9 - <praxis_mir[8967d219c6b6240d]::provable::census::the_census_over_the_whole_suite_is_a_different_answer_in_each_column::{closure#0} as core[df12db4294e9bfd3]::ops::function::FnOnce<()>>::call_once
[INFO] [stdout]   15:     0x63418170522b - test[9d35eded1c95d3be]::__rust_begin_short_backtrace::<core[df12db4294e9bfd3]::result::Result<(), alloc[2182bb758b4b3781]::string::String>, fn() -> core[df12db4294e9bfd3]::result::Result<(), alloc[2182bb758b4b3781]::string::String>>
[INFO] [stdout]   16:     0x634181712895 - test[9d35eded1c95d3be]::run_test::{closure#0}
[INFO] [stdout]   17:     0x63418170c154 - std[70759c8f55707aa4]::sys::backtrace::__rust_begin_short_backtrace::<test[9d35eded1c95d3be]::run_test::{closure#1}, ()>
[INFO] [stdout]   18:     0x6341817159f2 - <std[70759c8f55707aa4]::thread::lifecycle::spawn_unchecked<test[9d35eded1c95d3be]::run_test::{closure#1}, ()>::{closure#1} as core[df12db4294e9bfd3]::ops::function::FnOnce<()>>::call_once::{shim:vtable#0}
[INFO] [stdout]   19:     0x6341818660f9 - <std[70759c8f55707aa4]::sys::thread::unix::Thread>::new::thread_start
[INFO] [stdout]   20:     0x74218a03cdfa - <unknown>
[INFO] [stdout]   21:     0x74218a0d03d4 - clone
[INFO] [stdout]   22:                0x0 - <unknown>
[INFO] [stdout] 
[INFO] [stdout] ---- provable::census::the_inner_loop_census_measures_what_two_hand_counts_only_estimated stdout ----
[INFO] [stdout] 
[INFO] [stdout] ExtractScalar sites, innermost loop, per benchmark:
[INFO] [stdout] 
[INFO] [stdout] thread 'provable::census::the_inner_loop_census_measures_what_two_hand_counts_only_estimated' (563) panicked at src/test_support.rs:673:55:
[INFO] [stdout] /opt/benchmarks/praxis/collatz.px: No such file or directory (os error 2)
[INFO] [stdout] stack backtrace:
[INFO] [stdout]    0:     0x634181866b91 - <<std[70759c8f55707aa4]::sys::backtrace::BacktraceLock>::print::DisplayBacktrace as core[df12db4294e9bfd3]::fmt::Display>::fmt
[INFO] [stdout]    1:     0x63418187cc4a - core[df12db4294e9bfd3]::fmt::write
[INFO] [stdout]    2:     0x63418186b04c - <alloc[2182bb758b4b3781]::vec::Vec<u8> as core[df12db4294e9bfd3]::io::write::Write>::write_fmt
[INFO] [stdout]    3:     0x634181842c86 - std[70759c8f55707aa4]::panicking::default_hook::{closure#0}
[INFO] [stdout]    4:     0x63418185ef89 - std[70759c8f55707aa4]::panicking::default_hook
[INFO] [stdout]    5:     0x634181711f40 - test[9d35eded1c95d3be]::test_main_inner::<test[9d35eded1c95d3be]::test_main_static::{closure#0}>::{closure#0}
[INFO] [stdout]    6:     0x63418185f142 - std[70759c8f55707aa4]::panicking::panic_with_hook
[INFO] [stdout]    7:     0x634181842d32 - std[70759c8f55707aa4]::panicking::panic_handler::{closure#0}
[INFO] [stdout]    8:     0x63418183b929 - std[70759c8f55707aa4]::sys::backtrace::__rust_end_short_backtrace::<std[70759c8f55707aa4]::panicking::panic_handler::{closure#0}, !>
[INFO] [stdout]    9:     0x63418184392d - __rustc[8fa7c3cbc660c2b3]::rust_begin_unwind
[INFO] [stdout]   10:     0x63418187d37c - core[df12db4294e9bfd3]::panicking::panic_fmt
[INFO] [stdout]   11:     0x6341816e2b89 - praxis_mir[8967d219c6b6240d]::test_support::benchmark_source::{closure#0}
[INFO] [stdout]   12:     0x6341816e42ca - praxis_mir[8967d219c6b6240d]::test_support::benchmark_source
[INFO] [stdout]   13:     0x6341816eb613 - praxis_mir[8967d219c6b6240d]::provable::census::the_inner_loop_census_measures_what_two_hand_counts_only_estimated
[INFO] [stdout]   14:     0x6341816d1bd9 - <praxis_mir[8967d219c6b6240d]::provable::census::the_inner_loop_census_measures_what_two_hand_counts_only_estimated::{closure#0} as core[df12db4294e9bfd3]::ops::function::FnOnce<()>>::call_once
[INFO] [stdout]   15:     0x63418170522b - test[9d35eded1c95d3be]::__rust_begin_short_backtrace::<core[df12db4294e9bfd3]::result::Result<(), alloc[2182bb758b4b3781]::string::String>, fn() -> core[df12db4294e9bfd3]::result::Result<(), alloc[2182bb758b4b3781]::string::String>>
[INFO] [stdout]   16:     0x634181712895 - test[9d35eded1c95d3be]::run_test::{closure#0}
[INFO] [stdout]   17:     0x63418170c154 - std[70759c8f55707aa4]::sys::backtrace::__rust_begin_short_backtrace::<test[9d35eded1c95d3be]::run_test::{closure#1}, ()>
[INFO] [stdout]   18:     0x6341817159f2 - <std[70759c8f55707aa4]::thread::lifecycle::spawn_unchecked<test[9d35eded1c95d3be]::run_test::{closure#1}, ()>::{closure#1} as core[df12db4294e9bfd3]::ops::function::FnOnce<()>>::call_once::{shim:vtable#0}
[INFO] [stdout]   19:     0x6341818660f9 - <std[70759c8f55707aa4]::sys::thread::unix::Thread>::new::thread_start
[INFO] [stdout]   20:     0x74218a03cdfa - <unknown>
[INFO] [stdout]   21:     0x74218a0d03d4 - clone
[INFO] [stdout]   22:                0x0 - <unknown>
[INFO] [stdout] 
[INFO] [stdout] ---- test_support::tests::mandelbrots_inner_loop_materializes_two_floats_where_the_builder_wrote_ten stdout ----
[INFO] [stdout] 
[INFO] [stdout] thread 'test_support::tests::mandelbrots_inner_loop_materializes_two_floats_where_the_builder_wrote_ten' (582) panicked at src/test_support.rs:673:55:
[INFO] [stdout] /opt/benchmarks/praxis/mandelbrot.px: No such file or directory (os error 2)
[INFO] [stdout] stack backtrace:
[INFO] [stdout]    0:     0x634181866b91 - <<std[70759c8f55707aa4]::sys::backtrace::BacktraceLock>::print::DisplayBacktrace as core[df12db4294e9bfd3]::fmt::Display>::fmt
[INFO] [stdout]    1:     0x63418187cc4a - core[df12db4294e9bfd3]::fmt::write
[INFO] [stdout]    2:     0x63418186b04c - <alloc[2182bb758b4b3781]::vec::Vec<u8> as core[df12db4294e9bfd3]::io::write::Write>::write_fmt
[INFO] [stdout]    3:     0x634181842c86 - std[70759c8f55707aa4]::panicking::default_hook::{closure#0}
[INFO] [stdout]    4:     0x63418185ef89 - std[70759c8f55707aa4]::panicking::default_hook
[INFO] [stdout]    5:     0x634181711f40 - test[9d35eded1c95d3be]::test_main_inner::<test[9d35eded1c95d3be]::test_main_static::{closure#0}>::{closure#0}
[INFO] [stdout]    6:     0x63418185f142 - std[70759c8f55707aa4]::panicking::panic_with_hook
[INFO] [stdout]    7:     0x634181842d32 - std[70759c8f55707aa4]::panicking::panic_handler::{closure#0}
[INFO] [stdout]    8:     0x63418183b929 - std[70759c8f55707aa4]::sys::backtrace::__rust_end_short_backtrace::<std[70759c8f55707aa4]::panicking::panic_handler::{closure#0}, !>
[INFO] [stdout]    9:     0x63418184392d - __rustc[8fa7c3cbc660c2b3]::rust_begin_unwind
[INFO] [stdout]   10:     0x63418187d37c - core[df12db4294e9bfd3]::panicking::panic_fmt
[INFO] [stdout]   11:     0x6341816e2b89 - praxis_mir[8967d219c6b6240d]::test_support::benchmark_source::{closure#0}
[INFO] [stdout]   12:     0x6341816e42ca - praxis_mir[8967d219c6b6240d]::test_support::benchmark_source
[INFO] [stdout]   13:     0x634181704ad4 - praxis_mir[8967d219c6b6240d]::test_support::tests::mandelbrots_inner_loop_materializes_two_floats_where_the_builder_wrote_ten
[INFO] [stdout]   14:     0x6341816ceb29 - <praxis_mir[8967d219c6b6240d]::test_support::tests::mandelbrots_inner_loop_materializes_two_floats_where_the_builder_wrote_ten::{closure#0} as core[df12db4294e9bfd3]::ops::function::FnOnce<()>>::call_once
[INFO] [stdout]   15:     0x63418170522b - test[9d35eded1c95d3be]::__rust_begin_short_backtrace::<core[df12db4294e9bfd3]::result::Result<(), alloc[2182bb758b4b3781]::string::String>, fn() -> core[df12db4294e9bfd3]::result::Result<(), alloc[2182bb758b4b3781]::string::String>>
[INFO] [stdout]   16:     0x634181712895 - test[9d35eded1c95d3be]::run_test::{closure#0}
[INFO] [stdout]   17:     0x63418170c154 - std[70759c8f55707aa4]::sys::backtrace::__rust_begin_short_backtrace::<test[9d35eded1c95d3be]::run_test::{closure#1}, ()>
[INFO] [stdout]   18:     0x6341817159f2 - <std[70759c8f55707aa4]::thread::lifecycle::spawn_unchecked<test[9d35eded1c95d3be]::run_test::{closure#1}, ()>::{closure#1} as core[df12db4294e9bfd3]::ops::function::FnOnce<()>>::call_once::{shim:vtable#0}
[INFO] [stdout]   19:     0x6341818660f9 - <std[70759c8f55707aa4]::sys::thread::unix::Thread>::new::thread_start
[INFO] [stdout]   20:     0x74218a03cdfa - <unknown>
[INFO] [stdout]   21:     0x74218a0d03d4 - clone
[INFO] [stdout]   22:                0x0 - <unknown>
[INFO] [stdout] 
[INFO] [stdout] ---- test_support::tests::the_per_block_censuses_sum_to_the_whole_functions stdout ----
[INFO] [stdout] 
[INFO] [stdout] thread 'test_support::tests::the_per_block_censuses_sum_to_the_whole_functions' (584) panicked at src/test_support.rs:673:55:
[INFO] [stdout] /opt/benchmarks/praxis/mandelbrot.px: No such file or directory (os error 2)
[INFO] [stdout] stack backtrace:
[INFO] [stdout]    0:     0x634181866b91 - <<std[70759c8f55707aa4]::sys::backtrace::BacktraceLock>::print::DisplayBacktrace as core[df12db4294e9bfd3]::fmt::Display>::fmt
[INFO] [stdout]    1:     0x63418187cc4a - core[df12db4294e9bfd3]::fmt::write
[INFO] [stdout]    2:     0x63418186b04c - <alloc[2182bb758b4b3781]::vec::Vec<u8> as core[df12db4294e9bfd3]::io::write::Write>::write_fmt
[INFO] [stdout]    3:     0x634181842c86 - std[70759c8f55707aa4]::panicking::default_hook::{closure#0}
[INFO] [stdout]    4:     0x63418185ef89 - std[70759c8f55707aa4]::panicking::default_hook
[INFO] [stdout]    5:     0x634181711f40 - test[9d35eded1c95d3be]::test_main_inner::<test[9d35eded1c95d3be]::test_main_static::{closure#0}>::{closure#0}
[INFO] [stdout]    6:     0x63418185f142 - std[70759c8f55707aa4]::panicking::panic_with_hook
[INFO] [stdout]    7:     0x634181842d32 - std[70759c8f55707aa4]::panicking::panic_handler::{closure#0}
[INFO] [stdout]    8:     0x63418183b929 - std[70759c8f55707aa4]::sys::backtrace::__rust_end_short_backtrace::<std[70759c8f55707aa4]::panicking::panic_handler::{closure#0}, !>
[INFO] [stdout]    9:     0x63418184392d - __rustc[8fa7c3cbc660c2b3]::rust_begin_unwind
[INFO] [stdout]   10:     0x63418187d37c - core[df12db4294e9bfd3]::panicking::panic_fmt
[INFO] [stdout]   11:     0x6341816e2b89 - praxis_mir[8967d219c6b6240d]::test_support::benchmark_source::{closure#0}
[INFO] [stdout]   12:     0x6341816e42ca - praxis_mir[8967d219c6b6240d]::test_support::benchmark_source
[INFO] [stdout]   13:     0x634181702a27 - praxis_mir[8967d219c6b6240d]::test_support::tests::the_per_block_censuses_sum_to_the_whole_functions
[INFO] [stdout]   14:     0x6341816ce9e9 - <praxis_mir[8967d219c6b6240d]::test_support::tests::the_per_block_censuses_sum_to_the_whole_functions::{closure#0} as core[df12db4294e9bfd3]::ops::function::FnOnce<()>>::call_once
[INFO] [stdout]   15:     0x63418170522b - test[9d35eded1c95d3be]::__rust_begin_short_backtrace::<core[df12db4294e9bfd3]::result::Result<(), alloc[2182bb758b4b3781]::string::String>, fn() -> core[df12db4294e9bfd3]::result::Result<(), alloc[2182bb758b4b3781]::string::String>>
[INFO] [stdout]   16:     0x634181712895 - test[9d35eded1c95d3be]::run_test::{closure#0}
[INFO] [stdout]   17:     0x63418170c154 - std[70759c8f55707aa4]::sys::backtrace::__rust_begin_short_backtrace::<test[9d35eded1c95d3be]::run_test::{closure#1}, ()>
[INFO] [stdout]   18:     0x6341817159f2 - <std[70759c8f55707aa4]::thread::lifecycle::spawn_unchecked<test[9d35eded1c95d3be]::run_test::{closure#1}, ()>::{closure#1} as core[df12db4294e9bfd3]::ops::function::FnOnce<()>>::call_once::{shim:vtable#0}
[INFO] [stdout]   19:     0x6341818660f9 - <std[70759c8f55707aa4]::sys::thread::unix::Thread>::new::thread_start
[INFO] [stdout]   20:     0x74218a03cdfa - <unknown>
[INFO] [stdout]   21:     0x74218a0d03d4 - clone
[INFO] [stdout]   22:                0x0 - <unknown>
[INFO] [stdout] 
[INFO] [stdout] ---- test_support::tests::three_nested_while_loops_are_three_regions_nested_by_containment stdout ----
[INFO] [stdout] 
[INFO] [stdout] thread 'test_support::tests::three_nested_while_loops_are_three_regions_nested_by_containment' (585) panicked at src/test_support.rs:673:55:
[INFO] [stdout] /opt/benchmarks/praxis/mandelbrot.px: No such file or directory (os error 2)
[INFO] [stdout] stack backtrace:
[INFO] [stdout]    0:     0x634181866b91 - <<std[70759c8f55707aa4]::sys::backtrace::BacktraceLock>::print::DisplayBacktrace as core[df12db4294e9bfd3]::fmt::Display>::fmt
[INFO] [stdout]    1:     0x63418187cc4a - core[df12db4294e9bfd3]::fmt::write
[INFO] [stdout]    2:     0x63418186b04c - <alloc[2182bb758b4b3781]::vec::Vec<u8> as core[df12db4294e9bfd3]::io::write::Write>::write_fmt
[INFO] [stdout]    3:     0x634181842c86 - std[70759c8f55707aa4]::panicking::default_hook::{closure#0}
[INFO] [stdout]    4:     0x63418185ef89 - std[70759c8f55707aa4]::panicking::default_hook
[INFO] [stdout]    5:     0x634181711f40 - test[9d35eded1c95d3be]::test_main_inner::<test[9d35eded1c95d3be]::test_main_static::{closure#0}>::{closure#0}
[INFO] [stdout]    6:     0x63418185f142 - std[70759c8f55707aa4]::panicking::panic_with_hook
[INFO] [stdout]    7:     0x634181842d32 - std[70759c8f55707aa4]::panicking::panic_handler::{closure#0}
[INFO] [stdout]    8:     0x63418183b929 - std[70759c8f55707aa4]::sys::backtrace::__rust_end_short_backtrace::<std[70759c8f55707aa4]::panicking::panic_handler::{closure#0}, !>
[INFO] [stdout]    9:     0x63418184392d - __rustc[8fa7c3cbc660c2b3]::rust_begin_unwind
[INFO] [stdout]   10:     0x63418187d37c - core[df12db4294e9bfd3]::panicking::panic_fmt
[INFO] [stdout]   11:     0x6341816e2b89 - praxis_mir[8967d219c6b6240d]::test_support::benchmark_source::{closure#0}
[INFO] [stdout]   12:     0x6341816e42ca - praxis_mir[8967d219c6b6240d]::test_support::benchmark_source
[INFO] [stdout]   13:     0x634181703915 - praxis_mir[8967d219c6b6240d]::test_support::tests::three_nested_while_loops_are_three_regions_nested_by_containment
[INFO] [stdout]   14:     0x6341816ceaa9 - <praxis_mir[8967d219c6b6240d]::test_support::tests::three_nested_while_loops_are_three_regions_nested_by_containment::{closure#0} as core[df12db4294e9bfd3]::ops::function::FnOnce<()>>::call_once
[INFO] [stdout]   15:     0x63418170522b - test[9d35eded1c95d3be]::__rust_begin_short_backtrace::<core[df12db4294e9bfd3]::result::Result<(), alloc[2182bb758b4b3781]::string::String>, fn() -> core[df12db4294e9bfd3]::result::Result<(), alloc[2182bb758b4b3781]::string::String>>
[INFO] [stdout]   16:     0x634181712895 - test[9d35eded1c95d3be]::run_test::{closure#0}
[INFO] [stdout]   17:     0x63418170c154 - std[70759c8f55707aa4]::sys::backtrace::__rust_begin_short_backtrace::<test[9d35eded1c95d3be]::run_test::{closure#1}, ()>
[INFO] [stdout]   18:     0x6341817159f2 - <std[70759c8f55707aa4]::thread::lifecycle::spawn_unchecked<test[9d35eded1c95d3be]::run_test::{closure#1}, ()>::{closure#1} as core[df12db4294e9bfd3]::ops::function::FnOnce<()>>::call_once::{shim:vtable#0}
[INFO] [stdout]   19:     0x6341818660f9 - <std[70759c8f55707aa4]::sys::thread::unix::Thread>::new::thread_start
[INFO] [stdout]   20:     0x74218a03cdfa - <unknown>
[INFO] [stdout]   21:     0x74218a0d03d4 - clone
[INFO] [stdout]   22:                0x0 - <unknown>
[INFO] [stdout] 
[INFO] [stdout] ---- test_support::tests::mandelbrots_inner_loop_extracts_fourteen_float_payloads_where_the_builder_wrote_22 stdout ----
[INFO] [stdout] 
[INFO] [stdout] thread 'test_support::tests::mandelbrots_inner_loop_extracts_fourteen_float_payloads_where_the_builder_wrote_22' (581) panicked at src/test_support.rs:673:55:
[INFO] [stdout] /opt/benchmarks/praxis/mandelbrot.px: No such file or directory (os error 2)
[INFO] [stdout] stack backtrace:
[INFO] [stdout]    0:     0x634181866b91 - <<std[70759c8f55707aa4]::sys::backtrace::BacktraceLock>::print::DisplayBacktrace as core[df12db4294e9bfd3]::fmt::Display>::fmt
[INFO] [stdout]    1:     0x63418187cc4a - core[df12db4294e9bfd3]::fmt::write
[INFO] [stdout]    2:     0x63418186b04c - <alloc[2182bb758b4b3781]::vec::Vec<u8> as core[df12db4294e9bfd3]::io::write::Write>::write_fmt
[INFO] [stdout]    3:     0x634181842c86 - std[70759c8f55707aa4]::panicking::default_hook::{closure#0}
[INFO] [stdout]    4:     0x63418185ef89 - std[70759c8f55707aa4]::panicking::default_hook
[INFO] [stdout]    5:     0x634181711f40 - test[9d35eded1c95d3be]::test_main_inner::<test[9d35eded1c95d3be]::test_main_static::{closure#0}>::{closure#0}
[INFO] [stdout]    6:     0x63418185f142 - std[70759c8f55707aa4]::panicking::panic_with_hook
[INFO] [stdout]    7:     0x634181842d32 - std[70759c8f55707aa4]::panicking::panic_handler::{closure#0}
[INFO] [stdout]    8:     0x63418183b929 - std[70759c8f55707aa4]::sys::backtrace::__rust_end_short_backtrace::<std[70759c8f55707aa4]::panicking::panic_handler::{closure#0}, !>
[INFO] [stdout]    9:     0x63418184392d - __rustc[8fa7c3cbc660c2b3]::rust_begin_unwind
[INFO] [stdout]   10:     0x63418187d37c - core[df12db4294e9bfd3]::panicking::panic_fmt
[INFO] [stdout]   11:     0x6341816e2b89 - praxis_mir[8967d219c6b6240d]::test_support::benchmark_source::{closure#0}
[INFO] [stdout]   12:     0x6341816e42ca - praxis_mir[8967d219c6b6240d]::test_support::benchmark_source
[INFO] [stdout]   13:     0x634181704ec4 - praxis_mir[8967d219c6b6240d]::test_support::tests::mandelbrots_inner_loop_extracts_fourteen_float_payloads_where_the_builder_wrote_22
[INFO] [stdout]   14:     0x6341816ceb49 - <praxis_mir[8967d219c6b6240d]::test_support::tests::mandelbrots_inner_loop_extracts_fourteen_float_payloads_where_the_builder_wrote_22::{closure#0} as core[df12db4294e9bfd3]::ops::function::FnOnce<()>>::call_once
[INFO] [stdout]   15:     0x63418170522b - test[9d35eded1c95d3be]::__rust_begin_short_backtrace::<core[df12db4294e9bfd3]::result::Result<(), alloc[2182bb758b4b3781]::string::String>, fn() -> core[df12db4294e9bfd3]::result::Result<(), alloc[2182bb758b4b3781]::string::String>>
[INFO] [stdout]   16:     0x634181712895 - test[9d35eded1c95d3be]::run_test::{closure#0}
[INFO] [stdout]   17:     0x63418170c154 - std[70759c8f55707aa4]::sys::backtrace::__rust_begin_short_backtrace::<test[9d35eded1c95d3be]::run_test::{closure#1}, ()>
[INFO] [stdout]   18:     0x6341817159f2 - <std[70759c8f55707aa4]::thread::lifecycle::spawn_unchecked<test[9d35eded1c95d3be]::run_test::{closure#1}, ()>::{closure#1} as core[df12db4294e9bfd3]::ops::function::FnOnce<()>>::call_once::{shim:vtable#0}
[INFO] [stdout]   19:     0x6341818660f9 - <std[70759c8f55707aa4]::sys::thread::unix::Thread>::new::thread_start
[INFO] [stdout]   20:     0x74218a03cdfa - <unknown>
[INFO] [stdout]   21:     0x74218a0d03d4 - clone
[INFO] [stdout]   22:                0x0 - <unknown>
[INFO] [stdout] 
[INFO] [stdout] 
[INFO] [stdout] failures:
[INFO] [stdout]     forward::tests::an_elided_box_keeps_its_slot_and_the_count_is_a_fifth_of_them
[INFO] [stdout]     forward::tests::collatzs_inner_loop_is_an_int_and_bool_win_with_no_float_in_it
[INFO] [stdout]     forward::tests::every_benchmark_still_verifies_after_the_pass
[INFO] [stdout]     forward::tests::mandelbrots_inner_loop_boxes_two_floats_where_it_boxed_ten
[INFO] [stdout]     provable::census::the_census_over_the_whole_suite_is_a_different_answer_in_each_column
[INFO] [stdout]     provable::census::the_inner_loop_census_measures_what_two_hand_counts_only_estimated
[INFO] [stdout]     test_support::tests::mandelbrots_inner_loop_extracts_fourteen_float_payloads_where_the_builder_wrote_22
[INFO] [stdout]     test_support::tests::mandelbrots_inner_loop_materializes_two_floats_where_the_builder_wrote_ten
[INFO] [stdout]     test_support::tests::the_per_block_censuses_sum_to_the_whole_functions
[INFO] [stdout]     test_support::tests::three_nested_while_loops_are_three_regions_nested_by_containment
[INFO] [stdout] 
[INFO] [stdout] test result: FAILED. 149 passed; 10 failed; 0 ignored; 0 measured; 0 filtered out; finished in 0.03s
[INFO] [stdout] 
[INFO] running `Command { std: "docker" "inspect" "69b566c8b7bb4000196babadaa4706e07e926f77bb317d65b895b605b79f0d3a", kill_on_drop: false }`
[INFO] running `Command { std: "docker" "rm" "-f" "69b566c8b7bb4000196babadaa4706e07e926f77bb317d65b895b605b79f0d3a", kill_on_drop: false }`
[INFO] [stdout] 69b566c8b7bb4000196babadaa4706e07e926f77bb317d65b895b605b79f0d3a
