[INFO] fetching crate pravega-client-config 0.3.7...
[INFO] testing pravega-client-config-0.3.7 against 1.99.0-beta.8+cargoflags=--release for beta-release-1.100-2
[INFO] extracting crate pravega-client-config 0.3.7 into /workspace/builds/worker-4-tc1/source
[INFO] started tweaking crates.io crate pravega-client-config 0.3.7
[INFO] finished tweaking crates.io crate pravega-client-config 0.3.7
[INFO] tweaked toml for crates.io crate pravega-client-config 0.3.7 written to /workspace/builds/worker-4-tc1/source/Cargo.toml
[INFO] validating manifest of crates.io crate pravega-client-config 0.3.7 on toolchain 1.99.0-beta.8
[INFO] running `Command { std: CARGO_HOME="/workspace/cargo-home" RUSTUP_HOME="/workspace/rustup-home" "/workspace/cargo-home/bin/cargo" "+1.99.0-beta.8" "metadata" "--manifest-path" "Cargo.toml" "--no-deps", kill_on_drop: false }`
[INFO] running `Command { std: CARGO_HOME="/workspace/cargo-home" RUSTUP_HOME="/workspace/rustup-home" "/workspace/cargo-home/bin/cargo" "+1.99.0-beta.8" "generate-lockfile" "--manifest-path" "Cargo.toml", kill_on_drop: false }`
[INFO] [stderr]     Updating crates.io index
[INFO] [stderr]      Locking 235 packages to highest compatible versions
[INFO] [stderr]       Adding base64 v0.12.3 (available: v0.23.1)
[INFO] [stderr]       Adding derive_builder v0.9.0 (available: v0.20.2)
[INFO] [stderr]       Adding getset v0.0.9 (available: v0.1.7)
[INFO] [stderr]       Adding reqwest v0.11.27 (available: v0.13.5)
[INFO] [stderr]       Adding serial_test v2.0.0 (available: v4.0.1)
[INFO] [stderr]       Adding tracing-subscriber v0.2.25 (available: v0.3.23)
[INFO] running `Command { std: CARGO_HOME="/workspace/cargo-home" RUSTUP_HOME="/workspace/rustup-home" "/workspace/cargo-home/bin/cargo" "+1.99.0-beta.8" "fetch" "--manifest-path" "Cargo.toml", kill_on_drop: false }`
[INFO] [stderr]     Blocking waiting for file lock on package cache
[INFO] [stderr]     Blocking waiting for file lock on package cache
[INFO] [stderr]  Downloading crates ...
[INFO] [stderr]   Downloaded pravega-client-shared v0.3.7
[INFO] [stderr]   Downloaded shrinkwraprs v0.3.0
[INFO] [stderr]   Downloaded murmurhash3 v0.0.5
[INFO] [stderr]   Downloaded snafu-derive v0.6.10
[INFO] [stderr]   Downloaded snafu v0.6.10
[INFO] [stderr]   Downloaded pravega-client-retry v0.3.7
[INFO] [stderr]   Downloaded derive_builder_core v0.9.0
[INFO] [stderr]   Downloaded derive-new v0.5.9
[INFO] [stderr]   Downloaded getset v0.0.9
[INFO] [stderr]   Downloaded derive_builder v0.9.0
[INFO] running `Command { std: "docker" "create" "-v" "/var/lib/crater-agent-workspace/builds/worker-4-tc1/source:/opt/rustwide/workdir:ro,Z" "-v" "/var/lib/crater-agent-workspace/builds/worker-4-tc1/target:/opt/rustwide/target:rw,Z" "-v" "/var/lib/crater-agent-workspace/cargo-home:/opt/rustwide/cargo-home:ro,Z" "-v" "/var/lib/crater-agent-workspace/rustup-home:/opt/rustwide/rustup-home:ro,Z" "-m" "1610612736" "--network" "none" "ghcr.io/rust-lang/crates-build-env/linux@sha256:77db811e55d90add9212f6832c23229e3de5f1c1f9905e8cb07319ea15df73ac" "sleep" "infinity", kill_on_drop: false }`
[INFO] [stdout] cc219c50c0d708b48e7df97eb8cb9caf0926fff00dd962f9fbf2cb828d5fbf44
[INFO] running `Command { std: "docker" "start" "cc219c50c0d708b48e7df97eb8cb9caf0926fff00dd962f9fbf2cb828d5fbf44", kill_on_drop: false }`
[INFO] running `Command { std: "docker" "inspect" "cc219c50c0d708b48e7df97eb8cb9caf0926fff00dd962f9fbf2cb828d5fbf44", kill_on_drop: false }`
[INFO] running `Command { std: "docker" "exec" "-e" "SOURCE_DIR=/opt/rustwide/workdir" "-e" "CARGO_HOME=/opt/rustwide/cargo-home" "-e" "RUSTUP_HOME=/opt/rustwide/rustup-home" "-e" "CARGO_TARGET_DIR=/opt/rustwide/target" "-w" "/opt/rustwide/workdir" "--user" "0:0" "cc219c50c0d708b48e7df97eb8cb9caf0926fff00dd962f9fbf2cb828d5fbf44" "/opt/rustwide/cargo-home/bin/cargo" "+1.99.0-beta.8" "metadata" "--no-deps" "--format-version=1", kill_on_drop: false }`
[INFO] running `Command { std: "docker" "inspect" "cc219c50c0d708b48e7df97eb8cb9caf0926fff00dd962f9fbf2cb828d5fbf44", kill_on_drop: false }`
[INFO] running `Command { std: "docker" "exec" "-e" "SOURCE_DIR=/opt/rustwide/workdir" "-e" "CARGO_HOME=/opt/rustwide/cargo-home" "-e" "RUSTUP_HOME=/opt/rustwide/rustup-home" "-e" "CARGO_TARGET_DIR=/opt/rustwide/target" "-e" "CARGO_INCREMENTAL=0" "-e" "RUST_BACKTRACE=full" "-e" "RUSTFLAGS=--cap-lints=warn" "-e" "RUSTDOCFLAGS=--cap-lints=warn" "-w" "/opt/rustwide/workdir" "--user" "0:0" "cc219c50c0d708b48e7df97eb8cb9caf0926fff00dd962f9fbf2cb828d5fbf44" "/opt/rustwide/cargo-home/bin/cargo" "+1.99.0-beta.8" "build" "--frozen" "--message-format=json" "--release", kill_on_drop: false }`
[INFO] [stderr]    Compiling ring v0.17.14
[INFO] [stderr]    Compiling ring v0.16.20
[INFO] [stderr]    Compiling spin v0.5.2
[INFO] [stderr]    Compiling parking_lot_core v0.9.12
[INFO] [stderr]    Compiling errno v0.3.14
[INFO] [stderr]    Compiling getrandom v0.2.17
[INFO] [stderr]    Compiling tracing v0.1.44
[INFO] [stderr]    Compiling futures-util v0.3.34
[INFO] [stderr]    Compiling doc-comment v0.3.4
[INFO] [stderr]    Compiling im v15.1.0
[INFO] [stderr]    Compiling bitmaps v2.1.0
[INFO] [stderr]    Compiling num-bigint v0.4.8
[INFO] [stderr]    Compiling snafu-derive v0.6.10
[INFO] [stderr]    Compiling either v1.19.0
[INFO] [stderr]    Compiling rand_core v0.6.4
[INFO] [stderr]    Compiling serde_json v1.0.154
[INFO] [stderr]    Compiling signal-hook-registry v1.4.8
[INFO] [stderr]    Compiling num-iter v0.1.46
[INFO] [stderr]    Compiling rand_xoshiro v0.6.0
[INFO] [stderr]    Compiling num-complex v0.4.6
[INFO] [stderr]    Compiling itertools v0.8.2
[INFO] [stderr]    Compiling iovec v0.1.4
[INFO] [stderr]    Compiling derive_builder v0.9.0
[INFO] [stderr]    Compiling derive_more v0.99.20
[INFO] [stderr]    Compiling parking_lot v0.12.5
[INFO] [stderr]    Compiling bytes v0.4.12
[INFO] [stderr]    Compiling chrono v0.4.45
[INFO] [stderr]    Compiling rustls-native-certs v0.6.3
[INFO] [stderr]    Compiling tokio v1.53.3
[INFO] [stderr]    Compiling sized-chunks v0.6.5
[INFO] [stderr]    Compiling derive_builder_core v0.9.0
[INFO] [stderr]    Compiling ordered-float v2.10.1
[INFO] [stderr]    Compiling tracing-serde v0.1.3
[INFO] [stderr]    Compiling derive-new v0.5.9
[INFO] [stderr]    Compiling num-derive v0.3.3
[INFO] [stderr]    Compiling uuid v0.8.2
[INFO] [stderr]    Compiling snafu v0.6.10
[INFO] [stderr]    Compiling murmurhash3 v0.0.5
[INFO] [stderr]    Compiling getset v0.0.9
[INFO] [stderr]    Compiling base64 v0.12.3
[INFO] [stderr]    Compiling shrinkwraprs v0.3.0
[INFO] [stderr]    Compiling num-rational v0.4.2
[INFO] [stderr]    Compiling tracing-subscriber v0.2.25
[INFO] [stderr]    Compiling num v0.4.3
[INFO] [stderr]    Compiling sct v0.6.1
[INFO] [stderr]    Compiling webpki v0.21.4
[INFO] [stderr]    Compiling rustls v0.19.1
[INFO] [stderr]    Compiling tokio-util v0.7.20
[INFO] [stderr]    Compiling pravega-client-retry v0.3.7
[INFO] [stderr]    Compiling h2 v0.3.27
[INFO] [stderr]    Compiling tokio-rustls v0.22.0
[INFO] [stderr]    Compiling pravega-client-shared v0.3.7
[INFO] [stderr]    Compiling rustls v0.21.12
[INFO] [stderr]    Compiling hyper v0.14.32
[INFO] [stderr]    Compiling rustls-webpki v0.101.7
[INFO] [stderr]    Compiling sct v0.7.1
[INFO] [stderr]    Compiling tokio-rustls v0.24.1
[INFO] [stderr]    Compiling hyper-rustls v0.24.2
[INFO] [stderr]    Compiling reqwest v0.11.27
[INFO] [stderr]    Compiling pravega-client-config v0.3.7 (/opt/rustwide/workdir)
[INFO] [stderr]     Finished `release` profile [optimized] target(s) in 1m 08s
[INFO] running `Command { std: "docker" "inspect" "cc219c50c0d708b48e7df97eb8cb9caf0926fff00dd962f9fbf2cb828d5fbf44", kill_on_drop: false }`
[INFO] running `Command { std: "docker" "exec" "-e" "SOURCE_DIR=/opt/rustwide/workdir" "-e" "CARGO_HOME=/opt/rustwide/cargo-home" "-e" "RUSTUP_HOME=/opt/rustwide/rustup-home" "-e" "CARGO_TARGET_DIR=/opt/rustwide/target" "-e" "CARGO_INCREMENTAL=0" "-e" "RUST_BACKTRACE=full" "-e" "RUSTFLAGS=--cap-lints=warn" "-e" "RUSTDOCFLAGS=--cap-lints=warn" "-w" "/opt/rustwide/workdir" "--user" "0:0" "cc219c50c0d708b48e7df97eb8cb9caf0926fff00dd962f9fbf2cb828d5fbf44" "/opt/rustwide/cargo-home/bin/cargo" "+1.99.0-beta.8" "test" "--frozen" "--no-run" "--message-format=json" "--release", kill_on_drop: false }`
[INFO] [stderr]    Compiling futures-executor v0.3.34
[INFO] [stderr]    Compiling hashbrown v0.14.5
[INFO] [stderr]    Compiling serial_test_derive v2.0.0
[INFO] [stderr]    Compiling futures v0.3.34
[INFO] [stderr]    Compiling dashmap v5.5.3
[INFO] [stderr]    Compiling serial_test v2.0.0
[INFO] [stderr]    Compiling pravega-client-config v0.3.7 (/opt/rustwide/workdir)
[INFO] [stderr]     Finished `release` profile [optimized] target(s) in 5.84s
[INFO] running `Command { std: "docker" "inspect" "cc219c50c0d708b48e7df97eb8cb9caf0926fff00dd962f9fbf2cb828d5fbf44", kill_on_drop: false }`
[INFO] running `Command { std: "docker" "exec" "-e" "SOURCE_DIR=/opt/rustwide/workdir" "-e" "CARGO_HOME=/opt/rustwide/cargo-home" "-e" "RUSTUP_HOME=/opt/rustwide/rustup-home" "-e" "CARGO_TARGET_DIR=/opt/rustwide/target" "-e" "CARGO_INCREMENTAL=0" "-e" "RUST_BACKTRACE=full" "-e" "RUSTFLAGS=--cap-lints=warn" "-e" "RUSTDOCFLAGS=--cap-lints=warn" "-w" "/opt/rustwide/workdir" "--user" "0:0" "cc219c50c0d708b48e7df97eb8cb9caf0926fff00dd962f9fbf2cb828d5fbf44" "/opt/rustwide/cargo-home/bin/cargo" "+1.99.0-beta.8" "test" "--frozen" "--release", kill_on_drop: false }`
[INFO] [stderr]     Finished `release` profile [optimized] target(s) in 0.23s
[INFO] [stderr]      Running unittests src/lib.rs (/opt/rustwide/target/release/deps/pravega_client_config-1f9f3c57495f78eb)
[INFO] [stdout] 
[INFO] [stdout] running 5 tests
[INFO] [stdout] test credentials::test::test_json_deserialize ... ok
[INFO] [stdout] test tests::test_extract_credentials ... ok
[INFO] [stdout] test tests::test_extract_tls_cert_path ... FAILED
[INFO] [stdout] test tests::test_get_set ... ok
[INFO] [stdout] test tests::test_get_default ... ok
[INFO] [stdout] 
[INFO] [stdout] failures:
[INFO] [stdout] 
[INFO] [stdout] ---- tests::test_extract_tls_cert_path stdout ----
[INFO] [stdout] 
[INFO] [stdout] thread 'tests::test_extract_tls_cert_path' (1667) panicked at src/lib.rs:320:51:
[INFO] [stdout] create default cert path: Os { code: 30, kind: ReadOnlyFilesystem, message: "Read-only file system" }
[INFO] [stdout] stack backtrace:
[INFO] [stdout]    0:     0x642369fe6901 - <<std[70759c8f55707aa4]::sys::backtrace::BacktraceLock>::print::DisplayBacktrace as core[df12db4294e9bfd3]::fmt::Display>::fmt
[INFO] [stdout]    1:     0x642369ffdc0a - core[df12db4294e9bfd3]::fmt::write
[INFO] [stdout]    2:     0x642369febc4c - <alloc[2182bb758b4b3781]::vec::Vec<u8> as core[df12db4294e9bfd3]::io::write::Write>::write_fmt
[INFO] [stdout]    3:     0x642369fc02d6 - std[70759c8f55707aa4]::panicking::default_hook::{closure#0}
[INFO] [stdout]    4:     0x642369fddb39 - std[70759c8f55707aa4]::panicking::default_hook
[INFO] [stdout]    5:     0x642369cad080 - test[9d35eded1c95d3be]::test_main_inner::<test[9d35eded1c95d3be]::test_main_static::{closure#0}>::{closure#0}
[INFO] [stdout]    6:     0x642369fdde62 - std[70759c8f55707aa4]::panicking::panic_with_hook
[INFO] [stdout]    7:     0x642369fc0382 - std[70759c8f55707aa4]::panicking::panic_handler::{closure#0}
[INFO] [stdout]    8:     0x642369fb8b49 - std[70759c8f55707aa4]::sys::backtrace::__rust_end_short_backtrace::<std[70759c8f55707aa4]::panicking::panic_handler::{closure#0}, !>
[INFO] [stdout]    9:     0x642369fc138d - __rustc[8fa7c3cbc660c2b3]::rust_begin_unwind
[INFO] [stdout]   10:     0x642369ffe3ec - core[df12db4294e9bfd3]::panicking::panic_fmt
[INFO] [stdout]   11:     0x642369ffe1c2 - core[df12db4294e9bfd3]::result::unwrap_failed
[INFO] [stdout]   12:     0x642369c943ac - <pravega_client_config[e8da73d8f913a38e]::tests::test_extract_tls_cert_path::{closure#0} as core[df12db4294e9bfd3]::ops::function::FnOnce<()>>::call_once
[INFO] [stdout]   13:     0x642369ce149b - serial_test[27623fc898743322]::serial_code_lock::local_serial_core
[INFO] [stdout]   14:     0x642369c9d528 - <pravega_client_config[e8da73d8f913a38e]::tests::test_extract_tls_cert_path::{closure#0} as core[df12db4294e9bfd3]::ops::function::FnOnce<()>>::call_once
[INFO] [stdout]   15:     0x642369ca036b - test[9d35eded1c95d3be]::__rust_begin_short_backtrace::<core[df12db4294e9bfd3]::result::Result<(), alloc[2182bb758b4b3781]::string::String>, fn() -> core[df12db4294e9bfd3]::result::Result<(), alloc[2182bb758b4b3781]::string::String>>
[INFO] [stdout]   16:     0x642369cad9d5 - test[9d35eded1c95d3be]::run_test::{closure#0}
[INFO] [stdout]   17:     0x642369ca7294 - std[70759c8f55707aa4]::sys::backtrace::__rust_begin_short_backtrace::<test[9d35eded1c95d3be]::run_test::{closure#1}, ()>
[INFO] [stdout]   18:     0x642369cb0b32 - <std[70759c8f55707aa4]::thread::lifecycle::spawn_unchecked<test[9d35eded1c95d3be]::run_test::{closure#1}, ()>::{closure#1} as core[df12db4294e9bfd3]::ops::function::FnOnce<()>>::call_once::{shim:vtable#0}
[INFO] [stdout]   19:     0x642369fe5ab9 - <std[70759c8f55707aa4]::sys::thread::unix::Thread>::new::thread_start
[INFO] [stdout]   20:     0x7f9327fe1dfa - <unknown>
[INFO] [stdout]   21:     0x7f93280753d4 - clone
[INFO] [stdout]   22:                0x0 - <unknown>
[INFO] [stdout] 
[INFO] [stdout] 
[INFO] [stdout] failures:
[INFO] [stdout]     tests::test_extract_tls_cert_path
[INFO] [stdout] 
[INFO] [stdout] test result: FAILED. 4 passed; 1 failed; 0 ignored; 0 measured; 0 filtered out; finished in 1.01s
[INFO] [stdout] 
[INFO] [stderr] error: test failed, to rerun pass `--lib`
[INFO] running `Command { std: "docker" "inspect" "cc219c50c0d708b48e7df97eb8cb9caf0926fff00dd962f9fbf2cb828d5fbf44", kill_on_drop: false }`
[INFO] running `Command { std: "docker" "rm" "-f" "cc219c50c0d708b48e7df97eb8cb9caf0926fff00dd962f9fbf2cb828d5fbf44", kill_on_drop: false }`
[INFO] [stdout] cc219c50c0d708b48e7df97eb8cb9caf0926fff00dd962f9fbf2cb828d5fbf44
